-- Dumping data for table `quote_address_item`
--


--
-- Table structure for table `quote_id_mask`
--

CREATE TABLE `quote_id_mask` (
  `entity_id` int(10) unsigned NOT NULL AUTO_INCREMENT COMMENT 'Entity ID',
  `quote_id` int(10) unsigned NOT NULL COMMENT 'Quote ID',
  `masked_id` varchar(32) DEFAULT NULL COMMENT 'Masked ID',
  PRIMARY KEY (`entity_id`,`quote_id`),
  KEY `QUOTE_ID_MASK_QUOTE_ID` (`quote_id`),
  KEY `QUOTE_ID_MASK_MASKED_ID` (`masked_id`),
  CONSTRAINT `QUOTE_ID_MASK_QUOTE_ID_QUOTE_ENTITY_ID` FOREIGN KEY (`quote_id`) REFERENCES `quote` (`entity_id`) ON DELETE CASCADE
) ENGINE=InnoDB AUTO_INCREMENT=95 DEFAULT CHARSET=utf8 COMMENT='Quote ID and masked ID mapping';

--
-- Dumping data for table `quote_id_mask`
--

INSERT INTO `quote_id_mask` VALUES (72,75,'0626E4Z9gZvs9HZvaapbgBgq9qVtmar0'),(40,42,'06GcfWqpLA3DXgRygppmfN85vN0KbzlZ'),(66,68,'10g2bv2O5CFatxGqyshxEstTxlFgChZt'),(65,67,'164xQwSIwVJnxUHrn9IOnD6SbgiucH7b'),(84,100,'2FBfAFvNahGH0E6QDwGnX4pN7nqOlFwp'),(47,49,'2tbxozW5UKO6YqQzHXfJy0ngfbgXB2vp'),(94,110,'4CBRyL2nOUnz57MGAfPTbPcmtnDaZzFT'),(93,109,'537P4fyXub8TDiDNPOB81Up7TkgJQH86'),(78,93,'6pdg4Pc5Epi1gzzH6963dcaZc5axkyEx'),(30,31,'76sFHBJwXC4OvOCJVjat2VCm4UXXPq6L'),(59,61,'81RHiCbnHjgflgjwhpCRPD8HH4ZGmXXe'),(90,106,'8hZdeKJ1d17UQPTboLw5S7aHhdZrkRg7'),(83,99,'8s3reEaRi7ulhObbxdaDIdqfwmn9el7t'),(67,69,'9bTB5XuKmSPtWfvt30hAmI2uNtfgQwdG'),(70,73,'aLjyvrju8SOS9rB21Kpbb8Nl9H3Q4APF'),(36,37,'bjDk1aIa4w6dhBitMDizif63EyDip2bR'),(12,12,'cDEb5Md8NxpuOnOSCzsMy1BMy260H2z3'),(27,28,'CERmo4qRvjijv7HdQh9yefWAjmdgHls5'),(15,15,'Dn8bRDXwcFysmxOGkygpwqqnnufbcb15'),(88,104,'dRK22XL4oYPiaYeB80oeSvYvvVxqE9pD'),(33,34,'dzxRekVHZhLsW9UDT8bZWKSRZJAvn8RE'),(92,108,'ed8KPNcOL1glfdIO4X7DuGX1AKColUNn'),(87,103,'elzPTVpBSQmTFMKpXBfN9t6kR0VFOIDF'),(25,25,'fhA4CKPQNqUzcPdNBkqD82kIUdTYhWmB'),(49,51,'g5c6TYvDH1cAwIzZRAygEJRUp1QbmbDg'),(44,46,'Gdlk0Kk8dZ9rDvuFHT8D7iNDKJFFI6Xb'),(57,59,'GoJjFIoghJKrPy1w8b9x2PnQnU9Zmzap'),(50,52,'GqBQNCHKfTygaHfdSy97CrWwwy27fPFa'),(22,22,'grvmTxcZHOcQmiFEKxeh0Z0K2Uz8Ngp9'),(38,40,'IxLjRzgCn0oIE3QJR5LyKvwqsEfz9WAv'),(21,21,'jArVy7EmTb90albsleGOlP9FVdDa1sia'),(89,105,'jtnDna1od1qtjjIhj2r36xFqc5MFPnTU'),(62,64,'JW9ClBXmNugNfr3pZbXbcMGNAYUbFnZR'),(76,91,'jxdn6oGcAZzQPO4MNPu1FqvGDPHbUUqT'),(63,65,'KcMZCmTr0GvoUFBfyH9hzrs7xb7LVcVz'),(31,32,'KI1Y7V2gG3WklxxbKptunQe2cvRtYdjG'),(19,19,'KpFXo5mqppXxaT4DwctMPQjnXnaRofj9'),(34,35,'KqmNV97lR3JXZei7aoDCjhEDrAOS5PKm'),(85,101,'lDl8MRFhgyDmxuxNuELvt4qoo0XqTc8l'),(73,88,'loazbjYzyGd5c7Cd1PDYUnCw0oZuMMIn'),(54,56,'m3GruUcpIcm8pXpxIupa8GLk5WrQ6Gwm'),(37,38,'Mr8a1NCmWyzABtyUFbawDDMEiW5iXDD0'),(35,36,'PAXz7Yx618fNvW19CioPDbvXqZKi9wvI'),(86,102,'pekMSSe0NdkQxmz83rNitfYw7w6nhJF8'),(91,107,'pRwDOR7HneQLH91hbLTXqeWhoB4G8zhR'),(81,97,'QamX7ndy3LX1a6f6Dkhrrp6aY7YdgkpH'),(17,17,'qBGOA5ZDwfbEokHSYlWyijmsVVBsDBQD'),(20,20,'qBNcLjs6Mo47YTIxXctN6DnuedNrGAjH'),(71,74,'QHNK5dqdAREnY68keMmhuzp6eEulnz4H'),(68,70,'qp35FIFaFOXRynu2soEh3ZkS4i1hmoD0'),(42,44,'R04efWxwh8DsSC17icNvoFh1kOSro2v8'),(8,8,'rXSU13dKl60v9SLsZAaTDnvUSJHGi6Yf'),(43,45,'S5zRD1lCZ10kgrWKQ928zGRsnMYmgypV'),(64,66,'SLRe5eUr1H1smAmciilYtKKRqir3yMhT'),(77,92,'t2qjqjINzK6O5sUXzFlDaJ3vWoueqr7f'),(10,10,'T70bybS9cpuP9qVXRQ1PBNiZQXLSGjM3'),(56,58,'tBOvTVvzmOMBnb32E9b6snx9FHdK7Jcc'),(55,57,'TJf2ZtYJ3OeSNABEHTaVzsMHMxdOBTtO'),(51,53,'TnteVn7rdR4yR84W1DOpVWjxOfRUot3W'),(58,60,'tO9cbrn8VLlmBMzc0XaJAatti23iDlng'),(26,27,'u2Q9AujNuTgyjQKNPY1xUBVwpzurnIUc'),(39,41,'uRtFmRpQ0P6hv5N8BR5jf4VBz6B2dNE2'),(82,98,'VNsm5n7fjyxFJv7lTtggrZkLD31t9miE'),(80,95,'wGqbFquPV4iegMo8Qv0C86hbAnEd8cfY'),(60,62,'WkJ2z4wOF8rsyeGRGbMl3OhauIjmZqie'),(23,23,'wORpgSy9cWBf1x2KqPE9Y5pvbX6heHBG'),(74,89,'WQL5INfjFfzVQ1yUUWRbziFskqbCSBiB'),(75,90,'wrUuVcJ65I4e8SWXiNIgen5GDNir9NLJ'),(53,55,'X9NAcUkfJHsZSEU8EL4oj15XVZ9IY0d7'),(29,30,'XclORYQZ3PQuR6UI5UGNOkr9akRN7Qft'),(45,47,'XMF6uNhz1Ffw1Ww9nubXdfV01EduvJh9'),(48,50,'Xstn2TJIFjil2wiLxoNsWmejFRgOftvv'),(28,29,'xVBNyGBxTZiFPC3YXYeD5ewGLCYI3Bis'),(24,24,'XyN3wdS2WqwnwaggdVHqQYrO671nQApP'),(18,18,'XYoMGiSyBry0NtyLspWJTrxCfe2nIg9E'),(69,72,'yI0qyGdIBBJhufrE83B9Vmxs2QEuOUoB'),(41,43,'YKdqXcQEmY7Wwmtpc5QOXUj4YgvZmO6f'),(46,48,'YkTuIdIeCB3Bs8SUxvzpHAtKs2g66ZHj'),(32,33,'ysIW0MiRfucfvJHgfFQL9mObw39pB2Og'),(52,54,'z0ZMBxw1aBtzKlJXkwKVaNgfIC0Aedxv'),(11,11,'ZD6MggtVc2o17kaxGgYze38TGTHpITZX'),(61,63,'zGSmZNyjLcuBqXiN1OApDEhtXZbHeGKu'),(79,94,'ztBTyvFVbdwruudBpBWq5w9RglbSCvhJ');

--
-- Table structure for table `quote_item`
--

CREATE TABLE `quote_item` (
  `item_id` int(10) unsigned NOT NULL AUTO_INCREMENT COMMENT 'Item ID',
  `quote_id` int(10) unsigned NOT NULL DEFAULT 0 COMMENT 'Quote ID',
  `created_at` timestamp NOT NULL DEFAULT current_timestamp() COMMENT 'Created At',
  `updated_at` timestamp NOT NULL DEFAULT current_timestamp() ON UPDATE current_timestamp() COMMENT 'Updated At',
  `product_id` int(10) unsigned DEFAULT NULL COMMENT 'Product ID',
  `store_id` smallint(5) unsigned DEFAULT NULL COMMENT 'Store ID',
  `parent_item_id` int(10) unsigned DEFAULT NULL COMMENT 'Parent Item ID',
  `is_virtual` smallint(5) unsigned DEFAULT NULL COMMENT 'Is Virtual',
  `sku` varchar(255) DEFAULT NULL COMMENT 'Sku',
  `name` varchar(255) DEFAULT NULL COMMENT 'Name',
  `description` text DEFAULT NULL COMMENT 'Description',
  `applied_rule_ids` text DEFAULT NULL COMMENT 'Applied Rule Ids',
  `additional_data` text DEFAULT NULL COMMENT 'Additional Data',
  `is_qty_decimal` smallint(5) unsigned DEFAULT NULL COMMENT 'Is Qty Decimal',
  `no_discount` smallint(5) unsigned DEFAULT 0 COMMENT 'No Discount',
  `weight` decimal(12,4) DEFAULT 0.0000 COMMENT 'Weight',
  `qty` decimal(12,4) NOT NULL DEFAULT 0.0000 COMMENT 'Qty',
  `price` decimal(12,4) NOT NULL DEFAULT 0.0000 COMMENT 'Price',
  `base_price` decimal(12,4) NOT NULL DEFAULT 0.0000 COMMENT 'Base Price',
  `custom_price` decimal(12,4) DEFAULT NULL COMMENT 'Custom Price',
  `discount_percent` decimal(12,4) DEFAULT 0.0000 COMMENT 'Discount Percent',
  `discount_amount` decimal(20,4) DEFAULT 0.0000 COMMENT 'Discount Amount',
  `base_discount_amount` decimal(20,4) DEFAULT 0.0000 COMMENT 'Base Discount Amount',
  `tax_percent` decimal(12,4) DEFAULT 0.0000 COMMENT 'Tax Percent',
  `tax_amount` decimal(20,4) DEFAULT 0.0000 COMMENT 'Tax Amount',
  `base_tax_amount` decimal(20,4) DEFAULT 0.0000 COMMENT 'Base Tax Amount',
  `row_total` decimal(20,4) NOT NULL DEFAULT 0.0000 COMMENT 'Row Total',
  `base_row_total` decimal(20,4) NOT NULL DEFAULT 0.0000 COMMENT 'Base Row Total',
  `row_total_with_discount` decimal(20,4) DEFAULT 0.0000 COMMENT 'Row Total With Discount',
  `row_weight` decimal(12,4) DEFAULT 0.0000 COMMENT 'Row Weight',
  `product_type` varchar(255) DEFAULT NULL COMMENT 'Product Type',
  `base_tax_before_discount` decimal(20,4) DEFAULT NULL COMMENT 'Base Tax Before Discount',
  `tax_before_discount` decimal(20,4) DEFAULT NULL COMMENT 'Tax Before Discount',
  `original_custom_price` decimal(12,4) DEFAULT NULL COMMENT 'Original Custom Price',
  `redirect_url` varchar(255) DEFAULT NULL COMMENT 'Redirect Url',
  `base_cost` decimal(12,4) DEFAULT NULL COMMENT 'Base Cost',
  `price_incl_tax` decimal(20,4) DEFAULT NULL COMMENT 'Price Incl Tax',
  `base_price_incl_tax` decimal(20,4) DEFAULT NULL COMMENT 'Base Price Incl Tax',
  `row_total_incl_tax` decimal(20,4) DEFAULT NULL COMMENT 'Row Total Incl Tax',
  `base_row_total_incl_tax` decimal(20,4) DEFAULT NULL COMMENT 'Base Row Total Incl Tax',
  `discount_tax_compensation_amount` decimal(20,4) DEFAULT NULL COMMENT 'Discount Tax Compensation Amount',
  `base_discount_tax_compensation_amount` decimal(20,4) DEFAULT NULL COMMENT 'Base Discount Tax Compensation Amount',
  `gift_message_id` int(11) DEFAULT NULL COMMENT 'Gift Message ID',
  `free_shipping` smallint(5) unsigned NOT NULL DEFAULT 0 COMMENT 'Free Shipping',
  `weee_tax_applied` text DEFAULT NULL COMMENT 'Weee Tax Applied',
  `weee_tax_applied_amount` decimal(12,4) DEFAULT NULL COMMENT 'Weee Tax Applied Amount',
  `weee_tax_applied_row_amount` decimal(12,4) DEFAULT NULL COMMENT 'Weee Tax Applied Row Amount',
  `weee_tax_disposition` decimal(12,4) DEFAULT NULL COMMENT 'Weee Tax Disposition',
  `weee_tax_row_disposition` decimal(12,4) DEFAULT NULL COMMENT 'Weee Tax Row Disposition',
  `base_weee_tax_applied_amount` decimal(12,4) DEFAULT NULL COMMENT 'Base Weee Tax Applied Amount',
  `base_weee_tax_applied_row_amnt` decimal(12,4) DEFAULT NULL COMMENT 'Base Weee Tax Applied Row Amnt',
  `base_weee_tax_disposition` decimal(12,4) DEFAULT NULL COMMENT 'Base Weee Tax Disposition',
  `base_weee_tax_row_disposition` decimal(12,4) DEFAULT NULL COMMENT 'Base Weee Tax Row Disposition',
  PRIMARY KEY (`item_id`),
  KEY `QUOTE_ITEM_PARENT_ITEM_ID` (`parent_item_id`),
  KEY `QUOTE_ITEM_PRODUCT_ID` (`product_id`),
  KEY `QUOTE_ITEM_QUOTE_ID` (`quote_id`),
  KEY `QUOTE_ITEM_STORE_ID` (`store_id`),
  CONSTRAINT `QUOTE_ITEM_PARENT_ITEM_ID_QUOTE_ITEM_ITEM_ID` FOREIGN KEY (`parent_item_id`) REFERENCES `quote_item` (`item_id`) ON DELETE CASCADE,
  CONSTRAINT `QUOTE_ITEM_QUOTE_ID_QUOTE_ENTITY_ID` FOREIGN KEY (`quote_id`) REFERENCES `quote` (`entity_id`) ON DELETE CASCADE,
  CONSTRAINT `QUOTE_ITEM_STORE_ID_STORE_STORE_ID` FOREIGN KEY (`store_id`) REFERENCES `store` (`store_id`) ON DELETE SET NULL
) ENGINE=InnoDB AUTO_INCREMENT=229 DEFAULT CHARSET=utf8 COMMENT='Sales Flat Quote Item';

--
-- Dumping data for table `quote_item`
--

INSERT INTO `quote_item` VALUES (40,24,'2020-09-07 06:06:23','2020-09-07 06:06:23',3839,1,NULL,0,'1.324-632.0','High pressure washer K 5 Premium Full Control Plus',NULL,NULL,NULL,0,0,NULL,1.0000,0.0000,0.0000,NULL,0.0000,0.0000,0.0000,0.0000,0.0000,0.0000,0.0000,0.0000,0.0000,0.0000,'simple',NULL,NULL,NULL,NULL,NULL,0.0000,0.0000,0.0000,0.0000,0.0000,0.0000,NULL,0,NULL,NULL,NULL,NULL,NULL,NULL,NULL,NULL,NULL),(41,25,'2020-09-07 06:12:55','2020-09-07 06:12:55',3839,1,NULL,0,'1.324-632.0','High pressure washer K 5 Premium Full Control Plus',NULL,NULL,NULL,0,0,NULL,1.0000,0.0000,0.0000,NULL,0.0000,0.0000,0.0000,0.0000,0.0000,0.0000,0.0000,0.0000,0.0000,0.0000,'simple',NULL,NULL,NULL,NULL,NULL,0.0000,0.0000,0.0000,0.0000,0.0000,0.0000,NULL,0,NULL,NULL,NULL,NULL,NULL,NULL,NULL,NULL,NULL),(42,26,'2020-09-07 06:25:13','2020-09-07 06:25:13',3839,1,NULL,0,'1.324-632.0','High pressure washer K 5 Premium Full Control Plus',NULL,NULL,NULL,0,0,NULL,1.0000,0.0000,0.0000,NULL,0.0000,0.0000,0.0000,0.0000,0.0000,0.0000,0.0000,0.0000,0.0000,0.0000,'simple',NULL,NULL,NULL,NULL,NULL,0.0000,0.0000,0.0000,0.0000,0.0000,0.0000,NULL,0,NULL,NULL,NULL,NULL,NULL,NULL,NULL,NULL,NULL),(43,27,'2020-09-07 06:29:34','2020-09-07 06:29:34',3839,1,NULL,0,'1.324-632.0','High pressure washer K 5 Premium Full Control Plus',NULL,NULL,NULL,0,0,NULL,1.0000,0.0000,0.0000,NULL,0.0000,0.0000,0.0000,0.0000,0.0000,0.0000,0.0000,0.0000,0.0000,0.0000,'simple',NULL,NULL,NULL,NULL,NULL,0.0000,0.0000,0.0000,0.0000,0.0000,0.0000,NULL,0,NULL,NULL,NULL,NULL,NULL,NULL,NULL,NULL,NULL),(44,28,'2020-09-07 06:37:34','2020-09-07 06:57:45',3839,1,NULL,0,'1.324-632.0','High pressure washer K 5 Premium Full Control Plus',NULL,NULL,NULL,0,0,NULL,2.0000,0.0000,0.0000,NULL,0.0000,0.0000,0.0000,0.0000,0.0000,0.0000,0.0000,0.0000,0.0000,0.0000,'simple',NULL,NULL,NULL,NULL,NULL,0.0000,0.0000,0.0000,0.0000,0.0000,0.0000,NULL,0,NULL,NULL,NULL,NULL,NULL,NULL,NULL,NULL,NULL),(47,30,'2020-09-09 05:18:09','2020-09-09 05:18:09',3839,1,NULL,0,'1.324-632.0','High pressure washer K 5 Premium Full Control Plus',NULL,NULL,NULL,0,0,NULL,1.0000,0.0000,0.0000,NULL,0.0000,0.0000,0.0000,0.0000,0.0000,0.0000,0.0000,0.0000,0.0000,0.0000,'simple',NULL,NULL,NULL,NULL,NULL,0.0000,0.0000,0.0000,0.0000,0.0000,0.0000,NULL,0,NULL,NULL,NULL,NULL,NULL,NULL,NULL,NULL,NULL),(49,32,'2020-09-09 11:11:57','2020-09-09 11:52:56',3839,1,NULL,0,'1.324-632.0','High pressure washer K 5 Premium Full Control Plus',NULL,NULL,NULL,0,0,NULL,3.0000,0.0000,0.0000,NULL,0.0000,0.0000,0.0000,0.0000,0.0000,0.0000,0.0000,0.0000,0.0000,0.0000,'simple',NULL,NULL,NULL,NULL,NULL,0.0000,0.0000,0.0000,0.0000,0.0000,0.0000,NULL,0,NULL,NULL,NULL,NULL,NULL,NULL,NULL,NULL,NULL),(50,33,'2020-09-09 12:41:23','2020-09-09 12:41:23',3839,1,NULL,0,'1.324-632.0','High pressure washer K 5 Premium Full Control Plus',NULL,NULL,NULL,0,0,NULL,1.0000,0.0000,0.0000,NULL,0.0000,0.0000,0.0000,0.0000,0.0000,0.0000,0.0000,0.0000,0.0000,0.0000,'simple',NULL,NULL,NULL,NULL,NULL,0.0000,0.0000,0.0000,0.0000,0.0000,0.0000,NULL,0,NULL,NULL,NULL,NULL,NULL,NULL,NULL,NULL,NULL),(55,36,'2020-09-13 12:09:19','2020-09-13 12:09:19',3892,1,NULL,0,'1.667-701.0','Wet and dry vacuum cleaner NT 90/2 Me Classic',NULL,NULL,NULL,0,0,NULL,1.0000,0.0000,0.0000,NULL,0.0000,0.0000,0.0000,0.0000,0.0000,0.0000,0.0000,0.0000,0.0000,0.0000,'simple',NULL,NULL,NULL,NULL,NULL,0.0000,0.0000,0.0000,0.0000,0.0000,0.0000,NULL,0,NULL,NULL,NULL,NULL,NULL,NULL,NULL,NULL,NULL),(56,37,'2020-09-14 07:32:54','2020-09-14 07:32:54',3839,1,NULL,0,'13246320','High pressure washer K 5 Premium Full Control Plus',NULL,NULL,NULL,0,0,NULL,1.0000,1995.0000,1995.0000,NULL,0.0000,0.0000,0.0000,0.0000,0.0000,0.0000,1995.0000,1995.0000,0.0000,0.0000,'simple',NULL,NULL,NULL,NULL,NULL,1995.0000,1995.0000,1995.0000,1995.0000,0.0000,0.0000,NULL,0,NULL,NULL,NULL,NULL,NULL,NULL,NULL,NULL,NULL),(58,39,'2020-09-15 09:04:53','2020-09-15 09:04:53',3859,1,NULL,0,'16800050','Mobile Outdoor Cleaner OC 3 *GB',NULL,NULL,NULL,0,0,NULL,1.0000,599.5500,599.5500,NULL,0.0000,0.0000,0.0000,0.0000,0.0000,0.0000,599.5500,599.5500,0.0000,0.0000,'simple',NULL,NULL,NULL,NULL,NULL,599.5500,599.5500,599.5500,599.5500,0.0000,0.0000,NULL,0,NULL,NULL,NULL,NULL,NULL,NULL,NULL,NULL,NULL),(60,41,'2020-09-16 09:14:05','2020-09-16 09:14:05',3839,1,NULL,0,'13246320','High pressure washer K 5 Premium Full Control Plus',NULL,NULL,NULL,0,0,NULL,1.0000,1995.0000,1995.0000,NULL,0.0000,0.0000,0.0000,0.0000,0.0000,0.0000,1995.0000,1995.0000,0.0000,0.0000,'simple',NULL,NULL,NULL,NULL,NULL,1995.0000,1995.0000,1995.0000,1995.0000,0.0000,0.0000,NULL,0,NULL,NULL,NULL,NULL,NULL,NULL,NULL,NULL,NULL),(68,43,'2020-09-17 08:02:41','2020-09-17 08:04:33',3774,1,NULL,0,'10811350','Carpet cleaner SE 4001',NULL,NULL,NULL,0,0,NULL,3.0000,999.6000,999.6000,NULL,0.0000,0.0000,0.0000,0.0000,0.0000,0.0000,2998.8000,2998.8000,0.0000,0.0000,'simple',NULL,NULL,NULL,NULL,NULL,999.6000,999.6000,2998.8000,2998.8000,0.0000,0.0000,NULL,0,NULL,NULL,NULL,NULL,NULL,NULL,NULL,NULL,NULL),(69,43,'2020-09-17 08:05:42','2020-09-17 08:05:42',3864,1,NULL,0,'11172200','Cordless pressure washer K 2 Battery Set',NULL,NULL,NULL,0,0,NULL,1.0000,1942.5000,1942.5000,NULL,0.0000,0.0000,0.0000,0.0000,0.0000,0.0000,1942.5000,1942.5000,0.0000,0.0000,'simple',NULL,NULL,NULL,NULL,NULL,1942.5000,1942.5000,1942.5000,1942.5000,0.0000,0.0000,NULL,0,NULL,NULL,NULL,NULL,NULL,NULL,NULL,NULL,NULL),(77,45,'2020-09-17 10:05:58','2020-09-17 10:12:22',3872,1,NULL,0,'15163340','Steam cleaner SC 1 EasyFix',NULL,NULL,NULL,0,0,NULL,3.0000,399.0000,399.0000,NULL,0.0000,0.0000,0.0000,0.0000,0.0000,0.0000,1197.0000,1197.0000,0.0000,0.0000,'simple',NULL,NULL,NULL,NULL,NULL,399.0000,399.0000,1197.0000,1197.0000,0.0000,0.0000,NULL,0,NULL,NULL,NULL,NULL,NULL,NULL,NULL,NULL,NULL),(79,45,'2020-09-17 10:16:30','2020-09-17 10:16:30',3822,1,NULL,0,'15124230','Steam cleaner SC 4 Premium',NULL,NULL,NULL,0,0,NULL,1.0000,997.5000,997.5000,NULL,0.0000,0.0000,0.0000,0.0000,0.0000,0.0000,997.5000,997.5000,0.0000,0.0000,'simple',NULL,NULL,NULL,NULL,NULL,997.5000,997.5000,997.5000,997.5000,0.0000,0.0000,NULL,0,NULL,NULL,NULL,NULL,NULL,NULL,NULL,NULL,NULL),(88,47,'2020-09-17 11:35:13','2020-09-17 11:35:13',4111,1,NULL,0,'6.295-490.0','Universal Stain Remover RM 769',NULL,NULL,NULL,0,0,NULL,1.0000,0.0000,0.0000,NULL,0.0000,0.0000,0.0000,0.0000,0.0000,0.0000,0.0000,0.0000,0.0000,0.0000,'simple',NULL,NULL,NULL,NULL,NULL,0.0000,0.0000,0.0000,0.0000,0.0000,0.0000,NULL,0,NULL,NULL,NULL,NULL,NULL,NULL,NULL,NULL,NULL),(90,48,'2020-09-17 12:10:08','2020-09-17 12:19:24',4109,1,NULL,0,'6.295-357.0','Universal cleaner RM 555',NULL,NULL,NULL,0,0,NULL,3.0000,0.0000,0.0000,NULL,0.0000,0.0000,0.0000,0.0000,0.0000,0.0000,0.0000,0.0000,0.0000,0.0000,'simple',NULL,NULL,NULL,NULL,NULL,0.0000,0.0000,0.0000,0.0000,0.0000,0.0000,NULL,0,NULL,NULL,NULL,NULL,NULL,NULL,NULL,NULL,NULL),(94,48,'2020-09-17 12:20:46','2020-09-17 12:29:40',3805,1,NULL,0,'16298060','Multi-purpose vacuum cleaner WD 3',NULL,NULL,NULL,0,0,NULL,2.0000,346.5000,346.5000,NULL,0.0000,0.0000,0.0000,0.0000,0.0000,0.0000,693.0000,693.0000,0.0000,0.0000,'simple',NULL,NULL,NULL,NULL,NULL,346.5000,346.5000,693.0000,693.0000,0.0000,0.0000,NULL,0,NULL,NULL,NULL,NULL,NULL,NULL,NULL,NULL,NULL),(95,48,'2020-09-17 12:27:18','2020-09-17 13:40:25',3797,1,NULL,0,'10983000','Multi-purpose vacuum cleaner WD 1',NULL,NULL,NULL,0,0,NULL,4.0000,246.7500,246.7500,NULL,0.0000,0.0000,0.0000,0.0000,0.0000,0.0000,987.0000,987.0000,0.0000,0.0000,'simple',NULL,NULL,NULL,NULL,NULL,246.7500,246.7500,987.0000,987.0000,0.0000,0.0000,NULL,0,NULL,NULL,NULL,NULL,NULL,NULL,NULL,NULL,NULL),(96,48,'2020-09-17 12:28:47','2020-09-17 13:23:37',3836,1,NULL,0,'11981010','Vacuum cleaner VC 2',NULL,NULL,NULL,0,0,NULL,3.0000,393.7500,393.7500,NULL,0.0000,0.0000,0.0000,0.0000,0.0000,0.0000,1181.2500,1181.2500,0.0000,0.0000,'simple',NULL,NULL,NULL,NULL,NULL,393.7500,393.7500,1181.2500,1181.2500,0.0000,0.0000,NULL,0,NULL,NULL,NULL,NULL,NULL,NULL,NULL,NULL,NULL),(102,48,'2020-09-17 12:41:31','2020-09-17 13:07:18',3872,1,NULL,0,'15163340','Steam cleaner SC 1 EasyFix',NULL,NULL,NULL,0,0,NULL,2.0000,399.0000,399.0000,NULL,0.0000,0.0000,0.0000,0.0000,0.0000,0.0000,798.0000,798.0000,0.0000,0.0000,'simple',NULL,NULL,NULL,NULL,NULL,399.0000,399.0000,798.0000,798.0000,0.0000,0.0000,NULL,0,NULL,NULL,NULL,NULL,NULL,NULL,NULL,NULL,NULL),(103,48,'2020-09-17 12:47:22','2020-09-17 13:03:26',3868,1,NULL,0,'15120520','Steam cleaner SC 2 EasyFix',NULL,NULL,NULL,0,0,NULL,2.0000,577.5000,577.5000,NULL,0.0000,0.0000,0.0000,0.0000,0.0000,0.0000,1155.0000,1155.0000,0.0000,0.0000,'simple',NULL,NULL,NULL,NULL,NULL,577.5000,577.5000,1155.0000,1155.0000,0.0000,0.0000,NULL,0,NULL,NULL,NULL,NULL,NULL,NULL,NULL,NULL,NULL),(104,48,'2020-09-17 12:55:22','2020-09-17 12:57:48',3755,1,NULL,0,'17239610','Multi-purpose vacuum cleaner VC 1.800',NULL,NULL,NULL,0,0,NULL,2.0000,551.2500,551.2500,NULL,0.0000,0.0000,0.0000,0.0000,0.0000,0.0000,1102.5000,1102.5000,0.0000,0.0000,'simple',NULL,NULL,NULL,NULL,NULL,551.2500,551.2500,1102.5000,1102.5000,0.0000,0.0000,NULL,0,NULL,NULL,NULL,NULL,NULL,NULL,NULL,NULL,NULL),(108,48,'2020-09-17 13:07:44','2020-09-17 13:07:44',3800,1,NULL,0,'16297630','Multi-purpose vacuum cleaner WD 2',NULL,NULL,NULL,0,0,NULL,1.0000,299.2500,299.2500,NULL,0.0000,0.0000,0.0000,0.0000,0.0000,0.0000,299.2500,299.2500,0.0000,0.0000,'simple',NULL,NULL,NULL,NULL,NULL,299.2500,299.2500,299.2500,299.2500,0.0000,0.0000,NULL,0,NULL,NULL,NULL,NULL,NULL,NULL,NULL,NULL,NULL),(112,48,'2020-09-17 13:24:14','2020-09-17 13:35:21',4110,1,NULL,0,'6.295-753.0','Universal cleaner RM 626',NULL,NULL,NULL,0,0,NULL,3.0000,0.0000,0.0000,NULL,0.0000,0.0000,0.0000,0.0000,0.0000,0.0000,0.0000,0.0000,0.0000,0.0000,'simple',NULL,NULL,NULL,NULL,NULL,0.0000,0.0000,0.0000,0.0000,0.0000,0.0000,NULL,0,NULL,NULL,NULL,NULL,NULL,NULL,NULL,NULL,NULL),(117,48,'2020-09-17 13:30:19','2020-09-17 13:30:19',4111,1,NULL,0,'6.295-490.0','Universal Stain Remover RM 769',NULL,NULL,NULL,0,0,NULL,1.0000,0.0000,0.0000,NULL,0.0000,0.0000,0.0000,0.0000,0.0000,0.0000,0.0000,0.0000,0.0000,0.0000,'simple',NULL,NULL,NULL,NULL,NULL,0.0000,0.0000,0.0000,0.0000,0.0000,0.0000,NULL,0,NULL,NULL,NULL,NULL,NULL,NULL,NULL,NULL,NULL),(131,49,'2020-09-18 04:57:35','2020-09-18 04:57:50',3755,1,NULL,0,'17239610','Multi-purpose vacuum cleaner VC 1.800',NULL,NULL,NULL,0,0,NULL,2.0000,551.2500,551.2500,NULL,0.0000,0.0000,0.0000,0.0000,0.0000,0.0000,1102.5000,1102.5000,0.0000,0.0000,'simple',NULL,NULL,NULL,NULL,NULL,551.2500,551.2500,1102.5000,1102.5000,0.0000,0.0000,NULL,0,NULL,NULL,NULL,NULL,NULL,NULL,NULL,NULL,NULL),(132,49,'2020-09-18 05:34:08','2020-09-18 05:34:08',4110,1,NULL,0,'6.295-753.0','Universal cleaner RM 626',NULL,NULL,NULL,0,0,NULL,1.0000,0.0000,0.0000,NULL,0.0000,0.0000,0.0000,0.0000,0.0000,0.0000,0.0000,0.0000,0.0000,0.0000,'simple',NULL,NULL,NULL,NULL,NULL,0.0000,0.0000,0.0000,0.0000,0.0000,0.0000,NULL,0,NULL,NULL,NULL,NULL,NULL,NULL,NULL,NULL,NULL),(134,49,'2020-09-18 08:07:54','2020-09-18 08:07:54',3804,1,NULL,0,'12912250','Single-disc machine BDP 43/450 C Adv',NULL,NULL,NULL,0,0,NULL,1.0000,0.0000,0.0000,NULL,0.0000,0.0000,0.0000,0.0000,0.0000,0.0000,0.0000,0.0000,0.0000,0.0000,'simple',NULL,NULL,NULL,NULL,NULL,0.0000,0.0000,0.0000,0.0000,0.0000,0.0000,NULL,0,NULL,NULL,NULL,NULL,NULL,NULL,NULL,NULL,NULL),(136,52,'2020-09-18 12:30:14','2020-09-18 12:30:14',4102,1,NULL,0,'6.295-944.0','Multi-purpose floor cleaning RM 536',NULL,NULL,NULL,0,0,NULL,1.0000,0.0000,0.0000,NULL,0.0000,0.0000,0.0000,0.0000,0.0000,0.0000,0.0000,0.0000,0.0000,0.0000,'simple',NULL,NULL,NULL,NULL,NULL,0.0000,0.0000,0.0000,0.0000,0.0000,0.0000,NULL,0,NULL,NULL,NULL,NULL,NULL,NULL,NULL,NULL,NULL),(137,52,'2020-09-18 12:30:19','2020-09-18 12:30:19',4101,1,NULL,0,'6.295-761.0','Insect Remover 3-in-1 RM 618',NULL,NULL,NULL,0,0,NULL,1.0000,0.0000,0.0000,NULL,0.0000,0.0000,0.0000,0.0000,0.0000,0.0000,0.0000,0.0000,0.0000,0.0000,'simple',NULL,NULL,NULL,NULL,NULL,0.0000,0.0000,0.0000,0.0000,0.0000,0.0000,NULL,0,NULL,NULL,NULL,NULL,NULL,NULL,NULL,NULL,NULL),(138,53,'2020-09-20 04:53:53','2020-09-20 04:54:33',3864,1,NULL,0,'11172200','Cordless pressure washer K 2 Battery Set',NULL,NULL,NULL,0,0,NULL,1.0000,1942.5000,1942.5000,NULL,0.0000,0.0000,0.0000,0.0000,0.0000,0.0000,1942.5000,1942.5000,0.0000,0.0000,'simple',NULL,NULL,NULL,NULL,NULL,1942.5000,1942.5000,1942.5000,1942.5000,0.0000,0.0000,NULL,0,NULL,NULL,NULL,NULL,NULL,NULL,NULL,NULL,NULL),(139,53,'2020-09-20 04:54:39','2020-09-20 04:54:39',3859,1,NULL,0,'16800050','Mobile Outdoor Cleaner OC 3 *GB',NULL,NULL,NULL,0,0,NULL,1.0000,599.5500,599.5500,NULL,0.0000,0.0000,0.0000,0.0000,0.0000,0.0000,599.5500,599.5500,0.0000,0.0000,'simple',NULL,NULL,NULL,NULL,NULL,599.5500,599.5500,599.5500,599.5500,0.0000,0.0000,NULL,0,NULL,NULL,NULL,NULL,NULL,NULL,NULL,NULL,NULL),(142,55,'2020-09-21 06:22:51','2020-09-21 06:22:51',3845,1,NULL,0,'15171070','Sweeper KM 70/20 C 2SB',NULL,NULL,NULL,0,0,NULL,1.0000,3186.7500,3186.7500,NULL,0.0000,0.0000,0.0000,0.0000,0.0000,0.0000,3186.7500,3186.7500,0.0000,0.0000,'simple',NULL,NULL,NULL,NULL,NULL,3186.7500,3186.7500,3186.7500,3186.7500,0.0000,0.0000,NULL,0,NULL,NULL,NULL,NULL,NULL,NULL,NULL,NULL,NULL),(144,56,'2020-09-21 08:09:03','2020-09-21 08:09:03',3839,1,NULL,0,'13246320','High pressure washer K 5 Premium Full Control Plus',NULL,NULL,NULL,0,0,NULL,1.0000,1995.0000,1995.0000,NULL,0.0000,0.0000,0.0000,0.0000,0.0000,0.0000,1995.0000,1995.0000,0.0000,0.0000,'simple',NULL,NULL,NULL,NULL,NULL,1995.0000,1995.0000,1995.0000,1995.0000,0.0000,0.0000,NULL,0,NULL,NULL,NULL,NULL,NULL,NULL,NULL,NULL,NULL),(148,57,'2020-09-21 10:41:00','2020-09-21 10:41:00',3774,1,NULL,0,'10811350','Carpet cleaner SE 4001',NULL,NULL,NULL,0,0,NULL,1.0000,999.6000,999.6000,NULL,0.0000,0.0000,0.0000,0.0000,0.0000,0.0000,999.6000,999.6000,0.0000,0.0000,'simple',NULL,NULL,NULL,NULL,NULL,999.6000,999.6000,999.6000,999.6000,0.0000,0.0000,NULL,0,NULL,NULL,NULL,NULL,NULL,NULL,NULL,NULL,NULL),(149,58,'2020-09-21 11:07:48','2020-09-21 11:07:48',3839,1,NULL,0,'13246320','High pressure washer K 5 Premium Full Control Plus',NULL,NULL,NULL,0,0,NULL,1.0000,1995.0000,1995.0000,NULL,0.0000,0.0000,0.0000,0.0000,0.0000,0.0000,1995.0000,1995.0000,0.0000,0.0000,'simple',NULL,NULL,NULL,NULL,NULL,1995.0000,1995.0000,1995.0000,1995.0000,0.0000,0.0000,NULL,0,NULL,NULL,NULL,NULL,NULL,NULL,NULL,NULL,NULL),(152,59,'2020-09-22 08:26:35','2020-09-22 08:26:35',3864,1,NULL,0,'11172200','Cordless pressure washer K 2 Battery Set',NULL,NULL,NULL,0,0,NULL,1.0000,1942.5000,1942.5000,NULL,0.0000,0.0000,0.0000,0.0000,0.0000,0.0000,1942.5000,1942.5000,0.0000,0.0000,'simple',NULL,NULL,NULL,NULL,NULL,1942.5000,1942.5000,1942.5000,1942.5000,0.0000,0.0000,NULL,0,NULL,NULL,NULL,NULL,NULL,NULL,NULL,NULL,NULL),(153,60,'2020-09-23 04:26:59','2020-09-23 04:26:59',3864,1,NULL,0,'11172200','Cordless pressure washer K 2 Battery Set',NULL,NULL,NULL,0,0,NULL,1.0000,1942.5000,1942.5000,NULL,0.0000,0.0000,0.0000,0.0000,0.0000,0.0000,1942.5000,1942.5000,0.0000,0.0000,'simple',NULL,NULL,NULL,NULL,NULL,1942.5000,1942.5000,1942.5000,1942.5000,0.0000,0.0000,NULL,0,NULL,NULL,NULL,NULL,NULL,NULL,NULL,NULL,NULL),(154,61,'2020-09-24 05:01:22','2020-09-24 05:01:22',3864,1,NULL,0,'11172200','Cordless pressure washer K 2 Battery Set',NULL,NULL,NULL,0,0,NULL,1.0000,1942.5000,1942.5000,NULL,0.0000,0.0000,0.0000,0.0000,0.0000,0.0000,1942.5000,1942.5000,0.0000,0.0000,'simple',NULL,NULL,NULL,NULL,NULL,1942.5000,1942.5000,1942.5000,1942.5000,0.0000,0.0000,NULL,0,NULL,NULL,NULL,NULL,NULL,NULL,NULL,NULL,NULL),(155,62,'2020-09-29 06:52:18','2020-09-29 06:52:18',3874,1,NULL,0,'14451100','Leaf blower LBL 2 Battery Set',NULL,NULL,NULL,0,0,NULL,1.0000,693.0000,693.0000,NULL,0.0000,0.0000,0.0000,0.0000,0.0000,0.0000,693.0000,693.0000,0.0000,0.0000,'simple',NULL,NULL,NULL,NULL,NULL,693.0000,693.0000,693.0000,693.0000,0.0000,0.0000,NULL,0,NULL,NULL,NULL,NULL,NULL,NULL,NULL,NULL,NULL),(157,64,'2020-09-29 10:37:24','2020-09-29 11:18:13',3864,1,NULL,0,'11172200','Cordless pressure washer K 2 Battery Set',NULL,NULL,NULL,0,0,NULL,2.0000,1942.5000,1942.5000,NULL,0.0000,0.0000,0.0000,0.0000,0.0000,0.0000,3885.0000,3885.0000,0.0000,0.0000,'simple',NULL,NULL,NULL,NULL,NULL,1942.5000,1942.5000,3885.0000,3885.0000,0.0000,0.0000,NULL,0,NULL,NULL,NULL,NULL,NULL,NULL,NULL,NULL,NULL),(160,66,'2020-09-29 11:22:13','2020-09-29 11:22:13',4037,1,NULL,0,'28631980','Polishing pads for stone/linoleum/PVC for FP 303',NULL,NULL,NULL,0,0,NULL,1.0000,105.0000,105.0000,NULL,0.0000,0.0000,0.0000,0.0000,0.0000,0.0000,105.0000,105.0000,0.0000,0.0000,'simple',NULL,NULL,NULL,NULL,NULL,105.0000,105.0000,105.0000,105.0000,0.0000,0.0000,NULL,0,NULL,NULL,NULL,NULL,NULL,NULL,NULL,NULL,NULL),(161,65,'2020-09-29 11:23:23','2020-09-29 11:23:23',4110,1,NULL,0,'62957530','Universal cleaner RM 626',NULL,NULL,NULL,0,0,NULL,1.0000,44.1000,44.1000,NULL,0.0000,0.0000,0.0000,0.0000,0.0000,0.0000,44.1000,44.1000,0.0000,0.0000,'simple',NULL,NULL,NULL,NULL,NULL,44.1000,44.1000,44.1000,44.1000,0.0000,0.0000,NULL,0,NULL,NULL,NULL,NULL,NULL,NULL,NULL,NULL,NULL),(165,67,'2020-09-29 12:48:43','2020-09-29 12:48:43',4044,1,NULL,0,'28632370','HEPA hygiene filter for VC 2',NULL,NULL,NULL,0,0,NULL,1.0000,31.5000,31.5000,NULL,0.0000,0.0000,0.0000,0.0000,0.0000,0.0000,31.5000,31.5000,0.0000,0.0000,'simple',NULL,NULL,NULL,NULL,NULL,31.5000,31.5000,31.5000,31.5000,0.0000,0.0000,NULL,0,NULL,NULL,NULL,NULL,NULL,NULL,NULL,NULL,NULL),(166,68,'2020-09-29 12:53:15','2020-09-29 12:53:15',3750,1,NULL,0,'26451680','Hose trolley HT 4.520 Kit 1/2',NULL,NULL,NULL,0,0,NULL,1.0000,336.0000,336.0000,NULL,0.0000,0.0000,0.0000,0.0000,0.0000,0.0000,336.0000,336.0000,0.0000,0.0000,'simple',NULL,NULL,NULL,NULL,NULL,336.0000,336.0000,336.0000,336.0000,0.0000,0.0000,NULL,0,NULL,NULL,NULL,NULL,NULL,NULL,NULL,NULL,NULL),(167,69,'2020-10-01 08:47:22','2020-10-01 08:47:22',3864,1,NULL,0,'11172200','Cordless pressure washer K 2 Battery Set',NULL,NULL,NULL,0,0,NULL,1.0000,1942.5000,1942.5000,NULL,0.0000,0.0000,0.0000,0.0000,0.0000,0.0000,1942.5000,1942.5000,0.0000,0.0000,'simple',NULL,NULL,NULL,NULL,NULL,1942.5000,1942.5000,1942.5000,1942.5000,0.0000,0.0000,NULL,0,NULL,NULL,NULL,NULL,NULL,NULL,NULL,NULL,NULL),(169,71,'2020-10-06 07:54:21','2020-10-06 07:54:21',3859,1,NULL,0,'16800050','Mobile Outdoor Cleaner OC 3',NULL,NULL,NULL,0,0,NULL,1.0000,599.5500,599.5500,NULL,0.0000,0.0000,0.0000,0.0000,0.0000,0.0000,599.5500,599.5500,0.0000,0.0000,'simple',NULL,NULL,NULL,NULL,NULL,599.5500,599.5500,599.5500,599.5500,0.0000,0.0000,NULL,0,NULL,NULL,NULL,NULL,NULL,NULL,NULL,NULL,NULL),(170,72,'2020-10-06 08:34:10','2020-10-06 08:34:10',3774,1,NULL,0,'10811350','Carpet cleaner SE 4001',NULL,NULL,NULL,0,0,NULL,1.0000,999.6000,999.6000,NULL,0.0000,0.0000,0.0000,0.0000,0.0000,0.0000,999.6000,999.6000,0.0000,0.0000,'simple',NULL,NULL,NULL,NULL,NULL,999.6000,999.6000,999.6000,999.6000,0.0000,0.0000,NULL,0,NULL,NULL,NULL,NULL,NULL,NULL,NULL,NULL,NULL),(172,73,'2020-10-06 10:28:47','2020-10-06 11:25:33',3701,1,NULL,0,'26451340','Oscillating sprinkler OS 5.320 S',NULL,NULL,NULL,0,0,NULL,1.0000,169.0500,169.0500,NULL,0.0000,0.0000,0.0000,0.0000,0.0000,0.0000,169.0500,169.0500,0.0000,0.0000,'simple',NULL,NULL,NULL,NULL,NULL,169.0500,169.0500,169.0500,169.0500,0.0000,0.0000,NULL,0,NULL,NULL,NULL,NULL,NULL,NULL,NULL,NULL,NULL),(173,74,'2020-10-06 11:43:36','2020-10-06 11:43:36',3864,1,NULL,0,'11172200','Cordless pressure washer K 2 Battery Set',NULL,NULL,NULL,0,0,NULL,1.0000,1942.5000,1942.5000,NULL,0.0000,0.0000,0.0000,0.0000,0.0000,0.0000,1942.5000,1942.5000,0.0000,0.0000,'simple',NULL,NULL,NULL,NULL,NULL,1942.5000,1942.5000,1942.5000,1942.5000,0.0000,0.0000,NULL,0,NULL,NULL,NULL,NULL,NULL,NULL,NULL,NULL,NULL),(174,73,'2020-10-06 12:15:51','2020-10-06 12:15:51',3861,1,NULL,0,'11981280','Vacuum cleaner VC 3 (1100 W)*SEA',NULL,NULL,NULL,0,0,NULL,1.0000,399.0000,399.0000,NULL,0.0000,0.0000,0.0000,0.0000,0.0000,0.0000,399.0000,399.0000,0.0000,0.0000,'simple',NULL,NULL,NULL,NULL,NULL,399.0000,399.0000,399.0000,399.0000,0.0000,0.0000,NULL,0,NULL,NULL,NULL,NULL,NULL,NULL,NULL,NULL,NULL),(175,75,'2020-10-07 08:01:24','2020-10-07 08:01:24',3867,1,NULL,0,'15131120','Steam cleaner SC 3 EasyFix',NULL,NULL,NULL,0,0,NULL,1.0000,693.0000,693.0000,NULL,0.0000,0.0000,0.0000,0.0000,0.0000,0.0000,693.0000,693.0000,0.0000,0.0000,'simple',NULL,NULL,NULL,NULL,NULL,693.0000,693.0000,693.0000,693.0000,0.0000,0.0000,NULL,0,NULL,NULL,NULL,NULL,NULL,NULL,NULL,NULL,NULL),(176,76,'2020-10-07 08:23:28','2020-10-07 08:23:28',3864,1,NULL,0,'11172200','Cordless pressure washer K 2 Battery Set',NULL,NULL,NULL,0,0,NULL,1.0000,1942.5000,1942.5000,NULL,0.0000,0.0000,0.0000,0.0000,0.0000,0.0000,1942.5000,1942.5000,0.0000,0.0000,'simple',NULL,NULL,NULL,NULL,NULL,1942.5000,1942.5000,1942.5000,1942.5000,0.0000,0.0000,NULL,0,NULL,NULL,NULL,NULL,NULL,NULL,NULL,NULL,NULL),(177,77,'2020-10-07 08:23:54','2020-10-07 08:23:54',3874,1,NULL,0,'14451100','Leaf blower LBL 2 Battery Set',NULL,NULL,NULL,0,0,NULL,1.0000,693.0000,693.0000,NULL,0.0000,0.0000,0.0000,0.0000,0.0000,0.0000,693.0000,693.0000,0.0000,0.0000,'simple',NULL,NULL,NULL,NULL,NULL,693.0000,693.0000,693.0000,693.0000,0.0000,0.0000,NULL,0,NULL,NULL,NULL,NULL,NULL,NULL,NULL,NULL,NULL),(178,78,'2020-10-07 08:24:09','2020-10-07 08:24:09',3859,1,NULL,0,'16800050','Mobile Outdoor Cleaner OC 3',NULL,NULL,NULL,0,0,NULL,1.0000,599.5500,599.5500,NULL,0.0000,0.0000,0.0000,0.0000,0.0000,0.0000,599.5500,599.5500,0.0000,0.0000,'simple',NULL,NULL,NULL,NULL,NULL,599.5500,599.5500,599.5500,599.5500,0.0000,0.0000,NULL,0,NULL,NULL,NULL,NULL,NULL,NULL,NULL,NULL,NULL),(179,79,'2020-10-07 08:24:21','2020-10-07 08:24:21',3742,1,NULL,0,'12585150','Cordless electric broom K 65 plus',NULL,NULL,NULL,0,0,NULL,1.0000,367.5000,367.5000,NULL,0.0000,0.0000,0.0000,0.0000,0.0000,0.0000,367.5000,367.5000,0.0000,0.0000,'simple',NULL,NULL,NULL,NULL,NULL,367.5000,367.5000,367.5000,367.5000,0.0000,0.0000,NULL,0,NULL,NULL,NULL,NULL,NULL,NULL,NULL,NULL,NULL),(180,80,'2020-10-07 08:24:41','2020-10-07 08:24:41',3833,1,NULL,0,'10555020','Hard floor cleaner FC 5',NULL,NULL,NULL,0,0,NULL,1.0000,599.0000,599.0000,NULL,0.0000,0.0000,0.0000,0.0000,0.0000,0.0000,599.0000,599.0000,0.0000,0.0000,'simple',NULL,NULL,NULL,NULL,NULL,599.0000,599.0000,599.0000,599.0000,0.0000,0.0000,NULL,0,NULL,NULL,NULL,NULL,NULL,NULL,NULL,NULL,NULL),(181,81,'2020-10-07 08:24:50','2020-10-07 08:24:50',3833,1,NULL,0,'10555020','Hard floor cleaner FC 5',NULL,NULL,NULL,0,0,NULL,1.0000,599.0000,599.0000,NULL,0.0000,0.0000,0.0000,0.0000,0.0000,0.0000,599.0000,599.0000,0.0000,0.0000,'simple',NULL,NULL,NULL,NULL,NULL,599.0000,599.0000,599.0000,599.0000,0.0000,0.0000,NULL,0,NULL,NULL,NULL,NULL,NULL,NULL,NULL,NULL,NULL),(182,82,'2020-10-07 08:24:56','2020-10-07 08:24:56',3833,1,NULL,0,'10555020','Hard floor cleaner FC 5',NULL,NULL,NULL,0,0,NULL,1.0000,599.0000,599.0000,NULL,0.0000,0.0000,0.0000,0.0000,0.0000,0.0000,599.0000,599.0000,0.0000,0.0000,'simple',NULL,NULL,NULL,NULL,NULL,599.0000,599.0000,599.0000,599.0000,0.0000,0.0000,NULL,0,NULL,NULL,NULL,NULL,NULL,NULL,NULL,NULL,NULL),(183,83,'2020-10-07 10:02:17','2020-10-07 10:02:17',3874,1,NULL,0,'14451100','Leaf blower LBL 2 Battery Set',NULL,NULL,NULL,0,0,NULL,1.0000,693.0000,693.0000,NULL,0.0000,0.0000,0.0000,0.0000,0.0000,0.0000,693.0000,693.0000,0.0000,0.0000,'simple',NULL,NULL,NULL,NULL,NULL,693.0000,693.0000,693.0000,693.0000,0.0000,0.0000,NULL,0,NULL,NULL,NULL,NULL,NULL,NULL,NULL,NULL,NULL),(184,84,'2020-10-07 10:02:27','2020-10-07 10:02:27',3874,1,NULL,0,'14451100','Leaf blower LBL 2 Battery Set',NULL,NULL,NULL,0,0,NULL,1.0000,693.0000,693.0000,NULL,0.0000,0.0000,0.0000,0.0000,0.0000,0.0000,693.0000,693.0000,0.0000,0.0000,'simple',NULL,NULL,NULL,NULL,NULL,693.0000,693.0000,693.0000,693.0000,0.0000,0.0000,NULL,0,NULL,NULL,NULL,NULL,NULL,NULL,NULL,NULL,NULL),(185,85,'2020-10-07 10:06:18','2020-10-07 10:06:18',3874,1,NULL,0,'14451100','Leaf blower LBL 2 Battery Set',NULL,NULL,NULL,0,0,NULL,1.0000,693.0000,693.0000,NULL,0.0000,0.0000,0.0000,0.0000,0.0000,0.0000,693.0000,693.0000,0.0000,0.0000,'simple',NULL,NULL,NULL,NULL,NULL,693.0000,693.0000,693.0000,693.0000,0.0000,0.0000,NULL,0,NULL,NULL,NULL,NULL,NULL,NULL,NULL,NULL,NULL),(186,86,'2020-10-07 10:24:21','2020-10-07 10:24:21',3874,1,NULL,0,'14451100','Leaf blower LBL 2 Battery Set',NULL,NULL,NULL,0,0,NULL,1.0000,693.0000,693.0000,NULL,0.0000,0.0000,0.0000,0.0000,0.0000,0.0000,693.0000,693.0000,0.0000,0.0000,'simple',NULL,NULL,NULL,NULL,NULL,693.0000,693.0000,693.0000,693.0000,0.0000,0.0000,NULL,0,NULL,NULL,NULL,NULL,NULL,NULL,NULL,NULL,NULL),(187,87,'2020-10-07 10:24:55','2020-10-07 10:24:55',3874,1,NULL,0,'14451100','Leaf blower LBL 2 Battery Set',NULL,NULL,NULL,0,0,NULL,1.0000,693.0000,693.0000,NULL,0.0000,0.0000,0.0000,0.0000,0.0000,0.0000,693.0000,693.0000,0.0000,0.0000,'simple',NULL,NULL,NULL,NULL,NULL,693.0000,693.0000,693.0000,693.0000,0.0000,0.0000,NULL,0,NULL,NULL,NULL,NULL,NULL,NULL,NULL,NULL,NULL),(188,88,'2020-10-07 10:25:13','2020-10-07 10:34:38',3874,1,NULL,0,'14451100','Leaf blower LBL 2 Battery Set',NULL,NULL,NULL,0,0,NULL,1.0000,693.0000,693.0000,NULL,0.0000,0.0000,0.0000,5.0000,34.6500,34.6500,693.0000,693.0000,0.0000,0.0000,'simple',NULL,NULL,NULL,NULL,NULL,727.6500,727.6500,727.6500,727.6500,0.0000,0.0000,NULL,0,NULL,NULL,NULL,NULL,NULL,NULL,NULL,NULL,NULL),(189,89,'2020-10-07 10:36:47','2020-10-07 10:36:47',3867,1,NULL,0,'15131120','Steam cleaner SC 3 EasyFix',NULL,NULL,NULL,0,0,NULL,1.0000,693.0000,693.0000,NULL,0.0000,0.0000,0.0000,0.0000,0.0000,0.0000,693.0000,693.0000,0.0000,0.0000,'simple',NULL,NULL,NULL,NULL,NULL,693.0000,693.0000,693.0000,693.0000,0.0000,0.0000,NULL,0,NULL,NULL,NULL,NULL,NULL,NULL,NULL,NULL,NULL),(190,89,'2020-10-07 10:38:16','2020-10-07 10:38:16',4078,1,NULL,0,'69041280','3x Paper filter bag for FP 303',NULL,NULL,NULL,0,0,NULL,1.0000,36.7500,36.7500,NULL,0.0000,0.0000,0.0000,0.0000,0.0000,0.0000,36.7500,36.7500,0.0000,0.0000,'simple',NULL,NULL,NULL,NULL,NULL,36.7500,36.7500,36.7500,36.7500,0.0000,0.0000,NULL,0,NULL,NULL,NULL,NULL,NULL,NULL,NULL,NULL,NULL),(191,90,'2020-10-07 11:42:46','2020-10-07 11:45:38',3750,1,NULL,0,'26451680','Hose trolley HT 4.520 Kit 1/2',NULL,NULL,NULL,0,0,NULL,1.0000,336.0000,336.0000,NULL,0.0000,0.0000,0.0000,5.0000,16.8000,16.8000,336.0000,336.0000,0.0000,0.0000,'simple',NULL,NULL,NULL,NULL,NULL,352.8000,352.8000,352.8000,352.8000,0.0000,0.0000,NULL,0,NULL,NULL,NULL,NULL,NULL,NULL,NULL,NULL,NULL),(195,92,'2020-10-07 12:25:27','2020-10-07 12:26:09',3807,1,NULL,0,'16298460','Multi-purpose vacuum cleaner WD 3 Premium',NULL,NULL,NULL,0,0,NULL,1.0000,399.0000,399.0000,NULL,0.0000,0.0000,0.0000,5.0000,19.9500,19.9500,399.0000,399.0000,0.0000,0.0000,'simple',NULL,NULL,NULL,NULL,NULL,418.9500,418.9500,418.9500,418.9500,0.0000,0.0000,NULL,0,NULL,NULL,NULL,NULL,NULL,NULL,NULL,NULL,NULL),(196,91,'2020-10-07 12:41:24','2020-10-07 12:41:24',3750,1,NULL,0,'26451680','Hose trolley HT 4.520 Kit 1/2',NULL,NULL,NULL,0,0,NULL,1.0000,336.0000,336.0000,NULL,0.0000,0.0000,0.0000,5.0000,16.8000,16.8000,336.0000,336.0000,0.0000,0.0000,'simple',NULL,NULL,NULL,NULL,NULL,352.8000,352.8000,352.8000,352.8000,0.0000,0.0000,NULL,0,NULL,NULL,NULL,NULL,NULL,NULL,NULL,NULL,NULL),(197,93,'2020-10-07 12:43:42','2020-10-07 12:51:28',3904,1,NULL,0,'26330050','WV 2 / WV 5 squeegee blade, 280 mm',NULL,NULL,NULL,0,0,NULL,1.0000,30.0000,30.0000,NULL,0.0000,0.0000,0.0000,5.0000,1.5000,1.5000,30.0000,30.0000,0.0000,0.0000,'simple',NULL,NULL,NULL,NULL,NULL,31.5000,31.5000,31.5000,31.5000,0.0000,0.0000,NULL,0,NULL,NULL,NULL,NULL,NULL,NULL,NULL,NULL,NULL),(198,93,'2020-10-07 12:43:44','2020-10-07 12:51:28',4044,1,NULL,0,'28632370','HEPA hygiene filter for VC 2',NULL,NULL,NULL,0,0,NULL,1.0000,31.5000,31.5000,NULL,0.0000,0.0000,0.0000,5.0000,1.5800,1.5800,31.5000,31.5000,0.0000,0.0000,'simple',NULL,NULL,NULL,NULL,NULL,33.0800,33.0800,33.0800,33.0800,0.0000,0.0000,NULL,0,NULL,NULL,NULL,NULL,NULL,NULL,NULL,NULL,NULL),(199,93,'2020-10-07 12:43:49','2020-10-07 12:51:28',4078,1,NULL,0,'69041280','3x Paper filter bag for FP 303',NULL,NULL,NULL,0,0,NULL,1.0000,36.7500,36.7500,NULL,0.0000,0.0000,0.0000,5.0000,1.8300,1.8300,36.7500,36.7500,0.0000,0.0000,'simple',NULL,NULL,NULL,NULL,NULL,38.5800,38.5800,38.5800,38.5800,0.0000,0.0000,NULL,0,NULL,NULL,NULL,NULL,NULL,NULL,NULL,NULL,NULL),(200,93,'2020-10-07 12:43:53','2020-10-07 12:51:28',4052,1,NULL,0,'28632640','Round brush set',NULL,NULL,NULL,0,0,NULL,1.0000,42.0000,42.0000,NULL,0.0000,0.0000,0.0000,5.0000,2.1000,2.1000,42.0000,42.0000,0.0000,0.0000,'simple',NULL,NULL,NULL,NULL,NULL,44.1000,44.1000,44.1000,44.1000,0.0000,0.0000,NULL,0,NULL,NULL,NULL,NULL,NULL,NULL,NULL,NULL,NULL),(202,94,'2020-10-07 12:47:21','2020-10-07 12:47:21',3983,1,NULL,0,'26438570','Adventure box for OC3',NULL,NULL,NULL,0,0,NULL,1.0000,147.0000,147.0000,NULL,0.0000,0.0000,0.0000,0.0000,0.0000,0.0000,147.0000,147.0000,0.0000,0.0000,'simple',NULL,NULL,NULL,NULL,NULL,147.0000,147.0000,147.0000,147.0000,0.0000,0.0000,NULL,0,NULL,NULL,NULL,NULL,NULL,NULL,NULL,NULL,NULL),(203,95,'2020-10-07 12:53:14','2020-10-07 12:56:43',4102,1,NULL,0,'62959440','Multi-purpose floor cleaning RM 536',NULL,NULL,NULL,0,0,NULL,2.0000,26.2500,26.2500,NULL,0.0000,0.0000,0.0000,5.0000,2.6300,2.6300,52.5000,52.5000,0.0000,0.0000,'simple',NULL,NULL,NULL,NULL,NULL,27.5700,27.5700,55.1300,55.1300,0.0000,0.0000,NULL,0,NULL,NULL,NULL,NULL,NULL,NULL,NULL,NULL,NULL),(204,95,'2020-10-07 12:53:17','2020-10-07 12:56:43',4093,1,NULL,0,'62959870','6x Descaling Powder RM 511 for Steam Cleaners',NULL,NULL,NULL,0,0,NULL,2.0000,29.4000,29.4000,NULL,0.0000,0.0000,0.0000,5.0000,2.9400,2.9400,58.8000,58.8000,0.0000,0.0000,'simple',NULL,NULL,NULL,NULL,NULL,30.8700,30.8700,61.7400,61.7400,0.0000,0.0000,NULL,0,NULL,NULL,NULL,NULL,NULL,NULL,NULL,NULL,NULL),(205,95,'2020-10-07 12:53:23','2020-10-07 12:56:43',4085,1,NULL,0,'62957500','Car shampoo 3-in-1 RM 610',NULL,NULL,NULL,0,0,NULL,2.0000,42.0000,42.0000,NULL,0.0000,0.0000,0.0000,5.0000,4.2000,4.2000,84.0000,84.0000,0.0000,0.0000,'simple',NULL,NULL,NULL,NULL,NULL,44.1000,44.1000,88.2000,88.2000,0.0000,0.0000,NULL,0,NULL,NULL,NULL,NULL,NULL,NULL,NULL,NULL,NULL),(206,96,'2020-10-07 13:11:54','2020-10-07 13:11:54',3774,1,NULL,0,'10811350','Carpet cleaner SE 4001',NULL,NULL,NULL,0,0,NULL,1.0000,952.0000,952.0000,NULL,0.0000,0.0000,0.0000,0.0000,0.0000,0.0000,952.0000,952.0000,0.0000,0.0000,'simple',NULL,NULL,NULL,NULL,NULL,952.0000,952.0000,952.0000,952.0000,0.0000,0.0000,NULL,0,NULL,NULL,NULL,NULL,NULL,NULL,NULL,NULL,NULL),(208,97,'2020-10-07 13:17:05','2020-10-07 13:17:05',3983,1,NULL,0,'26438570','Adventure box for OC3',NULL,NULL,NULL,0,0,NULL,1.0000,140.0000,140.0000,NULL,0.0000,0.0000,0.0000,5.0000,7.0000,7.0000,140.0000,140.0000,0.0000,0.0000,'simple',NULL,NULL,NULL,NULL,NULL,147.0000,147.0000,147.0000,147.0000,0.0000,0.0000,NULL,0,NULL,NULL,NULL,NULL,NULL,NULL,NULL,NULL,NULL),(210,98,'2020-10-08 04:19:09','2020-10-08 04:19:09',3904,1,NULL,0,'26330050','WV 2 / WV 5 squeegee blade, 280 mm',NULL,NULL,NULL,0,0,NULL,1.0000,28.5700,28.5700,NULL,0.0000,0.0000,0.0000,5.0000,1.4300,1.4300,28.5700,28.5700,0.0000,0.0000,'simple',NULL,NULL,NULL,NULL,NULL,30.0000,30.0000,30.0000,30.0000,0.0000,0.0000,NULL,0,NULL,NULL,NULL,NULL,NULL,NULL,NULL,NULL,NULL),(212,99,'2020-10-08 04:40:31','2020-10-08 04:40:31',3983,1,NULL,0,'26438570','Adventure box for OC3',NULL,NULL,NULL,0,0,NULL,1.0000,140.0000,140.0000,NULL,0.0000,0.0000,0.0000,5.0000,7.0000,7.0000,140.0000,140.0000,0.0000,0.0000,'simple',NULL,NULL,NULL,NULL,NULL,147.0000,147.0000,147.0000,147.0000,0.0000,0.0000,NULL,0,NULL,NULL,NULL,NULL,NULL,NULL,NULL,NULL,NULL),(213,99,'2020-10-08 04:40:37','2020-10-08 04:40:37',3874,1,NULL,0,'14451100','Leaf blower LBL 2 Battery Set',NULL,NULL,NULL,0,0,NULL,1.0000,660.0000,660.0000,NULL,0.0000,0.0000,0.0000,5.0000,33.0000,33.0000,660.0000,660.0000,0.0000,0.0000,'simple',NULL,NULL,NULL,NULL,NULL,693.0000,693.0000,693.0000,693.0000,0.0000,0.0000,NULL,0,NULL,NULL,NULL,NULL,NULL,NULL,NULL,NULL,NULL),(214,100,'2020-10-08 05:12:53','2020-10-08 05:12:53',4100,1,NULL,0,'62954740','Glass finisher 3-in-1 RM 627',NULL,NULL,NULL,0,0,NULL,1.0000,40.0000,40.0000,NULL,0.0000,0.0000,0.0000,5.0000,2.0000,2.0000,40.0000,40.0000,0.0000,0.0000,'simple',NULL,NULL,NULL,NULL,NULL,42.0000,42.0000,42.0000,42.0000,0.0000,0.0000,NULL,0,NULL,NULL,NULL,NULL,NULL,NULL,NULL,NULL,NULL),(216,101,'2020-10-08 06:39:54','2020-10-08 06:39:54',3701,1,NULL,0,'26451340','Oscillating sprinkler OS 5.320 S',NULL,NULL,NULL,0,0,NULL,1.0000,161.0000,161.0000,NULL,0.0000,0.0000,0.0000,5.0000,8.0500,8.0500,161.0000,161.0000,0.0000,0.0000,'simple',NULL,NULL,NULL,NULL,NULL,169.0500,169.0500,169.0500,169.0500,0.0000,0.0000,NULL,0,NULL,NULL,NULL,NULL,NULL,NULL,NULL,NULL,NULL),(218,102,'2020-10-08 07:09:06','2020-10-08 07:09:06',3904,1,NULL,0,'26330050','WV 2 / WV 5 squeegee blade, 280 mm',NULL,NULL,NULL,0,0,NULL,1.0000,28.5700,28.5700,NULL,0.0000,0.0000,0.0000,5.0000,1.4300,1.4300,28.5700,28.5700,0.0000,0.0000,'simple',NULL,NULL,NULL,NULL,NULL,30.0000,30.0000,30.0000,30.0000,0.0000,0.0000,NULL,0,NULL,NULL,NULL,NULL,NULL,NULL,NULL,NULL,NULL),(219,103,'2020-10-08 07:14:51','2020-10-08 07:14:51',4101,1,NULL,0,'62957610','Insect Remover 3-in-1 RM 618',NULL,NULL,NULL,0,0,NULL,1.0000,28.0000,28.0000,NULL,0.0000,0.0000,0.0000,5.0000,1.4000,1.4000,28.0000,28.0000,0.0000,0.0000,'simple',NULL,NULL,NULL,NULL,NULL,29.4000,29.4000,29.4000,29.4000,0.0000,0.0000,NULL,0,NULL,NULL,NULL,NULL,NULL,NULL,NULL,NULL,NULL),(221,104,'2020-10-08 07:21:01','2020-10-08 07:21:01',3700,1,NULL,0,'26451330','Oscillating sprinkler OS 3.220',NULL,NULL,NULL,0,0,NULL,1.0000,113.0000,113.0000,NULL,0.0000,0.0000,0.0000,5.0000,5.6500,5.6500,113.0000,113.0000,0.0000,0.0000,'simple',NULL,NULL,NULL,NULL,NULL,118.6500,118.6500,118.6500,118.6500,0.0000,0.0000,NULL,0,NULL,NULL,NULL,NULL,NULL,NULL,NULL,NULL,NULL),(222,105,'2020-10-08 07:39:50','2020-10-08 07:39:50',4110,1,NULL,0,'62957530','Universal cleaner RM 626',NULL,NULL,NULL,0,0,NULL,1.0000,42.0000,42.0000,NULL,0.0000,0.0000,0.0000,5.0000,2.1000,2.1000,42.0000,42.0000,0.0000,0.0000,'simple',NULL,NULL,NULL,NULL,NULL,44.1000,44.1000,44.1000,44.1000,0.0000,0.0000,NULL,0,NULL,NULL,NULL,NULL,NULL,NULL,NULL,NULL,NULL),(224,106,'2020-10-14 06:32:57','2020-10-14 06:32:57',3839,1,NULL,0,'13246320','High pressure washer K 5 Premium Full Control Plus',NULL,NULL,NULL,0,0,NULL,1.0000,1900.0000,1900.0000,NULL,0.0000,0.0000,0.0000,5.0000,95.0000,95.0000,1900.0000,1900.0000,0.0000,0.0000,'simple',NULL,NULL,NULL,NULL,NULL,1995.0000,1995.0000,1995.0000,1995.0000,0.0000,0.0000,NULL,0,NULL,NULL,NULL,NULL,NULL,NULL,NULL,NULL,NULL),(225,107,'2020-10-14 11:43:26','2020-10-14 11:43:26',3864,1,NULL,0,'11172200','Cordless pressure washer K 2 Battery Set',NULL,NULL,NULL,0,0,NULL,1.0000,1850.0000,1850.0000,NULL,0.0000,0.0000,0.0000,5.0000,92.5000,92.5000,1850.0000,1850.0000,0.0000,0.0000,'simple',NULL,NULL,NULL,NULL,NULL,1942.5000,1942.5000,1942.5000,1942.5000,0.0000,0.0000,NULL,0,NULL,NULL,NULL,NULL,NULL,NULL,NULL,NULL,NULL),(226,108,'2020-10-15 07:44:07','2020-10-15 07:44:07',3720,1,NULL,0,'11985010','Air Purifier KA 5',NULL,NULL,NULL,0,0,NULL,1.0000,2380.0000,2380.0000,NULL,0.0000,0.0000,0.0000,5.0000,119.0000,119.0000,2380.0000,2380.0000,0.0000,0.0000,'simple',NULL,NULL,NULL,NULL,NULL,2499.0000,2499.0000,2499.0000,2499.0000,0.0000,0.0000,NULL,0,NULL,NULL,NULL,NULL,NULL,NULL,NULL,NULL,NULL),(227,109,'2020-10-15 07:53:44','2020-10-15 07:53:44',3867,1,NULL,0,'15131120','Steam cleaner SC 3 EasyFix',NULL,NULL,NULL,0,0,NULL,1.0000,660.0000,660.0000,NULL,0.0000,0.0000,0.0000,5.0000,33.0000,33.0000,660.0000,660.0000,0.0000,0.0000,'simple',NULL,NULL,NULL,NULL,NULL,693.0000,693.0000,693.0000,693.0000,0.0000,0.0000,NULL,0,NULL,NULL,NULL,NULL,NULL,NULL,NULL,NULL,NULL),(228,110,'2020-10-15 07:56:13','2020-10-15 07:56:13',3867,1,NULL,0,'15131120','Steam cleaner SC 3 EasyFix',NULL,NULL,NULL,0,0,NULL,1.0000,660.0000,660.0000,NULL,0.0000,0.0000,0.0000,5.0000,33.0000,33.0000,660.0000,660.0000,0.0000,0.0000,'simple',NULL,NULL,NULL,NULL,NULL,693.0000,693.0000,693.0000,693.0000,0.0000,0.0000,NULL,0,NULL,NULL,NULL,NULL,NULL,NULL,NULL,NULL,NULL);

--
-- Table structure for table `quote_item_option`
--

CREATE TABLE `quote_item_option` (
  `option_id` int(10) unsigned NOT NULL AUTO_INCREMENT COMMENT 'Option ID',
  `item_id` int(10) unsigned NOT NULL COMMENT 'Item ID',
  `product_id` int(10) unsigned NOT NULL COMMENT 'Product ID',
  `code` varchar(255) NOT NULL COMMENT 'Code',
  `value` text DEFAULT NULL COMMENT 'Value',
  PRIMARY KEY (`option_id`),
  KEY `QUOTE_ITEM_OPTION_ITEM_ID` (`item_id`),
  CONSTRAINT `QUOTE_ITEM_OPTION_ITEM_ID_QUOTE_ITEM_ITEM_ID` FOREIGN KEY (`item_id`) REFERENCES `quote_item` (`item_id`) ON DELETE CASCADE
) ENGINE=InnoDB AUTO_INCREMENT=229 DEFAULT CHARSET=utf8 COMMENT='Sales Flat Quote Item Option';

--
-- Dumping data for table `quote_item_option`
--

INSERT INTO `quote_item_option` VALUES (40,40,3839,'info_buyRequest','{\"uenc\":\"aHR0cDovL3BocDcyLWRldm92aDIwMS5lenhkZW1vLmNvbS9rYWVyY2hlci9oaWdoLXByZXNzdXJlLXdhc2hlci1rLTUtcHJlbWl1bS1mdWxsLWNvbnRyb2wtcGx1cy5odG1s\",\"product\":\"3839\",\"selected_configurable_option\":\"\",\"related_product\":\"\",\"item\":\"3839\",\"qty\":\"1\"}'),(41,41,3839,'info_buyRequest','{\"uenc\":\"aHR0cDovL3BocDcyLWRldm92aDIwMS5lenhkZW1vLmNvbS9rYWVyY2hlci9oaWdoLXByZXNzdXJlLXdhc2hlci1rLTUtcHJlbWl1bS1mdWxsLWNvbnRyb2wtcGx1cy5odG1s\",\"product\":\"3839\",\"selected_configurable_option\":\"\",\"related_product\":\"\",\"item\":\"3839\",\"qty\":\"1\"}'),(42,42,3839,'info_buyRequest','{\"uenc\":\"aHR0cDovL3BocDcyLWRldm92aDIwMS5lenhkZW1vLmNvbS9rYWVyY2hlci9oaWdoLXByZXNzdXJlLXdhc2hlci1rLTUtcHJlbWl1bS1mdWxsLWNvbnRyb2wtcGx1cy5odG1s\",\"product\":\"3839\",\"selected_configurable_option\":\"\",\"related_product\":\"\",\"item\":\"3839\",\"qty\":\"1.0000\"}'),(43,43,3839,'info_buyRequest','{\"uenc\":\"aHR0cDovL3BocDcyLWRldm92aDIwMS5lenhkZW1vLmNvbS9rYWVyY2hlci9oaWdoLXByZXNzdXJlLXdhc2hlci1rLTUtcHJlbWl1bS1mdWxsLWNvbnRyb2wtcGx1cy5odG1s\",\"product\":\"3839\",\"selected_configurable_option\":\"\",\"related_product\":\"\",\"item\":\"3839\",\"qty\":\"1\"}'),(44,44,3839,'info_buyRequest','{\"uenc\":\"aHR0cDovL3BocDcyLWRldm92aDIwMS5lenhkZW1vLmNvbS9rYWVyY2hlci9oaWdoLXByZXNzdXJlLXdhc2hlci1rLTUtcHJlbWl1bS1mdWxsLWNvbnRyb2wtcGx1cy5odG1s\",\"product\":\"3839\",\"selected_configurable_option\":\"\",\"related_product\":\"\",\"item\":\"3839\",\"qty\":\"1\"}'),(47,47,3839,'info_buyRequest','{\"uenc\":\"aHR0cDovL3BocDcyLWRldm92aDIwMS5lenhkZW1vLmNvbS9rYWVyY2hlci9oaWdoLXByZXNzdXJlLXdhc2hlci1rLTUtcHJlbWl1bS1mdWxsLWNvbnRyb2wtcGx1cy5odG1s\",\"product\":\"3839\",\"selected_configurable_option\":\"\",\"related_product\":\"\",\"item\":\"3839\",\"qty\":\"1\"}'),(49,49,3839,'info_buyRequest','{\"uenc\":\"aHR0cDovL3BocDcyLWRldm92aDIwMS5lenhkZW1vLmNvbS9rYWVyY2hlci9oaWdoLXByZXNzdXJlLXdhc2hlci1rLTUtcHJlbWl1bS1mdWxsLWNvbnRyb2wtcGx1cy5odG1s\",\"product\":\"3839\",\"selected_configurable_option\":\"\",\"related_product\":\"\",\"item\":\"3839\",\"qty\":\"1\"}'),(50,50,3839,'info_buyRequest','{\"uenc\":\"aHR0cDovL3BocDcyLWRldm92aDIwMS5lenhkZW1vLmNvbS9rYWVyY2hlci9oaWdoLXByZXNzdXJlLXdhc2hlci1rLTUtcHJlbWl1bS1mdWxsLWNvbnRyb2wtcGx1cy5odG1s\",\"product\":\"3839\",\"selected_configurable_option\":\"\",\"related_product\":\"\",\"item\":\"3839\",\"qty\":\"1\"}'),(55,55,3892,'info_buyRequest','{\"uenc\":\"aHR0cDovL3BocDcyLWRldm92aDIwMS5lenhkZW1vLmNvbS9rYWVyY2hlci93ZXQtYW5kLWRyeS12YWN1dW0tY2xlYW5lci1udC05MC0yLW1lLWNsYXNzaWMuaHRtbA,,\",\"product\":\"3892\",\"selected_configurable_option\":\"\",\"related_product\":\"\",\"item\":\"3892\",\"qty\":\"1\"}'),(56,56,3839,'info_buyRequest','{\"uenc\":\"aHR0cDovL3BocDcyLWRldm92aDIwMS5lenhkZW1vLmNvbS9rYWVyY2hlci9oaWdoLXByZXNzdXJlLXdhc2hlci1rLTUtcHJlbWl1bS1mdWxsLWNvbnRyb2wtcGx1cy5odG1s\",\"product\":\"3839\",\"selected_configurable_option\":\"\",\"related_product\":\"\",\"item\":\"3839\",\"qty\":\"1\"}'),(58,58,3859,'info_buyRequest','{\"uenc\":\"aHR0cDovL3BocDcyLWRldm92aDIwMS5lenhkZW1vLmNvbS9rYWVyY2hlci9hbGwtcHJvZHVjdHMvcHJlc3N1cmUtd2FzaGVycy5odG1s\",\"product\":\"3859\",\"qty\":1}'),(60,60,3839,'info_buyRequest','{\"uenc\":\"aHR0cDovL3BocDcyLWRldm92aDIwMS5lenhkZW1vLmNvbS9rYWVyY2hlci9oaWdoLXByZXNzdXJlLXdhc2hlci1rLTUtcHJlbWl1bS1mdWxsLWNvbnRyb2wtcGx1cy5odG1s\",\"product\":\"3839\",\"selected_configurable_option\":\"\",\"related_product\":\"\",\"item\":\"3839\",\"qty\":\"1\"}'),(68,68,3774,'info_buyRequest','{\"uenc\":\"aHR0cDovL3BocDcyLWRldm92aDIwMS5lenhkZW1vLmNvbS9rYWVyY2hlci9jYXJwZXQtY2xlYW5lci1zZS00MDAxLmh0bWw,\",\"product\":\"3774\",\"selected_configurable_option\":\"\",\"related_product\":\"\",\"item\":\"3774\",\"qty\":\"1\"}'),(69,69,3864,'info_buyRequest','{\"uenc\":\"aHR0cDovL3BocDcyLWRldm92aDIwMS5lenhkZW1vLmNvbS9rYWVyY2hlci8,\",\"product\":\"3864\",\"qty\":1}'),(77,77,3872,'info_buyRequest','{\"uenc\":\"aHR0cDovL3BocDcyLWRldm92aDIwMS5lenhkZW1vLmNvbS9rYWVyY2hlci9hbGwtcHJvZHVjdHMvc3RlYW0tY2xlYW5lcnMuaHRtbA,,\",\"product\":\"3872\",\"qty\":1}'),(79,79,3822,'info_buyRequest','{\"uenc\":\"aHR0cDovL3BocDcyLWRldm92aDIwMS5lenhkZW1vLmNvbS9rYWVyY2hlci9hbGwtcHJvZHVjdHMvc3RlYW0tY2xlYW5lcnMuaHRtbA,,\",\"product\":\"3822\",\"qty\":1}'),(88,88,4111,'info_buyRequest','{\"uenc\":\"aHR0cDovL3BocDcyLWRldm92aDIwMS5lenhkZW1vLmNvbS9rYWVyY2hlci9ob21lLWdhcmRlbi5odG1s\",\"product\":\"4111\",\"qty\":1}'),(90,90,4109,'info_buyRequest','{\"uenc\":\"aHR0cDovL3BocDcyLWRldm92aDIwMS5lenhkZW1vLmNvbS9rYWVyY2hlci9ob21lLWdhcmRlbi5odG1s\",\"product\":\"4109\",\"qty\":1}'),(94,94,3805,'info_buyRequest','{\"uenc\":\"aHR0cDovL3BocDcyLWRldm92aDIwMS5lenhkZW1vLmNvbS9rYWVyY2hlci9ob21lLWdhcmRlbi5odG1s\",\"product\":\"3805\",\"qty\":1}'),(95,95,3797,'info_buyRequest','{\"uenc\":\"aHR0cDovL3BocDcyLWRldm92aDIwMS5lenhkZW1vLmNvbS9rYWVyY2hlci9ob21lLWdhcmRlbi5odG1s\",\"product\":\"3797\",\"qty\":1}'),(96,96,3836,'info_buyRequest','{\"uenc\":\"aHR0cDovL3BocDcyLWRldm92aDIwMS5lenhkZW1vLmNvbS9rYWVyY2hlci9ob21lLWdhcmRlbi5odG1s\",\"product\":\"3836\",\"qty\":1}'),(102,102,3872,'info_buyRequest','{\"uenc\":\"aHR0cDovL3BocDcyLWRldm92aDIwMS5lenhkZW1vLmNvbS9rYWVyY2hlci9ob21lLWdhcmRlbi5odG1s\",\"product\":\"3872\",\"qty\":1}'),(103,103,3868,'info_buyRequest','{\"uenc\":\"aHR0cDovL3BocDcyLWRldm92aDIwMS5lenhkZW1vLmNvbS9rYWVyY2hlci9ob21lLWdhcmRlbi5odG1s\",\"product\":\"3868\",\"qty\":1}'),(104,104,3755,'info_buyRequest','{\"uenc\":\"aHR0cDovL3BocDcyLWRldm92aDIwMS5lenhkZW1vLmNvbS9rYWVyY2hlci9ob21lLWdhcmRlbi5odG1s\",\"product\":\"3755\",\"qty\":1}'),(108,108,3800,'info_buyRequest','{\"uenc\":\"aHR0cDovL3BocDcyLWRldm92aDIwMS5lenhkZW1vLmNvbS9rYWVyY2hlci9ob21lLWdhcmRlbi5odG1s\",\"product\":\"3800\",\"qty\":1}'),(112,112,4110,'info_buyRequest','{\"uenc\":\"aHR0cDovL3BocDcyLWRldm92aDIwMS5lenhkZW1vLmNvbS9rYWVyY2hlci9ob21lLWdhcmRlbi5odG1s\",\"product\":\"4110\",\"qty\":1}'),(117,117,4111,'info_buyRequest','{\"uenc\":\"aHR0cDovL3BocDcyLWRldm92aDIwMS5lenhkZW1vLmNvbS9rYWVyY2hlci9ob21lLWdhcmRlbi5odG1s\",\"product\":\"4111\",\"qty\":1}'),(131,131,3755,'info_buyRequest','{\"uenc\":\"aHR0cDovL3BocDcyLWRldm92aDIwMS5lenhkZW1vLmNvbS9rYWVyY2hlci8,\",\"product\":\"3755\",\"qty\":1}'),(132,132,4110,'info_buyRequest','{\"uenc\":\"aHR0cDovL3BocDcyLWRldm92aDIwMS5lenhkZW1vLmNvbS9rYWVyY2hlci9hbGwtcHJvZHVjdHMvZGV0ZXJnZW50cy5odG1s\",\"product\":\"4110\",\"qty\":1}'),(134,134,3804,'info_buyRequest','{\"uenc\":\"aHR0cDovL3BocDcyLWRldm92aDIwMS5lenhkZW1vLmNvbS9rYWVyY2hlci9hbGwtcHJvZHVjdHMvaW5kdXN0cmlhbC5odG1s\",\"product\":\"3804\",\"qty\":1}'),(136,136,4102,'info_buyRequest','{\"uenc\":\"aHR0cDovL3BocDcyLWRldm92aDIwMS5lenhkZW1vLmNvbS9rYWVyY2hlci9hbGwtcHJvZHVjdHMvZGV0ZXJnZW50cy5odG1s\",\"product\":\"4102\",\"qty\":1}'),(137,137,4101,'info_buyRequest','{\"uenc\":\"aHR0cDovL3BocDcyLWRldm92aDIwMS5lenhkZW1vLmNvbS9rYWVyY2hlci9hbGwtcHJvZHVjdHMvZGV0ZXJnZW50cy5odG1s\",\"product\":\"4101\",\"qty\":1}'),(138,138,3864,'info_buyRequest','{\"uenc\":\"aHR0cDovL3BocDcyLWRldm92aDIwMS5lenhkZW1vLmNvbS9rYWVyY2hlci9jb3JkbGVzcy1wcmVzc3VyZS13YXNoZXItay0yLWJhdHRlcnktc2V0Lmh0bWw,\",\"product\":\"3864\",\"selected_configurable_option\":\"\",\"related_product\":\"\",\"item\":\"3864\",\"qty\":\"1\"}'),(139,139,3859,'info_buyRequest','{\"uenc\":\"aHR0cDovL3BocDcyLWRldm92aDIwMS5lenhkZW1vLmNvbS9rYWVyY2hlci9tb2JpbGUtb3V0ZG9vci1jbGVhbmVyLW9jLTMtZ2IuaHRtbA,,\",\"product\":\"3859\",\"selected_configurable_option\":\"\",\"related_product\":\"\",\"item\":\"3859\",\"qty\":\"1\"}'),(142,142,3845,'info_buyRequest','{\"uenc\":\"aHR0cDovL3BocDcyLWRldm92aDIwMS5lenhkZW1vLmNvbS9rYWVyY2hlci9zd2VlcGVyLWttLTcwLTIwLWMtMnNiLmh0bWw,\",\"product\":\"3845\",\"selected_configurable_option\":\"\",\"related_product\":\"\",\"item\":\"3845\",\"qty\":\"1\"}'),(144,144,3839,'info_buyRequest','{\"uenc\":\"aHR0cDovL3BocDcyLWRldm92aDIwMS5lenhkZW1vLmNvbS9rYWVyY2hlci9oaWdoLXByZXNzdXJlLXdhc2hlci1rLTUtcHJlbWl1bS1mdWxsLWNvbnRyb2wtcGx1cy5odG1s\",\"product\":\"3839\",\"selected_configurable_option\":\"\",\"related_product\":\"\",\"item\":\"3839\",\"qty\":\"1\"}'),(148,148,3774,'info_buyRequest','{\"uenc\":\"aHR0cDovL3BocDcyLWRldm92aDIwMS5lenhkZW1vLmNvbS9rYWVyY2hlci9jYXJwZXQtY2xlYW5lci1zZS00MDAxLmh0bWw,\",\"product\":\"3774\",\"selected_configurable_option\":\"\",\"related_product\":\"\",\"item\":\"3774\",\"qty\":\"1\"}'),(149,149,3839,'info_buyRequest','{\"uenc\":\"aHR0cDovL3BocDcyLWRldm92aDIwMS5lenhkZW1vLmNvbS9rYWVyY2hlci9oaWdoLXByZXNzdXJlLXdhc2hlci1rLTUtcHJlbWl1bS1mdWxsLWNvbnRyb2wtcGx1cy5odG1s\",\"product\":\"3839\",\"selected_configurable_option\":\"\",\"related_product\":\"\",\"item\":\"3839\",\"qty\":\"1\"}'),(152,152,3864,'info_buyRequest','{\"uenc\":\"aHR0cDovL3BocDcyLWRldm92aDIwMS5lenhkZW1vLmNvbS9rYWVyY2hlci9hbGwtcHJvZHVjdHMvcHJlc3N1cmUtd2FzaGVycy5odG1s\",\"product\":\"3864\",\"qty\":1}'),(153,153,3864,'info_buyRequest','{\"uenc\":\"aHR0cDovL3BocDcyLWRldm92aDIwMS5lenhkZW1vLmNvbS9rYWVyY2hlci9jb3JkbGVzcy1wcmVzc3VyZS13YXNoZXItay0yLWJhdHRlcnktc2V0Lmh0bWw,\",\"product\":\"3864\",\"selected_configurable_option\":\"\",\"related_product\":\"\",\"item\":\"3864\",\"qty\":\"1\"}'),(154,154,3864,'info_buyRequest','{\"uenc\":\"aHR0cDovL3BocDcyLWRldm92aDIwMS5lenhkZW1vLmNvbS9rYWVyY2hlci9jb3JkbGVzcy1wcmVzc3VyZS13YXNoZXItay0yLWJhdHRlcnktc2V0Lmh0bWw,\",\"product\":\"3864\",\"selected_configurable_option\":\"\",\"related_product\":\"\",\"item\":\"3864\",\"qty\":\"1\"}'),(155,155,3874,'info_buyRequest','{\"uenc\":\"aHR0cDovL3BocDcyLWRldm92aDIwMS5lenhkZW1vLmNvbS9rYWVyY2hlci8,\",\"product\":\"3874\",\"qty\":1}'),(157,157,3864,'info_buyRequest','{\"uenc\":\"aHR0cDovL3BocDcyLWRldm92aDIwMS5lenhkZW1vLmNvbS9rYWVyY2hlci8,\",\"product\":\"3864\",\"qty\":1}'),(160,160,4037,'info_buyRequest','{\"uenc\":\"aHR0cDovL3BocDcyLWRldm92aDIwMS5lenhkZW1vLmNvbS9rYWVyY2hlci9wb2xpc2hpbmctcGFkcy1mb3Itc3RvbmUtbGlub2xldW0tcHZjLmh0bWw,\",\"product\":\"4037\",\"selected_configurable_option\":\"\",\"related_product\":\"\",\"item\":\"4037\",\"qty\":\"1\"}'),(161,161,4110,'info_buyRequest','{\"uenc\":\"aHR0cDovL3BocDcyLWRldm92aDIwMS5lenhkZW1vLmNvbS9rYWVyY2hlci9ob21lLWdhcmRlbi5odG1s\",\"product\":\"4110\",\"qty\":1}'),(165,165,4044,'info_buyRequest','{\"uenc\":\"aHR0cDovL3BocDcyLWRldm92aDIwMS5lenhkZW1vLmNvbS9rYWVyY2hlci9hbGwtcHJvZHVjdHMvYWNjZXNzb3JpZXMuaHRtbA,,\",\"product\":\"4044\",\"qty\":1}'),(166,166,3750,'info_buyRequest','{\"uenc\":\"aHR0cDovL3BocDcyLWRldm92aDIwMS5lenhkZW1vLmNvbS9rYWVyY2hlci8,\",\"product\":\"3750\",\"qty\":1}'),(167,167,3864,'info_buyRequest','{\"uenc\":\"aHR0cDovL3BocDcyLWRldm92aDIwMS5lenhkZW1vLmNvbS9rYWVyY2hlci9jb3JkbGVzcy1wcmVzc3VyZS13YXNoZXItay0yLWJhdHRlcnktc2V0Lmh0bWw,\",\"product\":\"3864\",\"selected_configurable_option\":\"\",\"related_product\":\"\",\"item\":\"3864\",\"qty\":\"1\"}'),(169,169,3859,'info_buyRequest','{\"uenc\":\"aHR0cDovL3BocDcyLWRldm92aDIwMS5lenhkZW1vLmNvbS9rYWVyY2hlci9tb2JpbGUtb3V0ZG9vci1jbGVhbmVyLW9jLTMtZ2IuaHRtbA,,\",\"product\":\"3859\",\"selected_configurable_option\":\"\",\"related_product\":\"\",\"item\":\"3859\",\"qty\":\"1\"}'),(170,170,3774,'info_buyRequest','{\"uenc\":\"aHR0cDovL3BocDcyLWRldm92aDIwMS5lenhkZW1vLmNvbS9rYWVyY2hlci9jYXJwZXQtY2xlYW5lci1zZS00MDAxLmh0bWw,\",\"product\":\"3774\",\"selected_configurable_option\":\"\",\"related_product\":\"\",\"item\":\"3774\",\"qty\":\"1\"}'),(172,172,3701,'info_buyRequest','{\"uenc\":\"aHR0cDovL3BocDcyLWRldm92aDIwMS5lenhkZW1vLmNvbS9rYWVyY2hlci9vc2NpbGxhdGluZy1zcHJpbmtsZXItb3MtNS0zMjAtcy5odG1s\",\"product\":\"3701\",\"selected_configurable_option\":\"\",\"related_product\":\"\",\"item\":\"3701\",\"qty\":\"1\"}'),(173,173,3864,'info_buyRequest','{\"uenc\":\"aHR0cDovL3BocDcyLWRldm92aDIwMS5lenhkZW1vLmNvbS9rYWVyY2hlci9jb3JkbGVzcy1wcmVzc3VyZS13YXNoZXItay0yLWJhdHRlcnktc2V0Lmh0bWw,\",\"product\":\"3864\",\"selected_configurable_option\":\"\",\"related_product\":\"\",\"item\":\"3864\",\"qty\":\"1\"}'),(174,174,3861,'info_buyRequest','{\"uenc\":\"aHR0cDovL3BocDcyLWRldm92aDIwMS5lenhkZW1vLmNvbS9rYWVyY2hlci92YWN1dW0tY2xlYW5lci12Yy0zLTExMDAtdy1zZWEuaHRtbA,,\",\"product\":\"3861\",\"selected_configurable_option\":\"\",\"related_product\":\"\",\"item\":\"3861\",\"qty\":\"1\"}'),(175,175,3867,'info_buyRequest','{\"uenc\":\"aHR0cDovL3BocDcyLWRldm92aDIwMS5lenhkZW1vLmNvbS9rYWVyY2hlci9zdGVhbS1jbGVhbmVyLXNjLTMtZWFzeWZpeC5odG1s\",\"product\":\"3867\",\"selected_configurable_option\":\"\",\"related_product\":\"\",\"item\":\"3867\",\"qty\":\"1\"}'),(176,176,3864,'info_buyRequest','{\"uenc\":\"aHR0cDovL3BocDcyLWRldm92aDIwMS5lenhkZW1vLmNvbS9rYWVyY2hlci8,\",\"product\":\"3864\",\"qty\":1}'),(177,177,3874,'info_buyRequest','{\"uenc\":\"aHR0cDovL3BocDcyLWRldm92aDIwMS5lenhkZW1vLmNvbS9rYWVyY2hlci8,\",\"product\":\"3874\",\"qty\":1}'),(178,178,3859,'info_buyRequest','{\"uenc\":\"aHR0cDovL3BocDcyLWRldm92aDIwMS5lenhkZW1vLmNvbS9rYWVyY2hlci9tb2JpbGUtb3V0ZG9vci1jbGVhbmVyLW9jLTMtZ2IuaHRtbA,,\",\"product\":\"3859\",\"selected_configurable_option\":\"\",\"related_product\":\"\",\"item\":\"3859\",\"qty\":\"1\"}'),(179,179,3742,'info_buyRequest','{\"uenc\":\"aHR0cDovL3BocDcyLWRldm92aDIwMS5lenhkZW1vLmNvbS9rYWVyY2hlci8,\",\"product\":\"3742\",\"qty\":1}'),(180,180,3833,'info_buyRequest','{\"uenc\":\"aHR0cDovL3BocDcyLWRldm92aDIwMS5lenhkZW1vLmNvbS9rYWVyY2hlci9oYXJkLWZsb29yLWNsZWFuZXItZmMtNS1nYi5odG1s\",\"product\":\"3833\",\"selected_configurable_option\":\"\",\"related_product\":\"\",\"item\":\"3833\",\"qty\":\"1\"}'),(181,181,3833,'info_buyRequest','{\"uenc\":\"aHR0cDovL3BocDcyLWRldm92aDIwMS5lenhkZW1vLmNvbS9rYWVyY2hlci9oYXJkLWZsb29yLWNsZWFuZXItZmMtNS1nYi5odG1s\",\"product\":\"3833\",\"selected_configurable_option\":\"\",\"related_product\":\"\",\"item\":\"3833\",\"qty\":\"1\"}'),(182,182,3833,'info_buyRequest','{\"uenc\":\"aHR0cDovL3BocDcyLWRldm92aDIwMS5lenhkZW1vLmNvbS9rYWVyY2hlci9oYXJkLWZsb29yLWNsZWFuZXItZmMtNS1nYi5odG1s\",\"product\":\"3833\",\"selected_configurable_option\":\"\",\"related_product\":\"\",\"item\":\"3833\",\"qty\":\"1\"}'),(183,183,3874,'info_buyRequest','{\"uenc\":\"aHR0cDovL3BocDcyLWRldm92aDIwMS5lenhkZW1vLmNvbS9rYWVyY2hlci8,\",\"product\":\"3874\",\"qty\":1}'),(184,184,3874,'info_buyRequest','{\"uenc\":\"aHR0cDovL3BocDcyLWRldm92aDIwMS5lenhkZW1vLmNvbS9rYWVyY2hlci9sZWFmLWJsb3dlci1sYmwtMi1iYXR0ZXJ5LXNldC5odG1s\",\"product\":\"3874\",\"selected_configurable_option\":\"\",\"related_product\":\"\",\"item\":\"3874\",\"qty\":\"1\"}'),(185,185,3874,'info_buyRequest','{\"uenc\":\"aHR0cDovL3BocDcyLWRldm92aDIwMS5lenhkZW1vLmNvbS9rYWVyY2hlci9sZWFmLWJsb3dlci1sYmwtMi1iYXR0ZXJ5LXNldC5odG1s\",\"product\":\"3874\",\"selected_configurable_option\":\"\",\"related_product\":\"\",\"item\":\"3874\",\"qty\":\"1\"}'),(186,186,3874,'info_buyRequest','{\"uenc\":\"aHR0cDovL3BocDcyLWRldm92aDIwMS5lenhkZW1vLmNvbS9rYWVyY2hlci9sZWFmLWJsb3dlci1sYmwtMi1iYXR0ZXJ5LXNldC5odG1s\",\"product\":\"3874\",\"selected_configurable_option\":\"\",\"related_product\":\"\",\"item\":\"3874\",\"qty\":\"1\"}'),(187,187,3874,'info_buyRequest','{\"uenc\":\"aHR0cDovL3BocDcyLWRldm92aDIwMS5lenhkZW1vLmNvbS9rYWVyY2hlci9sZWFmLWJsb3dlci1sYmwtMi1iYXR0ZXJ5LXNldC5odG1s\",\"product\":\"3874\",\"selected_configurable_option\":\"\",\"related_product\":\"\",\"item\":\"3874\",\"qty\":\"1\"}'),(188,188,3874,'info_buyRequest','{\"uenc\":\"aHR0cDovL3BocDcyLWRldm92aDIwMS5lenhkZW1vLmNvbS9rYWVyY2hlci9sZWFmLWJsb3dlci1sYmwtMi1iYXR0ZXJ5LXNldC5odG1s\",\"product\":\"3874\",\"selected_configurable_option\":\"\",\"related_product\":\"\",\"item\":\"3874\",\"qty\":\"1\"}'),(189,189,3867,'info_buyRequest','{\"uenc\":\"aHR0cDovL3BocDcyLWRldm92aDIwMS5lenhkZW1vLmNvbS9rYWVyY2hlci9zdGVhbS1jbGVhbmVyLXNjLTMtZWFzeWZpeC5odG1s\",\"product\":\"3867\",\"selected_configurable_option\":\"\",\"related_product\":\"\",\"item\":\"3867\",\"qty\":\"1\"}'),(190,190,4078,'info_buyRequest','{\"uenc\":\"aHR0cDovL3BocDcyLWRldm92aDIwMS5lenhkZW1vLmNvbS9rYWVyY2hlci9wYXBlci1maWx0ZXItYmFnLmh0bWw,\",\"product\":\"4078\",\"selected_configurable_option\":\"\",\"related_product\":\"\",\"item\":\"4078\",\"qty\":\"1\"}'),(191,191,3750,'info_buyRequest','{\"uenc\":\"aHR0cDovL3BocDcyLWRldm92aDIwMS5lenhkZW1vLmNvbS9rYWVyY2hlci8,\",\"product\":\"3750\",\"qty\":1}'),(195,195,3807,'info_buyRequest','{\"uenc\":\"aHR0cDovL3BocDcyLWRldm92aDIwMS5lenhkZW1vLmNvbS9rYWVyY2hlci8,\",\"product\":\"3807\",\"qty\":1}'),(196,196,3750,'info_buyRequest','{\"uenc\":\"aHR0cDovL3BocDcyLWRldm92aDIwMS5lenhkZW1vLmNvbS9rYWVyY2hlci8,\",\"product\":\"3750\",\"qty\":1}'),(197,197,3904,'info_buyRequest','{\"uenc\":\"aHR0cDovL3BocDcyLWRldm92aDIwMS5lenhkZW1vLmNvbS9rYWVyY2hlci9hbGwtcHJvZHVjdHMvYWNjZXNzb3JpZXMuaHRtbA,,\",\"product\":\"3904\",\"qty\":1}'),(198,198,4044,'info_buyRequest','{\"uenc\":\"aHR0cDovL3BocDcyLWRldm92aDIwMS5lenhkZW1vLmNvbS9rYWVyY2hlci9hbGwtcHJvZHVjdHMvYWNjZXNzb3JpZXMuaHRtbA,,\",\"product\":\"4044\",\"qty\":1}'),(199,199,4078,'info_buyRequest','{\"uenc\":\"aHR0cDovL3BocDcyLWRldm92aDIwMS5lenhkZW1vLmNvbS9rYWVyY2hlci9hbGwtcHJvZHVjdHMvYWNjZXNzb3JpZXMuaHRtbA,,\",\"product\":\"4078\",\"qty\":1}'),(200,200,4052,'info_buyRequest','{\"uenc\":\"aHR0cDovL3BocDcyLWRldm92aDIwMS5lenhkZW1vLmNvbS9rYWVyY2hlci9hbGwtcHJvZHVjdHMvYWNjZXNzb3JpZXMuaHRtbA,,\",\"product\":\"4052\",\"qty\":1}'),(202,202,3983,'info_buyRequest','{\"uenc\":\"aHR0cDovL3BocDcyLWRldm92aDIwMS5lenhkZW1vLmNvbS9rYWVyY2hlci9hbGwtcHJvZHVjdHMvY29yZGxlc3MuaHRtbA,,\",\"product\":\"3983\",\"qty\":1}'),(203,203,4102,'info_buyRequest','{\"uenc\":\"aHR0cDovL3BocDcyLWRldm92aDIwMS5lenhkZW1vLmNvbS9rYWVyY2hlci9hbGwtcHJvZHVjdHMvZGV0ZXJnZW50cy5odG1s\",\"product\":\"4102\",\"qty\":1}'),(204,204,4093,'info_buyRequest','{\"uenc\":\"aHR0cDovL3BocDcyLWRldm92aDIwMS5lenhkZW1vLmNvbS9rYWVyY2hlci9hbGwtcHJvZHVjdHMvZGV0ZXJnZW50cy5odG1s\",\"product\":\"4093\",\"qty\":1}'),(205,205,4085,'info_buyRequest','{\"uenc\":\"aHR0cDovL3BocDcyLWRldm92aDIwMS5lenhkZW1vLmNvbS9rYWVyY2hlci9hbGwtcHJvZHVjdHMvZGV0ZXJnZW50cy5odG1s\",\"product\":\"4085\",\"qty\":1}'),(206,206,3774,'info_buyRequest','{\"uenc\":\"aHR0cDovL3BocDcyLWRldm92aDIwMS5lenhkZW1vLmNvbS9rYWVyY2hlci8,\",\"product\":\"3774\",\"qty\":1}'),(208,208,3983,'info_buyRequest','{\"uenc\":\"aHR0cDovL3BocDcyLWRldm92aDIwMS5lenhkZW1vLmNvbS9rYWVyY2hlci9hbGwtcHJvZHVjdHMvY29yZGxlc3MuaHRtbA,,\",\"product\":\"3983\",\"qty\":1}'),(210,210,3904,'info_buyRequest','{\"uenc\":\"aHR0cDovL3BocDcyLWRldm92aDIwMS5lenhkZW1vLmNvbS9rYWVyY2hlci9hbGwtcHJvZHVjdHMvYWNjZXNzb3JpZXMuaHRtbA,,\",\"product\":\"3904\",\"qty\":1}'),(212,212,3983,'info_buyRequest','{\"uenc\":\"aHR0cDovL3BocDcyLWRldm92aDIwMS5lenhkZW1vLmNvbS9rYWVyY2hlci9hbGwtcHJvZHVjdHMvY29yZGxlc3MuaHRtbA,,\",\"product\":\"3983\",\"qty\":1}'),(213,213,3874,'info_buyRequest','{\"uenc\":\"aHR0cDovL3BocDcyLWRldm92aDIwMS5lenhkZW1vLmNvbS9rYWVyY2hlci9hbGwtcHJvZHVjdHMvY29yZGxlc3MuaHRtbA,,\",\"product\":\"3874\",\"qty\":1}'),(214,214,4100,'info_buyRequest','{\"uenc\":\"aHR0cDovL3BocDcyLWRldm92aDIwMS5lenhkZW1vLmNvbS9rYWVyY2hlci9hbGwtcHJvZHVjdHMvZGV0ZXJnZW50cy5odG1s\",\"product\":\"4100\",\"qty\":1}'),(216,216,3701,'info_buyRequest','{\"uenc\":\"aHR0cDovL3BocDcyLWRldm92aDIwMS5lenhkZW1vLmNvbS9rYWVyY2hlci9vc2NpbGxhdGluZy1zcHJpbmtsZXItb3MtNS0zMjAtcy5odG1s\",\"product\":\"3701\",\"selected_configurable_option\":\"\",\"related_product\":\"\",\"item\":\"3701\",\"qty\":\"1\"}'),(218,218,3904,'info_buyRequest','{\"uenc\":\"aHR0cDovL3BocDcyLWRldm92aDIwMS5lenhkZW1vLmNvbS9rYWVyY2hlci9hbGwtcHJvZHVjdHMvYWNjZXNzb3JpZXMuaHRtbA,,\",\"product\":\"3904\",\"qty\":1}'),(219,219,4101,'info_buyRequest','{\"uenc\":\"aHR0cDovL3BocDcyLWRldm92aDIwMS5lenhkZW1vLmNvbS9rYWVyY2hlci9pbnNlY3QtcmVtb3Zlci0zLWluLTEtcm0tNjE4Lmh0bWw,\",\"product\":\"4101\",\"selected_configurable_option\":\"\",\"related_product\":\"\",\"item\":\"4101\",\"qty\":\"1\"}'),(221,221,3700,'info_buyRequest','{\"uenc\":\"aHR0cDovL3BocDcyLWRldm92aDIwMS5lenhkZW1vLmNvbS9rYWVyY2hlci9vc2NpbGxhdGluZy1zcHJpbmtsZXItb3MtMy0yMjAuaHRtbA,,\",\"product\":\"3700\",\"selected_configurable_option\":\"\",\"related_product\":\"\",\"item\":\"3700\",\"qty\":\"1\"}'),(222,222,4110,'info_buyRequest','{\"uenc\":\"aHR0cDovL3BocDcyLWRldm92aDIwMS5lenhkZW1vLmNvbS9rYWVyY2hlci91bml2ZXJzYWwtY2xlYW5lci1ybS02MjYuaHRtbA,,\",\"product\":\"4110\",\"selected_configurable_option\":\"\",\"related_product\":\"\",\"item\":\"4110\",\"qty\":\"1\"}'),(224,224,3839,'info_buyRequest','{\"uenc\":\"aHR0cDovL3BocDcyLWRldm92aDIwMS5lenhkZW1vLmNvbS9rYWVyY2hlci9oaWdoLXByZXNzdXJlLXdhc2hlci1rLTUtcHJlbWl1bS1mdWxsLWNvbnRyb2wtcGx1cy5odG1s\",\"product\":\"3839\",\"selected_configurable_option\":\"\",\"related_product\":\"\",\"item\":\"3839\",\"qty\":\"1\"}'),(225,225,3864,'info_buyRequest','{\"uenc\":\"aHR0cDovL3BocDcyLWRldm92aDIwMS5lenhkZW1vLmNvbS9rYWVyY2hlci8,\",\"product\":\"3864\",\"qty\":1}'),(226,226,3720,'info_buyRequest','{\"uenc\":\"aHR0cDovL3BocDcyLWRldm92aDIwMS5lenhkZW1vLmNvbS9rYWVyY2hlci9haXItcHVyaWZpZXIta2EtNS5odG1s\",\"product\":\"3720\",\"selected_configurable_option\":\"\",\"related_product\":\"\",\"item\":\"3720\",\"qty\":\"1\"}'),(227,227,3867,'info_buyRequest','{\"uenc\":\"aHR0cDovL3BocDcyLWRldm92aDIwMS5lenhkZW1vLmNvbS9rYWVyY2hlci8,\",\"product\":\"3867\",\"qty\":1}'),(228,228,3867,'info_buyRequest','{\"uenc\":\"aHR0cDovL3BocDcyLWRldm92aDIwMS5lenhkZW1vLmNvbS9rYWVyY2hlci8,\",\"product\":\"3867\",\"qty\":1}');

--
-- Table structure for table `quote_payment`
--

CREATE TABLE `quote_payment` (
  `payment_id` int(10) unsigned NOT NULL AUTO_INCREMENT COMMENT 'Payment ID',
  `quote_id` int(10) unsigned NOT NULL DEFAULT 0 COMMENT 'Quote ID',
  `created_at` timestamp NOT NULL DEFAULT current_timestamp() COMMENT 'Created At',
  `updated_at` timestamp NOT NULL DEFAULT current_timestamp() ON UPDATE current_timestamp() COMMENT 'Updated At',
  `method` varchar(255) DEFAULT NULL COMMENT 'Method',
  `cc_type` varchar(255) DEFAULT NULL COMMENT 'Cc Type',
  `cc_number_enc` varchar(255) DEFAULT NULL COMMENT 'Cc Number Enc',
  `cc_last_4` varchar(255) DEFAULT NULL COMMENT 'Cc Last 4',
  `cc_cid_enc` varchar(255) DEFAULT NULL COMMENT 'Cc Cid Enc',
  `cc_owner` varchar(255) DEFAULT NULL COMMENT 'Cc Owner',
  `cc_exp_month` varchar(255) DEFAULT NULL COMMENT 'Cc Exp Month',
  `cc_exp_year` smallint(5) unsigned DEFAULT 0 COMMENT 'Cc Exp Year',
  `cc_ss_owner` varchar(255) DEFAULT NULL COMMENT 'Cc Ss Owner',
  `cc_ss_start_month` smallint(5) unsigned DEFAULT 0 COMMENT 'Cc Ss Start Month',
  `cc_ss_start_year` smallint(5) unsigned DEFAULT 0 COMMENT 'Cc Ss Start Year',
  `po_number` varchar(255) DEFAULT NULL COMMENT 'Po Number',
  `additional_data` text DEFAULT NULL COMMENT 'Additional Data',
  `cc_ss_issue` varchar(255) DEFAULT NULL COMMENT 'Cc Ss Issue',
  `additional_information` text DEFAULT NULL COMMENT 'Additional Information',
  `paypal_payer_id` varchar(255) DEFAULT NULL COMMENT 'Paypal Payer ID',
  `paypal_payer_status` varchar(255) DEFAULT NULL COMMENT 'Paypal Payer Status',
  `paypal_correlation_id` varchar(255) DEFAULT NULL COMMENT 'Paypal Correlation ID',
  PRIMARY KEY (`payment_id`),
  KEY `QUOTE_PAYMENT_QUOTE_ID` (`quote_id`),
  CONSTRAINT `QUOTE_PAYMENT_QUOTE_ID_QUOTE_ENTITY_ID` FOREIGN KEY (`quote_id`) REFERENCES `quote` (`entity_id`) ON DELETE CASCADE
) ENGINE=InnoDB AUTO_INCREMENT=34 DEFAULT CHARSET=utf8 COMMENT='Sales Flat Quote Payment';

--
-- Dumping data for table `quote_payment`
--

INSERT INTO `quote_payment` VALUES (3,24,'2020-09-07 06:08:03','2020-09-07 06:08:03','checkmo',NULL,NULL,NULL,NULL,NULL,NULL,0,NULL,0,0,NULL,NULL,NULL,'null',NULL,NULL,NULL),(4,25,'2020-09-07 06:13:53','2020-09-07 06:13:53','checkmo',NULL,NULL,NULL,NULL,NULL,NULL,0,NULL,0,0,NULL,NULL,NULL,'null',NULL,NULL,NULL),(5,26,'2020-09-07 06:25:17','2020-09-07 06:25:17','checkmo',NULL,NULL,NULL,NULL,NULL,NULL,0,NULL,0,0,NULL,NULL,NULL,'null',NULL,NULL,NULL),(6,27,'2020-09-07 06:34:07','2020-09-07 06:34:07','checkmo',NULL,NULL,NULL,NULL,NULL,NULL,0,NULL,0,0,NULL,NULL,NULL,'null',NULL,NULL,NULL),(7,28,'2020-09-07 06:58:52','2020-09-07 06:58:52','checkmo',NULL,NULL,NULL,NULL,NULL,NULL,0,NULL,0,0,NULL,NULL,NULL,'null',NULL,NULL,NULL),(8,30,'2020-09-09 05:40:10','2020-09-09 05:40:10','checkmo',NULL,NULL,NULL,NULL,NULL,NULL,0,NULL,0,0,NULL,NULL,NULL,'null',NULL,NULL,NULL),(9,31,'2020-09-09 11:05:31','2020-09-09 11:05:31','checkmo',NULL,NULL,NULL,NULL,NULL,NULL,0,NULL,0,0,NULL,NULL,NULL,'null',NULL,NULL,NULL),(10,32,'2020-09-09 11:54:40','2020-09-09 11:54:40','checkmo',NULL,NULL,NULL,NULL,NULL,NULL,0,NULL,0,0,NULL,NULL,NULL,'null',NULL,NULL,NULL),(11,33,'2020-09-09 13:18:32','2020-09-09 13:18:32','checkmo',NULL,NULL,NULL,NULL,NULL,NULL,0,NULL,0,0,NULL,NULL,NULL,'null',NULL,NULL,NULL),(12,38,'2020-09-14 12:03:20','2020-09-14 12:03:20','checkmo',NULL,NULL,NULL,NULL,NULL,NULL,0,NULL,0,0,NULL,NULL,NULL,'null',NULL,NULL,NULL),(13,39,'2020-09-15 09:06:00','2020-09-15 09:06:00','checkmo',NULL,NULL,NULL,NULL,NULL,NULL,0,NULL,0,0,NULL,NULL,NULL,'null',NULL,NULL,NULL),(14,51,'2020-09-18 12:17:15','2020-09-18 12:17:15','checkmo',NULL,NULL,NULL,NULL,NULL,NULL,0,NULL,0,0,NULL,NULL,NULL,'null',NULL,NULL,NULL),(15,55,'2020-09-21 06:33:13','2020-09-21 06:33:13','checkmo',NULL,NULL,NULL,NULL,NULL,NULL,0,NULL,0,0,NULL,NULL,NULL,'null',NULL,NULL,NULL),(16,62,'2020-09-29 07:03:14','2020-09-29 07:03:14','chcybersource',NULL,NULL,NULL,NULL,NULL,NULL,0,NULL,0,0,NULL,NULL,NULL,'{\"is_active_payment_token_enabler\":false}',NULL,NULL,NULL),(17,63,'2020-09-29 07:55:03','2020-09-29 07:55:03','chcybersourcevisa',NULL,NULL,NULL,NULL,NULL,NULL,0,NULL,0,0,NULL,NULL,NULL,'{\"is_active_payment_token_enabler\":false,\"callId\":\"8512673271036367302\"}',NULL,NULL,NULL),(18,64,'2020-09-29 10:40:42','2020-09-29 10:40:42','chcybersource',NULL,NULL,NULL,NULL,NULL,NULL,0,NULL,0,0,NULL,NULL,NULL,'{\"is_active_payment_token_enabler\":false}',NULL,NULL,NULL),(19,65,'2020-09-29 11:22:12','2020-09-29 11:22:12','chcybersource',NULL,NULL,NULL,NULL,NULL,NULL,0,NULL,0,0,NULL,NULL,NULL,'{\"is_active_payment_token_enabler\":false}',NULL,NULL,NULL),(20,67,'2020-09-29 12:35:58','2020-09-29 12:35:58','chcybersource',NULL,NULL,NULL,NULL,NULL,NULL,0,NULL,0,0,NULL,NULL,NULL,'{\"is_active_payment_token_enabler\":false}',NULL,NULL,NULL),(21,68,'2020-09-29 12:54:06','2020-09-29 12:54:06','chcybersource',NULL,NULL,NULL,NULL,NULL,NULL,0,NULL,0,0,NULL,NULL,NULL,'{\"is_active_payment_token_enabler\":false}',NULL,NULL,NULL),(22,71,'2020-10-06 07:55:55','2020-10-06 07:55:55','checkmo',NULL,NULL,NULL,NULL,NULL,NULL,0,NULL,0,0,NULL,NULL,NULL,'{\"is_active_payment_token_enabler\":false}',NULL,NULL,NULL),(23,72,'2020-10-06 08:37:30','2020-10-06 08:37:30','checkmo',NULL,NULL,NULL,NULL,NULL,NULL,0,NULL,0,0,NULL,NULL,NULL,'null',NULL,NULL,NULL),(24,73,'2020-10-06 11:37:04','2020-10-06 11:37:04','chcybersource',NULL,NULL,NULL,NULL,NULL,NULL,0,NULL,0,0,NULL,NULL,NULL,'{\"is_active_payment_token_enabler\":false}',NULL,NULL,NULL),(25,74,'2020-10-06 12:06:48','2020-10-06 12:06:48','chcybersource',NULL,NULL,NULL,NULL,NULL,NULL,0,NULL,0,0,NULL,NULL,NULL,'{\"is_active_payment_token_enabler\":false}',NULL,NULL,NULL),(26,90,'2020-10-07 11:46:01','2020-10-07 11:46:01','checkmo',NULL,NULL,NULL,NULL,NULL,NULL,0,NULL,0,0,NULL,NULL,NULL,'null',NULL,NULL,NULL),(27,91,'2020-10-07 11:52:14','2020-10-07 11:52:14','chcybersource',NULL,NULL,NULL,NULL,NULL,NULL,0,NULL,0,0,NULL,NULL,NULL,'{\"is_active_payment_token_enabler\":false}',NULL,NULL,NULL),(28,92,'2020-10-07 12:26:23','2020-10-07 12:26:23','chcybersource',NULL,NULL,NULL,NULL,NULL,NULL,0,NULL,0,0,NULL,NULL,NULL,'{\"is_active_payment_token_enabler\":false}',NULL,NULL,NULL),(29,93,'2020-10-07 12:51:52','2020-10-07 12:51:52','chcybersource',NULL,NULL,NULL,NULL,NULL,NULL,0,NULL,0,0,NULL,NULL,NULL,'{\"is_active_payment_token_enabler\":false}',NULL,NULL,NULL),(30,95,'2020-10-07 12:56:48','2020-10-07 12:56:48','chcybersource',NULL,NULL,NULL,NULL,NULL,NULL,0,NULL,0,0,NULL,NULL,NULL,'{\"is_active_payment_token_enabler\":false}',NULL,NULL,NULL),(31,98,'2020-10-08 04:31:49','2020-10-08 04:31:49','chcybersource',NULL,NULL,NULL,NULL,NULL,NULL,0,NULL,0,0,NULL,NULL,NULL,'{\"is_active_payment_token_enabler\":false}',NULL,NULL,NULL),(32,99,'2020-10-08 04:41:31','2020-10-08 04:41:31','chcybersource',NULL,NULL,NULL,NULL,NULL,NULL,0,NULL,0,0,NULL,NULL,NULL,'{\"is_active_payment_token_enabler\":false}',NULL,NULL,NULL),(33,105,'2020-10-08 07:44:38','2020-10-08 07:44:38','checkmo',NULL,NULL,NULL,NULL,NULL,NULL,0,NULL,0,0,NULL,NULL,NULL,'null',NULL,NULL,NULL);

--
-- Table structure for table `quote_shipping_rate`
--

CREATE TABLE `quote_shipping_rate` (
  `rate_id` int(10) unsigned NOT NULL AUTO_INCREMENT COMMENT 'Rate ID',
  `address_id` int(10) unsigned NOT NULL DEFAULT 0 COMMENT 'Address ID',
  `created_at` timestamp NOT NULL DEFAULT current_timestamp() COMMENT 'Created At',
  `updated_at` timestamp NOT NULL DEFAULT current_timestamp() ON UPDATE current_timestamp() COMMENT 'Updated At',
  `carrier` varchar(255) DEFAULT NULL COMMENT 'Carrier',
  `carrier_title` varchar(255) DEFAULT NULL COMMENT 'Carrier Title',
  `code` varchar(255) DEFAULT NULL COMMENT 'Code',
  `method` varchar(255) DEFAULT NULL COMMENT 'Method',
  `method_description` text DEFAULT NULL COMMENT 'Method Description',
  `price` decimal(20,4) NOT NULL DEFAULT 0.0000 COMMENT 'Price',
  `error_message` text DEFAULT NULL COMMENT 'Error Message',
  `method_title` text DEFAULT NULL COMMENT 'Method Title',
  PRIMARY KEY (`rate_id`),
  KEY `QUOTE_SHIPPING_RATE_ADDRESS_ID` (`address_id`),
  CONSTRAINT `QUOTE_SHIPPING_RATE_ADDRESS_ID_QUOTE_ADDRESS_ADDRESS_ID` FOREIGN KEY (`address_id`) REFERENCES `quote_address` (`address_id`) ON DELETE CASCADE
) ENGINE=InnoDB AUTO_INCREMENT=220 DEFAULT CHARSET=utf8 COMMENT='Sales Flat Quote Shipping Rate';

--
-- Dumping data for table `quote_shipping_rate`
--

INSERT INTO `quote_shipping_rate` VALUES (6,72,'2020-09-07 06:08:03','2020-09-07 06:08:03','flatrate','Flat Rate','flatrate_flatrate','flatrate',NULL,5.0000,NULL,'Fixed'),(8,75,'2020-09-07 06:13:53','2020-09-07 06:13:53','flatrate','Flat Rate','flatrate_flatrate','flatrate',NULL,5.0000,NULL,'Fixed'),(10,78,'2020-09-07 06:26:04','2020-09-07 06:26:04','flatrate','Flat Rate','flatrate_flatrate','flatrate',NULL,5.0000,NULL,'Fixed'),(12,80,'2020-09-07 06:34:07','2020-09-07 06:34:07','flatrate','Flat Rate','flatrate_flatrate','flatrate',NULL,5.0000,NULL,'Fixed'),(16,83,'2020-09-07 06:58:52','2020-09-07 06:58:52','flatrate','Flat Rate','flatrate_flatrate','flatrate',NULL,10.0000,NULL,'Fixed'),(18,90,'2020-09-09 05:40:10','2020-09-09 05:40:10','flatrate','Flat Rate','flatrate_flatrate','flatrate',NULL,5.0000,NULL,'Fixed'),(20,93,'2020-09-09 11:05:31','2020-09-09 11:05:31','flatrate','Flat Rate','flatrate_flatrate','flatrate',NULL,5.0000,NULL,'Fixed'),(25,96,'2020-09-09 11:54:40','2020-09-09 11:54:40','flatrate','Flat Rate','flatrate_flatrate','flatrate',NULL,15.0000,NULL,'Fixed'),(27,99,'2020-09-09 13:18:32','2020-09-09 13:18:32','flatrate','Flat Rate','flatrate_flatrate','flatrate',NULL,5.0000,NULL,'Fixed'),(29,112,'2020-09-14 12:03:20','2020-09-14 12:03:20','flatrate','Flat Rate','flatrate_flatrate','flatrate',NULL,5.0000,NULL,'Fixed'),(31,115,'2020-09-15 09:06:00','2020-09-15 09:06:00','flatrate','Flat Rate','flatrate_flatrate','flatrate',NULL,5.0000,NULL,'Fixed'),(33,214,'2020-09-18 12:17:15','2020-09-18 12:17:15','flatrate','Flat Rate','flatrate_flatrate','flatrate',NULL,5.0000,NULL,'Fixed'),(35,227,'2020-09-21 06:33:12','2020-09-21 06:33:12','flatrate','Flat Rate','flatrate_flatrate','flatrate',NULL,5.0000,NULL,'Fixed'),(38,246,'2020-09-29 07:03:14','2020-09-29 07:03:14','flatrate','Flat Rate','flatrate_flatrate','flatrate',NULL,5.0000,NULL,'Fixed'),(97,258,'2020-09-29 11:18:37','2020-09-29 11:18:37','flatrate','Flat Rate','flatrate_flatrate','flatrate',NULL,10.0000,NULL,'Fixed'),(104,274,'2020-09-29 11:24:09','2020-09-29 11:24:09','flatrate','Flat Rate','flatrate_flatrate','flatrate',NULL,5.0000,NULL,'Fixed'),(113,280,'2020-09-29 12:51:00','2020-09-29 12:51:00','flatrate','Flat Rate','flatrate_flatrate','flatrate',NULL,5.0000,NULL,'Fixed'),(116,283,'2020-09-29 12:54:06','2020-09-29 12:54:06','flatrate','Flat Rate','flatrate_flatrate','flatrate',NULL,5.0000,NULL,'Fixed'),(124,292,'2020-10-06 08:01:55','2020-10-06 08:01:55','flatrate','Flat Rate','flatrate_flatrate','flatrate',NULL,5.0000,NULL,'Fixed'),(126,297,'2020-10-06 08:37:30','2020-10-06 08:37:30','flatrate','Flat Rate','flatrate_flatrate','flatrate',NULL,5.0000,NULL,'Fixed'),(132,303,'2020-10-06 12:06:48','2020-10-06 12:06:48','freeshipping','Free Shipping','freeshipping_freeshipping','freeshipping',NULL,0.0000,NULL,'Free'),(133,303,'2020-10-06 12:06:48','2020-10-06 12:06:48','flatrate','Flat Rate','flatrate_flatrate','flatrate',NULL,20.0000,NULL,'Fixed'),(134,300,'2020-10-06 12:15:51','2020-10-06 12:15:51','freeshipping','Free Shipping','freeshipping_freeshipping','freeshipping',NULL,0.0000,NULL,'Free'),(135,300,'2020-10-06 12:15:51','2020-10-06 12:15:51','flatrate','Flat Rate','flatrate_flatrate','flatrate',NULL,40.0000,NULL,'Fixed'),(136,332,'2020-10-07 10:34:38','2020-10-07 10:34:38','freeshipping','Free Shipping','freeshipping_freeshipping','freeshipping',NULL,0.0000,NULL,'Free'),(138,336,'2020-10-07 11:46:01','2020-10-07 11:46:01','freeshipping','Free Shipping','freeshipping_freeshipping','freeshipping',NULL,0.0000,NULL,'Free'),(181,348,'2020-10-07 12:26:24','2020-10-07 12:26:24','freeshipping','Free Shipping','freeshipping_freeshipping','freeshipping',NULL,0.0000,NULL,'Free'),(182,348,'2020-10-07 12:26:24','2020-10-07 12:26:24','flatrate','Flat Rate','flatrate_flatrate','flatrate',NULL,20.0000,NULL,'Fixed'),(199,339,'2020-10-07 12:41:59','2020-10-07 12:41:59','freeshipping','Free Shipping','freeshipping_freeshipping','freeshipping',NULL,0.0000,NULL,'Free'),(200,339,'2020-10-07 12:41:59','2020-10-07 12:41:59','flatrate','Flat Rate','flatrate_flatrate','flatrate',NULL,20.0000,NULL,'Fixed'),(203,352,'2020-10-07 12:51:53','2020-10-07 12:51:53','tablerate','Best Way','tablerate_bestway','bestway',NULL,20.0000,NULL,'Shipping'),(206,359,'2020-10-07 12:56:48','2020-10-07 12:56:48','tablerate','Best Way','tablerate_bestway','bestway',NULL,20.0000,NULL,'Shipping'),(213,366,'2020-10-08 04:31:49','2020-10-08 04:31:49','tablerate','Best Way','tablerate_bestway','bestway',NULL,20.0000,NULL,'Shipping'),(216,369,'2020-10-08 04:41:31','2020-10-08 04:41:31','tablerate','Best Way','tablerate_bestway','bestway',NULL,0.0000,NULL,'Shipping'),(218,382,'2020-10-08 07:44:38','2020-10-08 07:44:38','tablerate','Best Way','tablerate_bestway','bestway',NULL,20.0000,NULL,'Shipping'),(219,385,'2020-10-14 06:33:30','2020-10-14 06:33:30','tablerate','Best Way','tablerate_bestway','bestway',NULL,0.0000,NULL,'Shipping');

--
-- Table structure for table `rating`
--

CREATE TABLE `rating` (
  `rating_id` smallint(5) unsigned NOT NULL AUTO_INCREMENT COMMENT 'Rating ID',
  `entity_id` smallint(5) unsigned NOT NULL DEFAULT 0 COMMENT 'Entity ID',
  `rating_code` varchar(64) NOT NULL COMMENT 'Rating Code',
  `position` smallint(5) unsigned NOT NULL DEFAULT 0 COMMENT 'Rating Position On Storefront',
  `is_active` smallint(6) NOT NULL DEFAULT 1 COMMENT 'Rating is active.',
  PRIMARY KEY (`rating_id`),
  UNIQUE KEY `RATING_RATING_CODE` (`rating_code`),
  KEY `RATING_ENTITY_ID` (`entity_id`),
  CONSTRAINT `RATING_ENTITY_ID_RATING_ENTITY_ENTITY_ID` FOREIGN KEY (`entity_id`) REFERENCES `rating_entity` (`entity_id`) ON DELETE CASCADE
) ENGINE=InnoDB AUTO_INCREMENT=4 DEFAULT CHARSET=utf8 COMMENT='Ratings';

--
-- Dumping data for table `rating`
--

INSERT INTO `rating` VALUES (1,1,'Quality',0,1),(2,1,'Value',0,1),(3,1,'Price',0,1);

--
-- Table structure for table `rating_entity`
--

CREATE TABLE `rating_entity` (
  `entity_id` smallint(5) unsigned NOT NULL AUTO_INCREMENT COMMENT 'Entity ID',
  `entity_code` varchar(64) NOT NULL COMMENT 'Entity Code',
  PRIMARY KEY (`entity_id`),
  UNIQUE KEY `RATING_ENTITY_ENTITY_CODE` (`entity_code`)
) ENGINE=InnoDB AUTO_INCREMENT=4 DEFAULT CHARSET=utf8 COMMENT='Rating entities';

--
-- Dumping data for table `rating_entity`
--

INSERT INTO `rating_entity` VALUES (1,'product'),(2,'product_review'),(3,'review');

--
-- Table structure for table `rating_option`
--

CREATE TABLE `rating_option` (
  `option_id` int(10) unsigned NOT NULL AUTO_INCREMENT COMMENT 'Rating Option ID',
  `rating_id` smallint(5) unsigned NOT NULL DEFAULT 0 COMMENT 'Rating ID',
  `code` varchar(32) NOT NULL COMMENT 'Rating Option Code',
  `value` smallint(5) unsigned NOT NULL DEFAULT 0 COMMENT 'Rating Option Value',
  `position` smallint(5) unsigned NOT NULL DEFAULT 0 COMMENT 'Ration option position on Storefront',
  PRIMARY KEY (`option_id`),
  KEY `RATING_OPTION_RATING_ID` (`rating_id`),
  CONSTRAINT `RATING_OPTION_RATING_ID_RATING_RATING_ID` FOREIGN KEY (`rating_id`) REFERENCES `rating` (`rating_id`) ON DELETE CASCADE
) ENGINE=InnoDB AUTO_INCREMENT=16 DEFAULT CHARSET=utf8 COMMENT='Rating options';

--
-- Dumping data for table `rating_option`
--

INSERT INTO `rating_option` VALUES (1,1,'1',1,1),(2,1,'2',2,2),(3,1,'3',3,3),(4,1,'4',4,4),(5,1,'5',5,5),(6,2,'1',1,1),(7,2,'2',2,2),(8,2,'3',3,3),(9,2,'4',4,4),(10,2,'5',5,5),(11,3,'1',1,1),(12,3,'2',2,2),(13,3,'3',3,3),(14,3,'4',4,4),(15,3,'5',5,5);

--
-- Table structure for table `rating_option_vote`
--

CREATE TABLE `rating_option_vote` (
  `vote_id` bigint(20) unsigned NOT NULL AUTO_INCREMENT COMMENT 'Vote ID',
  `option_id` int(10) unsigned NOT NULL DEFAULT 0 COMMENT 'Vote option ID',
  `remote_ip` varchar(16) NOT NULL COMMENT 'Customer IP',
  `remote_ip_long` bigint(20) NOT NULL DEFAULT 0 COMMENT 'Customer IP converted to long integer format',
  `customer_id` int(10) unsigned DEFAULT 0 COMMENT 'Customer ID',
  `entity_pk_value` bigint(20) unsigned NOT NULL DEFAULT 0 COMMENT 'Product ID',
  `rating_id` smallint(5) unsigned NOT NULL DEFAULT 0 COMMENT 'Rating ID',
  `review_id` bigint(20) unsigned DEFAULT NULL COMMENT 'Review ID',
  `percent` smallint(6) NOT NULL DEFAULT 0 COMMENT 'Percent amount',
  `value` smallint(6) NOT NULL DEFAULT 0 COMMENT 'Vote option value',
  PRIMARY KEY (`vote_id`),
  KEY `RATING_OPTION_VOTE_REVIEW_ID_REVIEW_REVIEW_ID` (`review_id`),
  KEY `RATING_OPTION_VOTE_OPTION_ID` (`option_id`),
  CONSTRAINT `RATING_OPTION_VOTE_OPTION_ID_RATING_OPTION_OPTION_ID` FOREIGN KEY (`option_id`) REFERENCES `rating_option` (`option_id`) ON DELETE CASCADE,
  CONSTRAINT `RATING_OPTION_VOTE_REVIEW_ID_REVIEW_REVIEW_ID` FOREIGN KEY (`review_id`) REFERENCES `review` (`review_id`) ON DELETE CASCADE
) ENGINE=InnoDB DEFAULT CHARSET=utf8 COMMENT='Rating option values';

--
-- Dumping data for table `rating_option_vote`
--


--
-- Table structure for table `rating_option_vote_aggregated`
--

CREATE TABLE `rating_option_vote_aggregated` (
  `primary_id` int(11) NOT NULL AUTO_INCREMENT COMMENT 'Vote aggregation ID',
  `rating_id` smallint(5) unsigned NOT NULL DEFAULT 0 COMMENT 'Rating ID',
  `entity_pk_value` bigint(20) unsigned NOT NULL DEFAULT 0 COMMENT 'Product ID',
  `vote_count` int(10) unsigned NOT NULL DEFAULT 0 COMMENT 'Vote dty',
  `vote_value_sum` int(10) unsigned NOT NULL DEFAULT 0 COMMENT 'General vote sum',
  `percent` smallint(6) NOT NULL DEFAULT 0 COMMENT 'Vote percent',
  `percent_approved` smallint(6) DEFAULT 0 COMMENT 'Vote percent approved by admin',
  `store_id` smallint(5) unsigned NOT NULL DEFAULT 0 COMMENT 'Store ID',
  PRIMARY KEY (`primary_id`),
  KEY `RATING_OPTION_VOTE_AGGREGATED_RATING_ID` (`rating_id`),
  KEY `RATING_OPTION_VOTE_AGGREGATED_STORE_ID` (`store_id`),
  CONSTRAINT `RATING_OPTION_VOTE_AGGREGATED_RATING_ID_RATING_RATING_ID` FOREIGN KEY (`rating_id`) REFERENCES `rating` (`rating_id`) ON DELETE CASCADE,
  CONSTRAINT `RATING_OPTION_VOTE_AGGREGATED_STORE_ID_STORE_STORE_ID` FOREIGN KEY (`store_id`) REFERENCES `store` (`store_id`) ON DELETE CASCADE
) ENGINE=InnoDB DEFAULT CHARSET=utf8 COMMENT='Rating vote aggregated';

--
-- Dumping data for table `rating_option_vote_aggregated`
--


--
-- Table structure for table `rating_store`
--

CREATE TABLE `rating_store` (
  `rating_id` smallint(5) unsigned NOT NULL DEFAULT 0 COMMENT 'Rating ID',
  `store_id` smallint(5) unsigned NOT NULL DEFAULT 0 COMMENT 'Store ID',
  PRIMARY KEY (`rating_id`,`store_id`),
  KEY `RATING_STORE_STORE_ID` (`store_id`),
  CONSTRAINT `RATING_STORE_RATING_ID_RATING_RATING_ID` FOREIGN KEY (`rating_id`) REFERENCES `rating` (`rating_id`) ON DELETE CASCADE,
  CONSTRAINT `RATING_STORE_STORE_ID_STORE_STORE_ID` FOREIGN KEY (`store_id`) REFERENCES `store` (`store_id`) ON DELETE CASCADE
) ENGINE=InnoDB DEFAULT CHARSET=utf8 COMMENT='Rating Store';

--
-- Dumping data for table `rating_store`
--


--
-- Table structure for table `rating_title`
--

CREATE TABLE `rating_title` (
  `rating_id` smallint(5) unsigned NOT NULL DEFAULT 0 COMMENT 'Rating ID',
  `store_id` smallint(5) unsigned NOT NULL DEFAULT 0 COMMENT 'Store ID',
  `value` varchar(255) NOT NULL COMMENT 'Rating Label',
  PRIMARY KEY (`rating_id`,`store_id`),
  KEY `RATING_TITLE_STORE_ID` (`store_id`),
  CONSTRAINT `RATING_TITLE_RATING_ID_RATING_RATING_ID` FOREIGN KEY (`rating_id`) REFERENCES `rating` (`rating_id`) ON DELETE CASCADE,
  CONSTRAINT `RATING_TITLE_STORE_ID_STORE_STORE_ID` FOREIGN KEY (`store_id`) REFERENCES `store` (`store_id`) ON DELETE CASCADE
) ENGINE=InnoDB DEFAULT CHARSET=utf8 COMMENT='Rating Title';

--
-- Dumping data for table `rating_title`
--


--
-- Table structure for table `release_notification_viewer_log`
--

CREATE TABLE `release_notification_viewer_log` (
  `id` int(10) unsigned NOT NULL AUTO_INCREMENT COMMENT 'Log ID',
  `viewer_id` int(10) unsigned NOT NULL COMMENT 'Viewer admin user ID',
  `last_view_version` varchar(16) NOT NULL COMMENT 'Viewer last view on product version',
  PRIMARY KEY (`id`),
  UNIQUE KEY `RELEASE_NOTIFICATION_VIEWER_LOG_VIEWER_ID` (`viewer_id`),
  CONSTRAINT `RELEASE_NOTIFICATION_VIEWER_LOG_VIEWER_ID_ADMIN_USER_USER_ID` FOREIGN KEY (`viewer_id`) REFERENCES `admin_user` (`user_id`) ON DELETE CASCADE
) ENGINE=InnoDB DEFAULT CHARSET=utf8 COMMENT='Release Notification Viewer Log Table';

--
-- Dumping data for table `release_notification_viewer_log`
--


--
-- Table structure for table `report_compared_product_index`
--

CREATE TABLE `report_compared_product_index` (
  `index_id` bigint(20) unsigned NOT NULL AUTO_INCREMENT COMMENT 'Index ID',
  `visitor_id` int(10) unsigned DEFAULT NULL COMMENT 'Visitor ID',
  `customer_id` int(10) unsigned DEFAULT NULL COMMENT 'Customer ID',
  `product_id` int(10) unsigned NOT NULL COMMENT 'Product ID',
  `store_id` smallint(5) unsigned DEFAULT NULL COMMENT 'Store ID',
  `added_at` timestamp NOT NULL DEFAULT current_timestamp() COMMENT 'Added At',
  PRIMARY KEY (`index_id`),
  UNIQUE KEY `REPORT_COMPARED_PRODUCT_INDEX_VISITOR_ID_PRODUCT_ID` (`visitor_id`,`product_id`),
  UNIQUE KEY `REPORT_COMPARED_PRODUCT_INDEX_CUSTOMER_ID_PRODUCT_ID` (`customer_id`,`product_id`),
  KEY `REPORT_COMPARED_PRODUCT_INDEX_STORE_ID` (`store_id`),
  KEY `REPORT_COMPARED_PRODUCT_INDEX_ADDED_AT` (`added_at`),
  KEY `REPORT_COMPARED_PRODUCT_INDEX_PRODUCT_ID` (`product_id`),
  CONSTRAINT `REPORT_CMPD_PRD_IDX_CSTR_ID_CSTR_ENTT_ENTT_ID` FOREIGN KEY (`customer_id`) REFERENCES `customer_entity` (`entity_id`) ON DELETE CASCADE,
  CONSTRAINT `REPORT_CMPD_PRD_IDX_PRD_ID_CAT_PRD_ENTT_ENTT_ID` FOREIGN KEY (`product_id`) REFERENCES `catalog_product_entity` (`entity_id`) ON DELETE CASCADE,
  CONSTRAINT `REPORT_COMPARED_PRODUCT_INDEX_STORE_ID_STORE_STORE_ID` FOREIGN KEY (`store_id`) REFERENCES `store` (`store_id`) ON DELETE SET NULL
) ENGINE=InnoDB DEFAULT CHARSET=utf8 COMMENT='Reports Compared Product Index Table';

--
-- Dumping data for table `report_compared_product_index`
--


--
-- Table structure for table `report_event`
--

CREATE TABLE `report_event` (
  `event_id` bigint(20) unsigned NOT NULL AUTO_INCREMENT COMMENT 'Event ID',
  `logged_at` timestamp NOT NULL DEFAULT current_timestamp() COMMENT 'Logged At',
  `event_type_id` smallint(5) unsigned NOT NULL DEFAULT 0 COMMENT 'Event Type ID',
  `object_id` int(10) unsigned NOT NULL DEFAULT 0 COMMENT 'Object ID',
  `subject_id` int(10) unsigned NOT NULL DEFAULT 0 COMMENT 'Subject ID',
  `subtype` smallint(5) unsigned NOT NULL DEFAULT 0 COMMENT 'Subtype',
  `store_id` smallint(5) unsigned NOT NULL COMMENT 'Store ID',
  PRIMARY KEY (`event_id`),
  KEY `REPORT_EVENT_EVENT_TYPE_ID` (`event_type_id`),
  KEY `REPORT_EVENT_SUBJECT_ID` (`subject_id`),
  KEY `REPORT_EVENT_OBJECT_ID` (`object_id`),
  KEY `REPORT_EVENT_SUBTYPE` (`subtype`),
  KEY `REPORT_EVENT_STORE_ID` (`store_id`),
  CONSTRAINT `REPORT_EVENT_EVENT_TYPE_ID_REPORT_EVENT_TYPES_EVENT_TYPE_ID` FOREIGN KEY (`event_type_id`) REFERENCES `report_event_types` (`event_type_id`) ON DELETE CASCADE,
  CONSTRAINT `REPORT_EVENT_STORE_ID_STORE_STORE_ID` FOREIGN KEY (`store_id`) REFERENCES `store` (`store_id`) ON DELETE CASCADE
) ENGINE=InnoDB DEFAULT CHARSET=utf8 COMMENT='Reports Event Table';

--
-- Dumping data for table `report_event`
--


--
-- Table structure for table `report_event_types`
--

CREATE TABLE `report_event_types` (
  `event_type_id` smallint(5) unsigned NOT NULL AUTO_INCREMENT COMMENT 'Event Type ID',
  `event_name` varchar(64) NOT NULL COMMENT 'Event Name',
  `customer_login` smallint(5) unsigned NOT NULL DEFAULT 0 COMMENT 'Customer Login',
  PRIMARY KEY (`event_type_id`)
) ENGINE=InnoDB AUTO_INCREMENT=7 DEFAULT CHARSET=utf8 COMMENT='Reports Event Type Table';

--
-- Dumping data for table `report_event_types`
--

INSERT INTO `report_event_types` VALUES (1,'catalog_product_view',0),(2,'sendfriend_product',0),(3,'catalog_product_compare_add_product',0),(4,'checkout_cart_add_product',0),(5,'wishlist_add_product',0),(6,'wishlist_share',0);

--
-- Table structure for table `report_viewed_product_aggregated_daily`
--

CREATE TABLE `report_viewed_product_aggregated_daily` (
  `id` int(10) unsigned NOT NULL AUTO_INCREMENT COMMENT 'ID',
  `period` date DEFAULT NULL COMMENT 'Period',
  `store_id` smallint(5) unsigned DEFAULT NULL COMMENT 'Store ID',
  `product_id` int(10) unsigned DEFAULT NULL COMMENT 'Product ID',
  `product_name` varchar(255) DEFAULT NULL COMMENT 'Product Name',
  `product_price` decimal(12,4) NOT NULL DEFAULT 0.0000 COMMENT 'Product Price',
  `views_num` int(11) NOT NULL DEFAULT 0 COMMENT 'Number of Views',
  `rating_pos` smallint(5) unsigned NOT NULL DEFAULT 0 COMMENT 'Rating Pos',
  PRIMARY KEY (`id`),
  UNIQUE KEY `REPORT_VIEWED_PRD_AGGRED_DAILY_PERIOD_STORE_ID_PRD_ID` (`period`,`store_id`,`product_id`),
  KEY `REPORT_VIEWED_PRODUCT_AGGREGATED_DAILY_STORE_ID` (`store_id`),
  KEY `REPORT_VIEWED_PRODUCT_AGGREGATED_DAILY_PRODUCT_ID` (`product_id`),
  CONSTRAINT `REPORT_VIEWED_PRD_AGGRED_DAILY_PRD_ID_CAT_PRD_ENTT_ENTT_ID` FOREIGN KEY (`product_id`) REFERENCES `catalog_product_entity` (`entity_id`) ON DELETE CASCADE,
  CONSTRAINT `REPORT_VIEWED_PRODUCT_AGGREGATED_DAILY_STORE_ID_STORE_STORE_ID` FOREIGN KEY (`store_id`) REFERENCES `store` (`store_id`) ON DELETE CASCADE
) ENGINE=InnoDB DEFAULT CHARSET=utf8 COMMENT='Most Viewed Products Aggregated Daily';

--
-- Dumping data for table `report_viewed_product_aggregated_daily`
--


--
-- Table structure for table `report_viewed_product_aggregated_monthly`
--

CREATE TABLE `report_viewed_product_aggregated_monthly` (
  `id` int(10) unsigned NOT NULL AUTO_INCREMENT COMMENT 'ID',
  `period` date DEFAULT NULL COMMENT 'Period',
  `store_id` smallint(5) unsigned DEFAULT NULL COMMENT 'Store ID',
  `product_id` int(10) unsigned DEFAULT NULL COMMENT 'Product ID',
  `product_name` varchar(255) DEFAULT NULL COMMENT 'Product Name',
  `product_price` decimal(12,4) NOT NULL DEFAULT 0.0000 COMMENT 'Product Price',
  `views_num` int(11) NOT NULL DEFAULT 0 COMMENT 'Number of Views',
  `rating_pos` smallint(5) unsigned NOT NULL DEFAULT 0 COMMENT 'Rating Pos',
  PRIMARY KEY (`id`),
  UNIQUE KEY `REPORT_VIEWED_PRD_AGGRED_MONTHLY_PERIOD_STORE_ID_PRD_ID` (`period`,`store_id`,`product_id`),
  KEY `REPORT_VIEWED_PRODUCT_AGGREGATED_MONTHLY_STORE_ID` (`store_id`),
  KEY `REPORT_VIEWED_PRODUCT_AGGREGATED_MONTHLY_PRODUCT_ID` (`product_id`),
  CONSTRAINT `REPORT_VIEWED_PRD_AGGRED_MONTHLY_PRD_ID_CAT_PRD_ENTT_ENTT_ID` FOREIGN KEY (`product_id`) REFERENCES `catalog_product_entity` (`entity_id`) ON DELETE CASCADE,
  CONSTRAINT `REPORT_VIEWED_PRODUCT_AGGREGATED_MONTHLY_STORE_ID_STORE_STORE_ID` FOREIGN KEY (`store_id`) REFERENCES `store` (`store_id`) ON DELETE CASCADE
) ENGINE=InnoDB DEFAULT CHARSET=utf8 COMMENT='Most Viewed Products Aggregated Monthly';

--
-- Dumping data for table `report_viewed_product_aggregated_monthly`
--


--
-- Table structure for table `report_viewed_product_aggregated_yearly`
--

CREATE TABLE `report_viewed_product_aggregated_yearly` (
  `id` int(10) unsigned NOT NULL AUTO_INCREMENT COMMENT 'ID',
  `period` date DEFAULT NULL COMMENT 'Period',
  `store_id` smallint(5) unsigned DEFAULT NULL COMMENT 'Store ID',
  `product_id` int(10) unsigned DEFAULT NULL COMMENT 'Product ID',
  `product_name` varchar(255) DEFAULT NULL COMMENT 'Product Name',
  `product_price` decimal(12,4) NOT NULL DEFAULT 0.0000 COMMENT 'Product Price',
  `views_num` int(11) NOT NULL DEFAULT 0 COMMENT 'Number of Views',
  `rating_pos` smallint(5) unsigned NOT NULL DEFAULT 0 COMMENT 'Rating Pos',
  PRIMARY KEY (`id`),
  UNIQUE KEY `REPORT_VIEWED_PRD_AGGRED_YEARLY_PERIOD_STORE_ID_PRD_ID` (`period`,`store_id`,`product_id`),
  KEY `REPORT_VIEWED_PRODUCT_AGGREGATED_YEARLY_STORE_ID` (`store_id`),
  KEY `REPORT_VIEWED_PRODUCT_AGGREGATED_YEARLY_PRODUCT_ID` (`product_id`),
  CONSTRAINT `REPORT_VIEWED_PRD_AGGRED_YEARLY_PRD_ID_CAT_PRD_ENTT_ENTT_ID` FOREIGN KEY (`product_id`) REFERENCES `catalog_product_entity` (`entity_id`) ON DELETE CASCADE,
  CONSTRAINT `REPORT_VIEWED_PRODUCT_AGGREGATED_YEARLY_STORE_ID_STORE_STORE_ID` FOREIGN KEY (`store_id`) REFERENCES `store` (`store_id`) ON DELETE CASCADE
) ENGINE=InnoDB DEFAULT CHARSET=utf8 COMMENT='Most Viewed Products Aggregated Yearly';

--
-- Dumping data for table `report_viewed_product_aggregated_yearly`
--


--
-- Table structure for table `report_viewed_product_index`
--

CREATE TABLE `report_viewed_product_index` (
  `index_id` bigint(20) unsigned NOT NULL AUTO_INCREMENT COMMENT 'Index ID',
  `visitor_id` int(10) unsigned DEFAULT NULL COMMENT 'Visitor ID',
  `customer_id` int(10) unsigned DEFAULT NULL COMMENT 'Customer ID',
  `product_id` int(10) unsigned NOT NULL COMMENT 'Product ID',
  `store_id` smallint(5) unsigned DEFAULT NULL COMMENT 'Store ID',
  `added_at` timestamp NOT NULL DEFAULT current_timestamp() COMMENT 'Added At',
  PRIMARY KEY (`index_id`),
  UNIQUE KEY `REPORT_VIEWED_PRODUCT_INDEX_VISITOR_ID_PRODUCT_ID` (`visitor_id`,`product_id`),
  UNIQUE KEY `REPORT_VIEWED_PRODUCT_INDEX_CUSTOMER_ID_PRODUCT_ID` (`customer_id`,`product_id`),
  KEY `REPORT_VIEWED_PRODUCT_INDEX_STORE_ID` (`store_id`),
  KEY `REPORT_VIEWED_PRODUCT_INDEX_ADDED_AT` (`added_at`),
  KEY `REPORT_VIEWED_PRODUCT_INDEX_PRODUCT_ID` (`product_id`),
  CONSTRAINT `REPORT_VIEWED_PRD_IDX_CSTR_ID_CSTR_ENTT_ENTT_ID` FOREIGN KEY (`customer_id`) REFERENCES `customer_entity` (`entity_id`) ON DELETE CASCADE,
  CONSTRAINT `REPORT_VIEWED_PRD_IDX_PRD_ID_CAT_PRD_ENTT_ENTT_ID` FOREIGN KEY (`product_id`) REFERENCES `catalog_product_entity` (`entity_id`) ON DELETE CASCADE,
  CONSTRAINT `REPORT_VIEWED_PRODUCT_INDEX_STORE_ID_STORE_STORE_ID` FOREIGN KEY (`store_id`) REFERENCES `store` (`store_id`) ON DELETE SET NULL
) ENGINE=InnoDB DEFAULT CHARSET=utf8 COMMENT='Reports Viewed Product Index Table';

--
-- Dumping data for table `report_viewed_product_index`
--


--
-- Table structure for table `reporting_counts`
--

CREATE TABLE `reporting_counts` (
  `entity_id` int(10) unsigned NOT NULL AUTO_INCREMENT COMMENT 'Entity ID',
  `type` varchar(255) DEFAULT NULL COMMENT 'Item Reported',
  `count` int(10) unsigned DEFAULT NULL COMMENT 'Count Value',
  `updated_at` timestamp NOT NULL DEFAULT current_timestamp() ON UPDATE current_timestamp() COMMENT 'Updated At',
  PRIMARY KEY (`entity_id`)
) ENGINE=InnoDB DEFAULT CHARSET=utf8 COMMENT='Reporting for all count related events generated via the cron job';

--
-- Dumping data for table `reporting_counts`
--


--
-- Table structure for table `reporting_module_status`
--

CREATE TABLE `reporting_module_status` (
  `entity_id` int(10) unsigned NOT NULL AUTO_INCREMENT COMMENT 'Module ID',
  `name` varchar(255) DEFAULT NULL COMMENT 'Module Name',
  `active` varchar(255) DEFAULT NULL COMMENT 'Module Active Status',
  `setup_version` varchar(255) DEFAULT NULL COMMENT 'Module Version',
  `state` varchar(255) DEFAULT NULL COMMENT 'Module State',
  `updated_at` timestamp NOT NULL DEFAULT current_timestamp() ON UPDATE current_timestamp() COMMENT 'Updated At',
  PRIMARY KEY (`entity_id`)
) ENGINE=InnoDB DEFAULT CHARSET=utf8 COMMENT='Module Status Table';

--
-- Dumping data for table `reporting_module_status`
--


--
-- Table structure for table `reporting_orders`
--

CREATE TABLE `reporting_orders` (
  `entity_id` int(10) unsigned NOT NULL AUTO_INCREMENT COMMENT 'Entity ID',
  `customer_id` int(10) unsigned DEFAULT NULL COMMENT 'Customer ID',
  `total` decimal(20,4) unsigned DEFAULT NULL,
  `total_base` decimal(20,4) unsigned DEFAULT NULL,
  `item_count` int(10) unsigned NOT NULL COMMENT 'Line Item Count',
  `updated_at` timestamp NOT NULL DEFAULT current_timestamp() COMMENT 'Updated At',
  PRIMARY KEY (`entity_id`)
) ENGINE=InnoDB DEFAULT CHARSET=utf8 COMMENT='Reporting for all orders';

--
-- Dumping data for table `reporting_orders`
--


--
-- Table structure for table `reporting_system_updates`
--

CREATE TABLE `reporting_system_updates` (
  `entity_id` int(10) unsigned NOT NULL AUTO_INCREMENT COMMENT 'Entity ID',
  `type` varchar(255) DEFAULT NULL COMMENT 'Update Type',
  `action` varchar(255) DEFAULT NULL COMMENT 'Action Performed',
  `updated_at` timestamp NOT NULL DEFAULT current_timestamp() COMMENT 'Updated At',
  PRIMARY KEY (`entity_id`)
) ENGINE=InnoDB DEFAULT CHARSET=utf8 COMMENT='Reporting for system updates';

--
-- Dumping data for table `reporting_system_updates`
--


--
-- Table structure for table `reporting_users`
--

CREATE TABLE `reporting_users` (
  `entity_id` int(10) unsigned NOT NULL AUTO_INCREMENT COMMENT 'Entity ID',
  `type` varchar(255) DEFAULT NULL COMMENT 'User Type',
  `action` varchar(255) DEFAULT NULL COMMENT 'Action Performed',
  `updated_at` timestamp NOT NULL DEFAULT current_timestamp() COMMENT 'Updated At',
  PRIMARY KEY (`entity_id`)
) ENGINE=InnoDB DEFAULT CHARSET=utf8 COMMENT='Reporting for user actions';

--
-- Dumping data for table `reporting_users`
--


--
-- Table structure for table `review`
--

CREATE TABLE `review` (
  `review_id` bigint(20) unsigned NOT NULL AUTO_INCREMENT COMMENT 'Review ID',
  `created_at` timestamp NOT NULL DEFAULT current_timestamp() COMMENT 'Review create date',
  `entity_id` smallint(5) unsigned NOT NULL DEFAULT 0 COMMENT 'Entity ID',
  `entity_pk_value` int(10) unsigned NOT NULL DEFAULT 0 COMMENT 'Product ID',
  `status_id` smallint(5) unsigned NOT NULL DEFAULT 0 COMMENT 'Status code',
  PRIMARY KEY (`review_id`),
  KEY `REVIEW_ENTITY_ID` (`entity_id`),
  KEY `REVIEW_STATUS_ID` (`status_id`),
  KEY `REVIEW_ENTITY_PK_VALUE` (`entity_pk_value`),
  CONSTRAINT `REVIEW_ENTITY_ID_REVIEW_ENTITY_ENTITY_ID` FOREIGN KEY (`entity_id`) REFERENCES `review_entity` (`entity_id`) ON DELETE CASCADE,
  CONSTRAINT `REVIEW_STATUS_ID_REVIEW_STATUS_STATUS_ID` FOREIGN KEY (`status_id`) REFERENCES `review_status` (`status_id`) ON DELETE NO ACTION
) ENGINE=InnoDB DEFAULT CHARSET=utf8 COMMENT='Review base information';

--
-- Dumping data for table `review`
--


--
-- Table structure for table `review_detail`
--

CREATE TABLE `review_detail` (
  `detail_id` bigint(20) unsigned NOT NULL AUTO_INCREMENT COMMENT 'Review detail ID',
  `review_id` bigint(20) unsigned NOT NULL DEFAULT 0 COMMENT 'Review ID',
  `store_id` smallint(5) unsigned DEFAULT 0 COMMENT 'Store ID',
  `title` varchar(255) NOT NULL COMMENT 'Title',
  `detail` text NOT NULL COMMENT 'Detail description',
  `nickname` varchar(128) NOT NULL COMMENT 'User nickname',
  `customer_id` int(10) unsigned DEFAULT NULL COMMENT 'Customer ID',
  PRIMARY KEY (`detail_id`),
  KEY `REVIEW_DETAIL_REVIEW_ID` (`review_id`),
  KEY `REVIEW_DETAIL_STORE_ID` (`store_id`),
  KEY `REVIEW_DETAIL_CUSTOMER_ID` (`customer_id`),
  CONSTRAINT `REVIEW_DETAIL_CUSTOMER_ID_CUSTOMER_ENTITY_ENTITY_ID` FOREIGN KEY (`customer_id`) REFERENCES `customer_entity` (`entity_id`) ON DELETE SET NULL,
  CONSTRAINT `REVIEW_DETAIL_REVIEW_ID_REVIEW_REVIEW_ID` FOREIGN KEY (`review_id`) REFERENCES `review` (`review_id`) ON DELETE CASCADE,
  CONSTRAINT `REVIEW_DETAIL_STORE_ID_STORE_STORE_ID` FOREIGN KEY (`store_id`) REFERENCES `store` (`store_id`) ON DELETE SET NULL
) ENGINE=InnoDB DEFAULT CHARSET=utf8 COMMENT='Review detail information';

--
-- Dumping data for table `review_detail`
--


--
-- Table structure for table `review_entity`
--

CREATE TABLE `review_entity` (
  `entity_id` smallint(5) unsigned NOT NULL AUTO_INCREMENT COMMENT 'Review entity ID',
  `entity_code` varchar(32) NOT NULL COMMENT 'Review entity code',
  PRIMARY KEY (`entity_id`)
) ENGINE=InnoDB AUTO_INCREMENT=4 DEFAULT CHARSET=utf8 COMMENT='Review entities';

--
-- Dumping data for table `review_entity`
--

INSERT INTO `review_entity` VALUES (1,'product'),(2,'customer'),(3,'category');

--
-- Table structure for table `review_entity_summary`
--

CREATE TABLE `review_entity_summary` (
  `primary_id` bigint(20) NOT NULL AUTO_INCREMENT COMMENT 'Summary review entity ID',
  `entity_pk_value` bigint(20) NOT NULL DEFAULT 0 COMMENT 'Product ID',
  `entity_type` smallint(6) NOT NULL DEFAULT 0 COMMENT 'Entity type ID',
  `reviews_count` smallint(6) NOT NULL DEFAULT 0 COMMENT 'Qty of reviews',
  `rating_summary` smallint(6) NOT NULL DEFAULT 0 COMMENT 'Summarized rating',
  `store_id` smallint(5) unsigned NOT NULL DEFAULT 0 COMMENT 'Store ID',
  PRIMARY KEY (`primary_id`),
  KEY `REVIEW_ENTITY_SUMMARY_STORE_ID` (`store_id`),
  CONSTRAINT `REVIEW_ENTITY_SUMMARY_STORE_ID_STORE_STORE_ID` FOREIGN KEY (`store_id`) REFERENCES `store` (`store_id`) ON DELETE CASCADE
) ENGINE=InnoDB DEFAULT CHARSET=utf8 COMMENT='Review aggregates';

--
-- Dumping data for table `review_entity_summary`
--


--
-- Table structure for table `review_status`
--

CREATE TABLE `review_status` (
  `status_id` smallint(5) unsigned NOT NULL AUTO_INCREMENT COMMENT 'Status ID',
  `status_code` varchar(32) NOT NULL COMMENT 'Status code',
  PRIMARY KEY (`status_id`)
) ENGINE=InnoDB AUTO_INCREMENT=4 DEFAULT CHARSET=utf8 COMMENT='Review statuses';

--
-- Dumping data for table `review_status`
--

INSERT INTO `review_status` VALUES (1,'Approved'),(2,'Pending'),(3,'Not Approved');

--
-- Table structure for table `review_store`
--

CREATE TABLE `review_store` (
  `review_id` bigint(20) unsigned NOT NULL COMMENT 'Review ID',
  `store_id` smallint(5) unsigned NOT NULL COMMENT 'Store ID',
  PRIMARY KEY (`review_id`,`store_id`),
  KEY `REVIEW_STORE_STORE_ID` (`store_id`),
  CONSTRAINT `REVIEW_STORE_REVIEW_ID_REVIEW_REVIEW_ID` FOREIGN KEY (`review_id`) REFERENCES `review` (`review_id`) ON DELETE CASCADE,
  CONSTRAINT `REVIEW_STORE_STORE_ID_STORE_STORE_ID` FOREIGN KEY (`store_id`) REFERENCES `store` (`store_id`) ON DELETE CASCADE
) ENGINE=InnoDB DEFAULT CHARSET=utf8 COMMENT='Review Store';

--
-- Dumping data for table `review_store`
--


--
-- Table structure for table `sales_bestsellers_aggregated_daily`
--

CREATE TABLE `sales_bestsellers_aggregated_daily` (
  `id` int(10) unsigned NOT NULL AUTO_INCREMENT COMMENT 'ID',
  `period` date DEFAULT NULL COMMENT 'Period',
  `store_id` smallint(5) unsigned DEFAULT NULL COMMENT 'Store ID',
  `product_id` int(10) unsigned DEFAULT NULL COMMENT 'Product ID',
  `product_name` varchar(255) DEFAULT NULL COMMENT 'Product Name',
  `product_price` decimal(12,4) NOT NULL DEFAULT 0.0000 COMMENT 'Product Price',
  `qty_ordered` decimal(12,4) NOT NULL DEFAULT 0.0000 COMMENT 'Qty Ordered',
  `rating_pos` smallint(5) unsigned NOT NULL DEFAULT 0 COMMENT 'Rating Pos',
  PRIMARY KEY (`id`),
  UNIQUE KEY `SALES_BESTSELLERS_AGGREGATED_DAILY_PERIOD_STORE_ID_PRODUCT_ID` (`period`,`store_id`,`product_id`),
  KEY `SALES_BESTSELLERS_AGGREGATED_DAILY_STORE_ID` (`store_id`),
  KEY `SALES_BESTSELLERS_AGGREGATED_DAILY_PRODUCT_ID` (`product_id`),
  CONSTRAINT `SALES_BESTSELLERS_AGGREGATED_DAILY_STORE_ID_STORE_STORE_ID` FOREIGN KEY (`store_id`) REFERENCES `store` (`store_id`) ON DELETE CASCADE
) ENGINE=InnoDB AUTO_INCREMENT=31 DEFAULT CHARSET=utf8 COMMENT='Sales Bestsellers Aggregated Daily';

--
-- Dumping data for table `sales_bestsellers_aggregated_daily`
--

INSERT INTO `sales_bestsellers_aggregated_daily` VALUES (1,'2020-07-20',1,3190,'FloorPro Tyre and Abrasion Marks Remover RM 776',0.0000,2.0000,1),(2,'2020-09-07',1,3839,'High pressure washer K 5 Premium Full Control Plus',0.0000,5.0000,1),(3,'2020-09-09',1,3635,'Air Blower AB 84',0.0000,1.0000,2),(4,'2020-09-09',1,3839,'High pressure washer K 5 Premium Full Control Plus',0.0000,5.0000,1),(5,'2020-09-14',1,3885,'High pressure washer K 3 Full Control *GB',0.0000,1.0000,1),(6,'2020-09-15',1,3859,'Mobile Outdoor Cleaner OC 3 *GB',599.5500,1.0000,1),(7,'2020-09-18',1,4077,'Wash brush',0.0000,1.0000,1),(8,'2020-09-21',1,3845,'Sweeper KM 70/20 C 2SB',3186.7500,1.0000,1),(16,'2020-07-20',0,3190,'FloorPro Tyre and Abrasion Marks Remover RM 776',0.0000,2.0000,1),(17,'2020-09-07',0,3839,'High pressure washer K 5 Premium Full Control Plus',0.0000,5.0000,1),(18,'2020-09-09',0,3635,'Air Blower AB 84',0.0000,1.0000,2),(19,'2020-09-09',0,3839,'High pressure washer K 5 Premium Full Control Plus',0.0000,5.0000,1),(20,'2020-09-14',0,3885,'High pressure washer K 3 Full Control *GB',0.0000,1.0000,1),(21,'2020-09-15',0,3859,'Mobile Outdoor Cleaner OC 3 *GB',599.5500,1.0000,1),(22,'2020-09-18',0,4077,'Wash brush',0.0000,1.0000,1),(23,'2020-09-21',0,3845,'Sweeper KM 70/20 C 2SB',3186.7500,1.0000,1);

--
-- Table structure for table `sales_bestsellers_aggregated_monthly`
--

CREATE TABLE `sales_bestsellers_aggregated_monthly` (
  `id` int(10) unsigned NOT NULL AUTO_INCREMENT COMMENT 'ID',
  `period` date DEFAULT NULL COMMENT 'Period',
  `store_id` smallint(5) unsigned DEFAULT NULL COMMENT 'Store ID',
  `product_id` int(10) unsigned DEFAULT NULL COMMENT 'Product ID',
  `product_name` varchar(255) DEFAULT NULL COMMENT 'Product Name',
  `product_price` decimal(12,4) NOT NULL DEFAULT 0.0000 COMMENT 'Product Price',
  `qty_ordered` decimal(12,4) NOT NULL DEFAULT 0.0000 COMMENT 'Qty Ordered',
  `rating_pos` smallint(5) unsigned NOT NULL DEFAULT 0 COMMENT 'Rating Pos',
  PRIMARY KEY (`id`),
  UNIQUE KEY `SALES_BESTSELLERS_AGGREGATED_MONTHLY_PERIOD_STORE_ID_PRODUCT_ID` (`period`,`store_id`,`product_id`),
  KEY `SALES_BESTSELLERS_AGGREGATED_MONTHLY_STORE_ID` (`store_id`),
  KEY `SALES_BESTSELLERS_AGGREGATED_MONTHLY_PRODUCT_ID` (`product_id`),
  CONSTRAINT `SALES_BESTSELLERS_AGGREGATED_MONTHLY_STORE_ID_STORE_STORE_ID` FOREIGN KEY (`store_id`) REFERENCES `store` (`store_id`) ON DELETE CASCADE
) ENGINE=InnoDB AUTO_INCREMENT=150 DEFAULT CHARSET=utf8 COMMENT='Sales Bestsellers Aggregated Monthly';

--
-- Dumping data for table `sales_bestsellers_aggregated_monthly`
--

INSERT INTO `sales_bestsellers_aggregated_monthly` VALUES (1,'2020-07-01',0,3190,'FloorPro Tyre and Abrasion Marks Remover RM 776',0.0000,2.0000,1),(2,'2020-07-01',1,3190,'FloorPro Tyre and Abrasion Marks Remover RM 776',0.0000,2.0000,1),(102,'2020-09-01',0,3839,'High pressure washer K 5 Premium Full Control Plus',0.0000,10.0000,1),(103,'2020-09-01',1,3839,'High pressure washer K 5 Premium Full Control Plus',0.0000,10.0000,1),(110,'2020-09-01',0,3635,'Air Blower AB 84',0.0000,1.0000,4),(111,'2020-09-01',1,3635,'Air Blower AB 84',0.0000,1.0000,5),(122,'2020-09-01',0,3885,'High pressure washer K 3 Full Control *GB',0.0000,1.0000,6),(123,'2020-09-01',1,3885,'High pressure washer K 3 Full Control *GB',0.0000,1.0000,2),(126,'2020-09-01',0,3859,'Mobile Outdoor Cleaner OC 3 *GB',599.5500,1.0000,3),(127,'2020-09-01',1,3859,'Mobile Outdoor Cleaner OC 3 *GB',599.5500,1.0000,4),(134,'2020-09-01',0,4077,'Wash brush',0.0000,1.0000,5),(135,'2020-09-01',1,4077,'Wash brush',0.0000,1.0000,6),(142,'2020-09-01',0,3845,'Sweeper KM 70/20 C 2SB',3186.7500,1.0000,2),(143,'2020-09-01',1,3845,'Sweeper KM 70/20 C 2SB',3186.7500,1.0000,3);

--
-- Table structure for table `sales_bestsellers_aggregated_yearly`
--

CREATE TABLE `sales_bestsellers_aggregated_yearly` (
  `id` int(10) unsigned NOT NULL AUTO_INCREMENT COMMENT 'ID',
  `period` date DEFAULT NULL COMMENT 'Period',
  `store_id` smallint(5) unsigned DEFAULT NULL COMMENT 'Store ID',
  `product_id` int(10) unsigned DEFAULT NULL COMMENT 'Product ID',
  `product_name` varchar(255) DEFAULT NULL COMMENT 'Product Name',
  `product_price` decimal(12,4) NOT NULL DEFAULT 0.0000 COMMENT 'Product Price',
  `qty_ordered` decimal(12,4) NOT NULL DEFAULT 0.0000 COMMENT 'Qty Ordered',
  `rating_pos` smallint(5) unsigned NOT NULL DEFAULT 0 COMMENT 'Rating Pos',
  PRIMARY KEY (`id`),
  UNIQUE KEY `SALES_BESTSELLERS_AGGREGATED_YEARLY_PERIOD_STORE_ID_PRODUCT_ID` (`period`,`store_id`,`product_id`),
  KEY `SALES_BESTSELLERS_AGGREGATED_YEARLY_STORE_ID` (`store_id`),
  KEY `SALES_BESTSELLERS_AGGREGATED_YEARLY_PRODUCT_ID` (`product_id`),
  CONSTRAINT `SALES_BESTSELLERS_AGGREGATED_YEARLY_STORE_ID_STORE_STORE_ID` FOREIGN KEY (`store_id`) REFERENCES `store` (`store_id`) ON DELETE CASCADE
) ENGINE=InnoDB AUTO_INCREMENT=150 DEFAULT CHARSET=utf8 COMMENT='Sales Bestsellers Aggregated Yearly';

--
-- Dumping data for table `sales_bestsellers_aggregated_yearly`
--

INSERT INTO `sales_bestsellers_aggregated_yearly` VALUES (1,'2020-01-01',0,3190,'FloorPro Tyre and Abrasion Marks Remover RM 776',0.0000,2.0000,2),(2,'2020-01-01',1,3190,'FloorPro Tyre and Abrasion Marks Remover RM 776',0.0000,2.0000,2),(102,'2020-01-01',0,3839,'High pressure washer K 5 Premium Full Control Plus',0.0000,10.0000,1),(103,'2020-01-01',1,3839,'High pressure washer K 5 Premium Full Control Plus',0.0000,10.0000,1),(110,'2020-01-01',0,3635,'Air Blower AB 84',0.0000,1.0000,5),(111,'2020-01-01',1,3635,'Air Blower AB 84',0.0000,1.0000,6),(122,'2020-01-01',0,3885,'High pressure washer K 3 Full Control *GB',0.0000,1.0000,7),(123,'2020-01-01',1,3885,'High pressure washer K 3 Full Control *GB',0.0000,1.0000,3),(126,'2020-01-01',0,3859,'Mobile Outdoor Cleaner OC 3 *GB',599.5500,1.0000,4),(127,'2020-01-01',1,3859,'Mobile Outdoor Cleaner OC 3 *GB',599.5500,1.0000,5),(134,'2020-01-01',0,4077,'Wash brush',0.0000,1.0000,6),(135,'2020-01-01',1,4077,'Wash brush',0.0000,1.0000,7),(142,'2020-01-01',0,3845,'Sweeper KM 70/20 C 2SB',3186.7500,1.0000,3),(143,'2020-01-01',1,3845,'Sweeper KM 70/20 C 2SB',3186.7500,1.0000,4);

--
-- Table structure for table `sales_creditmemo`
--

CREATE TABLE `sales_creditmemo` (
  `entity_id` int(10) unsigned NOT NULL AUTO_INCREMENT COMMENT 'Entity ID',
  `store_id` smallint(5) unsigned DEFAULT NULL COMMENT 'Store ID',
  `adjustment_positive` decimal(20,4) DEFAULT NULL COMMENT 'Adjustment Positive',
  `base_shipping_tax_amount` decimal(20,4) DEFAULT NULL COMMENT 'Base Shipping Tax Amount',
  `store_to_order_rate` decimal(20,4) DEFAULT NULL COMMENT 'Store To Order Rate',
  `base_discount_amount` decimal(20,4) DEFAULT NULL COMMENT 'Base Discount Amount',
  `base_to_order_rate` decimal(20,4) DEFAULT NULL COMMENT 'Base To Order Rate',
  `grand_total` decimal(20,4) DEFAULT NULL COMMENT 'Grand Total',
  `base_adjustment_negative` decimal(20,4) DEFAULT NULL COMMENT 'Base Adjustment Negative',
  `base_subtotal_incl_tax` decimal(20,4) DEFAULT NULL COMMENT 'Base Subtotal Incl Tax',
  `shipping_amount` decimal(20,4) DEFAULT NULL COMMENT 'Shipping Amount',
  `subtotal_incl_tax` decimal(20,4) DEFAULT NULL COMMENT 'Subtotal Incl Tax',
  `adjustment_negative` decimal(20,4) DEFAULT NULL COMMENT 'Adjustment Negative',
  `base_shipping_amount` decimal(20,4) DEFAULT NULL COMMENT 'Base Shipping Amount',
  `store_to_base_rate` decimal(20,4) DEFAULT NULL COMMENT 'Store To Base Rate',
  `base_to_global_rate` decimal(20,4) DEFAULT NULL COMMENT 'Base To Global Rate',
  `base_adjustment` decimal(20,4) DEFAULT NULL COMMENT 'Base Adjustment',
  `base_subtotal` decimal(20,4) DEFAULT NULL COMMENT 'Base Subtotal',
  `discount_amount` decimal(20,4) DEFAULT NULL COMMENT 'Discount Amount',
  `subtotal` decimal(20,4) DEFAULT NULL COMMENT 'Subtotal',
  `adjustment` decimal(20,4) DEFAULT NULL COMMENT 'Adjustment',
  `base_grand_total` decimal(20,4) DEFAULT NULL COMMENT 'Base Grand Total',
  `base_adjustment_positive` decimal(20,4) DEFAULT NULL COMMENT 'Base Adjustment Positive',
  `base_tax_amount` decimal(20,4) DEFAULT NULL COMMENT 'Base Tax Amount',
  `shipping_tax_amount` decimal(20,4) DEFAULT NULL COMMENT 'Shipping Tax Amount',
  `tax_amount` decimal(20,4) DEFAULT NULL COMMENT 'Tax Amount',
  `order_id` int(10) unsigned NOT NULL COMMENT 'Order ID',
  `email_sent` smallint(5) unsigned DEFAULT NULL COMMENT 'Email Sent',
  `send_email` smallint(5) unsigned DEFAULT NULL COMMENT 'Send Email',
  `creditmemo_status` int(11) DEFAULT NULL COMMENT 'Creditmemo Status',
  `state` int(11) DEFAULT NULL COMMENT 'State',
  `shipping_address_id` int(11) DEFAULT NULL COMMENT 'Shipping Address ID',
  `billing_address_id` int(11) DEFAULT NULL COMMENT 'Billing Address ID',
  `invoice_id` int(11) DEFAULT NULL COMMENT 'Invoice ID',
  `store_currency_code` varchar(3) DEFAULT NULL COMMENT 'Store Currency Code',
  `order_currency_code` varchar(3) DEFAULT NULL COMMENT 'Order Currency Code',
  `base_currency_code` varchar(3) DEFAULT NULL COMMENT 'Base Currency Code',
  `global_currency_code` varchar(3) DEFAULT NULL COMMENT 'Global Currency Code',
  `transaction_id` varchar(255) DEFAULT NULL COMMENT 'Transaction ID',
  `increment_id` varchar(50) DEFAULT NULL COMMENT 'Increment ID',
  `created_at` timestamp NOT NULL DEFAULT current_timestamp() COMMENT 'Created At',
  `updated_at` timestamp NOT NULL DEFAULT current_timestamp() ON UPDATE current_timestamp() COMMENT 'Updated At',
  `discount_tax_compensation_amount` decimal(20,4) DEFAULT NULL COMMENT 'Discount Tax Compensation Amount',
  `base_discount_tax_compensation_amount` decimal(20,4) DEFAULT NULL COMMENT 'Base Discount Tax Compensation Amount',
  `shipping_discount_tax_compensation_amount` decimal(20,4) DEFAULT NULL COMMENT 'Shipping Discount Tax Compensation Amount',
  `base_shipping_discount_tax_compensation_amnt` decimal(20,4) DEFAULT NULL COMMENT 'Base Shipping Discount Tax Compensation Amount',
  `shipping_incl_tax` decimal(20,4) DEFAULT NULL COMMENT 'Shipping Incl Tax',
  `base_shipping_incl_tax` decimal(20,4) DEFAULT NULL COMMENT 'Base Shipping Incl Tax',
  `discount_description` varchar(255) DEFAULT NULL COMMENT 'Discount Description',
  `customer_note` text DEFAULT NULL COMMENT 'Customer Note',
  `customer_note_notify` smallint(5) unsigned DEFAULT NULL COMMENT 'Customer Note Notify',
  PRIMARY KEY (`entity_id`),
  UNIQUE KEY `SALES_CREDITMEMO_INCREMENT_ID_STORE_ID` (`increment_id`,`store_id`),
  KEY `SALES_CREDITMEMO_STORE_ID` (`store_id`),
  KEY `SALES_CREDITMEMO_ORDER_ID` (`order_id`),
  KEY `SALES_CREDITMEMO_CREDITMEMO_STATUS` (`creditmemo_status`),
  KEY `SALES_CREDITMEMO_STATE` (`state`),
  KEY `SALES_CREDITMEMO_CREATED_AT` (`created_at`),
  KEY `SALES_CREDITMEMO_UPDATED_AT` (`updated_at`),
  KEY `SALES_CREDITMEMO_SEND_EMAIL` (`send_email`),
  KEY `SALES_CREDITMEMO_EMAIL_SENT` (`email_sent`),
  CONSTRAINT `SALES_CREDITMEMO_ORDER_ID_SALES_ORDER_ENTITY_ID` FOREIGN KEY (`order_id`) REFERENCES `sales_order` (`entity_id`) ON DELETE CASCADE,
  CONSTRAINT `SALES_CREDITMEMO_STORE_ID_STORE_STORE_ID` FOREIGN KEY (`store_id`) REFERENCES `store` (`store_id`) ON DELETE SET NULL
) ENGINE=InnoDB DEFAULT CHARSET=utf8 COMMENT='Sales Flat Creditmemo';

--
-- Dumping data for table `sales_creditmemo`
--


--
-- Table structure for table `sales_creditmemo_comment`
--

CREATE TABLE `sales_creditmemo_comment` (
  `entity_id` int(10) unsigned NOT NULL AUTO_INCREMENT COMMENT 'Entity ID',
  `parent_id` int(10) unsigned NOT NULL COMMENT 'Parent ID',
  `is_customer_notified` int(11) DEFAULT NULL COMMENT 'Is Customer Notified',
  `is_visible_on_front` smallint(5) unsigned NOT NULL DEFAULT 0 COMMENT 'Is Visible On Front',
  `comment` text DEFAULT NULL COMMENT 'Comment',
  `created_at` timestamp NOT NULL DEFAULT current_timestamp() COMMENT 'Created At',
  PRIMARY KEY (`entity_id`),
  KEY `SALES_CREDITMEMO_COMMENT_CREATED_AT` (`created_at`),
  KEY `SALES_CREDITMEMO_COMMENT_PARENT_ID` (`parent_id`),
  CONSTRAINT `SALES_CREDITMEMO_COMMENT_PARENT_ID_SALES_CREDITMEMO_ENTITY_ID` FOREIGN KEY (`parent_id`) REFERENCES `sales_creditmemo` (`entity_id`) ON DELETE CASCADE
) ENGINE=InnoDB DEFAULT CHARSET=utf8 COMMENT='Sales Flat Creditmemo Comment';

--
-- Dumping data for table `sales_creditmemo_comment`
--


--
-- Table structure for table `sales_creditmemo_grid`
--

CREATE TABLE `sales_creditmemo_grid` (
  `entity_id` int(10) unsigned NOT NULL COMMENT 'Entity ID',
  `increment_id` varchar(50) DEFAULT NULL COMMENT 'Increment ID',
  `created_at` timestamp NULL DEFAULT NULL COMMENT 'Created At',
  `updated_at` timestamp NULL DEFAULT NULL COMMENT 'Updated At',
  `order_id` int(10) unsigned NOT NULL COMMENT 'Order ID',
  `order_increment_id` varchar(50) DEFAULT NULL COMMENT 'Order Increment ID',
  `order_created_at` timestamp NULL DEFAULT NULL COMMENT 'Order Created At',
  `billing_name` varchar(255) DEFAULT NULL COMMENT 'Billing Name',
  `state` int(11) DEFAULT NULL COMMENT 'Status',
  `base_grand_total` decimal(20,4) DEFAULT NULL COMMENT 'Base Grand Total',
  `order_status` varchar(32) DEFAULT NULL COMMENT 'Order Status',
  `store_id` smallint(5) unsigned DEFAULT NULL COMMENT 'Store ID',
  `billing_address` varchar(255) DEFAULT NULL COMMENT 'Billing Address',
  `shipping_address` varchar(255) DEFAULT NULL COMMENT 'Shipping Address',
  `customer_name` varchar(128) NOT NULL COMMENT 'Customer Name',
  `customer_email` varchar(128) DEFAULT NULL COMMENT 'Customer Email',
  `customer_group_id` smallint(6) DEFAULT NULL COMMENT 'Customer Group ID',
  `payment_method` varchar(32) DEFAULT NULL COMMENT 'Payment Method',
  `shipping_information` varchar(255) DEFAULT NULL COMMENT 'Shipping Method Name',
  `subtotal` decimal(20,4) DEFAULT NULL COMMENT 'Subtotal',
  `shipping_and_handling` decimal(20,4) DEFAULT NULL COMMENT 'Shipping and handling amount',
  `adjustment_positive` decimal(20,4) DEFAULT NULL COMMENT 'Adjustment Positive',
  `adjustment_negative` decimal(20,4) DEFAULT NULL COMMENT 'Adjustment Negative',
  `order_base_grand_total` decimal(20,4) DEFAULT NULL COMMENT 'Order Grand Total',
  PRIMARY KEY (`entity_id`),
  UNIQUE KEY `SALES_CREDITMEMO_GRID_INCREMENT_ID_STORE_ID` (`increment_id`,`store_id`),
  KEY `SALES_CREDITMEMO_GRID_ORDER_INCREMENT_ID` (`order_increment_id`),
  KEY `SALES_CREDITMEMO_GRID_CREATED_AT` (`created_at`),
  KEY `SALES_CREDITMEMO_GRID_UPDATED_AT` (`updated_at`),
  KEY `SALES_CREDITMEMO_GRID_ORDER_CREATED_AT` (`order_created_at`),
  KEY `SALES_CREDITMEMO_GRID_STATE` (`state`),
  KEY `SALES_CREDITMEMO_GRID_BILLING_NAME` (`billing_name`),
  KEY `SALES_CREDITMEMO_GRID_ORDER_STATUS` (`order_status`),
  KEY `SALES_CREDITMEMO_GRID_BASE_GRAND_TOTAL` (`base_grand_total`),
  KEY `SALES_CREDITMEMO_GRID_STORE_ID` (`store_id`),
  KEY `SALES_CREDITMEMO_GRID_ORDER_BASE_GRAND_TOTAL` (`order_base_grand_total`),
  KEY `SALES_CREDITMEMO_GRID_ORDER_ID` (`order_id`),
  FULLTEXT KEY `FTI_32B7BA885941A8254EE84AE650ABDC86` (`increment_id`,`order_increment_id`,`billing_name`,`billing_address`,`shipping_address`,`customer_name`,`customer_email`)
) ENGINE=InnoDB DEFAULT CHARSET=utf8 COMMENT='Sales Flat Creditmemo Grid';

--
-- Dumping data for table `sales_creditmemo_grid`
--


--
-- Table structure for table `sales_creditmemo_item`
--

CREATE TABLE `sales_creditmemo_item` (
  `entity_id` int(10) unsigned NOT NULL AUTO_INCREMENT COMMENT 'Entity ID',
  `parent_id` int(10) unsigned NOT NULL COMMENT 'Parent ID',
  `base_price` decimal(12,4) DEFAULT NULL COMMENT 'Base Price',
  `tax_amount` decimal(12,4) DEFAULT NULL COMMENT 'Tax Amount',
  `base_row_total` decimal(12,4) DEFAULT NULL COMMENT 'Base Row Total',
  `discount_amount` decimal(12,4) DEFAULT NULL COMMENT 'Discount Amount',
  `row_total` decimal(12,4) DEFAULT NULL COMMENT 'Row Total',
  `base_discount_amount` decimal(12,4) DEFAULT NULL COMMENT 'Base Discount Amount',
  `price_incl_tax` decimal(12,4) DEFAULT NULL COMMENT 'Price Incl Tax',
  `base_tax_amount` decimal(12,4) DEFAULT NULL COMMENT 'Base Tax Amount',
  `base_price_incl_tax` decimal(12,4) DEFAULT NULL COMMENT 'Base Price Incl Tax',
  `qty` decimal(12,4) DEFAULT NULL COMMENT 'Qty',
  `base_cost` decimal(12,4) DEFAULT NULL COMMENT 'Base Cost',
  `price` decimal(12,4) DEFAULT NULL COMMENT 'Price',
  `base_row_total_incl_tax` decimal(12,4) DEFAULT NULL COMMENT 'Base Row Total Incl Tax',
  `row_total_incl_tax` decimal(12,4) DEFAULT NULL COMMENT 'Row Total Incl Tax',
  `product_id` int(11) DEFAULT NULL COMMENT 'Product ID',
  `order_item_id` int(11) DEFAULT NULL COMMENT 'Order Item ID',
  `additional_data` text DEFAULT NULL COMMENT 'Additional Data',
  `description` text DEFAULT NULL COMMENT 'Description',
  `sku` varchar(255) DEFAULT NULL COMMENT 'Sku',
  `name` varchar(255) DEFAULT NULL COMMENT 'Name',
  `discount_tax_compensation_amount` decimal(12,4) DEFAULT NULL COMMENT 'Discount Tax Compensation Amount',
  `base_discount_tax_compensation_amount` decimal(12,4) DEFAULT NULL COMMENT 'Base Discount Tax Compensation Amount',
  `tax_ratio` text DEFAULT NULL COMMENT 'Ratio of tax in the creditmemo item over tax of the order item',
  `weee_tax_applied` text DEFAULT NULL COMMENT 'Weee Tax Applied',
  `weee_tax_applied_amount` decimal(12,4) DEFAULT NULL COMMENT 'Weee Tax Applied Amount',
  `weee_tax_applied_row_amount` decimal(12,4) DEFAULT NULL COMMENT 'Weee Tax Applied Row Amount',
  `weee_tax_disposition` decimal(12,4) DEFAULT NULL COMMENT 'Weee Tax Disposition',
  `weee_tax_row_disposition` decimal(12,4) DEFAULT NULL COMMENT 'Weee Tax Row Disposition',
  `base_weee_tax_applied_amount` decimal(12,4) DEFAULT NULL COMMENT 'Base Weee Tax Applied Amount',
  `base_weee_tax_applied_row_amnt` decimal(12,4) DEFAULT NULL COMMENT 'Base Weee Tax Applied Row Amnt',
  `base_weee_tax_disposition` decimal(12,4) DEFAULT NULL COMMENT 'Base Weee Tax Disposition',
  `base_weee_tax_row_disposition` decimal(12,4) DEFAULT NULL COMMENT 'Base Weee Tax Row Disposition',
  PRIMARY KEY (`entity_id`),
  KEY `SALES_CREDITMEMO_ITEM_PARENT_ID` (`parent_id`),
  CONSTRAINT `SALES_CREDITMEMO_ITEM_PARENT_ID_SALES_CREDITMEMO_ENTITY_ID` FOREIGN KEY (`parent_id`) REFERENCES `sales_creditmemo` (`entity_id`) ON DELETE CASCADE
) ENGINE=InnoDB DEFAULT CHARSET=utf8 COMMENT='Sales Flat Creditmemo Item';

--
-- Dumping data for table `sales_creditmemo_item`
--


--
-- Table structure for table `sales_invoice`
--

CREATE TABLE `sales_invoice` (
  `entity_id` int(10) unsigned NOT NULL AUTO_INCREMENT COMMENT 'Entity ID',
  `store_id` smallint(5) unsigned DEFAULT NULL COMMENT 'Store ID',
  `base_grand_total` decimal(20,4) DEFAULT NULL COMMENT 'Base Grand Total',
  `shipping_tax_amount` decimal(20,4) DEFAULT NULL COMMENT 'Shipping Tax Amount',
  `tax_amount` decimal(20,4) DEFAULT NULL COMMENT 'Tax Amount',
  `base_tax_amount` decimal(20,4) DEFAULT NULL COMMENT 'Base Tax Amount',
  `store_to_order_rate` decimal(20,4) DEFAULT NULL COMMENT 'Store To Order Rate',
  `base_shipping_tax_amount` decimal(20,4) DEFAULT NULL COMMENT 'Base Shipping Tax Amount',
  `base_discount_amount` decimal(20,4) DEFAULT NULL COMMENT 'Base Discount Amount',
  `base_to_order_rate` decimal(20,4) DEFAULT NULL COMMENT 'Base To Order Rate',
  `grand_total` decimal(20,4) DEFAULT NULL COMMENT 'Grand Total',
  `shipping_amount` decimal(20,4) DEFAULT NULL COMMENT 'Shipping Amount',
  `subtotal_incl_tax` decimal(20,4) DEFAULT NULL COMMENT 'Subtotal Incl Tax',
  `base_subtotal_incl_tax` decimal(20,4) DEFAULT NULL COMMENT 'Base Subtotal Incl Tax',
  `store_to_base_rate` decimal(20,4) DEFAULT NULL COMMENT 'Store To Base Rate',
  `base_shipping_amount` decimal(20,4) DEFAULT NULL COMMENT 'Base Shipping Amount',
  `total_qty` decimal(12,4) DEFAULT NULL COMMENT 'Total Qty',
  `base_to_global_rate` decimal(20,4) DEFAULT NULL COMMENT 'Base To Global Rate',
  `subtotal` decimal(20,4) DEFAULT NULL COMMENT 'Subtotal',
  `base_subtotal` decimal(20,4) DEFAULT NULL COMMENT 'Base Subtotal',
  `discount_amount` decimal(20,4) DEFAULT NULL COMMENT 'Discount Amount',
  `billing_address_id` int(11) DEFAULT NULL COMMENT 'Billing Address ID',
  `is_used_for_refund` smallint(5) unsigned DEFAULT NULL COMMENT 'Is Used For Refund',
  `order_id` int(10) unsigned NOT NULL COMMENT 'Order ID',
  `email_sent` smallint(5) unsigned DEFAULT NULL COMMENT 'Email Sent',
  `send_email` smallint(5) unsigned DEFAULT NULL COMMENT 'Send Email',
  `can_void_flag` smallint(5) unsigned DEFAULT NULL COMMENT 'Can Void Flag',
  `state` int(11) DEFAULT NULL COMMENT 'State',
  `shipping_address_id` int(11) DEFAULT NULL COMMENT 'Shipping Address ID',
  `store_currency_code` varchar(3) DEFAULT NULL COMMENT 'Store Currency Code',
  `transaction_id` varchar(255) DEFAULT NULL COMMENT 'Transaction ID',
  `order_currency_code` varchar(3) DEFAULT NULL COMMENT 'Order Currency Code',
  `base_currency_code` varchar(3) DEFAULT NULL COMMENT 'Base Currency Code',
  `global_currency_code` varchar(3) DEFAULT NULL COMMENT 'Global Currency Code',
  `increment_id` varchar(50) DEFAULT NULL COMMENT 'Increment ID',
  `created_at` timestamp NOT NULL DEFAULT current_timestamp() COMMENT 'Created At',
  `updated_at` timestamp NOT NULL DEFAULT current_timestamp() ON UPDATE current_timestamp() COMMENT 'Updated At',
  `discount_tax_compensation_amount` decimal(20,4) DEFAULT NULL COMMENT 'Discount Tax Compensation Amount',
  `base_discount_tax_compensation_amount` decimal(20,4) DEFAULT NULL COMMENT 'Base Discount Tax Compensation Amount',
  `shipping_discount_tax_compensation_amount` decimal(20,4) DEFAULT NULL COMMENT 'Shipping Discount Tax Compensation Amount',
  `base_shipping_discount_tax_compensation_amnt` decimal(20,4) DEFAULT NULL COMMENT 'Base Shipping Discount Tax Compensation Amount',
  `shipping_incl_tax` decimal(20,4) DEFAULT NULL COMMENT 'Shipping Incl Tax',
  `base_shipping_incl_tax` decimal(20,4) DEFAULT NULL COMMENT 'Base Shipping Incl Tax',
  `base_total_refunded` decimal(20,4) DEFAULT NULL COMMENT 'Base Total Refunded',
  `discount_description` varchar(255) DEFAULT NULL COMMENT 'Discount Description',
  `customer_note` text DEFAULT NULL COMMENT 'Customer Note',
  `customer_note_notify` smallint(5) unsigned DEFAULT NULL COMMENT 'Customer Note Notify',
  PRIMARY KEY (`entity_id`),
  UNIQUE KEY `SALES_INVOICE_INCREMENT_ID_STORE_ID` (`increment_id`,`store_id`),
  KEY `SALES_INVOICE_STORE_ID` (`store_id`),
  KEY `SALES_INVOICE_GRAND_TOTAL` (`grand_total`),
  KEY `SALES_INVOICE_ORDER_ID` (`order_id`),
  KEY `SALES_INVOICE_STATE` (`state`),
  KEY `SALES_INVOICE_CREATED_AT` (`created_at`),
  KEY `SALES_INVOICE_UPDATED_AT` (`updated_at`),
  KEY `SALES_INVOICE_SEND_EMAIL` (`send_email`),
  KEY `SALES_INVOICE_EMAIL_SENT` (`email_sent`),
  CONSTRAINT `SALES_INVOICE_ORDER_ID_SALES_ORDER_ENTITY_ID` FOREIGN KEY (`order_id`) REFERENCES `sales_order` (`entity_id`) ON DELETE CASCADE,
  CONSTRAINT `SALES_INVOICE_STORE_ID_STORE_STORE_ID` FOREIGN KEY (`store_id`) REFERENCES `store` (`store_id`) ON DELETE SET NULL
) ENGINE=InnoDB AUTO_INCREMENT=11 DEFAULT CHARSET=utf8 COMMENT='Sales Flat Invoice';

--
-- Dumping data for table `sales_invoice`
--

INSERT INTO `sales_invoice` VALUES (1,1,3895.0000,0.0000,0.0000,0.0000,0.0000,0.0000,0.0000,1.0000,3895.0000,10.0000,3885.0000,3885.0000,0.0000,10.0000,2.0000,1.0000,3885.0000,3885.0000,0.0000,32,NULL,16,1,1,NULL,2,31,'USD','6013783334786259403004','USD','USD','USD','000000001','2020-09-29 11:18:54','2020-09-29 11:18:54',0.0000,0.0000,0.0000,0.0000,10.0000,10.0000,NULL,NULL,NULL,NULL),(2,1,49.1000,0.0000,0.0000,0.0000,0.0000,0.0000,0.0000,1.0000,49.1000,5.0000,44.1000,44.1000,0.0000,5.0000,1.0000,1.0000,44.1000,44.1000,0.0000,34,NULL,17,1,1,NULL,2,33,'USD','6013786673786249403005','USD','USD','USD','000000002','2020-09-29 11:24:28','2020-09-29 11:24:28',0.0000,0.0000,0.0000,0.0000,5.0000,5.0000,NULL,NULL,NULL,NULL),(3,1,341.0000,0.0000,0.0000,0.0000,0.0000,0.0000,0.0000,1.0000,341.0000,5.0000,336.0000,336.0000,0.0000,5.0000,1.0000,1.0000,336.0000,336.0000,0.0000,36,NULL,18,1,1,NULL,2,35,'USD','6013841335876572203002','USD','USD','USD','000000003','2020-09-29 12:55:34','2020-09-29 12:55:34',0.0000,0.0000,0.0000,0.0000,5.0000,5.0000,NULL,NULL,NULL,NULL),(4,1,604.5500,0.0000,0.0000,0.0000,0.0000,0.0000,0.0000,1.0000,604.5500,5.0000,599.5500,599.5500,0.0000,5.0000,1.0000,1.0000,599.5500,599.5500,0.0000,38,NULL,19,1,1,0,2,37,'AED',NULL,'AED','AED','AED','000000004','2020-10-06 08:09:55','2020-10-06 08:09:57',0.0000,0.0000,0.0000,0.0000,5.0000,5.0000,NULL,NULL,NULL,NULL),(5,1,352.8000,0.0000,16.8000,16.8000,0.0000,0.0000,0.0000,1.0000,352.8000,0.0000,352.8000,352.8000,0.0000,0.0000,1.0000,1.0000,336.0000,336.0000,0.0000,42,NULL,21,1,1,0,2,41,'AED',NULL,'AED','AED','AED','000000005','2020-10-07 12:10:23','2020-10-07 12:10:26',0.0000,0.0000,0.0000,0.0000,0.0000,0.0000,NULL,NULL,NULL,NULL),(6,1,372.8000,0.0000,16.8000,16.8000,0.0000,0.0000,0.0000,1.0000,372.8000,20.0000,352.8000,352.8000,0.0000,20.0000,1.0000,1.0000,336.0000,336.0000,0.0000,44,NULL,22,1,1,NULL,2,43,'USD','6020745630906607503004','USD','USD','USD','000000006','2020-10-07 12:42:44','2020-10-07 12:42:48',0.0000,0.0000,0.0000,0.0000,20.0000,20.0000,NULL,NULL,NULL,NULL),(7,1,167.2600,0.0000,7.0100,7.0100,0.0000,0.0000,0.0000,1.0000,167.2600,20.0000,147.2600,147.2600,0.0000,20.0000,4.0000,1.0000,140.2500,140.2500,0.0000,46,NULL,23,1,1,NULL,2,45,'USD','6020751409346598303003','USD','USD','USD','000000007','2020-10-07 12:52:22','2020-10-07 12:52:24',0.0000,0.0000,0.0000,0.0000,20.0000,20.0000,NULL,NULL,NULL,NULL),(8,1,225.0700,0.0000,9.7700,9.7700,0.0000,0.0000,0.0000,1.0000,225.0700,20.0000,205.0700,205.0700,0.0000,20.0000,6.0000,1.0000,195.3000,195.3000,0.0000,48,NULL,24,1,1,NULL,2,47,'USD','6020754276336633803006','USD','USD','USD','000000008','2020-10-07 12:57:08','2020-10-07 12:57:11',0.0000,0.0000,0.0000,0.0000,20.0000,20.0000,NULL,NULL,NULL,NULL),(9,1,50.0000,0.0000,1.4300,1.4300,0.0000,0.0000,0.0000,1.0000,50.0000,20.0000,30.0000,30.0000,0.0000,20.0000,1.0000,1.0000,28.5700,28.5700,0.0000,50,NULL,25,1,1,NULL,2,49,'USD','6021315920136130403003','USD','USD','USD','000000009','2020-10-08 04:33:14','2020-10-08 04:33:21',0.0000,0.0000,0.0000,0.0000,20.0000,20.0000,NULL,NULL,NULL,NULL),(10,1,840.0000,0.0000,40.0000,40.0000,0.0000,0.0000,0.0000,1.0000,840.0000,0.0000,840.0000,840.0000,0.0000,0.0000,2.0000,1.0000,800.0000,800.0000,0.0000,52,NULL,26,1,1,NULL,2,51,'USD','6021321235576155903004','USD','USD','USD','000000010','2020-10-08 04:42:04','2020-10-08 04:42:07',0.0000,0.0000,0.0000,0.0000,NULL,NULL,NULL,NULL,NULL,NULL);

--
-- Table structure for table `sales_invoice_comment`
--

CREATE TABLE `sales_invoice_comment` (
  `entity_id` int(10) unsigned NOT NULL AUTO_INCREMENT COMMENT 'Entity ID',
  `parent_id` int(10) unsigned NOT NULL COMMENT 'Parent ID',
  `is_customer_notified` smallint(5) unsigned DEFAULT NULL COMMENT 'Is Customer Notified',
  `is_visible_on_front` smallint(5) unsigned NOT NULL DEFAULT 0 COMMENT 'Is Visible On Front',
  `comment` text DEFAULT NULL COMMENT 'Comment',
  `created_at` timestamp NOT NULL DEFAULT current_timestamp() COMMENT 'Created At',
  PRIMARY KEY (`entity_id`),
  KEY `SALES_INVOICE_COMMENT_CREATED_AT` (`created_at`),
  KEY `SALES_INVOICE_COMMENT_PARENT_ID` (`parent_id`),
  CONSTRAINT `SALES_INVOICE_COMMENT_PARENT_ID_SALES_INVOICE_ENTITY_ID` FOREIGN KEY (`parent_id`) REFERENCES `sales_invoice` (`entity_id`) ON DELETE CASCADE
) ENGINE=InnoDB DEFAULT CHARSET=utf8 COMMENT='Sales Flat Invoice Comment';

--
-- Dumping data for table `sales_invoice_comment`
--


--
-- Table structure for table `sales_invoice_grid`
--

CREATE TABLE `sales_invoice_grid` (
  `entity_id` int(10) unsigned NOT NULL COMMENT 'Entity ID',
  `increment_id` varchar(50) DEFAULT NULL COMMENT 'Increment ID',
  `state` int(11) DEFAULT NULL COMMENT 'State',
  `store_id` smallint(5) unsigned DEFAULT NULL COMMENT 'Store ID',
  `store_name` varchar(255) DEFAULT NULL COMMENT 'Store Name',
  `order_id` int(10) unsigned NOT NULL COMMENT 'Order ID',
  `order_increment_id` varchar(50) DEFAULT NULL COMMENT 'Order Increment ID',
  `order_created_at` timestamp NULL DEFAULT NULL COMMENT 'Order Created At',
  `customer_name` varchar(255) DEFAULT NULL COMMENT 'Customer Name',
  `customer_email` varchar(255) DEFAULT NULL COMMENT 'Customer Email',
  `customer_group_id` int(11) DEFAULT NULL,
  `payment_method` varchar(128) DEFAULT NULL COMMENT 'Payment Method',
  `store_currency_code` varchar(3) DEFAULT NULL COMMENT 'Store Currency Code',
  `order_currency_code` varchar(3) DEFAULT NULL COMMENT 'Order Currency Code',
  `base_currency_code` varchar(3) DEFAULT NULL COMMENT 'Base Currency Code',
  `global_currency_code` varchar(3) DEFAULT NULL COMMENT 'Global Currency Code',
  `billing_name` varchar(255) DEFAULT NULL COMMENT 'Billing Name',
  `billing_address` varchar(255) DEFAULT NULL COMMENT 'Billing Address',
  `shipping_address` varchar(255) DEFAULT NULL COMMENT 'Shipping Address',
  `shipping_information` varchar(255) DEFAULT NULL COMMENT 'Shipping Method Name',
  `subtotal` decimal(20,4) DEFAULT NULL COMMENT 'Subtotal',
  `shipping_and_handling` decimal(20,4) DEFAULT NULL COMMENT 'Shipping and handling amount',
  `grand_total` decimal(20,4) DEFAULT NULL COMMENT 'Grand Total',
  `created_at` timestamp NULL DEFAULT NULL COMMENT 'Created At',
  `updated_at` timestamp NULL DEFAULT NULL COMMENT 'Updated At',
  `base_grand_total` decimal(20,4) DEFAULT NULL COMMENT 'Base Grand Total',
  PRIMARY KEY (`entity_id`),
  UNIQUE KEY `SALES_INVOICE_GRID_INCREMENT_ID_STORE_ID` (`increment_id`,`store_id`),
  KEY `SALES_INVOICE_GRID_STORE_ID` (`store_id`),
  KEY `SALES_INVOICE_GRID_GRAND_TOTAL` (`grand_total`),
  KEY `SALES_INVOICE_GRID_ORDER_ID` (`order_id`),
  KEY `SALES_INVOICE_GRID_STATE` (`state`),
  KEY `SALES_INVOICE_GRID_ORDER_INCREMENT_ID` (`order_increment_id`),
  KEY `SALES_INVOICE_GRID_CREATED_AT` (`created_at`),
  KEY `SALES_INVOICE_GRID_UPDATED_AT` (`updated_at`),
  KEY `SALES_INVOICE_GRID_ORDER_CREATED_AT` (`order_created_at`),
  KEY `SALES_INVOICE_GRID_BILLING_NAME` (`billing_name`),
  KEY `SALES_INVOICE_GRID_BASE_GRAND_TOTAL` (`base_grand_total`),
  FULLTEXT KEY `FTI_95D9C924DD6A8734EB8B5D01D60F90DE` (`increment_id`,`order_increment_id`,`billing_name`,`billing_address`,`shipping_address`,`customer_name`,`customer_email`)
) ENGINE=InnoDB DEFAULT CHARSET=utf8 COMMENT='Sales Flat Invoice Grid';

--
-- Dumping data for table `sales_invoice_grid`
--

INSERT INTO `sales_invoice_grid` VALUES (1,'000000001',2,1,'Main Website\nMain Website Store\nDefault Store View',16,'000000018','2020-09-29 11:18:54','','tjerry548@gmail.com',0,'chcybersource','USD','USD','USD','USD','test test','test,test\nt,test,Alaska,99501','test,test\nt,test,Alaska,99501','Flat Rate - Fixed',3885.0000,10.0000,3895.0000,'2020-09-29 11:18:54','2020-09-29 11:18:54',3895.0000),(2,'000000002',2,1,'Main Website\nMain Website Store\nDefault Store View',17,'000000019','2020-09-29 11:24:28','','tjerry548@gmail.com',0,'chcybersource','USD','USD','USD','USD','test test','test,test\ntest\ntest,Jaipur,Rajasthan,322230','test,test\ntest\ntest,Jaipur,Rajasthan,322230','Flat Rate - Fixed',44.1000,5.0000,49.1000,'2020-09-29 11:24:28','2020-09-29 11:24:28',49.1000),(3,'000000003',2,1,'Main Website\nMain Website Store\nDefault Store View',18,'000000021','2020-09-29 12:55:34','','jrdurbin@gmail.com',0,'chcybersource','USD','USD','USD','USD','Jean Renaud','Karcher Middle East (FZE),La Fontana 204,Dubai,49973','Karcher Middle East (FZE),La Fontana 204,Dubai,49973','Flat Rate - Fixed',336.0000,5.0000,341.0000,'2020-09-29 12:55:34','2020-09-29 12:55:34',341.0000),(4,'000000004',2,1,'Main Website\nMain Website Store\nDefault Store View',19,'000000022','2020-10-06 08:01:55','tester kaercher','sunil.k.gupta@emails.emizentech.com',1,'checkmo','AED','AED','AED','AED','tester kaercher','8 Burman Close,Leamington Spa,CV32 6HU','8 Burman Close,Leamington Spa,CV32 6HU','Flat Rate - Fixed',599.5500,5.0000,604.5500,'2020-10-06 08:09:55','2020-10-06 08:09:55',604.5500),(5,'000000005',2,1,'Main Website\nKarcher Center Dubai\nDefault Store View',21,'000000026','2020-10-07 11:46:02','Jean-Renaud Durbin','jrdurbin@gmail.com',0,'checkmo','AED','AED','AED','AED','Jean-Renaud Durbin','Karcher Middle East (FZE),La Fontana 204,Dubai,Dubai,49973','Karcher Middle East (FZE),La Fontana 204,Dubai,Dubai,49973','Free Shipping - Free',336.0000,0.0000,352.8000,'2020-10-07 12:10:23','2020-10-07 12:10:23',352.8000),(6,'000000006',2,1,'Main Website\nKarcher Center Dubai\nDefault Store View',22,'000000027','2020-10-07 12:42:44','','jrdurbin@gmail.com',0,'chcybersource','USD','USD','USD','USD','Jean-Renaud Durbin','Karcher Middle East (FZE),La Fontana 204,Dubai,Dubai,49973','Karcher Middle East (FZE),La Fontana 204,Dubai,Dubai,49973','Flat Rate - Fixed',336.0000,20.0000,372.8000,'2020-10-07 12:42:44','2020-10-07 12:42:44',372.8000),(7,'000000007',2,1,'Main Website\nKarcher Center Dubai\nDefault Store View',23,'000000029','2020-10-07 12:52:21','','jrdurbin@gmail.com',0,'chcybersource','USD','USD','USD','USD','Jean-Renaud Durbin','Karcher Middle East (FZE),La Fontana 204,Dubai,49973','Karcher Middle East (FZE),La Fontana 204,Dubai,49973','Best Way - Shipping',140.2500,20.0000,167.2600,'2020-10-07 12:52:22','2020-10-07 12:52:22',167.2600),(8,'000000008',2,1,'Main Website\nKarcher Center Dubai\nDefault Store View',24,'000000030','2020-10-07 12:57:08','','jrdurbin@gmail.com',0,'chcybersource','USD','USD','USD','USD','Jean-Renaud Durbin','Karcher Middle East (FZE),La Fontana 204,Dubai,49973','Karcher Middle East (FZE),La Fontana 204,Dubai,49973','Best Way - Shipping',195.3000,20.0000,225.0700,'2020-10-07 12:57:08','2020-10-07 12:57:08',225.0700),(9,'000000009',2,1,'Main Website\nKarcher Center Dubai\nDefault Store View',25,'000000031','2020-10-08 04:33:14','','vatsal.bajpai@ae.kaercher.com',0,'chcybersource','USD','USD','USD','USD','Vatsal Bajpai','KARCHER FZE,Karcher FZE, Jebel Ali Free Zone South,Dubai,17416','KARCHER FZE,Karcher FZE, Jebel Ali Free Zone South,Dubai,17416','Best Way - Shipping',28.5700,20.0000,50.0000,'2020-10-08 04:33:14','2020-10-08 04:33:14',50.0000),(10,'000000010',2,1,'Main Website\nKarcher Center Dubai\nDefault Store View',26,'000000032','2020-10-08 04:42:04','','vatsal.bajpai@ae.kaercher.com',0,'chcybersource','USD','USD','USD','USD','Vatsal Bajpai','KARCHER FZE,Karcher FZE, Jebel Ali Free Zone South,Dubai,17416','KARCHER FZE,Karcher FZE, Jebel Ali Free Zone South,Dubai,17416','Best Way - Shipping',800.0000,0.0000,840.0000,'2020-10-08 04:42:04','2020-10-08 04:42:04',840.0000);

--
-- Table structure for table `sales_invoice_item`
--

CREATE TABLE `sales_invoice_item` (
  `entity_id` int(10) unsigned NOT NULL AUTO_INCREMENT COMMENT 'Entity ID',
  `parent_id` int(10) unsigned NOT NULL COMMENT 'Parent ID',
  `base_price` decimal(12,4) DEFAULT NULL COMMENT 'Base Price',
  `tax_amount` decimal(12,4) DEFAULT NULL COMMENT 'Tax Amount',
  `base_row_total` decimal(20,4) DEFAULT NULL COMMENT 'Base Row Total',
  `discount_amount` decimal(12,4) DEFAULT NULL COMMENT 'Discount Amount',
  `row_total` decimal(20,4) DEFAULT NULL COMMENT 'Row Total',
  `base_discount_amount` decimal(12,4) DEFAULT NULL COMMENT 'Base Discount Amount',
  `price_incl_tax` decimal(12,4) DEFAULT NULL COMMENT 'Price Incl Tax',
  `base_tax_amount` decimal(12,4) DEFAULT NULL COMMENT 'Base Tax Amount',
  `base_price_incl_tax` decimal(12,4) DEFAULT NULL COMMENT 'Base Price Incl Tax',
  `qty` decimal(12,4) DEFAULT NULL COMMENT 'Qty',
  `base_cost` decimal(12,4) DEFAULT NULL COMMENT 'Base Cost',
  `price` decimal(12,4) DEFAULT NULL COMMENT 'Price',
  `base_row_total_incl_tax` decimal(12,4) DEFAULT NULL COMMENT 'Base Row Total Incl Tax',
  `row_total_incl_tax` decimal(12,4) DEFAULT NULL COMMENT 'Row Total Incl Tax',
  `product_id` int(11) DEFAULT NULL COMMENT 'Product ID',
  `order_item_id` int(11) DEFAULT NULL COMMENT 'Order Item ID',
  `additional_data` text DEFAULT NULL COMMENT 'Additional Data',
  `description` text DEFAULT NULL COMMENT 'Description',
  `sku` varchar(255) DEFAULT NULL COMMENT 'Sku',
  `name` varchar(255) DEFAULT NULL COMMENT 'Name',
  `discount_tax_compensation_amount` decimal(12,4) DEFAULT NULL COMMENT 'Discount Tax Compensation Amount',
  `base_discount_tax_compensation_amount` decimal(12,4) DEFAULT NULL COMMENT 'Base Discount Tax Compensation Amount',
  `tax_ratio` text DEFAULT NULL COMMENT 'Ratio of tax invoiced over tax of the order item',
  `weee_tax_applied` text DEFAULT NULL COMMENT 'Weee Tax Applied',
  `weee_tax_applied_amount` decimal(12,4) DEFAULT NULL COMMENT 'Weee Tax Applied Amount',
  `weee_tax_applied_row_amount` decimal(12,4) DEFAULT NULL COMMENT 'Weee Tax Applied Row Amount',
  `weee_tax_disposition` decimal(12,4) DEFAULT NULL COMMENT 'Weee Tax Disposition',
  `weee_tax_row_disposition` decimal(12,4) DEFAULT NULL COMMENT 'Weee Tax Row Disposition',
  `base_weee_tax_applied_amount` decimal(12,4) DEFAULT NULL COMMENT 'Base Weee Tax Applied Amount',
  `base_weee_tax_applied_row_amnt` decimal(12,4) DEFAULT NULL COMMENT 'Base Weee Tax Applied Row Amnt',
  `base_weee_tax_disposition` decimal(12,4) DEFAULT NULL COMMENT 'Base Weee Tax Disposition',
  `base_weee_tax_row_disposition` decimal(12,4) DEFAULT NULL COMMENT 'Base Weee Tax Row Disposition',
  PRIMARY KEY (`entity_id`),
  KEY `SALES_INVOICE_ITEM_PARENT_ID` (`parent_id`),
  CONSTRAINT `SALES_INVOICE_ITEM_PARENT_ID_SALES_INVOICE_ENTITY_ID` FOREIGN KEY (`parent_id`) REFERENCES `sales_invoice` (`entity_id`) ON DELETE CASCADE
) ENGINE=InnoDB AUTO_INCREMENT=17 DEFAULT CHARSET=utf8 COMMENT='Sales Flat Invoice Item';

--
-- Dumping data for table `sales_invoice_item`
--

INSERT INTO `sales_invoice_item` VALUES (1,1,1942.5000,NULL,3885.0000,NULL,3885.0000,NULL,1942.5000,NULL,1942.5000,2.0000,NULL,1942.5000,3885.0000,3885.0000,3864,16,NULL,NULL,'11172200','Cordless pressure washer K 2 Battery Set',NULL,NULL,NULL,'[]',NULL,0.0000,NULL,0.0000,NULL,NULL,NULL,0.0000),(2,2,44.1000,NULL,44.1000,NULL,44.1000,NULL,44.1000,NULL,44.1000,1.0000,NULL,44.1000,44.1000,44.1000,4110,17,NULL,NULL,'62957530','Universal cleaner RM 626',NULL,NULL,NULL,'[]',NULL,0.0000,NULL,0.0000,NULL,NULL,NULL,0.0000),(3,3,336.0000,NULL,336.0000,NULL,336.0000,NULL,336.0000,NULL,336.0000,1.0000,NULL,336.0000,336.0000,336.0000,3750,18,NULL,NULL,'26451680','Hose trolley HT 4.520 Kit 1/2',NULL,NULL,NULL,'[]',NULL,0.0000,NULL,0.0000,NULL,NULL,NULL,0.0000),(4,4,599.5500,0.0000,599.5500,NULL,599.5500,NULL,599.5500,0.0000,599.5500,1.0000,NULL,599.5500,599.5500,599.5500,3859,19,NULL,NULL,'16800050','Mobile Outdoor Cleaner OC 3',0.0000,0.0000,NULL,'[]',NULL,0.0000,NULL,0.0000,NULL,NULL,NULL,0.0000),(5,5,336.0000,16.8000,336.0000,NULL,336.0000,NULL,352.8000,16.8000,352.8000,1.0000,NULL,336.0000,352.8000,352.8000,3750,21,NULL,NULL,'26451680','Hose trolley HT 4.520 Kit 1/2',0.0000,0.0000,NULL,'[]',NULL,0.0000,NULL,0.0000,NULL,NULL,NULL,0.0000),(6,6,336.0000,16.8000,336.0000,NULL,336.0000,NULL,352.8000,16.8000,352.8000,1.0000,NULL,336.0000,352.8000,352.8000,3750,22,NULL,NULL,'26451680','Hose trolley HT 4.520 Kit 1/2',0.0000,0.0000,NULL,'[]',NULL,0.0000,NULL,0.0000,NULL,NULL,NULL,0.0000),(7,7,30.0000,1.5000,30.0000,NULL,30.0000,NULL,31.5000,1.5000,31.5000,1.0000,NULL,30.0000,31.5000,31.5000,3904,23,NULL,NULL,'26330050','WV 2 / WV 5 squeegee blade, 280 mm',0.0000,0.0000,NULL,'[]',NULL,0.0000,NULL,0.0000,NULL,NULL,NULL,0.0000),(8,7,31.5000,1.5800,31.5000,NULL,31.5000,NULL,33.0800,1.5800,33.0800,1.0000,NULL,31.5000,33.0800,33.0800,4044,24,NULL,NULL,'28632370','HEPA hygiene filter for VC 2',0.0000,0.0000,NULL,'[]',NULL,0.0000,NULL,0.0000,NULL,NULL,NULL,0.0000),(9,7,36.7500,1.8300,36.7500,NULL,36.7500,NULL,38.5800,1.8300,38.5800,1.0000,NULL,36.7500,38.5800,38.5800,4078,25,NULL,NULL,'69041280','3x Paper filter bag for FP 303',0.0000,0.0000,NULL,'[]',NULL,0.0000,NULL,0.0000,NULL,NULL,NULL,0.0000),(10,7,42.0000,2.1000,42.0000,NULL,42.0000,NULL,44.1000,2.1000,44.1000,1.0000,NULL,42.0000,44.1000,44.1000,4052,26,NULL,NULL,'28632640','Round brush set',0.0000,0.0000,NULL,'[]',NULL,0.0000,NULL,0.0000,NULL,NULL,NULL,0.0000),(11,8,26.2500,2.6300,52.5000,NULL,52.5000,NULL,27.5700,2.6300,27.5700,2.0000,NULL,26.2500,55.1300,55.1300,4102,27,NULL,NULL,'62959440','Multi-purpose floor cleaning RM 536',0.0000,0.0000,NULL,'[]',NULL,0.0000,NULL,0.0000,NULL,NULL,NULL,0.0000),(12,8,29.4000,2.9400,58.8000,NULL,58.8000,NULL,30.8700,2.9400,30.8700,2.0000,NULL,29.4000,61.7400,61.7400,4093,28,NULL,NULL,'62959870','6x Descaling Powder RM 511 for Steam Cleaners',0.0000,0.0000,NULL,'[]',NULL,0.0000,NULL,0.0000,NULL,NULL,NULL,0.0000),(13,8,42.0000,4.2000,84.0000,NULL,84.0000,NULL,44.1000,4.2000,44.1000,2.0000,NULL,42.0000,88.2000,88.2000,4085,29,NULL,NULL,'62957500','Car shampoo 3-in-1 RM 610',0.0000,0.0000,NULL,'[]',NULL,0.0000,NULL,0.0000,NULL,NULL,NULL,0.0000),(14,9,28.5700,1.4300,28.5700,NULL,28.5700,NULL,30.0000,1.4300,30.0000,1.0000,NULL,28.5700,30.0000,30.0000,3904,30,NULL,NULL,'26330050','WV 2 / WV 5 squeegee blade, 280 mm',0.0000,0.0000,NULL,'[]',NULL,0.0000,NULL,0.0000,NULL,NULL,NULL,0.0000),(15,10,140.0000,7.0000,140.0000,NULL,140.0000,NULL,147.0000,7.0000,147.0000,1.0000,NULL,140.0000,147.0000,147.0000,3983,31,NULL,NULL,'26438570','Adventure box for OC3',0.0000,0.0000,NULL,'[]',NULL,0.0000,NULL,0.0000,NULL,NULL,NULL,0.0000),(16,10,660.0000,33.0000,660.0000,NULL,660.0000,NULL,693.0000,33.0000,693.0000,1.0000,NULL,660.0000,693.0000,693.0000,3874,32,NULL,NULL,'14451100','Leaf blower LBL 2 Battery Set',0.0000,0.0000,NULL,'[]',NULL,0.0000,NULL,0.0000,NULL,NULL,NULL,0.0000);

--
-- Table structure for table `sales_invoiced_aggregated`
--

CREATE TABLE `sales_invoiced_aggregated` (
  `id` int(10) unsigned NOT NULL AUTO_INCREMENT COMMENT 'ID',
  `period` date DEFAULT NULL COMMENT 'Period',
  `store_id` smallint(5) unsigned DEFAULT NULL COMMENT 'Store ID',
  `order_status` varchar(50) DEFAULT NULL COMMENT 'Order Status',
  `orders_count` int(11) NOT NULL DEFAULT 0 COMMENT 'Orders Count',
  `orders_invoiced` decimal(12,4) DEFAULT NULL COMMENT 'Orders Invoiced',
  `invoiced` decimal(12,4) DEFAULT NULL COMMENT 'Invoiced',
  `invoiced_captured` decimal(12,4) DEFAULT NULL COMMENT 'Invoiced Captured',
  `invoiced_not_captured` decimal(12,4) DEFAULT NULL COMMENT 'Invoiced Not Captured',
  PRIMARY KEY (`id`),
  UNIQUE KEY `SALES_INVOICED_AGGREGATED_PERIOD_STORE_ID_ORDER_STATUS` (`period`,`store_id`,`order_status`),
  KEY `SALES_INVOICED_AGGREGATED_STORE_ID` (`store_id`),
  CONSTRAINT `SALES_INVOICED_AGGREGATED_STORE_ID_STORE_STORE_ID` FOREIGN KEY (`store_id`) REFERENCES `store` (`store_id`) ON DELETE SET NULL
) ENGINE=InnoDB DEFAULT CHARSET=utf8 COMMENT='Sales Invoiced Aggregated';

--
-- Dumping data for table `sales_invoiced_aggregated`
--


--
-- Table structure for table `sales_invoiced_aggregated_order`
--

CREATE TABLE `sales_invoiced_aggregated_order` (
  `id` int(10) unsigned NOT NULL AUTO_INCREMENT COMMENT 'ID',
  `period` date DEFAULT NULL COMMENT 'Period',
  `store_id` smallint(5) unsigned DEFAULT NULL COMMENT 'Store ID',
  `order_status` varchar(50) NOT NULL COMMENT 'Order Status',
  `orders_count` int(11) NOT NULL DEFAULT 0 COMMENT 'Orders Count',
  `orders_invoiced` decimal(12,4) DEFAULT NULL COMMENT 'Orders Invoiced',
  `invoiced` decimal(12,4) DEFAULT NULL COMMENT 'Invoiced',
  `invoiced_captured` decimal(12,4) DEFAULT NULL COMMENT 'Invoiced Captured',
  `invoiced_not_captured` decimal(12,4) DEFAULT NULL COMMENT 'Invoiced Not Captured',
  PRIMARY KEY (`id`),
  UNIQUE KEY `SALES_INVOICED_AGGREGATED_ORDER_PERIOD_STORE_ID_ORDER_STATUS` (`period`,`store_id`,`order_status`),
  KEY `SALES_INVOICED_AGGREGATED_ORDER_STORE_ID` (`store_id`),
  CONSTRAINT `SALES_INVOICED_AGGREGATED_ORDER_STORE_ID_STORE_STORE_ID` FOREIGN KEY (`store_id`) REFERENCES `store` (`store_id`) ON DELETE SET NULL
) ENGINE=InnoDB DEFAULT CHARSET=utf8 COMMENT='Sales Invoiced Aggregated Order';

--
-- Dumping data for table `sales_invoiced_aggregated_order`
--


--
-- Table structure for table `sales_order`
--

CREATE TABLE `sales_order` (
  `entity_id` int(10) unsigned NOT NULL AUTO_INCREMENT COMMENT 'Entity ID',
  `state` varchar(32) DEFAULT NULL COMMENT 'State',
  `status` varchar(32) DEFAULT NULL COMMENT 'Status',
  `coupon_code` varchar(255) DEFAULT NULL COMMENT 'Coupon Code',
  `protect_code` varchar(255) DEFAULT NULL COMMENT 'Protect Code',
  `shipping_description` varchar(255) DEFAULT NULL COMMENT 'Shipping Description',
  `is_virtual` smallint(5) unsigned DEFAULT NULL COMMENT 'Is Virtual',
  `store_id` smallint(5) unsigned DEFAULT NULL COMMENT 'Store ID',
  `customer_id` int(10) unsigned DEFAULT NULL COMMENT 'Customer ID',
  `base_discount_amount` decimal(20,4) DEFAULT NULL COMMENT 'Base Discount Amount',
  `base_discount_canceled` decimal(20,4) DEFAULT NULL COMMENT 'Base Discount Canceled',
  `base_discount_invoiced` decimal(20,4) DEFAULT NULL COMMENT 'Base Discount Invoiced',
  `base_discount_refunded` decimal(20,4) DEFAULT NULL COMMENT 'Base Discount Refunded',
  `base_grand_total` decimal(20,4) DEFAULT NULL COMMENT 'Base Grand Total',
  `base_shipping_amount` decimal(20,4) DEFAULT NULL COMMENT 'Base Shipping Amount',
  `base_shipping_canceled` decimal(20,4) DEFAULT NULL COMMENT 'Base Shipping Canceled',
  `base_shipping_invoiced` decimal(20,4) DEFAULT NULL COMMENT 'Base Shipping Invoiced',
  `base_shipping_refunded` decimal(20,4) DEFAULT NULL COMMENT 'Base Shipping Refunded',
  `base_shipping_tax_amount` decimal(20,4) DEFAULT NULL COMMENT 'Base Shipping Tax Amount',
  `base_shipping_tax_refunded` decimal(20,4) DEFAULT NULL COMMENT 'Base Shipping Tax Refunded',
  `base_subtotal` decimal(20,4) DEFAULT NULL COMMENT 'Base Subtotal',
  `base_subtotal_canceled` decimal(20,4) DEFAULT NULL COMMENT 'Base Subtotal Canceled',
  `base_subtotal_invoiced` decimal(20,4) DEFAULT NULL COMMENT 'Base Subtotal Invoiced',
  `base_subtotal_refunded` decimal(20,4) DEFAULT NULL COMMENT 'Base Subtotal Refunded',
  `base_tax_amount` decimal(20,4) DEFAULT NULL COMMENT 'Base Tax Amount',
  `base_tax_canceled` decimal(20,4) DEFAULT NULL COMMENT 'Base Tax Canceled',
  `base_tax_invoiced` decimal(20,4) DEFAULT NULL COMMENT 'Base Tax Invoiced',
  `base_tax_refunded` decimal(20,4) DEFAULT NULL COMMENT 'Base Tax Refunded',
  `base_to_global_rate` decimal(20,4) DEFAULT NULL COMMENT 'Base To Global Rate',
  `base_to_order_rate` decimal(20,4) DEFAULT NULL COMMENT 'Base To Order Rate',
  `base_total_canceled` decimal(20,4) DEFAULT NULL COMMENT 'Base Total Canceled',
  `base_total_invoiced` decimal(20,4) DEFAULT NULL COMMENT 'Base Total Invoiced',
  `base_total_invoiced_cost` decimal(20,4) DEFAULT NULL COMMENT 'Base Total Invoiced Cost',
  `base_total_offline_refunded` decimal(20,4) DEFAULT NULL COMMENT 'Base Total Offline Refunded',
  `base_total_online_refunded` decimal(20,4) DEFAULT NULL COMMENT 'Base Total Online Refunded',
  `base_total_paid` decimal(20,4) DEFAULT NULL COMMENT 'Base Total Paid',
  `base_total_qty_ordered` decimal(12,4) DEFAULT NULL COMMENT 'Base Total Qty Ordered',
  `base_total_refunded` decimal(20,4) DEFAULT NULL COMMENT 'Base Total Refunded',
  `discount_amount` decimal(20,4) DEFAULT NULL COMMENT 'Discount Amount',
  `discount_canceled` decimal(20,4) DEFAULT NULL COMMENT 'Discount Canceled',
  `discount_invoiced` decimal(20,4) DEFAULT NULL COMMENT 'Discount Invoiced',
  `discount_refunded` decimal(20,4) DEFAULT NULL COMMENT 'Discount Refunded',
  `grand_total` decimal(20,4) DEFAULT NULL COMMENT 'Grand Total',
  `shipping_amount` decimal(20,4) DEFAULT NULL COMMENT 'Shipping Amount',
  `shipping_canceled` decimal(20,4) DEFAULT NULL COMMENT 'Shipping Canceled',
  `shipping_invoiced` decimal(20,4) DEFAULT NULL COMMENT 'Shipping Invoiced',
  `shipping_refunded` decimal(20,4) DEFAULT NULL COMMENT 'Shipping Refunded',
  `shipping_tax_amount` decimal(20,4) DEFAULT NULL COMMENT 'Shipping Tax Amount',
  `shipping_tax_refunded` decimal(20,4) DEFAULT NULL COMMENT 'Shipping Tax Refunded',
  `store_to_base_rate` decimal(12,4) DEFAULT NULL COMMENT 'Store To Base Rate',
  `store_to_order_rate` decimal(12,4) DEFAULT NULL COMMENT 'Store To Order Rate',
  `subtotal` decimal(20,4) DEFAULT NULL COMMENT 'Subtotal',
  `subtotal_canceled` decimal(20,4) DEFAULT NULL COMMENT 'Subtotal Canceled',
  `subtotal_invoiced` decimal(20,4) DEFAULT NULL COMMENT 'Subtotal Invoiced',
  `subtotal_refunded` decimal(20,4) DEFAULT NULL COMMENT 'Subtotal Refunded',
  `tax_amount` decimal(20,4) DEFAULT NULL COMMENT 'Tax Amount',
  `tax_canceled` decimal(20,4) DEFAULT NULL COMMENT 'Tax Canceled',
  `tax_invoiced` decimal(20,4) DEFAULT NULL COMMENT 'Tax Invoiced',
  `tax_refunded` decimal(20,4) DEFAULT NULL COMMENT 'Tax Refunded',
  `total_canceled` decimal(20,4) DEFAULT NULL COMMENT 'Total Canceled',
  `total_invoiced` decimal(20,4) DEFAULT NULL COMMENT 'Total Invoiced',
  `total_offline_refunded` decimal(20,4) DEFAULT NULL COMMENT 'Total Offline Refunded',
  `total_online_refunded` decimal(20,4) DEFAULT NULL COMMENT 'Total Online Refunded',
  `total_paid` decimal(20,4) DEFAULT NULL COMMENT 'Total Paid',
  `total_qty_ordered` decimal(12,4) DEFAULT NULL COMMENT 'Total Qty Ordered',
  `total_refunded` decimal(20,4) DEFAULT NULL COMMENT 'Total Refunded',
  `can_ship_partially` smallint(5) unsigned DEFAULT NULL COMMENT 'Can Ship Partially',
  `can_ship_partially_item` smallint(5) unsigned DEFAULT NULL COMMENT 'Can Ship Partially Item',
  `customer_is_guest` smallint(5) unsigned DEFAULT NULL COMMENT 'Customer Is Guest',
  `customer_note_notify` smallint(5) unsigned DEFAULT NULL COMMENT 'Customer Note Notify',
  `billing_address_id` int(11) DEFAULT NULL COMMENT 'Billing Address ID',
  `customer_group_id` int(11) DEFAULT NULL,
  `edit_increment` int(11) DEFAULT NULL COMMENT 'Edit Increment',
  `email_sent` smallint(5) unsigned DEFAULT NULL COMMENT 'Email Sent',
  `send_email` smallint(5) unsigned DEFAULT NULL COMMENT 'Send Email',
  `forced_shipment_with_invoice` smallint(5) unsigned DEFAULT NULL COMMENT 'Forced Do Shipment With Invoice',
  `payment_auth_expiration` int(11) DEFAULT NULL COMMENT 'Payment Authorization Expiration',
  `quote_address_id` int(11) DEFAULT NULL COMMENT 'Quote Address ID',
  `quote_id` int(11) DEFAULT NULL COMMENT 'Quote ID',
  `shipping_address_id` int(11) DEFAULT NULL COMMENT 'Shipping Address ID',
  `adjustment_negative` decimal(20,4) DEFAULT NULL COMMENT 'Adjustment Negative',
  `adjustment_positive` decimal(20,4) DEFAULT NULL COMMENT 'Adjustment Positive',
  `base_adjustment_negative` decimal(20,4) DEFAULT NULL COMMENT 'Base Adjustment Negative',
  `base_adjustment_positive` decimal(20,4) DEFAULT NULL COMMENT 'Base Adjustment Positive',
  `base_shipping_discount_amount` decimal(20,4) DEFAULT NULL COMMENT 'Base Shipping Discount Amount',
  `base_subtotal_incl_tax` decimal(20,4) DEFAULT NULL COMMENT 'Base Subtotal Incl Tax',
  `base_total_due` decimal(20,4) DEFAULT NULL COMMENT 'Base Total Due',
  `payment_authorization_amount` decimal(20,4) DEFAULT NULL COMMENT 'Payment Authorization Amount',
  `shipping_discount_amount` decimal(20,4) DEFAULT NULL COMMENT 'Shipping Discount Amount',
  `subtotal_incl_tax` decimal(20,4) DEFAULT NULL COMMENT 'Subtotal Incl Tax',
  `total_due` decimal(20,4) DEFAULT NULL COMMENT 'Total Due',
  `weight` decimal(12,4) DEFAULT NULL COMMENT 'Weight',
  `customer_dob` datetime DEFAULT NULL COMMENT 'Customer Dob',
  `increment_id` varchar(32) DEFAULT NULL COMMENT 'Increment ID',
  `applied_rule_ids` varchar(128) DEFAULT NULL COMMENT 'Applied Rule Ids',
  `base_currency_code` varchar(3) DEFAULT NULL COMMENT 'Base Currency Code',
  `customer_email` varchar(128) DEFAULT NULL COMMENT 'Customer Email',
  `customer_firstname` varchar(128) DEFAULT NULL COMMENT 'Customer Firstname',
  `customer_lastname` varchar(128) DEFAULT NULL COMMENT 'Customer Lastname',
  `customer_middlename` varchar(128) DEFAULT NULL COMMENT 'Customer Middlename',
  `customer_prefix` varchar(32) DEFAULT NULL COMMENT 'Customer Prefix',
  `customer_suffix` varchar(32) DEFAULT NULL COMMENT 'Customer Suffix',
  `customer_taxvat` varchar(32) DEFAULT NULL COMMENT 'Customer Taxvat',
  `discount_description` varchar(255) DEFAULT NULL COMMENT 'Discount Description',
  `ext_customer_id` varchar(32) DEFAULT NULL COMMENT 'Ext Customer ID',
  `ext_order_id` varchar(32) DEFAULT NULL COMMENT 'Ext Order ID',
  `global_currency_code` varchar(3) DEFAULT NULL COMMENT 'Global Currency Code',
  `hold_before_state` varchar(32) DEFAULT NULL COMMENT 'Hold Before State',
  `hold_before_status` varchar(32) DEFAULT NULL COMMENT 'Hold Before Status',
  `order_currency_code` varchar(3) DEFAULT NULL COMMENT 'Order Currency Code',
  `original_increment_id` varchar(32) DEFAULT NULL COMMENT 'Original Increment ID',
  `relation_child_id` varchar(32) DEFAULT NULL COMMENT 'Relation Child ID',
  `relation_child_real_id` varchar(32) DEFAULT NULL COMMENT 'Relation Child Real ID',
  `relation_parent_id` varchar(32) DEFAULT NULL COMMENT 'Relation Parent ID',
  `relation_parent_real_id` varchar(32) DEFAULT NULL COMMENT 'Relation Parent Real ID',
  `remote_ip` varchar(45) DEFAULT NULL COMMENT 'Remote Ip',
  `shipping_method` varchar(120) DEFAULT NULL,
  `store_currency_code` varchar(3) DEFAULT NULL COMMENT 'Store Currency Code',
  `store_name` varchar(255) DEFAULT NULL COMMENT 'Store Name',
  `x_forwarded_for` varchar(32) DEFAULT NULL COMMENT 'X Forwarded For',
  `customer_note` text DEFAULT NULL COMMENT 'Customer Note',
  `created_at` timestamp NOT NULL DEFAULT current_timestamp() COMMENT 'Created At',
  `updated_at` timestamp NOT NULL DEFAULT current_timestamp() ON UPDATE current_timestamp() COMMENT 'Updated At',
  `total_item_count` smallint(5) unsigned NOT NULL DEFAULT 0 COMMENT 'Total Item Count',
  `customer_gender` int(11) DEFAULT NULL COMMENT 'Customer Gender',
  `discount_tax_compensation_amount` decimal(20,4) DEFAULT NULL COMMENT 'Discount Tax Compensation Amount',
  `base_discount_tax_compensation_amount` decimal(20,4) DEFAULT NULL COMMENT 'Base Discount Tax Compensation Amount',
  `shipping_discount_tax_compensation_amount` decimal(20,4) DEFAULT NULL COMMENT 'Shipping Discount Tax Compensation Amount',
  `base_shipping_discount_tax_compensation_amnt` decimal(20,4) DEFAULT NULL COMMENT 'Base Shipping Discount Tax Compensation Amount',
  `discount_tax_compensation_invoiced` decimal(20,4) DEFAULT NULL COMMENT 'Discount Tax Compensation Invoiced',
  `base_discount_tax_compensation_invoiced` decimal(20,4) DEFAULT NULL COMMENT 'Base Discount Tax Compensation Invoiced',
  `discount_tax_compensation_refunded` decimal(20,4) DEFAULT NULL COMMENT 'Discount Tax Compensation Refunded',
  `base_discount_tax_compensation_refunded` decimal(20,4) DEFAULT NULL COMMENT 'Base Discount Tax Compensation Refunded',
  `shipping_incl_tax` decimal(20,4) DEFAULT NULL COMMENT 'Shipping Incl Tax',
  `base_shipping_incl_tax` decimal(20,4) DEFAULT NULL COMMENT 'Base Shipping Incl Tax',
  `coupon_rule_name` varchar(255) DEFAULT NULL COMMENT 'Coupon Sales Rule Name',
  `gift_message_id` int(11) DEFAULT NULL COMMENT 'Gift Message ID',
  `paypal_ipn_customer_notified` int(11) DEFAULT 0 COMMENT 'Paypal Ipn Customer Notified',
  PRIMARY KEY (`entity_id`),
  UNIQUE KEY `SALES_ORDER_INCREMENT_ID_STORE_ID` (`increment_id`,`store_id`),
  KEY `SALES_ORDER_STATUS` (`status`),
  KEY `SALES_ORDER_STATE` (`state`),
  KEY `SALES_ORDER_STORE_ID` (`store_id`),
  KEY `SALES_ORDER_CREATED_AT` (`created_at`),
  KEY `SALES_ORDER_CUSTOMER_ID` (`customer_id`),
  KEY `SALES_ORDER_EXT_ORDER_ID` (`ext_order_id`),
  KEY `SALES_ORDER_QUOTE_ID` (`quote_id`),
  KEY `SALES_ORDER_UPDATED_AT` (`updated_at`),
  KEY `SALES_ORDER_SEND_EMAIL` (`send_email`),
  KEY `SALES_ORDER_EMAIL_SENT` (`email_sent`),
  CONSTRAINT `SALES_ORDER_CUSTOMER_ID_CUSTOMER_ENTITY_ENTITY_ID` FOREIGN KEY (`customer_id`) REFERENCES `customer_entity` (`entity_id`) ON DELETE SET NULL,
  CONSTRAINT `SALES_ORDER_STORE_ID_STORE_STORE_ID` FOREIGN KEY (`store_id`) REFERENCES `store` (`store_id`) ON DELETE SET NULL
) ENGINE=InnoDB AUTO_INCREMENT=28 DEFAULT CHARSET=utf8 COMMENT='Sales Flat Order';

--
-- Dumping data for table `sales_order`
--

INSERT INTO `sales_order` VALUES (1,'new','pending',NULL,'b87808db8702d56e2489f8eb8b818cca','Flat Rate - Fixed',0,1,NULL,0.0000,NULL,NULL,NULL,5.0000,5.0000,NULL,NULL,NULL,0.0000,NULL,0.0000,NULL,NULL,NULL,0.0000,NULL,NULL,NULL,1.0000,1.0000,NULL,NULL,NULL,NULL,NULL,NULL,NULL,NULL,0.0000,NULL,NULL,NULL,5.0000,5.0000,NULL,NULL,NULL,0.0000,NULL,0.0000,0.0000,0.0000,NULL,NULL,NULL,0.0000,NULL,NULL,NULL,NULL,NULL,NULL,NULL,NULL,1.0000,NULL,NULL,NULL,1,1,2,0,NULL,1,1,NULL,NULL,NULL,4,1,NULL,NULL,NULL,NULL,0.0000,0.0000,5.0000,NULL,0.0000,0.0000,5.0000,0.0000,NULL,'000000001',NULL,'AED','arpit.khandelwal@emails.emizentech.com','Arpit','Khandelwal',NULL,NULL,NULL,NULL,NULL,NULL,NULL,'AED',NULL,NULL,'AED',NULL,NULL,NULL,NULL,NULL,'14.99.117.230','flatrate_flatrate','AED','Main Website\nMain Website Store\nDefault Store View',NULL,NULL,'2020-07-20 10:23:09','2020-07-20 10:23:10',1,NULL,0.0000,0.0000,0.0000,0.0000,NULL,NULL,NULL,NULL,5.0000,5.0000,NULL,NULL,0),(2,'new','pending',NULL,'163d4c4e2baf575c94337c48a19aaf74','Flat Rate - Fixed',0,1,NULL,0.0000,NULL,NULL,NULL,5.0000,5.0000,NULL,NULL,NULL,0.0000,NULL,0.0000,NULL,NULL,NULL,0.0000,NULL,NULL,NULL,1.0000,1.0000,NULL,NULL,NULL,NULL,NULL,NULL,NULL,NULL,0.0000,NULL,NULL,NULL,5.0000,5.0000,NULL,NULL,NULL,0.0000,NULL,0.0000,0.0000,0.0000,NULL,NULL,NULL,0.0000,NULL,NULL,NULL,NULL,NULL,NULL,NULL,NULL,1.0000,NULL,NULL,NULL,1,1,4,0,NULL,1,1,NULL,NULL,NULL,5,3,NULL,NULL,NULL,NULL,0.0000,0.0000,5.0000,NULL,0.0000,0.0000,5.0000,0.0000,NULL,'000000002',NULL,'AED','test@mailinator.com','oj','oij',NULL,NULL,NULL,NULL,NULL,NULL,NULL,'AED',NULL,NULL,'AED',NULL,NULL,NULL,NULL,NULL,'14.99.153.12','flatrate_flatrate','AED','Main Website\nMain Website Store\nDefault Store View',NULL,NULL,'2020-07-20 10:37:58','2020-07-20 10:37:58',1,NULL,0.0000,0.0000,0.0000,0.0000,NULL,NULL,NULL,NULL,5.0000,5.0000,NULL,NULL,0),(3,'new','pending',NULL,'b6b8a07da5a62e3764396a34dd05cc0b','Flat Rate - Fixed',0,1,NULL,0.0000,NULL,NULL,NULL,5.0000,5.0000,NULL,NULL,NULL,0.0000,NULL,0.0000,NULL,NULL,NULL,0.0000,NULL,NULL,NULL,1.0000,1.0000,NULL,NULL,NULL,NULL,NULL,NULL,NULL,NULL,0.0000,NULL,NULL,NULL,5.0000,5.0000,NULL,NULL,NULL,0.0000,NULL,0.0000,0.0000,0.0000,NULL,NULL,NULL,0.0000,NULL,NULL,NULL,NULL,NULL,NULL,NULL,NULL,1.0000,NULL,NULL,NULL,1,1,6,0,NULL,1,1,NULL,NULL,NULL,24,5,NULL,NULL,NULL,NULL,0.0000,0.0000,5.0000,NULL,0.0000,0.0000,5.0000,0.0000,NULL,'000000003',NULL,'AED','arpit.khandelwal@emails.emizentech.com','Arpit','Khandelwal',NULL,NULL,NULL,NULL,NULL,NULL,NULL,'AED',NULL,NULL,'AED',NULL,NULL,NULL,NULL,NULL,'157.37.204.43','flatrate_flatrate','AED','Main Website\nMain Website Store\nDefault Store View',NULL,NULL,'2020-09-07 06:08:04','2020-09-07 06:08:07',1,NULL,0.0000,0.0000,0.0000,0.0000,NULL,NULL,NULL,NULL,5.0000,5.0000,NULL,NULL,0),(4,'canceled','canceled',NULL,'441949063d5a5f52abe590b3bee50231','Flat Rate - Fixed',0,1,NULL,0.0000,0.0000,NULL,NULL,5.0000,5.0000,5.0000,NULL,NULL,0.0000,NULL,0.0000,0.0000,NULL,NULL,0.0000,0.0000,NULL,NULL,1.0000,1.0000,5.0000,NULL,NULL,NULL,NULL,NULL,NULL,NULL,0.0000,0.0000,NULL,NULL,5.0000,5.0000,5.0000,NULL,NULL,0.0000,NULL,0.0000,0.0000,0.0000,0.0000,NULL,NULL,0.0000,0.0000,NULL,NULL,5.0000,NULL,NULL,NULL,NULL,1.0000,NULL,NULL,NULL,1,1,8,0,NULL,1,1,NULL,NULL,NULL,25,7,NULL,NULL,NULL,NULL,0.0000,0.0000,5.0000,NULL,0.0000,0.0000,5.0000,0.0000,NULL,'000000004',NULL,'AED','arpit.khandelwal@emails.emizentech.com','Arpit','Khandelwal',NULL,NULL,NULL,NULL,NULL,NULL,NULL,'AED',NULL,NULL,'AED',NULL,NULL,NULL,NULL,NULL,'157.37.204.43','flatrate_flatrate','AED','Main Website\nMain Website Store\nDefault Store View',NULL,NULL,'2020-09-07 06:13:53','2020-09-07 06:15:05',1,NULL,0.0000,0.0000,0.0000,0.0000,NULL,NULL,NULL,NULL,5.0000,5.0000,NULL,NULL,0),(5,'new','pending',NULL,'01327bae16cffdb78fd76c7be4a7879e','Flat Rate - Fixed',0,1,NULL,0.0000,NULL,NULL,NULL,5.0000,5.0000,NULL,NULL,NULL,0.0000,NULL,0.0000,NULL,NULL,NULL,0.0000,NULL,NULL,NULL,1.0000,1.0000,NULL,NULL,NULL,NULL,NULL,NULL,NULL,NULL,0.0000,NULL,NULL,NULL,5.0000,5.0000,NULL,NULL,NULL,0.0000,NULL,0.0000,0.0000,0.0000,NULL,NULL,NULL,0.0000,NULL,NULL,NULL,NULL,NULL,NULL,NULL,NULL,1.0000,NULL,NULL,NULL,1,1,10,0,NULL,1,1,NULL,NULL,NULL,26,9,NULL,NULL,NULL,NULL,0.0000,0.0000,5.0000,NULL,0.0000,0.0000,5.0000,0.0000,NULL,'000000005',NULL,'AED','arpit.khandelwal@emails.emizentech.com',NULL,NULL,NULL,NULL,NULL,NULL,NULL,NULL,NULL,'AED',NULL,NULL,'AED',NULL,NULL,NULL,NULL,NULL,NULL,'flatrate_flatrate','AED','Main Website\nMain Website Store\nDefault Store View',NULL,NULL,'2020-09-07 06:26:08','2020-09-07 06:26:09',1,NULL,0.0000,0.0000,0.0000,0.0000,NULL,NULL,NULL,NULL,5.0000,5.0000,NULL,NULL,0),(6,'new','pending',NULL,'0b9fa163a8cb3a6d77d96d0f9304707b','Flat Rate - Fixed',0,1,NULL,0.0000,NULL,NULL,NULL,5.0000,5.0000,NULL,NULL,NULL,0.0000,NULL,0.0000,NULL,NULL,NULL,0.0000,NULL,NULL,NULL,1.0000,1.0000,NULL,NULL,NULL,NULL,NULL,NULL,NULL,NULL,0.0000,NULL,NULL,NULL,5.0000,5.0000,NULL,NULL,NULL,0.0000,NULL,0.0000,0.0000,0.0000,NULL,NULL,NULL,0.0000,NULL,NULL,NULL,NULL,NULL,NULL,NULL,NULL,1.0000,NULL,NULL,NULL,1,1,12,0,NULL,1,1,NULL,NULL,NULL,27,11,NULL,NULL,NULL,NULL,0.0000,0.0000,5.0000,NULL,0.0000,0.0000,5.0000,0.0000,NULL,'000000006',NULL,'AED','demo123@gmail.com','demo','test',NULL,NULL,NULL,NULL,NULL,NULL,NULL,'AED',NULL,NULL,'AED',NULL,NULL,NULL,NULL,NULL,'103.73.34.145','flatrate_flatrate','AED','Main Website\nMain Website Store\nDefault Store View',NULL,NULL,'2020-09-07 06:34:07','2020-09-07 06:34:07',1,NULL,0.0000,0.0000,0.0000,0.0000,NULL,NULL,NULL,NULL,5.0000,5.0000,NULL,NULL,0),(7,'new','pending',NULL,'ca0990e9363e19ba197122883a89568c','Flat Rate - Fixed',0,1,NULL,0.0000,NULL,NULL,NULL,10.0000,10.0000,NULL,NULL,NULL,0.0000,NULL,0.0000,NULL,NULL,NULL,0.0000,NULL,NULL,NULL,1.0000,1.0000,NULL,NULL,NULL,NULL,NULL,NULL,NULL,NULL,0.0000,NULL,NULL,NULL,10.0000,10.0000,NULL,NULL,NULL,0.0000,NULL,0.0000,0.0000,0.0000,NULL,NULL,NULL,0.0000,NULL,NULL,NULL,NULL,NULL,NULL,NULL,NULL,2.0000,NULL,NULL,NULL,1,1,14,0,NULL,1,1,NULL,NULL,NULL,28,13,NULL,NULL,NULL,NULL,0.0000,0.0000,10.0000,NULL,0.0000,0.0000,10.0000,0.0000,NULL,'000000007',NULL,'AED','demo123@gmail.com','demo','test',NULL,NULL,NULL,NULL,NULL,NULL,NULL,'AED',NULL,NULL,'AED',NULL,NULL,NULL,NULL,NULL,'103.73.34.145','flatrate_flatrate','AED','Main Website\nMain Website Store\nDefault Store View',NULL,NULL,'2020-09-07 06:58:52','2020-09-07 06:58:53',1,NULL,0.0000,0.0000,0.0000,0.0000,NULL,NULL,NULL,NULL,10.0000,10.0000,NULL,NULL,0),(8,'new','pending',NULL,'80065d1892dc7722dd01908fe0fb2791','Flat Rate - Fixed',0,1,NULL,0.0000,NULL,NULL,NULL,5.0000,5.0000,NULL,NULL,NULL,0.0000,NULL,0.0000,NULL,NULL,NULL,0.0000,NULL,NULL,NULL,1.0000,1.0000,NULL,NULL,NULL,NULL,NULL,NULL,NULL,NULL,0.0000,NULL,NULL,NULL,5.0000,5.0000,NULL,NULL,NULL,0.0000,NULL,0.0000,0.0000,0.0000,NULL,NULL,NULL,0.0000,NULL,NULL,NULL,NULL,NULL,NULL,NULL,NULL,1.0000,NULL,NULL,NULL,1,1,16,0,NULL,1,1,NULL,NULL,NULL,30,15,NULL,NULL,NULL,NULL,0.0000,0.0000,5.0000,NULL,0.0000,0.0000,5.0000,0.0000,NULL,'000000008',NULL,'AED','demo123@gmail.com','demo','test',NULL,NULL,NULL,NULL,NULL,NULL,NULL,'AED',NULL,NULL,'AED',NULL,NULL,NULL,NULL,NULL,'103.73.34.157','flatrate_flatrate','AED','Main Website\nMain Website Store\nDefault Store View',NULL,NULL,'2020-09-09 05:40:11','2020-09-09 05:40:14',1,NULL,0.0000,0.0000,0.0000,0.0000,NULL,NULL,NULL,NULL,5.0000,5.0000,NULL,NULL,0),(9,'new','pending',NULL,'d6b6a6b0d5fe865124bbc7c1365f88dd','Flat Rate - Fixed',0,1,NULL,0.0000,NULL,NULL,NULL,5.0000,5.0000,NULL,NULL,NULL,0.0000,NULL,0.0000,NULL,NULL,NULL,0.0000,NULL,NULL,NULL,1.0000,1.0000,NULL,NULL,NULL,NULL,NULL,NULL,NULL,NULL,0.0000,NULL,NULL,NULL,5.0000,5.0000,NULL,NULL,NULL,0.0000,NULL,0.0000,0.0000,0.0000,NULL,NULL,NULL,0.0000,NULL,NULL,NULL,NULL,NULL,NULL,NULL,NULL,1.0000,NULL,NULL,NULL,1,1,18,0,NULL,1,1,NULL,NULL,NULL,31,17,NULL,NULL,NULL,NULL,0.0000,0.0000,5.0000,NULL,0.0000,0.0000,5.0000,0.0000,NULL,'000000009',NULL,'AED','demo123@gmail.com','demo','test',NULL,NULL,NULL,NULL,NULL,NULL,NULL,'AED',NULL,NULL,'AED',NULL,NULL,NULL,NULL,NULL,'103.73.34.157','flatrate_flatrate','AED','Main Website\nMain Website Store\nDefault Store View',NULL,NULL,'2020-09-09 11:05:31','2020-09-09 11:05:32',1,NULL,0.0000,0.0000,0.0000,0.0000,NULL,NULL,NULL,NULL,5.0000,5.0000,NULL,NULL,0),(10,'new','pending',NULL,'98ae8fde5e985c46c395dfe9e865bf17','Flat Rate - Fixed',0,1,NULL,0.0000,NULL,NULL,NULL,15.0000,15.0000,NULL,NULL,NULL,0.0000,NULL,0.0000,NULL,NULL,NULL,0.0000,NULL,NULL,NULL,1.0000,1.0000,NULL,NULL,NULL,NULL,NULL,NULL,NULL,NULL,0.0000,NULL,NULL,NULL,15.0000,15.0000,NULL,NULL,NULL,0.0000,NULL,0.0000,0.0000,0.0000,NULL,NULL,NULL,0.0000,NULL,NULL,NULL,NULL,NULL,NULL,NULL,NULL,3.0000,NULL,NULL,NULL,1,1,20,0,NULL,1,1,NULL,NULL,NULL,32,19,NULL,NULL,NULL,NULL,0.0000,0.0000,15.0000,NULL,0.0000,0.0000,15.0000,0.0000,NULL,'000000010',NULL,'AED','demo123@gmail.com','demo','test',NULL,NULL,NULL,NULL,NULL,NULL,NULL,'AED',NULL,NULL,'AED',NULL,NULL,NULL,NULL,NULL,'103.73.34.157','flatrate_flatrate','AED','Main Website\nMain Website Store\nDefault Store View',NULL,NULL,'2020-09-09 11:54:40','2020-09-09 11:54:41',1,NULL,0.0000,0.0000,0.0000,0.0000,NULL,NULL,NULL,NULL,15.0000,15.0000,NULL,NULL,0),(11,'new','pending',NULL,'7b12c97cd08dd0e36ccdc9673ff5a38f','Flat Rate - Fixed',0,1,NULL,0.0000,NULL,NULL,NULL,5.0000,5.0000,NULL,NULL,NULL,0.0000,NULL,0.0000,NULL,NULL,NULL,0.0000,NULL,NULL,NULL,1.0000,1.0000,NULL,NULL,NULL,NULL,NULL,NULL,NULL,NULL,0.0000,NULL,NULL,NULL,5.0000,5.0000,NULL,NULL,NULL,0.0000,NULL,0.0000,0.0000,0.0000,NULL,NULL,NULL,0.0000,NULL,NULL,NULL,NULL,NULL,NULL,NULL,NULL,1.0000,NULL,NULL,NULL,1,1,22,0,NULL,1,1,NULL,NULL,NULL,33,21,NULL,NULL,NULL,NULL,0.0000,0.0000,5.0000,NULL,0.0000,0.0000,5.0000,0.0000,NULL,'000000011',NULL,'AED','demo123@gmail.com','demo','test',NULL,NULL,NULL,NULL,NULL,NULL,NULL,'AED',NULL,NULL,'AED',NULL,NULL,NULL,NULL,NULL,'103.73.34.157','flatrate_flatrate','AED','Main Website\nMain Website Store\nDefault Store View',NULL,NULL,'2020-09-09 13:18:32','2020-09-09 13:18:33',1,NULL,0.0000,0.0000,0.0000,0.0000,NULL,NULL,NULL,NULL,5.0000,5.0000,NULL,NULL,0),(12,'new','pending',NULL,'370503f6ddcaf6c07b8f6dcc1e068e81','Flat Rate - Fixed',0,1,NULL,0.0000,NULL,NULL,NULL,5.0000,5.0000,NULL,NULL,NULL,0.0000,NULL,0.0000,NULL,NULL,NULL,0.0000,NULL,NULL,NULL,1.0000,1.0000,NULL,NULL,NULL,NULL,NULL,NULL,NULL,NULL,0.0000,NULL,NULL,NULL,5.0000,5.0000,NULL,NULL,NULL,0.0000,NULL,0.0000,0.0000,0.0000,NULL,NULL,NULL,0.0000,NULL,NULL,NULL,NULL,NULL,NULL,NULL,NULL,1.0000,NULL,NULL,NULL,1,1,24,0,NULL,1,1,NULL,NULL,NULL,38,23,NULL,NULL,NULL,NULL,0.0000,0.0000,5.0000,NULL,0.0000,0.0000,5.0000,0.0000,NULL,'000000012',NULL,'AED','demo123@gmail.com','demo','test',NULL,NULL,NULL,NULL,NULL,NULL,NULL,'AED',NULL,NULL,'AED',NULL,NULL,NULL,NULL,NULL,'103.118.169.195','flatrate_flatrate','AED','Main Website\nMain Website Store\nDefault Store View',NULL,NULL,'2020-09-14 12:03:21','2020-09-14 12:03:23',1,NULL,0.0000,0.0000,0.0000,0.0000,NULL,NULL,NULL,NULL,5.0000,5.0000,NULL,NULL,0),(13,'new','pending',NULL,'631fa0e215b9bb80621624067f9bfcbe','Flat Rate - Fixed',0,1,NULL,0.0000,NULL,NULL,NULL,604.5500,5.0000,NULL,NULL,NULL,0.0000,NULL,599.5500,NULL,NULL,NULL,0.0000,NULL,NULL,NULL,1.0000,1.0000,NULL,NULL,NULL,NULL,NULL,NULL,NULL,NULL,0.0000,NULL,NULL,NULL,604.5500,5.0000,NULL,NULL,NULL,0.0000,NULL,0.0000,0.0000,599.5500,NULL,NULL,NULL,0.0000,NULL,NULL,NULL,NULL,NULL,NULL,NULL,NULL,1.0000,NULL,NULL,NULL,0,1,26,1,NULL,1,1,NULL,NULL,NULL,39,25,NULL,NULL,NULL,NULL,0.0000,599.5500,604.5500,NULL,0.0000,599.5500,604.5500,0.0000,NULL,'000000013',NULL,'AED','jean-renaud.durbin@ae.kaercher.com','Jean-Renaud','Durbin',NULL,NULL,NULL,NULL,NULL,NULL,NULL,'AED',NULL,NULL,'AED',NULL,NULL,NULL,NULL,NULL,'83.110.233.93','flatrate_flatrate','AED','Main Website\nMain Website Store\nDefault Store View',NULL,NULL,'2020-09-15 09:06:01','2020-09-15 09:06:02',1,NULL,0.0000,0.0000,0.0000,0.0000,NULL,NULL,NULL,NULL,5.0000,5.0000,NULL,NULL,0),(14,'new','pending',NULL,'779d82f8d60e061bc894074627623283','Flat Rate - Fixed',0,1,NULL,0.0000,NULL,NULL,NULL,5.0000,5.0000,NULL,NULL,NULL,0.0000,NULL,0.0000,NULL,NULL,NULL,0.0000,NULL,NULL,NULL,1.0000,1.0000,NULL,NULL,NULL,NULL,NULL,NULL,NULL,NULL,0.0000,NULL,NULL,NULL,5.0000,5.0000,NULL,NULL,NULL,0.0000,NULL,0.0000,0.0000,0.0000,NULL,NULL,NULL,0.0000,NULL,NULL,NULL,NULL,NULL,NULL,NULL,NULL,1.0000,NULL,NULL,NULL,1,1,28,0,NULL,1,1,NULL,NULL,NULL,51,27,NULL,NULL,NULL,NULL,0.0000,0.0000,5.0000,NULL,0.0000,0.0000,5.0000,0.0000,NULL,'000000014',NULL,'AED','demo123@gmail.com','demo','test',NULL,NULL,NULL,NULL,NULL,NULL,NULL,'AED',NULL,NULL,'AED',NULL,NULL,NULL,NULL,NULL,'103.73.34.159','flatrate_flatrate','AED','Main Website\nMain Website Store\nDefault Store View',NULL,NULL,'2020-09-18 12:17:15','2020-09-18 12:17:17',1,NULL,0.0000,0.0000,0.0000,0.0000,NULL,NULL,NULL,NULL,5.0000,5.0000,NULL,NULL,0),(15,'new','pending',NULL,'8737366e981d4b8ebe13a8932d71853b','Flat Rate - Fixed',0,1,NULL,0.0000,NULL,NULL,NULL,3191.7500,5.0000,NULL,NULL,NULL,0.0000,NULL,3186.7500,NULL,NULL,NULL,0.0000,NULL,NULL,NULL,1.0000,1.0000,NULL,NULL,NULL,NULL,NULL,NULL,NULL,NULL,0.0000,NULL,NULL,NULL,3191.7500,5.0000,NULL,NULL,NULL,0.0000,NULL,0.0000,0.0000,3186.7500,NULL,NULL,NULL,0.0000,NULL,NULL,NULL,NULL,NULL,NULL,NULL,NULL,1.0000,NULL,NULL,NULL,1,1,30,0,NULL,1,1,NULL,NULL,NULL,55,29,NULL,NULL,NULL,NULL,0.0000,3186.7500,3191.7500,NULL,0.0000,3186.7500,3191.7500,0.0000,NULL,'000000015',NULL,'AED','demo123@gmail.com','demo','test',NULL,NULL,NULL,NULL,NULL,NULL,NULL,'AED',NULL,NULL,'AED',NULL,NULL,NULL,NULL,NULL,'14.99.153.10','flatrate_flatrate','AED','Main Website\nMain Website Store\nDefault Store View',NULL,NULL,'2020-09-21 06:33:13','2020-09-21 06:33:14',1,NULL,0.0000,0.0000,0.0000,0.0000,NULL,NULL,NULL,NULL,5.0000,5.0000,NULL,NULL,0),(16,'processing','processing',NULL,'a904ddf0c2ff339573eb2ce539fecd52','Flat Rate - Fixed',0,1,NULL,0.0000,NULL,0.0000,NULL,3895.0000,10.0000,NULL,10.0000,NULL,0.0000,NULL,3885.0000,NULL,3885.0000,NULL,0.0000,NULL,0.0000,NULL,1.0000,1.0000,NULL,3895.0000,0.0000,NULL,NULL,3895.0000,NULL,NULL,0.0000,NULL,0.0000,NULL,3895.0000,10.0000,NULL,10.0000,NULL,0.0000,NULL,0.0000,0.0000,3885.0000,NULL,3885.0000,NULL,0.0000,NULL,0.0000,NULL,NULL,3895.0000,NULL,NULL,3895.0000,2.0000,NULL,NULL,NULL,1,1,32,0,NULL,1,1,NULL,NULL,NULL,64,31,NULL,NULL,NULL,NULL,0.0000,3885.0000,0.0000,NULL,0.0000,3885.0000,0.0000,0.0000,NULL,'000000018',NULL,'USD','tjerry548@gmail.com',NULL,NULL,NULL,NULL,NULL,NULL,NULL,NULL,NULL,'USD',NULL,NULL,'USD',NULL,NULL,NULL,NULL,NULL,'14.99.117.230','flatrate_flatrate','USD','Main Website\nMain Website Store\nDefault Store View',NULL,NULL,'2020-09-29 11:18:54','2020-09-29 11:18:54',1,NULL,0.0000,0.0000,0.0000,0.0000,0.0000,0.0000,NULL,NULL,10.0000,10.0000,NULL,NULL,0),(17,'processing','processing',NULL,'ff85e6c8c519cd0ebb062151906680cf','Flat Rate - Fixed',0,1,NULL,0.0000,NULL,0.0000,NULL,49.1000,5.0000,NULL,5.0000,NULL,0.0000,NULL,44.1000,NULL,44.1000,NULL,0.0000,NULL,0.0000,NULL,1.0000,1.0000,NULL,49.1000,0.0000,NULL,NULL,49.1000,NULL,NULL,0.0000,NULL,0.0000,NULL,49.1000,5.0000,NULL,5.0000,NULL,0.0000,NULL,0.0000,0.0000,44.1000,NULL,44.1000,NULL,0.0000,NULL,0.0000,NULL,NULL,49.1000,NULL,NULL,49.1000,1.0000,NULL,NULL,NULL,1,1,34,0,NULL,1,1,NULL,NULL,NULL,65,33,NULL,NULL,NULL,NULL,0.0000,44.1000,0.0000,NULL,0.0000,44.1000,0.0000,0.0000,NULL,'000000019',NULL,'USD','tjerry548@gmail.com',NULL,NULL,NULL,NULL,NULL,NULL,NULL,NULL,NULL,'USD',NULL,NULL,'USD',NULL,NULL,NULL,NULL,NULL,'14.99.117.230','flatrate_flatrate','USD','Main Website\nMain Website Store\nDefault Store View',NULL,NULL,'2020-09-29 11:24:28','2020-09-29 11:24:28',1,NULL,0.0000,0.0000,0.0000,0.0000,0.0000,0.0000,NULL,NULL,5.0000,5.0000,NULL,NULL,0),(18,'processing','processing',NULL,'ce44f25c0fb364556424df14d0e810cd','Flat Rate - Fixed',0,1,NULL,0.0000,NULL,0.0000,NULL,341.0000,5.0000,NULL,5.0000,NULL,0.0000,NULL,336.0000,NULL,336.0000,NULL,0.0000,NULL,0.0000,NULL,1.0000,1.0000,NULL,341.0000,0.0000,NULL,NULL,341.0000,NULL,NULL,0.0000,NULL,0.0000,NULL,341.0000,5.0000,NULL,5.0000,NULL,0.0000,NULL,0.0000,0.0000,336.0000,NULL,336.0000,NULL,0.0000,NULL,0.0000,NULL,NULL,341.0000,NULL,NULL,341.0000,1.0000,NULL,NULL,NULL,1,1,36,0,NULL,1,1,NULL,NULL,NULL,68,35,NULL,NULL,NULL,NULL,0.0000,336.0000,0.0000,NULL,0.0000,336.0000,0.0000,0.0000,NULL,'000000021',NULL,'USD','jrdurbin@gmail.com',NULL,NULL,NULL,NULL,NULL,NULL,NULL,NULL,NULL,'USD',NULL,NULL,'USD',NULL,NULL,NULL,NULL,NULL,'83.110.233.93','flatrate_flatrate','USD','Main Website\nMain Website Store\nDefault Store View',NULL,NULL,'2020-09-29 12:55:34','2020-09-29 12:55:34',1,NULL,0.0000,0.0000,0.0000,0.0000,0.0000,0.0000,NULL,NULL,5.0000,5.0000,NULL,NULL,0),(19,'complete','complete',NULL,'3c68bd53e32c8c259c64b46526fdfdb5','Flat Rate - Fixed',0,1,6,0.0000,NULL,0.0000,NULL,604.5500,5.0000,NULL,5.0000,NULL,0.0000,NULL,599.5500,NULL,599.5500,NULL,0.0000,NULL,0.0000,NULL,1.0000,1.0000,NULL,604.5500,0.0000,NULL,NULL,604.5500,NULL,NULL,0.0000,NULL,0.0000,NULL,604.5500,5.0000,NULL,5.0000,NULL,0.0000,NULL,0.0000,0.0000,599.5500,NULL,599.5500,NULL,0.0000,NULL,0.0000,NULL,NULL,604.5500,NULL,NULL,604.5500,1.0000,NULL,NULL,NULL,0,1,38,1,NULL,1,1,NULL,NULL,NULL,71,37,NULL,NULL,NULL,NULL,0.0000,599.5500,0.0000,NULL,0.0000,599.5500,0.0000,0.0000,NULL,'000000022',NULL,'AED','sunil.k.gupta@emails.emizentech.com','tester','kaercher',NULL,NULL,NULL,NULL,NULL,NULL,NULL,'AED',NULL,NULL,'AED',NULL,NULL,NULL,NULL,NULL,'14.99.153.12','flatrate_flatrate','AED','Main Website\nMain Website Store\nDefault Store View',NULL,NULL,'2020-10-06 08:01:55','2020-10-06 08:11:21',1,NULL,0.0000,0.0000,0.0000,0.0000,0.0000,0.0000,NULL,NULL,5.0000,5.0000,NULL,NULL,0),(20,'new','pending',NULL,'a1117223ff6dc5aa3a0f54f5bab35389','Flat Rate - Fixed',0,1,NULL,0.0000,NULL,NULL,NULL,1004.6000,5.0000,NULL,NULL,NULL,0.0000,NULL,999.6000,NULL,NULL,NULL,0.0000,NULL,NULL,NULL,1.0000,1.0000,NULL,NULL,NULL,NULL,NULL,NULL,NULL,NULL,0.0000,NULL,NULL,NULL,1004.6000,5.0000,NULL,NULL,NULL,0.0000,NULL,0.0000,0.0000,999.6000,NULL,NULL,NULL,0.0000,NULL,NULL,NULL,NULL,NULL,NULL,NULL,NULL,1.0000,NULL,NULL,NULL,1,1,40,0,NULL,1,1,NULL,NULL,NULL,72,39,NULL,NULL,NULL,NULL,0.0000,999.6000,1004.6000,NULL,0.0000,999.6000,1004.6000,0.0000,NULL,'000000023',NULL,'AED','vatsal.bajpai@ae.kaercher.com','Vatsal','Bajpai',NULL,NULL,NULL,NULL,NULL,NULL,NULL,'AED',NULL,NULL,'AED',NULL,NULL,NULL,NULL,NULL,'83.110.233.93','flatrate_flatrate','AED','Main Website\nMain Website Store\nDefault Store View',NULL,NULL,'2020-10-06 08:37:30','2020-10-06 08:37:33',1,NULL,0.0000,0.0000,0.0000,0.0000,NULL,NULL,NULL,NULL,5.0000,5.0000,NULL,NULL,0),(21,'complete','complete',NULL,'7b2772f7b5236d97480b6cfb7e27190c','Free Shipping - Free',0,1,NULL,0.0000,NULL,0.0000,NULL,352.8000,0.0000,NULL,0.0000,NULL,0.0000,NULL,336.0000,NULL,336.0000,NULL,16.8000,NULL,16.8000,NULL,1.0000,1.0000,NULL,352.8000,0.0000,NULL,NULL,352.8000,NULL,NULL,0.0000,NULL,0.0000,NULL,352.8000,0.0000,NULL,0.0000,NULL,0.0000,NULL,0.0000,0.0000,336.0000,NULL,336.0000,NULL,16.8000,NULL,16.8000,NULL,NULL,352.8000,NULL,NULL,352.8000,1.0000,NULL,NULL,NULL,1,1,42,0,NULL,1,1,NULL,NULL,NULL,90,41,NULL,NULL,NULL,NULL,0.0000,352.8000,0.0000,NULL,0.0000,352.8000,0.0000,0.0000,NULL,'000000026',NULL,'AED','jrdurbin@gmail.com','Jean-Renaud','Durbin',NULL,NULL,NULL,NULL,NULL,NULL,NULL,'AED',NULL,NULL,'AED',NULL,NULL,NULL,NULL,NULL,'83.110.233.93','freeshipping_freeshipping','AED','Main Website\nKarcher Center Dubai\nDefault Store View',NULL,NULL,'2020-10-07 11:46:02','2020-10-07 12:11:47',1,NULL,0.0000,0.0000,0.0000,0.0000,0.0000,0.0000,NULL,NULL,0.0000,0.0000,NULL,NULL,0),(22,'processing','processing',NULL,'b50b3fa058b5d41aa0422c1cd99d9b08','Flat Rate - Fixed',0,1,NULL,0.0000,NULL,0.0000,NULL,372.8000,20.0000,NULL,20.0000,NULL,0.0000,NULL,336.0000,NULL,336.0000,NULL,16.8000,NULL,16.8000,NULL,1.0000,1.0000,NULL,372.8000,0.0000,NULL,NULL,372.8000,NULL,NULL,0.0000,NULL,0.0000,NULL,372.8000,20.0000,NULL,20.0000,NULL,0.0000,NULL,0.0000,0.0000,336.0000,NULL,336.0000,NULL,16.8000,NULL,16.8000,NULL,NULL,372.8000,NULL,NULL,372.8000,1.0000,NULL,NULL,NULL,1,1,44,0,NULL,1,1,NULL,NULL,NULL,91,43,NULL,NULL,NULL,NULL,0.0000,352.8000,0.0000,NULL,0.0000,352.8000,0.0000,0.0000,NULL,'000000027',NULL,'USD','jrdurbin@gmail.com',NULL,NULL,NULL,NULL,NULL,NULL,NULL,NULL,NULL,'USD',NULL,NULL,'USD',NULL,NULL,NULL,NULL,NULL,'83.110.233.93','flatrate_flatrate','USD','Main Website\nKarcher Center Dubai\nDefault Store View',NULL,NULL,'2020-10-07 12:42:44','2020-10-07 12:42:47',1,NULL,0.0000,0.0000,0.0000,0.0000,0.0000,0.0000,NULL,NULL,20.0000,20.0000,NULL,NULL,0),(23,'processing','processing',NULL,'4ab7cb92156b52ca062fd02ffbed21e4','Best Way - Shipping',0,1,NULL,0.0000,NULL,0.0000,NULL,167.2600,20.0000,NULL,20.0000,NULL,0.0000,NULL,140.2500,NULL,140.2500,NULL,7.0100,NULL,7.0100,NULL,1.0000,1.0000,NULL,167.2600,0.0000,NULL,NULL,167.2600,NULL,NULL,0.0000,NULL,0.0000,NULL,167.2600,20.0000,NULL,20.0000,NULL,0.0000,NULL,0.0000,0.0000,140.2500,NULL,140.2500,NULL,7.0100,NULL,7.0100,NULL,NULL,167.2600,NULL,NULL,167.2600,4.0000,NULL,NULL,NULL,1,1,46,0,NULL,1,1,NULL,NULL,NULL,93,45,NULL,NULL,NULL,NULL,0.0000,147.2600,0.0000,NULL,0.0000,147.2600,0.0000,0.0000,NULL,'000000029',NULL,'USD','jrdurbin@gmail.com',NULL,NULL,NULL,NULL,NULL,NULL,NULL,NULL,NULL,'USD',NULL,NULL,'USD',NULL,NULL,NULL,NULL,NULL,'83.110.233.93','tablerate_bestway','USD','Main Website\nKarcher Center Dubai\nDefault Store View',NULL,NULL,'2020-10-07 12:52:21','2020-10-07 12:52:24',4,NULL,0.0000,0.0000,0.0000,0.0000,0.0000,0.0000,NULL,NULL,20.0000,20.0000,NULL,NULL,0),(24,'processing','processing',NULL,'3e7dbb6699572ab29cd6bf0ef8859bfa','Best Way - Shipping',0,1,NULL,0.0000,NULL,0.0000,NULL,225.0700,20.0000,NULL,20.0000,NULL,0.0000,NULL,195.3000,NULL,195.3000,NULL,9.7700,NULL,9.7700,NULL,1.0000,1.0000,NULL,225.0700,0.0000,NULL,NULL,225.0700,NULL,NULL,0.0000,NULL,0.0000,NULL,225.0700,20.0000,NULL,20.0000,NULL,0.0000,NULL,0.0000,0.0000,195.3000,NULL,195.3000,NULL,9.7700,NULL,9.7700,NULL,NULL,225.0700,NULL,NULL,225.0700,6.0000,NULL,NULL,NULL,1,1,48,0,NULL,1,1,NULL,NULL,NULL,95,47,NULL,NULL,NULL,NULL,0.0000,205.0700,0.0000,NULL,0.0000,205.0700,0.0000,0.0000,NULL,'000000030',NULL,'USD','jrdurbin@gmail.com',NULL,NULL,NULL,NULL,NULL,NULL,NULL,NULL,NULL,'USD',NULL,NULL,'USD',NULL,NULL,NULL,NULL,NULL,'83.110.233.93','tablerate_bestway','USD','Main Website\nKarcher Center Dubai\nDefault Store View',NULL,NULL,'2020-10-07 12:57:08','2020-10-07 12:57:10',3,NULL,0.0000,0.0000,0.0000,0.0000,0.0000,0.0000,NULL,NULL,20.0000,20.0000,NULL,NULL,0),(25,'processing','processing',NULL,'56c896dbbea666d07124cdc88a3c20e0','Best Way - Shipping',0,1,NULL,0.0000,NULL,0.0000,NULL,50.0000,20.0000,NULL,20.0000,NULL,0.0000,NULL,28.5700,NULL,28.5700,NULL,1.4300,NULL,1.4300,NULL,1.0000,1.0000,NULL,50.0000,0.0000,NULL,NULL,50.0000,NULL,NULL,0.0000,NULL,0.0000,NULL,50.0000,20.0000,NULL,20.0000,NULL,0.0000,NULL,0.0000,0.0000,28.5700,NULL,28.5700,NULL,1.4300,NULL,1.4300,NULL,NULL,50.0000,NULL,NULL,50.0000,1.0000,NULL,NULL,NULL,1,1,50,0,NULL,1,1,NULL,NULL,NULL,98,49,NULL,NULL,NULL,NULL,0.0000,30.0000,0.0000,NULL,0.0000,30.0000,0.0000,0.0000,NULL,'000000031',NULL,'USD','vatsal.bajpai@ae.kaercher.com',NULL,NULL,NULL,NULL,NULL,NULL,NULL,NULL,NULL,'USD',NULL,NULL,'USD',NULL,NULL,NULL,NULL,NULL,'2.50.24.70','tablerate_bestway','USD','Main Website\nKarcher Center Dubai\nDefault Store View',NULL,NULL,'2020-10-08 04:33:14','2020-10-08 04:33:20',1,NULL,0.0000,0.0000,0.0000,0.0000,0.0000,0.0000,NULL,NULL,20.0000,20.0000,NULL,NULL,0),(26,'processing','processing',NULL,'16612117e99e7d8a2fa619b05d461608','Best Way - Shipping',0,1,NULL,0.0000,NULL,0.0000,NULL,840.0000,0.0000,NULL,0.0000,NULL,0.0000,NULL,800.0000,NULL,800.0000,NULL,40.0000,NULL,40.0000,NULL,1.0000,1.0000,NULL,840.0000,0.0000,NULL,NULL,840.0000,NULL,NULL,0.0000,NULL,0.0000,NULL,840.0000,0.0000,NULL,0.0000,NULL,0.0000,NULL,0.0000,0.0000,800.0000,NULL,800.0000,NULL,40.0000,NULL,40.0000,NULL,NULL,840.0000,NULL,NULL,840.0000,2.0000,NULL,NULL,NULL,1,1,52,0,NULL,1,1,NULL,NULL,NULL,99,51,NULL,NULL,NULL,NULL,0.0000,840.0000,0.0000,NULL,0.0000,840.0000,0.0000,0.0000,NULL,'000000032',NULL,'USD','vatsal.bajpai@ae.kaercher.com',NULL,NULL,NULL,NULL,NULL,NULL,NULL,NULL,NULL,'USD',NULL,NULL,'USD',NULL,NULL,NULL,NULL,NULL,'2.50.24.70','tablerate_bestway','USD','Main Website\nKarcher Center Dubai\nDefault Store View',NULL,NULL,'2020-10-08 04:42:04','2020-10-08 04:42:06',2,NULL,0.0000,0.0000,0.0000,0.0000,0.0000,0.0000,NULL,NULL,0.0000,0.0000,NULL,NULL,0),(27,'new','pending',NULL,'f27f7344ab58e0290bfbd4b3e696160b','Best Way - Shipping',0,1,NULL,0.0000,NULL,NULL,NULL,64.1000,19.0500,NULL,NULL,NULL,0.9500,NULL,42.0000,NULL,NULL,NULL,3.0500,NULL,NULL,NULL,1.0000,1.0000,NULL,NULL,NULL,NULL,NULL,NULL,NULL,NULL,0.0000,NULL,NULL,NULL,64.1000,19.0500,NULL,NULL,NULL,0.9500,NULL,0.0000,0.0000,42.0000,NULL,NULL,NULL,3.0500,NULL,NULL,NULL,NULL,NULL,NULL,NULL,NULL,1.0000,NULL,NULL,NULL,1,1,54,0,NULL,1,1,NULL,NULL,NULL,105,53,NULL,NULL,NULL,NULL,0.0000,44.1000,64.1000,NULL,0.0000,44.1000,64.1000,0.0000,NULL,'146000002001',NULL,'USD','tester_123@mailinator.com','tester','new tester',NULL,NULL,NULL,NULL,NULL,NULL,NULL,'USD',NULL,NULL,'USD',NULL,NULL,NULL,NULL,NULL,'14.99.153.12','tablerate_bestway','USD','Main Website\nKarcher Center Dubai\nDefault Store View',NULL,NULL,'2020-10-08 07:44:38','2020-10-08 07:44:41',1,NULL,0.0000,0.0000,0.0000,0.0000,NULL,NULL,NULL,NULL,20.0000,20.0000,NULL,NULL,0);

--
-- Table structure for table `sales_order_address`
--

CREATE TABLE `sales_order_address` (
  `entity_id` int(10) unsigned NOT NULL AUTO_INCREMENT COMMENT 'Entity ID',
  `parent_id` int(10) unsigned DEFAULT NULL COMMENT 'Parent ID',
  `customer_address_id` int(11) DEFAULT NULL COMMENT 'Customer Address ID',
  `quote_address_id` int(11) DEFAULT NULL COMMENT 'Quote Address ID',
  `region_id` int(11) DEFAULT NULL COMMENT 'Region ID',
  `customer_id` int(11) DEFAULT NULL COMMENT 'Customer ID',
  `fax` varchar(255) DEFAULT NULL COMMENT 'Fax',
  `region` varchar(255) DEFAULT NULL COMMENT 'Region',
  `postcode` varchar(255) DEFAULT NULL COMMENT 'Postcode',
  `lastname` varchar(255) DEFAULT NULL COMMENT 'Lastname',
  `street` varchar(255) DEFAULT NULL COMMENT 'Street',
  `city` varchar(255) DEFAULT NULL COMMENT 'City',
  `email` varchar(255) DEFAULT NULL COMMENT 'Email',
  `telephone` varchar(255) DEFAULT NULL COMMENT 'Phone Number',
  `country_id` varchar(2) DEFAULT NULL COMMENT 'Country ID',
  `firstname` varchar(255) DEFAULT NULL COMMENT 'Firstname',
  `address_type` varchar(255) DEFAULT NULL COMMENT 'Address Type',
  `prefix` varchar(255) DEFAULT NULL COMMENT 'Prefix',
  `middlename` varchar(255) DEFAULT NULL COMMENT 'Middlename',
  `suffix` varchar(255) DEFAULT NULL COMMENT 'Suffix',
  `company` varchar(255) DEFAULT NULL COMMENT 'Company',
  `vat_id` text DEFAULT NULL COMMENT 'Vat ID',
  `vat_is_valid` smallint(6) DEFAULT NULL COMMENT 'Vat Is Valid',
  `vat_request_id` text DEFAULT NULL COMMENT 'Vat Request ID',
  `vat_request_date` text DEFAULT NULL COMMENT 'Vat Request Date',
  `vat_request_success` smallint(6) DEFAULT NULL COMMENT 'Vat Request Success',
  PRIMARY KEY (`entity_id`),
  KEY `SALES_ORDER_ADDRESS_PARENT_ID` (`parent_id`),
  CONSTRAINT `SALES_ORDER_ADDRESS_PARENT_ID_SALES_ORDER_ENTITY_ID` FOREIGN KEY (`parent_id`) REFERENCES `sales_order` (`entity_id`) ON DELETE CASCADE
) ENGINE=InnoDB AUTO_INCREMENT=55 DEFAULT CHARSET=utf8 COMMENT='Sales Flat Order Address';

--
-- Dumping data for table `sales_order_address`
--

INSERT INTO `sales_order_address` VALUES (1,1,NULL,10,561,NULL,NULL,'Rajasthan','302021','Khandelwal','10/10,ALAKNANDA APARTMENT\nPRATAP NAGAR','JAIPUR','arpit.khandelwal@emails.emizentech.com','+919529776015','IN','Arpit','shipping',NULL,NULL,NULL,NULL,NULL,NULL,NULL,NULL,NULL),(2,1,NULL,11,561,NULL,NULL,'Rajasthan','302021','Khandelwal','10/10,ALAKNANDA APARTMENT\nPRATAP NAGAR','JAIPUR','arpit.khandelwal@emails.emizentech.com','+919529776015','IN','Arpit','billing',NULL,NULL,NULL,NULL,NULL,NULL,NULL,NULL,NULL),(3,2,NULL,13,1,NULL,NULL,'Alabama','12345-6789','oij','oij\noij\noij','oij','test@mailinator.com','1234567890','US','oj','shipping',NULL,NULL,NULL,'oij',NULL,NULL,NULL,NULL,NULL),(4,2,NULL,14,1,NULL,NULL,'Alabama','12345-6789','oij','oij\noij\noij','oij','test@mailinator.com','1234567890','US','oj','billing',NULL,NULL,NULL,'oij',NULL,NULL,NULL,NULL,NULL),(5,3,NULL,72,561,NULL,NULL,'Rajasthan','302021','Khandelwal','test\ntest','JAIPUR','arpit.khandelwal@emails.emizentech.com','1234567890','IN','Arpit','shipping',NULL,NULL,NULL,'test',NULL,NULL,NULL,NULL,NULL),(6,3,NULL,73,561,NULL,NULL,'Rajasthan','302021','Khandelwal','test\ntest','JAIPUR','arpit.khandelwal@emails.emizentech.com','1234567890','IN','Arpit','billing',NULL,NULL,NULL,'test',NULL,NULL,NULL,NULL,NULL),(7,4,NULL,75,561,NULL,NULL,'Rajasthan','302021','Khandelwal','test\ntest','JAIPUR','arpit.khandelwal@emails.emizentech.com','1234567890','IN','Arpit','shipping',NULL,NULL,NULL,NULL,NULL,NULL,NULL,NULL,NULL),(8,4,NULL,76,561,NULL,NULL,'Rajasthan','302021','Khandelwal','test\ntest','JAIPUR','arpit.khandelwal@emails.emizentech.com','1234567890','IN','Arpit','billing',NULL,NULL,NULL,NULL,NULL,NULL,NULL,NULL,NULL),(9,5,0,78,561,NULL,NULL,'Rajasthan','302021','Khandelwal','test\ntest','JAIPUR','arpit.khandelwal@emails.emizentech.com','1234567890','IN','Arpit','shipping',NULL,NULL,NULL,NULL,NULL,NULL,NULL,NULL,NULL),(10,5,NULL,77,561,NULL,NULL,'Rajasthan','302021','Khandelwal','test\ntest','JAIPUR','arpit.khandelwal@emails.emizentech.com','1234567890','IN','Arpit','billing',NULL,NULL,NULL,NULL,NULL,NULL,NULL,NULL,NULL),(11,6,NULL,80,561,NULL,NULL,'Rajasthan','312017','test','xyz','xyz','demo123@gmail.com','0123456789','IN','demo','shipping',NULL,NULL,NULL,'xyz',NULL,NULL,NULL,NULL,NULL),(12,6,NULL,81,561,NULL,NULL,'Rajasthan','312017','test','xyz','xyz','demo123@gmail.com','0123456789','IN','demo','billing',NULL,NULL,NULL,'xyz',NULL,NULL,NULL,NULL,NULL),(13,7,NULL,83,561,NULL,NULL,'Rajasthan','302017','test','xyz','jaipur','demo123@gmail.com','0123456789','IN','demo','shipping',NULL,NULL,NULL,'xyz',NULL,NULL,NULL,NULL,NULL),(14,7,NULL,84,561,NULL,NULL,'Rajasthan','302017','test','xyz','jaipur','demo123@gmail.com','0123456789','IN','demo','billing',NULL,NULL,NULL,'xyz',NULL,NULL,NULL,NULL,NULL),(15,8,NULL,90,561,NULL,NULL,'Rajasthan','302017','test','xyz','xyz','demo123@gmail.com','0123456789','IN','demo','shipping',NULL,NULL,NULL,'xyz',NULL,NULL,NULL,NULL,NULL),(16,8,NULL,91,561,NULL,NULL,'Rajasthan','302017','test','xyz','xyz','demo123@gmail.com','0123456789','IN','demo','billing',NULL,NULL,NULL,'xyz',NULL,NULL,NULL,NULL,NULL),(17,9,NULL,93,561,NULL,NULL,'Rajasthan','30217','test','xyz','jaipur','demo123@gmail.com','8890848928','IN','demo','shipping',NULL,NULL,NULL,'xyz',NULL,NULL,NULL,NULL,NULL),(18,9,NULL,94,561,NULL,NULL,'Rajasthan','30217','test','xyz','jaipur','demo123@gmail.com','8890848928','IN','demo','billing',NULL,NULL,NULL,'xyz',NULL,NULL,NULL,NULL,NULL),(19,10,NULL,96,561,NULL,NULL,'Rajasthan','302017','test','xyz','xyz','demo123@gmail.com','0123456789','IN','demo','shipping',NULL,NULL,NULL,'xyz',NULL,NULL,NULL,NULL,NULL),(20,10,NULL,97,561,NULL,NULL,'Rajasthan','302017','test','xyz','xyz','demo123@gmail.com','0123456789','IN','demo','billing',NULL,NULL,NULL,'xyz',NULL,NULL,NULL,NULL,NULL),(21,11,NULL,99,561,NULL,NULL,'Rajasthan','302017','test','xyz','xyz','demo123@gmail.com','0123456789','IN','demo','shipping',NULL,NULL,NULL,'xyz',NULL,NULL,NULL,NULL,NULL),(22,11,NULL,100,561,NULL,NULL,'Rajasthan','302017','test','xyz','xyz','demo123@gmail.com','0123456789','IN','demo','billing',NULL,NULL,NULL,'xyz',NULL,NULL,NULL,NULL,NULL),(23,12,NULL,112,561,NULL,NULL,'Rajasthan','302017','test','xyz','xyz','demo123@gmail.com','0123456789','IN','demo','shipping',NULL,NULL,NULL,'xyz',NULL,NULL,NULL,NULL,NULL),(24,12,NULL,113,561,NULL,NULL,'Rajasthan','302017','test','xyz','xyz','demo123@gmail.com','0123456789','IN','demo','billing',NULL,NULL,NULL,'xyz',NULL,NULL,NULL,NULL,NULL),(25,13,4,115,NULL,NULL,NULL,NULL,'49973','Durbin','La Fontana 204','Dubai','jean-renaud.durbin@ae.kaercher.com','0507080991','AE','Jean-Renaud','shipping',NULL,NULL,NULL,'Karcher Middle East (FZE)',NULL,NULL,NULL,NULL,NULL),(26,13,NULL,118,NULL,NULL,NULL,NULL,'49973','Durbin','La Fontana 204','Dubai','jean-renaud.durbin@ae.kaercher.com','0507080991','AE','Jean-Renaud','billing',NULL,NULL,NULL,'Karcher Middle East (FZE)',NULL,NULL,NULL,NULL,NULL),(27,14,NULL,214,561,NULL,NULL,'Rajasthan','302017','test','xyz','xyz','demo123@gmail.com','1234567890','IN','demo','shipping',NULL,NULL,NULL,'xyz',NULL,NULL,NULL,NULL,NULL),(28,14,NULL,215,561,NULL,NULL,'Rajasthan','302017','test','xyz','xyz','demo123@gmail.com','1234567890','IN','demo','billing',NULL,NULL,NULL,'xyz',NULL,NULL,NULL,NULL,NULL),(29,15,NULL,227,561,NULL,NULL,'Rajasthan','302010','test','xyz','xyZ','demo123@gmail.com','0123456789','IN','demo','shipping',NULL,NULL,NULL,'xyz',NULL,NULL,NULL,NULL,NULL),(30,15,NULL,228,561,NULL,NULL,'Rajasthan','302010','test','xyz','xyZ','demo123@gmail.com','0123456789','IN','demo','billing',NULL,NULL,NULL,'xyz',NULL,NULL,NULL,NULL,NULL),(31,16,NULL,258,2,NULL,NULL,'Alaska','99501','test','test\nt','test','tjerry548@gmail.com','23424244','US','test','shipping',NULL,NULL,NULL,'test',NULL,NULL,NULL,NULL,NULL),(32,16,NULL,267,2,NULL,NULL,'Alaska','99501','test','test\nt','test','tjerry548@gmail.com','23424244','US','test','billing',NULL,NULL,NULL,'test',NULL,NULL,NULL,NULL,NULL),(33,17,NULL,274,561,NULL,NULL,'Rajasthan','322230','test','test\ntest\ntest','Jaipur','tjerry548@gmail.com','13211321','IN','test','shipping',NULL,NULL,NULL,'test',NULL,NULL,NULL,NULL,NULL),(34,17,NULL,275,561,NULL,NULL,'Rajasthan','322230','test','test\ntest\ntest','Jaipur','tjerry548@gmail.com','13211321','IN','test','billing',NULL,NULL,NULL,'test',NULL,NULL,NULL,NULL,NULL),(35,18,NULL,283,NULL,NULL,NULL,NULL,'49973','Renaud','La Fontana 204','Dubai','jrdurbin@gmail.com','0507080991','AE','Jean','shipping',NULL,NULL,NULL,'Karcher Middle East (FZE)',NULL,NULL,NULL,NULL,NULL),(36,18,NULL,284,NULL,NULL,NULL,NULL,'49973','Renaud','La Fontana 204','Dubai','jrdurbin@gmail.com','0507080991','AE','Jean','billing',NULL,NULL,NULL,'Karcher Middle East (FZE)',NULL,NULL,NULL,NULL,NULL),(37,19,11,292,62,NULL,NULL,NULL,'CV32 6HU','kaercher','8 Burman Close','Leamington Spa','sunil.k.gupta@emails.emizentech.com','07764744734','GB','tester','shipping',NULL,NULL,NULL,NULL,NULL,NULL,NULL,NULL,NULL),(38,19,NULL,295,NULL,NULL,NULL,NULL,'CV32 6HU','kaercher','8 Burman Close','Leamington Spa','sunil.k.gupta@emails.emizentech.com','07764744734','GB','tester','billing',NULL,NULL,NULL,NULL,NULL,NULL,NULL,NULL,NULL),(39,20,NULL,297,NULL,NULL,NULL,'Dubai','46500','Bajpai','Al Fahidi Street\nBurdubai','Dubai','vatsal.bajpai@ae.kaercher.com','0545841235','AE','Vatsal','shipping',NULL,NULL,NULL,'Karcher',NULL,NULL,NULL,NULL,NULL),(40,20,NULL,298,NULL,NULL,NULL,'Dubai','46500','Bajpai','Al Fahidi Street\nBurdubai','Dubai','vatsal.bajpai@ae.kaercher.com','0545841235','AE','Vatsal','billing',NULL,NULL,NULL,'Karcher',NULL,NULL,NULL,NULL,NULL),(41,21,NULL,336,NULL,NULL,NULL,'Dubai','49973','Durbin','La Fontana 204','Dubai','jrdurbin@gmail.com','0507080991','AE','Jean-Renaud','shipping',NULL,NULL,NULL,'Karcher Middle East (FZE)',NULL,NULL,NULL,NULL,NULL),(42,21,NULL,337,NULL,NULL,NULL,'Dubai','49973','Durbin','La Fontana 204','Dubai','jrdurbin@gmail.com','0507080991','AE','Jean-Renaud','billing',NULL,NULL,NULL,'Karcher Middle East (FZE)',NULL,NULL,NULL,NULL,NULL),(43,22,NULL,339,NULL,NULL,NULL,'Dubai','49973','Durbin','La Fontana 204','Dubai','jrdurbin@gmail.com','0507080991','AE','Jean-Renaud','shipping',NULL,NULL,NULL,'Karcher Middle East (FZE)',NULL,NULL,NULL,NULL,NULL),(44,22,NULL,350,NULL,NULL,NULL,'Dubai','49973','Durbin','La Fontana 204','Dubai','jrdurbin@gmail.com','0507080991','AE','Jean-Renaud','billing',NULL,NULL,NULL,'Karcher Middle East (FZE)',NULL,NULL,NULL,NULL,NULL),(45,23,NULL,352,NULL,NULL,NULL,NULL,'49973','Durbin','La Fontana 204','Dubai','jrdurbin@gmail.com','050702123456','AE','Jean-Renaud','shipping',NULL,NULL,NULL,'Karcher Middle East (FZE)',NULL,NULL,NULL,NULL,NULL),(46,23,NULL,357,NULL,NULL,NULL,NULL,'49973','Durbin','La Fontana 204','Dubai','jrdurbin@gmail.com','050702123456','AE','Jean-Renaud','billing',NULL,NULL,NULL,'Karcher Middle East (FZE)',NULL,NULL,NULL,NULL,NULL),(47,24,NULL,359,NULL,NULL,NULL,NULL,'49973','Durbin','La Fontana 204','Dubai','jrdurbin@gmail.com','121231321231','AE','Jean-Renaud','shipping',NULL,NULL,NULL,'Karcher Middle East (FZE)',NULL,NULL,NULL,NULL,NULL),(48,24,NULL,360,NULL,NULL,NULL,NULL,'49973','Durbin','La Fontana 204','Dubai','jrdurbin@gmail.com','121231321231','AE','Jean-Renaud','billing',NULL,NULL,NULL,'Karcher Middle East (FZE)',NULL,NULL,NULL,NULL,NULL),(49,25,NULL,366,NULL,NULL,NULL,NULL,'17416','Bajpai','Karcher FZE, Jebel Ali Free Zone South','Dubai','vatsal.bajpai@ae.kaercher.com','0545841235','AE','Vatsal','shipping',NULL,NULL,NULL,'KARCHER FZE',NULL,NULL,NULL,NULL,NULL),(50,25,NULL,367,NULL,NULL,NULL,NULL,'17416','Bajpai','Karcher FZE, Jebel Ali Free Zone South','Dubai','vatsal.bajpai@ae.kaercher.com','0545841235','AE','Vatsal','billing',NULL,NULL,NULL,'KARCHER FZE',NULL,NULL,NULL,NULL,NULL),(51,26,NULL,369,NULL,NULL,NULL,NULL,'17416','Bajpai','Karcher FZE, Jebel Ali Free Zone South','Dubai','vatsal.bajpai@ae.kaercher.com','0545841235','AE','Vatsal','shipping',NULL,NULL,NULL,'KARCHER FZE',NULL,NULL,NULL,NULL,NULL),(52,26,NULL,370,NULL,NULL,NULL,NULL,'17416','Bajpai','Karcher FZE, Jebel Ali Free Zone South','Dubai','vatsal.bajpai@ae.kaercher.com','0545841235','AE','Vatsal','billing',NULL,NULL,NULL,'KARCHER FZE',NULL,NULL,NULL,NULL,NULL),(53,27,NULL,382,NULL,NULL,NULL,NULL,'49503','new tester','851 West Street','Grand Rapids','tester_123@mailinator.com','12025550104','AE','tester','shipping',NULL,NULL,NULL,'test new 4Dea',NULL,NULL,NULL,NULL,NULL),(54,27,NULL,383,NULL,NULL,NULL,NULL,'49503','new tester','851 West Street','Grand Rapids','tester_123@mailinator.com','12025550104','AE','tester','billing',NULL,NULL,NULL,'test new 4Dea',NULL,NULL,NULL,NULL,NULL);

--
-- Table structure for table `sales_order_aggregated_created`
--

CREATE TABLE `sales_order_aggregated_created` (
  `id` int(10) unsigned NOT NULL AUTO_INCREMENT COMMENT 'ID',
  `period` date DEFAULT NULL COMMENT 'Period',
  `store_id` smallint(5) unsigned DEFAULT NULL COMMENT 'Store ID',
  `order_status` varchar(50) NOT NULL COMMENT 'Order Status',
  `orders_count` int(11) NOT NULL DEFAULT 0 COMMENT 'Orders Count',
  `total_qty_ordered` decimal(12,4) NOT NULL DEFAULT 0.0000 COMMENT 'Total Qty Ordered',
  `total_qty_invoiced` decimal(12,4) NOT NULL DEFAULT 0.0000 COMMENT 'Total Qty Invoiced',
  `total_income_amount` decimal(20,4) NOT NULL DEFAULT 0.0000 COMMENT 'Total Income Amount',
  `total_revenue_amount` decimal(20,4) NOT NULL DEFAULT 0.0000 COMMENT 'Total Revenue Amount',
  `total_profit_amount` decimal(20,4) NOT NULL DEFAULT 0.0000 COMMENT 'Total Profit Amount',
  `total_invoiced_amount` decimal(20,4) NOT NULL DEFAULT 0.0000 COMMENT 'Total Invoiced Amount',
  `total_canceled_amount` decimal(20,4) NOT NULL DEFAULT 0.0000 COMMENT 'Total Canceled Amount',
  `total_paid_amount` decimal(20,4) NOT NULL DEFAULT 0.0000 COMMENT 'Total Paid Amount',
  `total_refunded_amount` decimal(20,4) NOT NULL DEFAULT 0.0000 COMMENT 'Total Refunded Amount',
  `total_tax_amount` decimal(20,4) NOT NULL DEFAULT 0.0000 COMMENT 'Total Tax Amount',
  `total_tax_amount_actual` decimal(20,4) NOT NULL DEFAULT 0.0000 COMMENT 'Total Tax Amount Actual',
  `total_shipping_amount` decimal(20,4) NOT NULL DEFAULT 0.0000 COMMENT 'Total Shipping Amount',
  `total_shipping_amount_actual` decimal(20,4) NOT NULL DEFAULT 0.0000 COMMENT 'Total Shipping Amount Actual',
  `total_discount_amount` decimal(20,4) NOT NULL DEFAULT 0.0000 COMMENT 'Total Discount Amount',
  `total_discount_amount_actual` decimal(20,4) NOT NULL DEFAULT 0.0000 COMMENT 'Total Discount Amount Actual',
  PRIMARY KEY (`id`),
  UNIQUE KEY `SALES_ORDER_AGGREGATED_CREATED_PERIOD_STORE_ID_ORDER_STATUS` (`period`,`store_id`,`order_status`),
  KEY `SALES_ORDER_AGGREGATED_CREATED_STORE_ID` (`store_id`),
  CONSTRAINT `SALES_ORDER_AGGREGATED_CREATED_STORE_ID_STORE_STORE_ID` FOREIGN KEY (`store_id`) REFERENCES `store` (`store_id`) ON DELETE SET NULL
) ENGINE=InnoDB AUTO_INCREMENT=3 DEFAULT CHARSET=utf8 COMMENT='Sales Order Aggregated Created';

--
-- Dumping data for table `sales_order_aggregated_created`
--

INSERT INTO `sales_order_aggregated_created` VALUES (1,'2020-09-07',1,'canceled',1,0.0000,0.0000,0.0000,0.0000,0.0000,0.0000,5.0000,0.0000,0.0000,0.0000,0.0000,0.0000,0.0000,0.0000,0.0000),(2,'2020-09-07',0,'canceled',1,0.0000,0.0000,0.0000,0.0000,0.0000,0.0000,5.0000,0.0000,0.0000,0.0000,0.0000,0.0000,0.0000,0.0000,0.0000);

--
-- Table structure for table `sales_order_aggregated_updated`
--

CREATE TABLE `sales_order_aggregated_updated` (
  `id` int(10) unsigned NOT NULL AUTO_INCREMENT COMMENT 'ID',
  `period` date DEFAULT NULL COMMENT 'Period',
  `store_id` smallint(5) unsigned DEFAULT NULL COMMENT 'Store ID',
  `order_status` varchar(50) NOT NULL COMMENT 'Order Status',
  `orders_count` int(11) NOT NULL DEFAULT 0 COMMENT 'Orders Count',
  `total_qty_ordered` decimal(12,4) NOT NULL DEFAULT 0.0000 COMMENT 'Total Qty Ordered',
  `total_qty_invoiced` decimal(12,4) NOT NULL DEFAULT 0.0000 COMMENT 'Total Qty Invoiced',
  `total_income_amount` decimal(20,4) NOT NULL DEFAULT 0.0000 COMMENT 'Total Income Amount',
  `total_revenue_amount` decimal(20,4) NOT NULL DEFAULT 0.0000 COMMENT 'Total Revenue Amount',
  `total_profit_amount` decimal(20,4) NOT NULL DEFAULT 0.0000 COMMENT 'Total Profit Amount',
  `total_invoiced_amount` decimal(20,4) NOT NULL DEFAULT 0.0000 COMMENT 'Total Invoiced Amount',
  `total_canceled_amount` decimal(20,4) NOT NULL DEFAULT 0.0000 COMMENT 'Total Canceled Amount',
  `total_paid_amount` decimal(20,4) NOT NULL DEFAULT 0.0000 COMMENT 'Total Paid Amount',
  `total_refunded_amount` decimal(20,4) NOT NULL DEFAULT 0.0000 COMMENT 'Total Refunded Amount',
  `total_tax_amount` decimal(20,4) NOT NULL DEFAULT 0.0000 COMMENT 'Total Tax Amount',
  `total_tax_amount_actual` decimal(20,4) NOT NULL DEFAULT 0.0000 COMMENT 'Total Tax Amount Actual',
  `total_shipping_amount` decimal(20,4) NOT NULL DEFAULT 0.0000 COMMENT 'Total Shipping Amount',
  `total_shipping_amount_actual` decimal(20,4) NOT NULL DEFAULT 0.0000 COMMENT 'Total Shipping Amount Actual',
  `total_discount_amount` decimal(20,4) NOT NULL DEFAULT 0.0000 COMMENT 'Total Discount Amount',
  `total_discount_amount_actual` decimal(20,4) NOT NULL DEFAULT 0.0000 COMMENT 'Total Discount Amount Actual',
  PRIMARY KEY (`id`),
  UNIQUE KEY `SALES_ORDER_AGGREGATED_UPDATED_PERIOD_STORE_ID_ORDER_STATUS` (`period`,`store_id`,`order_status`),
  KEY `SALES_ORDER_AGGREGATED_UPDATED_STORE_ID` (`store_id`),
  CONSTRAINT `SALES_ORDER_AGGREGATED_UPDATED_STORE_ID_STORE_STORE_ID` FOREIGN KEY (`store_id`) REFERENCES `store` (`store_id`) ON DELETE SET NULL
) ENGINE=InnoDB AUTO_INCREMENT=3 DEFAULT CHARSET=utf8 COMMENT='Sales Order Aggregated Updated';

--
-- Dumping data for table `sales_order_aggregated_updated`
--

INSERT INTO `sales_order_aggregated_updated` VALUES (1,'2020-09-07',1,'canceled',1,0.0000,0.0000,0.0000,0.0000,0.0000,0.0000,5.0000,0.0000,0.0000,0.0000,0.0000,0.0000,0.0000,0.0000,0.0000),(2,'2020-09-07',0,'canceled',1,0.0000,0.0000,0.0000,0.0000,0.0000,0.0000,5.0000,0.0000,0.0000,0.0000,0.0000,0.0000,0.0000,0.0000,0.0000);

--
-- Table structure for table `sales_order_grid`
--

CREATE TABLE `sales_order_grid` (
  `entity_id` int(10) unsigned NOT NULL COMMENT 'Entity ID',
  `status` varchar(32) DEFAULT NULL COMMENT 'Status',
  `store_id` smallint(5) unsigned DEFAULT NULL COMMENT 'Store ID',
  `store_name` varchar(255) DEFAULT NULL COMMENT 'Store Name',
  `customer_id` int(10) unsigned DEFAULT NULL COMMENT 'Customer ID',
  `base_grand_total` decimal(20,4) DEFAULT NULL COMMENT 'Base Grand Total',
  `base_total_paid` decimal(20,4) DEFAULT NULL COMMENT 'Base Total Paid',
  `grand_total` decimal(20,4) DEFAULT NULL COMMENT 'Grand Total',
  `total_paid` decimal(20,4) DEFAULT NULL COMMENT 'Total Paid',
  `increment_id` varchar(50) DEFAULT NULL COMMENT 'Increment ID',
  `base_currency_code` varchar(3) DEFAULT NULL COMMENT 'Base Currency Code',
  `order_currency_code` varchar(255) DEFAULT NULL COMMENT 'Order Currency Code',
  `shipping_name` varchar(255) DEFAULT NULL COMMENT 'Shipping Name',
  `billing_name` varchar(255) DEFAULT NULL COMMENT 'Billing Name',
  `created_at` timestamp NULL DEFAULT NULL COMMENT 'Created At',
  `updated_at` timestamp NULL DEFAULT NULL COMMENT 'Updated At',
  `billing_address` varchar(255) DEFAULT NULL COMMENT 'Billing Address',
  `shipping_address` varchar(255) DEFAULT NULL COMMENT 'Shipping Address',
  `shipping_information` varchar(255) DEFAULT NULL COMMENT 'Shipping Method Name',
  `customer_email` varchar(255) DEFAULT NULL COMMENT 'Customer Email',
  `customer_group` varchar(255) DEFAULT NULL COMMENT 'Customer Group',
  `subtotal` decimal(20,4) DEFAULT NULL COMMENT 'Subtotal',
  `shipping_and_handling` decimal(20,4) DEFAULT NULL COMMENT 'Shipping and handling amount',
  `customer_name` varchar(255) DEFAULT NULL COMMENT 'Customer Name',
  `payment_method` varchar(255) DEFAULT NULL COMMENT 'Payment Method',
  `total_refunded` decimal(20,4) DEFAULT NULL COMMENT 'Total Refunded',
  `signifyd_guarantee_status` varchar(32) DEFAULT NULL COMMENT 'Signifyd Guarantee Disposition Status',
  PRIMARY KEY (`entity_id`),
  UNIQUE KEY `SALES_ORDER_GRID_INCREMENT_ID_STORE_ID` (`increment_id`,`store_id`),
  KEY `SALES_ORDER_GRID_STATUS` (`status`),
  KEY `SALES_ORDER_GRID_STORE_ID` (`store_id`),
  KEY `SALES_ORDER_GRID_BASE_GRAND_TOTAL` (`base_grand_total`),
  KEY `SALES_ORDER_GRID_BASE_TOTAL_PAID` (`base_total_paid`),
  KEY `SALES_ORDER_GRID_GRAND_TOTAL` (`grand_total`),
  KEY `SALES_ORDER_GRID_TOTAL_PAID` (`total_paid`),
  KEY `SALES_ORDER_GRID_SHIPPING_NAME` (`shipping_name`),
  KEY `SALES_ORDER_GRID_BILLING_NAME` (`billing_name`),
  KEY `SALES_ORDER_GRID_CREATED_AT` (`created_at`),
  KEY `SALES_ORDER_GRID_CUSTOMER_ID` (`customer_id`),
  KEY `SALES_ORDER_GRID_UPDATED_AT` (`updated_at`),
  FULLTEXT KEY `FTI_65B9E9925EC58F0C7C2E2F6379C233E7` (`increment_id`,`billing_name`,`shipping_name`,`shipping_address`,`billing_address`,`customer_name`,`customer_email`)
) ENGINE=InnoDB DEFAULT CHARSET=utf8 COMMENT='Sales Flat Order Grid';

--
-- Dumping data for table `sales_order_grid`
--

INSERT INTO `sales_order_grid` VALUES (1,'pending',1,'Main Website\nMain Website Store\nDefault Store View',NULL,5.0000,NULL,5.0000,NULL,'000000001','AED','AED','Arpit Khandelwal','Arpit Khandelwal','2020-07-20 10:23:09','2020-07-20 10:23:10','10/10,ALAKNANDA APARTMENT\nPRATAP NAGAR,JAIPUR,Rajasthan,302021','10/10,ALAKNANDA APARTMENT\nPRATAP NAGAR,JAIPUR,Rajasthan,302021','Flat Rate - Fixed','arpit.khandelwal@emails.emizentech.com','0',0.0000,5.0000,'Arpit Khandelwal','checkmo',NULL,NULL),(2,'pending',1,'Main Website\nMain Website Store\nDefault Store View',NULL,5.0000,NULL,5.0000,NULL,'000000002','AED','AED','oj oij','oj oij','2020-07-20 10:37:58','2020-07-20 10:37:58','oij,oij\noij\noij,oij,Alabama,12345-6789','oij,oij\noij\noij,oij,Alabama,12345-6789','Flat Rate - Fixed','test@mailinator.com','0',0.0000,5.0000,'oj oij','checkmo',NULL,NULL),(3,'pending',1,'Main Website\nMain Website Store\nDefault Store View',NULL,5.0000,NULL,5.0000,NULL,'000000003','AED','AED','Arpit Khandelwal','Arpit Khandelwal','2020-09-07 06:08:04','2020-09-07 06:08:07','test,test\ntest,JAIPUR,Rajasthan,302021','test,test\ntest,JAIPUR,Rajasthan,302021','Flat Rate - Fixed','arpit.khandelwal@emails.emizentech.com','0',0.0000,5.0000,'Arpit Khandelwal','checkmo',NULL,NULL),(4,'canceled',1,'Main Website\nMain Website Store\nDefault Store View',NULL,5.0000,NULL,5.0000,NULL,'000000004','AED','AED','Arpit Khandelwal','Arpit Khandelwal','2020-09-07 06:13:53','2020-09-07 06:15:05','test\ntest,JAIPUR,Rajasthan,302021','test\ntest,JAIPUR,Rajasthan,302021','Flat Rate - Fixed','arpit.khandelwal@emails.emizentech.com','0',0.0000,5.0000,'Arpit Khandelwal','checkmo',NULL,NULL),(5,'pending',1,'Main Website\nMain Website Store\nDefault Store View',NULL,5.0000,NULL,5.0000,NULL,'000000005','AED','AED','Arpit Khandelwal','Arpit Khandelwal','2020-09-07 06:26:08','2020-09-07 06:26:08','test\ntest,JAIPUR,Rajasthan,302021','test\ntest,JAIPUR,Rajasthan,302021','Flat Rate - Fixed','arpit.khandelwal@emails.emizentech.com','0',0.0000,5.0000,'','checkmo',NULL,NULL),(6,'pending',1,'Main Website\nMain Website Store\nDefault Store View',NULL,5.0000,NULL,5.0000,NULL,'000000006','AED','AED','demo test','demo test','2020-09-07 06:34:07','2020-09-07 06:34:07','xyz,xyz,xyz,Rajasthan,312017','xyz,xyz,xyz,Rajasthan,312017','Flat Rate - Fixed','demo123@gmail.com','0',0.0000,5.0000,'demo test','checkmo',NULL,NULL),(7,'pending',1,'Main Website\nMain Website Store\nDefault Store View',NULL,10.0000,NULL,10.0000,NULL,'000000007','AED','AED','demo test','demo test','2020-09-07 06:58:52','2020-09-07 06:58:53','xyz,xyz,jaipur,Rajasthan,302017','xyz,xyz,jaipur,Rajasthan,302017','Flat Rate - Fixed','demo123@gmail.com','0',0.0000,10.0000,'demo test','checkmo',NULL,NULL),(8,'pending',1,'Main Website\nMain Website Store\nDefault Store View',NULL,5.0000,NULL,5.0000,NULL,'000000008','AED','AED','demo test','demo test','2020-09-09 05:40:11','2020-09-09 05:40:14','xyz,xyz,xyz,Rajasthan,302017','xyz,xyz,xyz,Rajasthan,302017','Flat Rate - Fixed','demo123@gmail.com','0',0.0000,5.0000,'demo test','checkmo',NULL,NULL),(9,'pending',1,'Main Website\nMain Website Store\nDefault Store View',NULL,5.0000,NULL,5.0000,NULL,'000000009','AED','AED','demo test','demo test','2020-09-09 11:05:31','2020-09-09 11:05:32','xyz,xyz,jaipur,Rajasthan,30217','xyz,xyz,jaipur,Rajasthan,30217','Flat Rate - Fixed','demo123@gmail.com','0',0.0000,5.0000,'demo test','checkmo',NULL,NULL),(10,'pending',1,'Main Website\nMain Website Store\nDefault Store View',NULL,15.0000,NULL,15.0000,NULL,'000000010','AED','AED','demo test','demo test','2020-09-09 11:54:40','2020-09-09 11:54:41','xyz,xyz,xyz,Rajasthan,302017','xyz,xyz,xyz,Rajasthan,302017','Flat Rate - Fixed','demo123@gmail.com','0',0.0000,15.0000,'demo test','checkmo',NULL,NULL),(11,'pending',1,'Main Website\nMain Website Store\nDefault Store View',NULL,5.0000,NULL,5.0000,NULL,'000000011','AED','AED','demo test','demo test','2020-09-09 13:18:32','2020-09-09 13:18:33','xyz,xyz,xyz,Rajasthan,302017','xyz,xyz,xyz,Rajasthan,302017','Flat Rate - Fixed','demo123@gmail.com','0',0.0000,5.0000,'demo test','checkmo',NULL,NULL),(12,'pending',1,'Main Website\nMain Website Store\nDefault Store View',NULL,5.0000,NULL,5.0000,NULL,'000000012','AED','AED','demo test','demo test','2020-09-14 12:03:21','2020-09-14 12:03:23','xyz,xyz,xyz,Rajasthan,302017','xyz,xyz,xyz,Rajasthan,302017','Flat Rate - Fixed','demo123@gmail.com','0',0.0000,5.0000,'demo test','checkmo',NULL,NULL),(13,'pending',1,'Main Website\nMain Website Store\nDefault Store View',2,604.5500,NULL,604.5500,NULL,'000000013','AED','AED','Jean-Renaud Durbin','Jean-Renaud Durbin','2020-09-15 09:06:01','2020-09-15 09:06:01','Karcher Middle East (FZE),La Fontana 204,Dubai,49973','Karcher Middle East (FZE),La Fontana 204,Dubai,49973','Flat Rate - Fixed','jean-renaud.durbin@ae.kaercher.com','1',599.5500,5.0000,'Jean-Renaud Durbin','checkmo',NULL,NULL),(14,'pending',1,'Main Website\nMain Website Store\nDefault Store View',NULL,5.0000,NULL,5.0000,NULL,'000000014','AED','AED','demo test','demo test','2020-09-18 12:17:15','2020-09-18 12:17:17','xyz,xyz,xyz,Rajasthan,302017','xyz,xyz,xyz,Rajasthan,302017','Flat Rate - Fixed','demo123@gmail.com','0',0.0000,5.0000,'demo test','checkmo',NULL,NULL),(15,'pending',1,'Main Website\nMain Website Store\nDefault Store View',NULL,3191.7500,NULL,3191.7500,NULL,'000000015','AED','AED','demo test','demo test','2020-09-21 06:33:13','2020-09-21 06:33:14','xyz,xyz,xyZ,Rajasthan,302010','xyz,xyz,xyZ,Rajasthan,302010','Flat Rate - Fixed','demo123@gmail.com','0',3186.7500,5.0000,'demo test','checkmo',NULL,NULL),(16,'processing',1,'Main Website\nMain Website Store\nDefault Store View',NULL,3895.0000,3895.0000,3895.0000,3895.0000,'000000018','USD','USD','test test','test test','2020-09-29 11:18:54','2020-09-29 11:18:54','test,test\nt,test,Alaska,99501','test,test\nt,test,Alaska,99501','Flat Rate - Fixed','tjerry548@gmail.com','0',3885.0000,10.0000,'','chcybersource',NULL,NULL),(17,'processing',1,'Main Website\nMain Website Store\nDefault Store View',NULL,49.1000,49.1000,49.1000,49.1000,'000000019','USD','USD','test test','test test','2020-09-29 11:24:28','2020-09-29 11:24:28','test,test\ntest\ntest,Jaipur,Rajasthan,322230','test,test\ntest\ntest,Jaipur,Rajasthan,322230','Flat Rate - Fixed','tjerry548@gmail.com','0',44.1000,5.0000,'','chcybersource',NULL,NULL),(18,'processing',1,'Main Website\nMain Website Store\nDefault Store View',NULL,341.0000,341.0000,341.0000,341.0000,'000000021','USD','USD','Jean Renaud','Jean Renaud','2020-09-29 12:55:34','2020-09-29 12:55:34','Karcher Middle East (FZE),La Fontana 204,Dubai,49973','Karcher Middle East (FZE),La Fontana 204,Dubai,49973','Flat Rate - Fixed','jrdurbin@gmail.com','0',336.0000,5.0000,'','chcybersource',NULL,NULL),(19,'complete',1,'Main Website\nMain Website Store\nDefault Store View',6,604.5500,604.5500,604.5500,604.5500,'000000022','AED','AED','tester kaercher','tester kaercher','2020-10-06 08:01:55','2020-10-06 08:11:21','8 Burman Close,Leamington Spa,CV32 6HU','8 Burman Close,Leamington Spa,CV32 6HU','Flat Rate - Fixed','sunil.k.gupta@emails.emizentech.com','1',599.5500,5.0000,'tester kaercher','checkmo',NULL,NULL),(20,'pending',1,'Main Website\nMain Website Store\nDefault Store View',NULL,1004.6000,NULL,1004.6000,NULL,'000000023','AED','AED','Vatsal Bajpai','Vatsal Bajpai','2020-10-06 08:37:30','2020-10-06 08:37:33','Karcher,Al Fahidi Street\nBurdubai,Dubai,Dubai,46500','Karcher,Al Fahidi Street\nBurdubai,Dubai,Dubai,46500','Flat Rate - Fixed','vatsal.bajpai@ae.kaercher.com','0',999.6000,5.0000,'Vatsal Bajpai','checkmo',NULL,NULL),(21,'complete',1,'Main Website\nKarcher Center Dubai\nDefault Store View',NULL,352.8000,352.8000,352.8000,352.8000,'000000026','AED','AED','Jean-Renaud Durbin','Jean-Renaud Durbin','2020-10-07 11:46:02','2020-10-07 12:11:47','Karcher Middle East (FZE),La Fontana 204,Dubai,Dubai,49973','Karcher Middle East (FZE),La Fontana 204,Dubai,Dubai,49973','Free Shipping - Free','jrdurbin@gmail.com','0',336.0000,0.0000,'Jean-Renaud Durbin','checkmo',NULL,NULL),(22,'processing',1,'Main Website\nKarcher Center Dubai\nDefault Store View',NULL,372.8000,372.8000,372.8000,372.8000,'000000027','USD','USD','Jean-Renaud Durbin','Jean-Renaud Durbin','2020-10-07 12:42:44','2020-10-07 12:42:44','Karcher Middle East (FZE),La Fontana 204,Dubai,Dubai,49973','Karcher Middle East (FZE),La Fontana 204,Dubai,Dubai,49973','Flat Rate - Fixed','jrdurbin@gmail.com','0',336.0000,20.0000,'','chcybersource',NULL,NULL),(23,'processing',1,'Main Website\nKarcher Center Dubai\nDefault Store View',NULL,167.2600,167.2600,167.2600,167.2600,'000000029','USD','USD','Jean-Renaud Durbin','Jean-Renaud Durbin','2020-10-07 12:52:21','2020-10-07 12:52:22','Karcher Middle East (FZE),La Fontana 204,Dubai,49973','Karcher Middle East (FZE),La Fontana 204,Dubai,49973','Best Way - Shipping','jrdurbin@gmail.com','0',140.2500,20.0000,'','chcybersource',NULL,NULL),(24,'processing',1,'Main Website\nKarcher Center Dubai\nDefault Store View',NULL,225.0700,225.0700,225.0700,225.0700,'000000030','USD','USD','Jean-Renaud Durbin','Jean-Renaud Durbin','2020-10-07 12:57:08','2020-10-07 12:57:08','Karcher Middle East (FZE),La Fontana 204,Dubai,49973','Karcher Middle East (FZE),La Fontana 204,Dubai,49973','Best Way - Shipping','jrdurbin@gmail.com','0',195.3000,20.0000,'','chcybersource',NULL,NULL),(25,'processing',1,'Main Website\nKarcher Center Dubai\nDefault Store View',NULL,50.0000,50.0000,50.0000,50.0000,'000000031','USD','USD','Vatsal Bajpai','Vatsal Bajpai','2020-10-08 04:33:14','2020-10-08 04:33:14','KARCHER FZE,Karcher FZE, Jebel Ali Free Zone South,Dubai,17416','KARCHER FZE,Karcher FZE, Jebel Ali Free Zone South,Dubai,17416','Best Way - Shipping','vatsal.bajpai@ae.kaercher.com','0',28.5700,20.0000,'','chcybersource',NULL,NULL),(26,'processing',1,'Main Website\nKarcher Center Dubai\nDefault Store View',NULL,840.0000,840.0000,840.0000,840.0000,'000000032','USD','USD','Vatsal Bajpai','Vatsal Bajpai','2020-10-08 04:42:04','2020-10-08 04:42:04','KARCHER FZE,Karcher FZE, Jebel Ali Free Zone South,Dubai,17416','KARCHER FZE,Karcher FZE, Jebel Ali Free Zone South,Dubai,17416','Best Way - Shipping','vatsal.bajpai@ae.kaercher.com','0',800.0000,0.0000,'','chcybersource',NULL,NULL),(27,'pending',1,'Main Website\nKarcher Center Dubai\nDefault Store View',NULL,64.1000,NULL,64.1000,NULL,'146000002001','USD','USD','tester new tester','tester new tester','2020-10-08 07:44:38','2020-10-08 07:44:41','test new 4Dea,851 West Street,Grand Rapids,49503','test new 4Dea,851 West Street,Grand Rapids,49503','Best Way - Shipping','tester_123@mailinator.com','0',42.0000,19.0500,'tester new tester','checkmo',NULL,NULL);

--
-- Table structure for table `sales_order_item`
--

CREATE TABLE `sales_order_item` (
  `item_id` int(10) unsigned NOT NULL AUTO_INCREMENT COMMENT 'Item ID',
  `order_id` int(10) unsigned NOT NULL DEFAULT 0 COMMENT 'Order ID',
  `parent_item_id` int(10) unsigned DEFAULT NULL COMMENT 'Parent Item ID',
  `quote_item_id` int(10) unsigned DEFAULT NULL COMMENT 'Quote Item ID',
  `store_id` smallint(5) unsigned DEFAULT NULL COMMENT 'Store ID',
  `created_at` timestamp NOT NULL DEFAULT current_timestamp() COMMENT 'Created At',
  `updated_at` timestamp NOT NULL DEFAULT current_timestamp() ON UPDATE current_timestamp() COMMENT 'Updated At',
  `product_id` int(10) unsigned DEFAULT NULL COMMENT 'Product ID',
  `product_type` varchar(255) DEFAULT NULL COMMENT 'Product Type',
  `product_options` text DEFAULT NULL COMMENT 'Product Options',
  `weight` decimal(12,4) DEFAULT 0.0000 COMMENT 'Weight',
  `is_virtual` smallint(5) unsigned DEFAULT NULL COMMENT 'Is Virtual',
  `sku` varchar(255) DEFAULT NULL COMMENT 'Sku',
  `name` varchar(255) DEFAULT NULL COMMENT 'Name',
  `description` text DEFAULT NULL COMMENT 'Description',
  `applied_rule_ids` text DEFAULT NULL COMMENT 'Applied Rule Ids',
  `additional_data` text DEFAULT NULL COMMENT 'Additional Data',
  `is_qty_decimal` smallint(5) unsigned DEFAULT NULL COMMENT 'Is Qty Decimal',
  `no_discount` smallint(5) unsigned NOT NULL DEFAULT 0 COMMENT 'No Discount',
  `qty_backordered` decimal(12,4) DEFAULT 0.0000 COMMENT 'Qty Backordered',
  `qty_canceled` decimal(12,4) DEFAULT 0.0000 COMMENT 'Qty Canceled',
  `qty_invoiced` decimal(12,4) DEFAULT 0.0000 COMMENT 'Qty Invoiced',
  `qty_ordered` decimal(12,4) DEFAULT 0.0000 COMMENT 'Qty Ordered',
  `qty_refunded` decimal(12,4) DEFAULT 0.0000 COMMENT 'Qty Refunded',
  `qty_shipped` decimal(12,4) DEFAULT 0.0000 COMMENT 'Qty Shipped',
  `base_cost` decimal(12,4) DEFAULT 0.0000 COMMENT 'Base Cost',
  `price` decimal(12,4) NOT NULL DEFAULT 0.0000 COMMENT 'Price',
  `base_price` decimal(12,4) NOT NULL DEFAULT 0.0000 COMMENT 'Base Price',
  `original_price` decimal(12,4) DEFAULT NULL COMMENT 'Original Price',
  `base_original_price` decimal(12,4) DEFAULT NULL COMMENT 'Base Original Price',
  `tax_percent` decimal(12,4) DEFAULT 0.0000 COMMENT 'Tax Percent',
  `tax_amount` decimal(20,4) DEFAULT 0.0000 COMMENT 'Tax Amount',
  `base_tax_amount` decimal(20,4) DEFAULT 0.0000 COMMENT 'Base Tax Amount',
  `tax_invoiced` decimal(20,4) DEFAULT 0.0000 COMMENT 'Tax Invoiced',
  `base_tax_invoiced` decimal(20,4) DEFAULT 0.0000 COMMENT 'Base Tax Invoiced',
  `discount_percent` decimal(12,4) DEFAULT 0.0000 COMMENT 'Discount Percent',
  `discount_amount` decimal(20,4) DEFAULT 0.0000 COMMENT 'Discount Amount',
  `base_discount_amount` decimal(20,4) DEFAULT 0.0000 COMMENT 'Base Discount Amount',
  `discount_invoiced` decimal(20,4) DEFAULT 0.0000 COMMENT 'Discount Invoiced',
  `base_discount_invoiced` decimal(20,4) DEFAULT 0.0000 COMMENT 'Base Discount Invoiced',
  `amount_refunded` decimal(20,4) DEFAULT 0.0000 COMMENT 'Amount Refunded',
  `base_amount_refunded` decimal(20,4) DEFAULT 0.0000 COMMENT 'Base Amount Refunded',
  `row_total` decimal(20,4) NOT NULL DEFAULT 0.0000 COMMENT 'Row Total',
  `base_row_total` decimal(20,4) NOT NULL DEFAULT 0.0000 COMMENT 'Base Row Total',
  `row_invoiced` decimal(20,4) NOT NULL DEFAULT 0.0000 COMMENT 'Row Invoiced',
  `base_row_invoiced` decimal(20,4) NOT NULL DEFAULT 0.0000 COMMENT 'Base Row Invoiced',
  `row_weight` decimal(12,4) DEFAULT 0.0000 COMMENT 'Row Weight',
  `base_tax_before_discount` decimal(20,4) DEFAULT NULL COMMENT 'Base Tax Before Discount',
  `tax_before_discount` decimal(20,4) DEFAULT NULL COMMENT 'Tax Before Discount',
  `ext_order_item_id` varchar(255) DEFAULT NULL COMMENT 'Ext Order Item ID',
  `locked_do_invoice` smallint(5) unsigned DEFAULT NULL COMMENT 'Locked Do Invoice',
  `locked_do_ship` smallint(5) unsigned DEFAULT NULL COMMENT 'Locked Do Ship',
  `price_incl_tax` decimal(20,4) DEFAULT NULL COMMENT 'Price Incl Tax',
  `base_price_incl_tax` decimal(20,4) DEFAULT NULL COMMENT 'Base Price Incl Tax',
  `row_total_incl_tax` decimal(20,4) DEFAULT NULL COMMENT 'Row Total Incl Tax',
  `base_row_total_incl_tax` decimal(20,4) DEFAULT NULL COMMENT 'Base Row Total Incl Tax',
  `discount_tax_compensation_amount` decimal(20,4) DEFAULT NULL COMMENT 'Discount Tax Compensation Amount',
  `base_discount_tax_compensation_amount` decimal(20,4) DEFAULT NULL COMMENT 'Base Discount Tax Compensation Amount',
  `discount_tax_compensation_invoiced` decimal(20,4) DEFAULT NULL COMMENT 'Discount Tax Compensation Invoiced',
  `base_discount_tax_compensation_invoiced` decimal(20,4) DEFAULT NULL COMMENT 'Base Discount Tax Compensation Invoiced',
  `discount_tax_compensation_refunded` decimal(20,4) DEFAULT NULL COMMENT 'Discount Tax Compensation Refunded',
  `base_discount_tax_compensation_refunded` decimal(20,4) DEFAULT NULL COMMENT 'Base Discount Tax Compensation Refunded',
  `tax_canceled` decimal(12,4) DEFAULT NULL COMMENT 'Tax Canceled',
  `discount_tax_compensation_canceled` decimal(20,4) DEFAULT NULL COMMENT 'Discount Tax Compensation Canceled',
  `tax_refunded` decimal(20,4) DEFAULT NULL COMMENT 'Tax Refunded',
  `base_tax_refunded` decimal(20,4) DEFAULT NULL COMMENT 'Base Tax Refunded',
  `discount_refunded` decimal(20,4) DEFAULT NULL COMMENT 'Discount Refunded',
  `base_discount_refunded` decimal(20,4) DEFAULT NULL COMMENT 'Base Discount Refunded',
  `gift_message_id` int(11) DEFAULT NULL COMMENT 'Gift Message ID',
  `gift_message_available` int(11) DEFAULT NULL COMMENT 'Gift Message Available',
  `free_shipping` smallint(5) unsigned NOT NULL DEFAULT 0 COMMENT 'Free Shipping',
  `weee_tax_applied` text DEFAULT NULL COMMENT 'Weee Tax Applied',
  `weee_tax_applied_amount` decimal(12,4) DEFAULT NULL COMMENT 'Weee Tax Applied Amount',
  `weee_tax_applied_row_amount` decimal(12,4) DEFAULT NULL COMMENT 'Weee Tax Applied Row Amount',
  `weee_tax_disposition` decimal(12,4) DEFAULT NULL COMMENT 'Weee Tax Disposition',
  `weee_tax_row_disposition` decimal(12,4) DEFAULT NULL COMMENT 'Weee Tax Row Disposition',
  `base_weee_tax_applied_amount` decimal(12,4) DEFAULT NULL COMMENT 'Base Weee Tax Applied Amount',
  `base_weee_tax_applied_row_amnt` decimal(12,4) DEFAULT NULL COMMENT 'Base Weee Tax Applied Row Amnt',
  `base_weee_tax_disposition` decimal(12,4) DEFAULT NULL COMMENT 'Base Weee Tax Disposition',
  `base_weee_tax_row_disposition` decimal(12,4) DEFAULT NULL COMMENT 'Base Weee Tax Row Disposition',
  PRIMARY KEY (`item_id`),
  KEY `SALES_ORDER_ITEM_ORDER_ID` (`order_id`),
  KEY `SALES_ORDER_ITEM_STORE_ID` (`store_id`),
  CONSTRAINT `SALES_ORDER_ITEM_ORDER_ID_SALES_ORDER_ENTITY_ID` FOREIGN KEY (`order_id`) REFERENCES `sales_order` (`entity_id`) ON DELETE CASCADE,
  CONSTRAINT `SALES_ORDER_ITEM_STORE_ID_STORE_STORE_ID` FOREIGN KEY (`store_id`) REFERENCES `store` (`store_id`) ON DELETE SET NULL
) ENGINE=InnoDB AUTO_INCREMENT=34 DEFAULT CHARSET=utf8 COMMENT='Sales Flat Order Item';

--
-- Dumping data for table `sales_order_item`
--

INSERT INTO `sales_order_item` VALUES (1,1,NULL,4,1,'2020-07-20 10:23:09','2020-07-20 10:23:09',3190,'simple','{\"info_buyRequest\":{\"uenc\":\"aHR0cDovL3BocDcyLWRldm92aDIwMS5lenhkZW1vLmNvbS9rYWVyY2hlci9mbG9vcnByby10eXJlLWFuZC1hYnJhc2lvbi1tYXJrcy1yZW1vdmVyLXJtLTc3Ni5odG1s\",\"product\":\"3190\",\"selected_configurable_option\":\"\",\"related_product\":\"\",\"item\":\"3190\",\"qty\":\"1\"}}',NULL,0,'EAN4039784475090','FloorPro Tyre and Abrasion Marks Remover RM 776',NULL,NULL,NULL,0,0,NULL,0.0000,0.0000,1.0000,0.0000,0.0000,NULL,0.0000,0.0000,0.0000,0.0000,0.0000,0.0000,0.0000,0.0000,0.0000,0.0000,0.0000,0.0000,0.0000,0.0000,0.0000,0.0000,0.0000,0.0000,0.0000,0.0000,0.0000,NULL,NULL,NULL,NULL,NULL,0.0000,0.0000,0.0000,0.0000,0.0000,0.0000,NULL,NULL,NULL,NULL,NULL,NULL,NULL,NULL,NULL,NULL,NULL,NULL,0,NULL,NULL,NULL,NULL,NULL,NULL,NULL,NULL,NULL),(2,2,NULL,5,1,'2020-07-20 10:37:58','2020-07-20 10:37:58',3190,'simple','{\"info_buyRequest\":{\"uenc\":\"aHR0cDovL3BocDcyLWRldm92aDIwMS5lenhkZW1vLmNvbS9rYWVyY2hlci9mbG9vcnByby10eXJlLWFuZC1hYnJhc2lvbi1tYXJrcy1yZW1vdmVyLXJtLTc3Ni5odG1s\",\"product\":\"3190\",\"selected_configurable_option\":\"\",\"related_product\":\"\",\"item\":\"3190\",\"qty\":\"1\"}}',NULL,0,'EAN4039784475090','FloorPro Tyre and Abrasion Marks Remover RM 776',NULL,NULL,NULL,0,0,NULL,0.0000,0.0000,1.0000,0.0000,0.0000,NULL,0.0000,0.0000,0.0000,0.0000,0.0000,0.0000,0.0000,0.0000,0.0000,0.0000,0.0000,0.0000,0.0000,0.0000,0.0000,0.0000,0.0000,0.0000,0.0000,0.0000,0.0000,NULL,NULL,NULL,NULL,NULL,0.0000,0.0000,0.0000,0.0000,0.0000,0.0000,NULL,NULL,NULL,NULL,NULL,NULL,NULL,NULL,NULL,NULL,NULL,NULL,0,NULL,NULL,NULL,NULL,NULL,NULL,NULL,NULL,NULL),(3,3,NULL,40,1,'2020-09-07 06:08:05','2020-09-07 06:08:05',3839,'simple','{\"info_buyRequest\":{\"uenc\":\"aHR0cDovL3BocDcyLWRldm92aDIwMS5lenhkZW1vLmNvbS9rYWVyY2hlci9oaWdoLXByZXNzdXJlLXdhc2hlci1rLTUtcHJlbWl1bS1mdWxsLWNvbnRyb2wtcGx1cy5odG1s\",\"product\":\"3839\",\"selected_configurable_option\":\"\",\"related_product\":\"\",\"item\":\"3839\",\"qty\":\"1\"}}',NULL,0,'1.324-632.0','High pressure washer K 5 Premium Full Control Plus',NULL,NULL,NULL,0,0,NULL,0.0000,0.0000,1.0000,0.0000,0.0000,NULL,0.0000,0.0000,0.0000,0.0000,0.0000,0.0000,0.0000,0.0000,0.0000,0.0000,0.0000,0.0000,0.0000,0.0000,0.0000,0.0000,0.0000,0.0000,0.0000,0.0000,0.0000,NULL,NULL,NULL,NULL,NULL,0.0000,0.0000,0.0000,0.0000,0.0000,0.0000,NULL,NULL,NULL,NULL,NULL,NULL,NULL,NULL,NULL,NULL,NULL,0,0,NULL,NULL,NULL,NULL,NULL,NULL,NULL,NULL,NULL),(4,4,NULL,41,1,'2020-09-07 06:13:53','2020-09-07 06:15:05',3839,'simple','{\"info_buyRequest\":{\"uenc\":\"aHR0cDovL3BocDcyLWRldm92aDIwMS5lenhkZW1vLmNvbS9rYWVyY2hlci9oaWdoLXByZXNzdXJlLXdhc2hlci1rLTUtcHJlbWl1bS1mdWxsLWNvbnRyb2wtcGx1cy5odG1s\",\"product\":\"3839\",\"selected_configurable_option\":\"\",\"related_product\":\"\",\"item\":\"3839\",\"qty\":\"1\"}}',NULL,0,'1.324-632.0','High pressure washer K 5 Premium Full Control Plus',NULL,NULL,NULL,0,0,NULL,1.0000,0.0000,1.0000,0.0000,0.0000,NULL,0.0000,0.0000,0.0000,0.0000,0.0000,0.0000,0.0000,0.0000,0.0000,0.0000,0.0000,0.0000,0.0000,0.0000,0.0000,0.0000,0.0000,0.0000,0.0000,0.0000,0.0000,NULL,NULL,NULL,NULL,NULL,0.0000,0.0000,0.0000,0.0000,0.0000,0.0000,NULL,NULL,NULL,NULL,0.0000,0.0000,NULL,NULL,NULL,NULL,NULL,0,0,NULL,NULL,NULL,NULL,NULL,NULL,NULL,NULL,NULL),(5,5,NULL,42,1,'2020-09-07 06:26:08','2020-09-07 06:26:08',3839,'simple','{\"info_buyRequest\":{\"uenc\":\"aHR0cDovL3BocDcyLWRldm92aDIwMS5lenhkZW1vLmNvbS9rYWVyY2hlci9oaWdoLXByZXNzdXJlLXdhc2hlci1rLTUtcHJlbWl1bS1mdWxsLWNvbnRyb2wtcGx1cy5odG1s\",\"product\":\"3839\",\"selected_configurable_option\":\"\",\"related_product\":\"\",\"item\":\"3839\",\"qty\":\"1.0000\",\"options\":[]}}',NULL,0,'1.324-632.0','High pressure washer K 5 Premium Full Control Plus',NULL,NULL,NULL,0,0,NULL,0.0000,0.0000,1.0000,0.0000,0.0000,NULL,0.0000,0.0000,0.0000,0.0000,0.0000,0.0000,0.0000,0.0000,0.0000,0.0000,0.0000,0.0000,0.0000,0.0000,0.0000,0.0000,0.0000,0.0000,0.0000,0.0000,0.0000,NULL,NULL,NULL,NULL,NULL,0.0000,0.0000,0.0000,0.0000,0.0000,0.0000,NULL,NULL,NULL,NULL,NULL,NULL,NULL,NULL,NULL,NULL,NULL,0,0,NULL,NULL,NULL,NULL,NULL,NULL,NULL,NULL,NULL),(6,6,NULL,43,1,'2020-09-07 06:34:07','2020-09-07 06:34:07',3839,'simple','{\"info_buyRequest\":{\"uenc\":\"aHR0cDovL3BocDcyLWRldm92aDIwMS5lenhkZW1vLmNvbS9rYWVyY2hlci9oaWdoLXByZXNzdXJlLXdhc2hlci1rLTUtcHJlbWl1bS1mdWxsLWNvbnRyb2wtcGx1cy5odG1s\",\"product\":\"3839\",\"selected_configurable_option\":\"\",\"related_product\":\"\",\"item\":\"3839\",\"qty\":\"1\"}}',NULL,0,'1.324-632.0','High pressure washer K 5 Premium Full Control Plus',NULL,NULL,NULL,0,0,NULL,0.0000,0.0000,1.0000,0.0000,0.0000,NULL,0.0000,0.0000,0.0000,0.0000,0.0000,0.0000,0.0000,0.0000,0.0000,0.0000,0.0000,0.0000,0.0000,0.0000,0.0000,0.0000,0.0000,0.0000,0.0000,0.0000,0.0000,NULL,NULL,NULL,NULL,NULL,0.0000,0.0000,0.0000,0.0000,0.0000,0.0000,NULL,NULL,NULL,NULL,NULL,NULL,NULL,NULL,NULL,NULL,NULL,0,0,NULL,NULL,NULL,NULL,NULL,NULL,NULL,NULL,NULL),(7,7,NULL,44,1,'2020-09-07 06:58:52','2020-09-07 06:58:52',3839,'simple','{\"info_buyRequest\":{\"uenc\":\"aHR0cDovL3BocDcyLWRldm92aDIwMS5lenhkZW1vLmNvbS9rYWVyY2hlci9oaWdoLXByZXNzdXJlLXdhc2hlci1rLTUtcHJlbWl1bS1mdWxsLWNvbnRyb2wtcGx1cy5odG1s\",\"product\":\"3839\",\"selected_configurable_option\":\"\",\"related_product\":\"\",\"item\":\"3839\",\"qty\":\"1\"}}',NULL,0,'1.324-632.0','High pressure washer K 5 Premium Full Control Plus',NULL,NULL,NULL,0,0,NULL,0.0000,0.0000,2.0000,0.0000,0.0000,NULL,0.0000,0.0000,0.0000,0.0000,0.0000,0.0000,0.0000,0.0000,0.0000,0.0000,0.0000,0.0000,0.0000,0.0000,0.0000,0.0000,0.0000,0.0000,0.0000,0.0000,0.0000,NULL,NULL,NULL,NULL,NULL,0.0000,0.0000,0.0000,0.0000,0.0000,0.0000,NULL,NULL,NULL,NULL,NULL,NULL,NULL,NULL,NULL,NULL,NULL,0,0,NULL,NULL,NULL,NULL,NULL,NULL,NULL,NULL,NULL),(8,8,NULL,47,1,'2020-09-09 05:40:11','2020-09-09 05:40:11',3839,'simple','{\"info_buyRequest\":{\"uenc\":\"aHR0cDovL3BocDcyLWRldm92aDIwMS5lenhkZW1vLmNvbS9rYWVyY2hlci9oaWdoLXByZXNzdXJlLXdhc2hlci1rLTUtcHJlbWl1bS1mdWxsLWNvbnRyb2wtcGx1cy5odG1s\",\"product\":\"3839\",\"selected_configurable_option\":\"\",\"related_product\":\"\",\"item\":\"3839\",\"qty\":\"1\"}}',NULL,0,'1.324-632.0','High pressure washer K 5 Premium Full Control Plus',NULL,NULL,NULL,0,0,NULL,0.0000,0.0000,1.0000,0.0000,0.0000,NULL,0.0000,0.0000,0.0000,0.0000,0.0000,0.0000,0.0000,0.0000,0.0000,0.0000,0.0000,0.0000,0.0000,0.0000,0.0000,0.0000,0.0000,0.0000,0.0000,0.0000,0.0000,NULL,NULL,NULL,NULL,NULL,0.0000,0.0000,0.0000,0.0000,0.0000,0.0000,NULL,NULL,NULL,NULL,NULL,NULL,NULL,NULL,NULL,NULL,NULL,0,0,NULL,NULL,NULL,NULL,NULL,NULL,NULL,NULL,NULL),(9,9,NULL,48,1,'2020-09-09 11:05:31','2020-09-09 11:05:31',3635,'simple','{\"info_buyRequest\":{\"uenc\":\"aHR0cDovL3BocDcyLWRldm92aDIwMS5lenhkZW1vLmNvbS9rYWVyY2hlci9haXItYmxvd2VyLWFiLTg0Lmh0bWw,\",\"product\":\"3635\",\"selected_configurable_option\":\"\",\"related_product\":\"\",\"item\":\"3635\",\"qty\":\"1\"}}',NULL,0,'1.004-052.0','Air Blower AB 84',NULL,NULL,NULL,0,0,NULL,0.0000,0.0000,1.0000,0.0000,0.0000,NULL,0.0000,0.0000,0.0000,0.0000,0.0000,0.0000,0.0000,0.0000,0.0000,0.0000,0.0000,0.0000,0.0000,0.0000,0.0000,0.0000,0.0000,0.0000,0.0000,0.0000,0.0000,NULL,NULL,NULL,NULL,NULL,0.0000,0.0000,0.0000,0.0000,0.0000,0.0000,NULL,NULL,NULL,NULL,NULL,NULL,NULL,NULL,NULL,NULL,NULL,NULL,0,NULL,NULL,NULL,NULL,NULL,NULL,NULL,NULL,NULL),(10,10,NULL,49,1,'2020-09-09 11:54:40','2020-09-09 11:54:40',3839,'simple','{\"info_buyRequest\":{\"uenc\":\"aHR0cDovL3BocDcyLWRldm92aDIwMS5lenhkZW1vLmNvbS9rYWVyY2hlci9oaWdoLXByZXNzdXJlLXdhc2hlci1rLTUtcHJlbWl1bS1mdWxsLWNvbnRyb2wtcGx1cy5odG1s\",\"product\":\"3839\",\"selected_configurable_option\":\"\",\"related_product\":\"\",\"item\":\"3839\",\"qty\":\"1\"}}',NULL,0,'1.324-632.0','High pressure washer K 5 Premium Full Control Plus',NULL,NULL,NULL,0,0,NULL,0.0000,0.0000,3.0000,0.0000,0.0000,NULL,0.0000,0.0000,0.0000,0.0000,0.0000,0.0000,0.0000,0.0000,0.0000,0.0000,0.0000,0.0000,0.0000,0.0000,0.0000,0.0000,0.0000,0.0000,0.0000,0.0000,0.0000,NULL,NULL,NULL,NULL,NULL,0.0000,0.0000,0.0000,0.0000,0.0000,0.0000,NULL,NULL,NULL,NULL,NULL,NULL,NULL,NULL,NULL,NULL,NULL,0,0,NULL,NULL,NULL,NULL,NULL,NULL,NULL,NULL,NULL),(11,11,NULL,50,1,'2020-09-09 13:18:32','2020-09-09 13:18:32',3839,'simple','{\"info_buyRequest\":{\"uenc\":\"aHR0cDovL3BocDcyLWRldm92aDIwMS5lenhkZW1vLmNvbS9rYWVyY2hlci9oaWdoLXByZXNzdXJlLXdhc2hlci1rLTUtcHJlbWl1bS1mdWxsLWNvbnRyb2wtcGx1cy5odG1s\",\"product\":\"3839\",\"selected_configurable_option\":\"\",\"related_product\":\"\",\"item\":\"3839\",\"qty\":\"1\"}}',NULL,0,'1.324-632.0','High pressure washer K 5 Premium Full Control Plus',NULL,NULL,NULL,0,0,NULL,0.0000,0.0000,1.0000,0.0000,0.0000,NULL,0.0000,0.0000,0.0000,0.0000,0.0000,0.0000,0.0000,0.0000,0.0000,0.0000,0.0000,0.0000,0.0000,0.0000,0.0000,0.0000,0.0000,0.0000,0.0000,0.0000,0.0000,NULL,NULL,NULL,NULL,NULL,0.0000,0.0000,0.0000,0.0000,0.0000,0.0000,NULL,NULL,NULL,NULL,NULL,NULL,NULL,NULL,NULL,NULL,NULL,0,0,NULL,NULL,NULL,NULL,NULL,NULL,NULL,NULL,NULL),(12,12,NULL,57,1,'2020-09-14 12:03:21','2020-09-14 12:03:21',3885,'simple','{\"info_buyRequest\":{\"uenc\":\"aHR0cDovL3BocDcyLWRldm92aDIwMS5lenhkZW1vLmNvbS9rYWVyY2hlci9oaWdoLXByZXNzdXJlLXdhc2hlci1rLTMtZnVsbC1jb250cm9sLWdiLmh0bWw,\",\"product\":\"3885\",\"selected_configurable_option\":\"\",\"related_product\":\"\",\"item\":\"3885\",\"qty\":\"1\"}}',NULL,0,'1.676-027.0','High pressure washer K 3 Full Control *GB',NULL,NULL,NULL,0,0,NULL,0.0000,0.0000,1.0000,0.0000,0.0000,NULL,0.0000,0.0000,0.0000,0.0000,0.0000,0.0000,0.0000,0.0000,0.0000,0.0000,0.0000,0.0000,0.0000,0.0000,0.0000,0.0000,0.0000,0.0000,0.0000,0.0000,0.0000,NULL,NULL,NULL,NULL,NULL,0.0000,0.0000,0.0000,0.0000,0.0000,0.0000,NULL,NULL,NULL,NULL,NULL,NULL,NULL,NULL,NULL,NULL,NULL,NULL,0,NULL,NULL,NULL,NULL,NULL,NULL,NULL,NULL,NULL),(13,13,NULL,58,1,'2020-09-15 09:06:01','2020-09-15 09:06:01',3859,'simple','{\"info_buyRequest\":{\"uenc\":\"aHR0cDovL3BocDcyLWRldm92aDIwMS5lenhkZW1vLmNvbS9rYWVyY2hlci9hbGwtcHJvZHVjdHMvcHJlc3N1cmUtd2FzaGVycy5odG1s\",\"product\":\"3859\",\"qty\":1}}',NULL,0,'16800050','Mobile Outdoor Cleaner OC 3 *GB',NULL,NULL,NULL,0,0,NULL,0.0000,0.0000,1.0000,0.0000,0.0000,NULL,599.5500,599.5500,599.5500,599.5500,0.0000,0.0000,0.0000,0.0000,0.0000,0.0000,0.0000,0.0000,0.0000,0.0000,0.0000,0.0000,599.5500,599.5500,0.0000,0.0000,0.0000,NULL,NULL,NULL,NULL,NULL,599.5500,599.5500,599.5500,599.5500,0.0000,0.0000,NULL,NULL,NULL,NULL,NULL,NULL,NULL,NULL,NULL,NULL,NULL,0,0,NULL,NULL,NULL,NULL,NULL,NULL,NULL,NULL,NULL),(14,14,NULL,135,1,'2020-09-18 12:17:16','2020-09-18 12:17:16',4077,'simple','{\"info_buyRequest\":{\"uenc\":\"aHR0cDovL3BocDcyLWRldm92aDIwMS5lenhkZW1vLmNvbS9rYWVyY2hlci9hbGwtcHJvZHVjdHMvYWNjZXNzb3JpZXMuaHRtbA,,\",\"product\":\"4077\",\"qty\":1}}',NULL,0,'6.903-276.0','Wash brush',NULL,NULL,NULL,0,0,NULL,0.0000,0.0000,1.0000,0.0000,0.0000,NULL,0.0000,0.0000,0.0000,0.0000,0.0000,0.0000,0.0000,0.0000,0.0000,0.0000,0.0000,0.0000,0.0000,0.0000,0.0000,0.0000,0.0000,0.0000,0.0000,0.0000,0.0000,NULL,NULL,NULL,NULL,NULL,0.0000,0.0000,0.0000,0.0000,0.0000,0.0000,NULL,NULL,NULL,NULL,NULL,NULL,NULL,NULL,NULL,NULL,NULL,NULL,0,NULL,NULL,NULL,NULL,NULL,NULL,NULL,NULL,NULL),(15,15,NULL,142,1,'2020-09-21 06:33:13','2020-09-21 06:33:13',3845,'simple','{\"info_buyRequest\":{\"uenc\":\"aHR0cDovL3BocDcyLWRldm92aDIwMS5lenhkZW1vLmNvbS9rYWVyY2hlci9zd2VlcGVyLWttLTcwLTIwLWMtMnNiLmh0bWw,\",\"product\":\"3845\",\"selected_configurable_option\":\"\",\"related_product\":\"\",\"item\":\"3845\",\"qty\":\"1\"}}',NULL,0,'15171070','Sweeper KM 70/20 C 2SB',NULL,NULL,NULL,0,0,NULL,0.0000,0.0000,1.0000,0.0000,0.0000,NULL,3186.7500,3186.7500,3186.7500,3186.7500,0.0000,0.0000,0.0000,0.0000,0.0000,0.0000,0.0000,0.0000,0.0000,0.0000,0.0000,0.0000,3186.7500,3186.7500,0.0000,0.0000,0.0000,NULL,NULL,NULL,NULL,NULL,3186.7500,3186.7500,3186.7500,3186.7500,0.0000,0.0000,NULL,NULL,NULL,NULL,NULL,NULL,NULL,NULL,NULL,NULL,NULL,0,0,NULL,NULL,NULL,NULL,NULL,NULL,NULL,NULL,NULL),(16,16,NULL,157,1,'2020-09-29 11:18:54','2020-09-29 11:18:54',3864,'simple','{\"info_buyRequest\":{\"uenc\":\"aHR0cDovL3BocDcyLWRldm92aDIwMS5lenhkZW1vLmNvbS9rYWVyY2hlci8,\",\"product\":\"3864\",\"qty\":1}}',NULL,0,'11172200','Cordless pressure washer K 2 Battery Set',NULL,NULL,NULL,0,0,NULL,0.0000,2.0000,2.0000,0.0000,0.0000,NULL,1942.5000,1942.5000,1942.5000,1942.5000,0.0000,0.0000,0.0000,0.0000,0.0000,0.0000,0.0000,0.0000,0.0000,0.0000,0.0000,0.0000,3885.0000,3885.0000,3885.0000,3885.0000,0.0000,NULL,NULL,NULL,NULL,NULL,1942.5000,1942.5000,3885.0000,3885.0000,0.0000,0.0000,0.0000,0.0000,NULL,NULL,NULL,NULL,NULL,NULL,NULL,NULL,NULL,0,0,'[]',NULL,NULL,NULL,NULL,NULL,NULL,NULL,NULL),(17,17,NULL,161,1,'2020-09-29 11:24:28','2020-09-29 11:24:28',4110,'simple','{\"info_buyRequest\":{\"uenc\":\"aHR0cDovL3BocDcyLWRldm92aDIwMS5lenhkZW1vLmNvbS9rYWVyY2hlci9ob21lLWdhcmRlbi5odG1s\",\"product\":\"4110\",\"qty\":1}}',NULL,0,'62957530','Universal cleaner RM 626',NULL,NULL,NULL,0,0,NULL,0.0000,1.0000,1.0000,0.0000,0.0000,NULL,44.1000,44.1000,44.1000,44.1000,0.0000,0.0000,0.0000,0.0000,0.0000,0.0000,0.0000,0.0000,0.0000,0.0000,0.0000,0.0000,44.1000,44.1000,44.1000,44.1000,0.0000,NULL,NULL,NULL,NULL,NULL,44.1000,44.1000,44.1000,44.1000,0.0000,0.0000,0.0000,0.0000,NULL,NULL,NULL,NULL,NULL,NULL,NULL,NULL,NULL,0,0,'[]',NULL,NULL,NULL,NULL,NULL,NULL,NULL,NULL),(18,18,NULL,166,1,'2020-09-29 12:55:34','2020-09-29 12:55:34',3750,'simple','{\"info_buyRequest\":{\"uenc\":\"aHR0cDovL3BocDcyLWRldm92aDIwMS5lenhkZW1vLmNvbS9rYWVyY2hlci8,\",\"product\":\"3750\",\"qty\":1}}',NULL,0,'26451680','Hose trolley HT 4.520 Kit 1/2',NULL,NULL,NULL,0,0,NULL,0.0000,1.0000,1.0000,0.0000,0.0000,NULL,336.0000,336.0000,336.0000,336.0000,0.0000,0.0000,0.0000,0.0000,0.0000,0.0000,0.0000,0.0000,0.0000,0.0000,0.0000,0.0000,336.0000,336.0000,336.0000,336.0000,0.0000,NULL,NULL,NULL,NULL,NULL,336.0000,336.0000,336.0000,336.0000,0.0000,0.0000,0.0000,0.0000,NULL,NULL,NULL,NULL,NULL,NULL,NULL,NULL,NULL,0,0,'[]',NULL,NULL,NULL,NULL,NULL,NULL,NULL,NULL),(19,19,NULL,169,1,'2020-10-06 08:01:56','2020-10-06 08:11:21',3859,'simple','{\"info_buyRequest\":{\"uenc\":\"aHR0cDovL3BocDcyLWRldm92aDIwMS5lenhkZW1vLmNvbS9rYWVyY2hlci9tb2JpbGUtb3V0ZG9vci1jbGVhbmVyLW9jLTMtZ2IuaHRtbA,,\",\"product\":\"3859\",\"selected_configurable_option\":\"\",\"related_product\":\"\",\"item\":\"3859\",\"qty\":\"1\"}}',NULL,0,'16800050','Mobile Outdoor Cleaner OC 3',NULL,NULL,NULL,0,0,NULL,0.0000,1.0000,1.0000,0.0000,1.0000,NULL,599.5500,599.5500,599.5500,599.5500,0.0000,0.0000,0.0000,0.0000,0.0000,0.0000,0.0000,0.0000,0.0000,0.0000,0.0000,0.0000,599.5500,599.5500,599.5500,599.5500,0.0000,NULL,NULL,NULL,NULL,NULL,599.5500,599.5500,599.5500,599.5500,0.0000,0.0000,0.0000,0.0000,NULL,NULL,NULL,NULL,NULL,NULL,NULL,NULL,NULL,0,0,'[]',NULL,NULL,NULL,NULL,NULL,NULL,NULL,NULL),(20,20,NULL,170,1,'2020-10-06 08:37:30','2020-10-06 08:37:30',3774,'simple','{\"info_buyRequest\":{\"uenc\":\"aHR0cDovL3BocDcyLWRldm92aDIwMS5lenhkZW1vLmNvbS9rYWVyY2hlci9jYXJwZXQtY2xlYW5lci1zZS00MDAxLmh0bWw,\",\"product\":\"3774\",\"selected_configurable_option\":\"\",\"related_product\":\"\",\"item\":\"3774\",\"qty\":\"1\"}}',NULL,0,'10811350','Carpet cleaner SE 4001',NULL,NULL,NULL,0,0,NULL,0.0000,0.0000,1.0000,0.0000,0.0000,NULL,999.6000,999.6000,999.6000,999.6000,0.0000,0.0000,0.0000,0.0000,0.0000,0.0000,0.0000,0.0000,0.0000,0.0000,0.0000,0.0000,999.6000,999.6000,0.0000,0.0000,0.0000,NULL,NULL,NULL,NULL,NULL,999.6000,999.6000,999.6000,999.6000,0.0000,0.0000,NULL,NULL,NULL,NULL,NULL,NULL,NULL,NULL,NULL,NULL,NULL,0,0,NULL,NULL,NULL,NULL,NULL,NULL,NULL,NULL,NULL),(21,21,NULL,191,1,'2020-10-07 11:46:02','2020-10-07 12:11:47',3750,'simple','{\"info_buyRequest\":{\"uenc\":\"aHR0cDovL3BocDcyLWRldm92aDIwMS5lenhkZW1vLmNvbS9rYWVyY2hlci8,\",\"product\":\"3750\",\"qty\":1}}',NULL,0,'26451680','Hose trolley HT 4.520 Kit 1/2',NULL,NULL,NULL,0,0,NULL,0.0000,1.0000,1.0000,0.0000,1.0000,NULL,336.0000,336.0000,336.0000,336.0000,5.0000,16.8000,16.8000,16.8000,16.8000,0.0000,0.0000,0.0000,0.0000,0.0000,0.0000,0.0000,336.0000,336.0000,336.0000,336.0000,0.0000,NULL,NULL,NULL,NULL,NULL,352.8000,352.8000,352.8000,352.8000,0.0000,0.0000,0.0000,0.0000,NULL,NULL,NULL,NULL,NULL,NULL,NULL,NULL,NULL,0,0,'[]',NULL,NULL,NULL,NULL,NULL,NULL,NULL,NULL),(22,22,NULL,196,1,'2020-10-07 12:42:44','2020-10-07 12:42:44',3750,'simple','{\"info_buyRequest\":{\"uenc\":\"aHR0cDovL3BocDcyLWRldm92aDIwMS5lenhkZW1vLmNvbS9rYWVyY2hlci8,\",\"product\":\"3750\",\"qty\":1}}',NULL,0,'26451680','Hose trolley HT 4.520 Kit 1/2',NULL,NULL,NULL,0,0,NULL,0.0000,1.0000,1.0000,0.0000,0.0000,NULL,336.0000,336.0000,336.0000,336.0000,5.0000,16.8000,16.8000,16.8000,16.8000,0.0000,0.0000,0.0000,0.0000,0.0000,0.0000,0.0000,336.0000,336.0000,336.0000,336.0000,0.0000,NULL,NULL,NULL,NULL,NULL,352.8000,352.8000,352.8000,352.8000,0.0000,0.0000,0.0000,0.0000,NULL,NULL,NULL,NULL,NULL,NULL,NULL,NULL,NULL,0,0,'[]',NULL,NULL,NULL,NULL,NULL,NULL,NULL,NULL),(23,23,NULL,197,1,'2020-10-07 12:52:22','2020-10-07 12:52:22',3904,'simple','{\"info_buyRequest\":{\"uenc\":\"aHR0cDovL3BocDcyLWRldm92aDIwMS5lenhkZW1vLmNvbS9rYWVyY2hlci9hbGwtcHJvZHVjdHMvYWNjZXNzb3JpZXMuaHRtbA,,\",\"product\":\"3904\",\"qty\":1}}',NULL,0,'26330050','WV 2 / WV 5 squeegee blade, 280 mm',NULL,NULL,NULL,0,0,NULL,0.0000,1.0000,1.0000,0.0000,0.0000,NULL,30.0000,30.0000,30.0000,30.0000,5.0000,1.5000,1.5000,1.5000,1.5000,0.0000,0.0000,0.0000,0.0000,0.0000,0.0000,0.0000,30.0000,30.0000,30.0000,30.0000,0.0000,NULL,NULL,NULL,NULL,NULL,31.5000,31.5000,31.5000,31.5000,0.0000,0.0000,0.0000,0.0000,NULL,NULL,NULL,NULL,NULL,NULL,NULL,NULL,NULL,0,0,'[]',NULL,NULL,NULL,NULL,NULL,NULL,NULL,NULL),(24,23,NULL,198,1,'2020-10-07 12:52:22','2020-10-07 12:52:22',4044,'simple','{\"info_buyRequest\":{\"uenc\":\"aHR0cDovL3BocDcyLWRldm92aDIwMS5lenhkZW1vLmNvbS9rYWVyY2hlci9hbGwtcHJvZHVjdHMvYWNjZXNzb3JpZXMuaHRtbA,,\",\"product\":\"4044\",\"qty\":1}}',NULL,0,'28632370','HEPA hygiene filter for VC 2',NULL,NULL,NULL,0,0,NULL,0.0000,1.0000,1.0000,0.0000,0.0000,NULL,31.5000,31.5000,31.5000,31.5000,5.0000,1.5800,1.5800,1.5800,1.5800,0.0000,0.0000,0.0000,0.0000,0.0000,0.0000,0.0000,31.5000,31.5000,31.5000,31.5000,0.0000,NULL,NULL,NULL,NULL,NULL,33.0800,33.0800,33.0800,33.0800,0.0000,0.0000,0.0000,0.0000,NULL,NULL,NULL,NULL,NULL,NULL,NULL,NULL,NULL,0,0,'[]',NULL,NULL,NULL,NULL,NULL,NULL,NULL,NULL),(25,23,NULL,199,1,'2020-10-07 12:52:22','2020-10-07 12:52:22',4078,'simple','{\"info_buyRequest\":{\"uenc\":\"aHR0cDovL3BocDcyLWRldm92aDIwMS5lenhkZW1vLmNvbS9rYWVyY2hlci9hbGwtcHJvZHVjdHMvYWNjZXNzb3JpZXMuaHRtbA,,\",\"product\":\"4078\",\"qty\":1}}',NULL,0,'69041280','3x Paper filter bag for FP 303',NULL,NULL,NULL,0,0,NULL,0.0000,1.0000,1.0000,0.0000,0.0000,NULL,36.7500,36.7500,36.7500,36.7500,5.0000,1.8300,1.8300,1.8300,1.8300,0.0000,0.0000,0.0000,0.0000,0.0000,0.0000,0.0000,36.7500,36.7500,36.7500,36.7500,0.0000,NULL,NULL,NULL,NULL,NULL,38.5800,38.5800,38.5800,38.5800,0.0000,0.0000,0.0000,0.0000,NULL,NULL,NULL,NULL,NULL,NULL,NULL,NULL,NULL,0,0,'[]',NULL,NULL,NULL,NULL,NULL,NULL,NULL,NULL),(26,23,NULL,200,1,'2020-10-07 12:52:22','2020-10-07 12:52:22',4052,'simple','{\"info_buyRequest\":{\"uenc\":\"aHR0cDovL3BocDcyLWRldm92aDIwMS5lenhkZW1vLmNvbS9rYWVyY2hlci9hbGwtcHJvZHVjdHMvYWNjZXNzb3JpZXMuaHRtbA,,\",\"product\":\"4052\",\"qty\":1}}',NULL,0,'28632640','Round brush set',NULL,NULL,NULL,0,0,NULL,0.0000,1.0000,1.0000,0.0000,0.0000,NULL,42.0000,42.0000,42.0000,42.0000,5.0000,2.1000,2.1000,2.1000,2.1000,0.0000,0.0000,0.0000,0.0000,0.0000,0.0000,0.0000,42.0000,42.0000,42.0000,42.0000,0.0000,NULL,NULL,NULL,NULL,NULL,44.1000,44.1000,44.1000,44.1000,0.0000,0.0000,0.0000,0.0000,NULL,NULL,NULL,NULL,NULL,NULL,NULL,NULL,NULL,0,0,'[]',NULL,NULL,NULL,NULL,NULL,NULL,NULL,NULL),(27,24,NULL,203,1,'2020-10-07 12:57:08','2020-10-07 12:57:08',4102,'simple','{\"info_buyRequest\":{\"uenc\":\"aHR0cDovL3BocDcyLWRldm92aDIwMS5lenhkZW1vLmNvbS9rYWVyY2hlci9hbGwtcHJvZHVjdHMvZGV0ZXJnZW50cy5odG1s\",\"product\":\"4102\",\"qty\":1}}',NULL,0,'62959440','Multi-purpose floor cleaning RM 536',NULL,NULL,NULL,0,0,NULL,0.0000,2.0000,2.0000,0.0000,0.0000,NULL,26.2500,26.2500,26.2500,26.2500,5.0000,2.6300,2.6300,2.6300,2.6300,0.0000,0.0000,0.0000,0.0000,0.0000,0.0000,0.0000,52.5000,52.5000,52.5000,52.5000,0.0000,NULL,NULL,NULL,NULL,NULL,27.5700,27.5700,55.1300,55.1300,0.0000,0.0000,0.0000,0.0000,NULL,NULL,NULL,NULL,NULL,NULL,NULL,NULL,NULL,0,0,'[]',NULL,NULL,NULL,NULL,NULL,NULL,NULL,NULL),(28,24,NULL,204,1,'2020-10-07 12:57:08','2020-10-07 12:57:08',4093,'simple','{\"info_buyRequest\":{\"uenc\":\"aHR0cDovL3BocDcyLWRldm92aDIwMS5lenhkZW1vLmNvbS9rYWVyY2hlci9hbGwtcHJvZHVjdHMvZGV0ZXJnZW50cy5odG1s\",\"product\":\"4093\",\"qty\":1}}',NULL,0,'62959870','6x Descaling Powder RM 511 for Steam Cleaners',NULL,NULL,NULL,0,0,NULL,0.0000,2.0000,2.0000,0.0000,0.0000,NULL,29.4000,29.4000,29.4000,29.4000,5.0000,2.9400,2.9400,2.9400,2.9400,0.0000,0.0000,0.0000,0.0000,0.0000,0.0000,0.0000,58.8000,58.8000,58.8000,58.8000,0.0000,NULL,NULL,NULL,NULL,NULL,30.8700,30.8700,61.7400,61.7400,0.0000,0.0000,0.0000,0.0000,NULL,NULL,NULL,NULL,NULL,NULL,NULL,NULL,NULL,0,0,'[]',NULL,NULL,NULL,NULL,NULL,NULL,NULL,NULL),(29,24,NULL,205,1,'2020-10-07 12:57:08','2020-10-07 12:57:08',4085,'simple','{\"info_buyRequest\":{\"uenc\":\"aHR0cDovL3BocDcyLWRldm92aDIwMS5lenhkZW1vLmNvbS9rYWVyY2hlci9hbGwtcHJvZHVjdHMvZGV0ZXJnZW50cy5odG1s\",\"product\":\"4085\",\"qty\":1}}',NULL,0,'62957500','Car shampoo 3-in-1 RM 610',NULL,NULL,NULL,0,0,NULL,0.0000,2.0000,2.0000,0.0000,0.0000,NULL,42.0000,42.0000,42.0000,42.0000,5.0000,4.2000,4.2000,4.2000,4.2000,0.0000,0.0000,0.0000,0.0000,0.0000,0.0000,0.0000,84.0000,84.0000,84.0000,84.0000,0.0000,NULL,NULL,NULL,NULL,NULL,44.1000,44.1000,88.2000,88.2000,0.0000,0.0000,0.0000,0.0000,NULL,NULL,NULL,NULL,NULL,NULL,NULL,NULL,NULL,0,0,'[]',NULL,NULL,NULL,NULL,NULL,NULL,NULL,NULL),(30,25,NULL,210,1,'2020-10-08 04:33:14','2020-10-08 04:33:14',3904,'simple','{\"info_buyRequest\":{\"uenc\":\"aHR0cDovL3BocDcyLWRldm92aDIwMS5lenhkZW1vLmNvbS9rYWVyY2hlci9hbGwtcHJvZHVjdHMvYWNjZXNzb3JpZXMuaHRtbA,,\",\"product\":\"3904\",\"qty\":1}}',NULL,0,'26330050','WV 2 / WV 5 squeegee blade, 280 mm',NULL,NULL,NULL,0,0,NULL,0.0000,1.0000,1.0000,0.0000,0.0000,NULL,28.5700,28.5700,30.0000,30.0000,5.0000,1.4300,1.4300,1.4300,1.4300,0.0000,0.0000,0.0000,0.0000,0.0000,0.0000,0.0000,28.5700,28.5700,28.5700,28.5700,0.0000,NULL,NULL,NULL,NULL,NULL,30.0000,30.0000,30.0000,30.0000,0.0000,0.0000,0.0000,0.0000,NULL,NULL,NULL,NULL,NULL,NULL,NULL,NULL,NULL,0,0,'[]',NULL,NULL,NULL,NULL,NULL,NULL,NULL,NULL),(31,26,NULL,212,1,'2020-10-08 04:42:04','2020-10-08 04:42:04',3983,'simple','{\"info_buyRequest\":{\"uenc\":\"aHR0cDovL3BocDcyLWRldm92aDIwMS5lenhkZW1vLmNvbS9rYWVyY2hlci9hbGwtcHJvZHVjdHMvY29yZGxlc3MuaHRtbA,,\",\"product\":\"3983\",\"qty\":1}}',NULL,0,'26438570','Adventure box for OC3',NULL,NULL,NULL,0,0,NULL,0.0000,1.0000,1.0000,0.0000,0.0000,NULL,140.0000,140.0000,147.0000,147.0000,5.0000,7.0000,7.0000,7.0000,7.0000,0.0000,0.0000,0.0000,0.0000,0.0000,0.0000,0.0000,140.0000,140.0000,140.0000,140.0000,0.0000,NULL,NULL,NULL,NULL,NULL,147.0000,147.0000,147.0000,147.0000,0.0000,0.0000,0.0000,0.0000,NULL,NULL,NULL,NULL,NULL,NULL,NULL,NULL,NULL,0,0,'[]',NULL,NULL,NULL,NULL,NULL,NULL,NULL,NULL),(32,26,NULL,213,1,'2020-10-08 04:42:04','2020-10-08 04:42:04',3874,'simple','{\"info_buyRequest\":{\"uenc\":\"aHR0cDovL3BocDcyLWRldm92aDIwMS5lenhkZW1vLmNvbS9rYWVyY2hlci9hbGwtcHJvZHVjdHMvY29yZGxlc3MuaHRtbA,,\",\"product\":\"3874\",\"qty\":1}}',NULL,0,'14451100','Leaf blower LBL 2 Battery Set',NULL,NULL,NULL,0,0,NULL,0.0000,1.0000,1.0000,0.0000,0.0000,NULL,660.0000,660.0000,693.0000,693.0000,5.0000,33.0000,33.0000,33.0000,33.0000,0.0000,0.0000,0.0000,0.0000,0.0000,0.0000,0.0000,660.0000,660.0000,660.0000,660.0000,0.0000,NULL,NULL,NULL,NULL,NULL,693.0000,693.0000,693.0000,693.0000,0.0000,0.0000,0.0000,0.0000,NULL,NULL,NULL,NULL,NULL,NULL,NULL,NULL,NULL,0,0,'[]',NULL,NULL,NULL,NULL,NULL,NULL,NULL,NULL),(33,27,NULL,222,1,'2020-10-08 07:44:38','2020-10-08 07:44:38',4110,'simple','{\"info_buyRequest\":{\"uenc\":\"aHR0cDovL3BocDcyLWRldm92aDIwMS5lenhkZW1vLmNvbS9rYWVyY2hlci91bml2ZXJzYWwtY2xlYW5lci1ybS02MjYuaHRtbA,,\",\"product\":\"4110\",\"selected_configurable_option\":\"\",\"related_product\":\"\",\"item\":\"4110\",\"qty\":\"1\"}}',NULL,0,'62957530','Universal cleaner RM 626',NULL,NULL,NULL,0,0,NULL,0.0000,0.0000,1.0000,0.0000,0.0000,NULL,42.0000,42.0000,44.1000,44.1000,5.0000,2.1000,2.1000,0.0000,0.0000,0.0000,0.0000,0.0000,0.0000,0.0000,0.0000,0.0000,42.0000,42.0000,0.0000,0.0000,0.0000,NULL,NULL,NULL,NULL,NULL,44.1000,44.1000,44.1000,44.1000,0.0000,0.0000,NULL,NULL,NULL,NULL,NULL,NULL,NULL,NULL,NULL,NULL,NULL,0,0,NULL,NULL,NULL,NULL,NULL,NULL,NULL,NULL,NULL);

--
