-- Table structure for table `catalog_product_frontend_action`
--

CREATE TABLE `catalog_product_frontend_action` (
  `action_id` bigint(20) UNSIGNED NOT NULL COMMENT 'Product Action ID',
  `type_id` varchar(64) NOT NULL COMMENT 'Type of product action',
  `visitor_id` int(10) UNSIGNED DEFAULT NULL COMMENT 'Visitor ID',
  `customer_id` int(10) UNSIGNED DEFAULT NULL COMMENT 'Customer ID',
  `product_id` int(10) UNSIGNED NOT NULL COMMENT 'Product ID',
  `added_at` bigint(20) NOT NULL COMMENT 'Added At'
) ENGINE=InnoDB DEFAULT CHARSET=utf8 COMMENT='Catalog Product Frontend Action Table';

-- --------------------------------------------------------

--
-- Table structure for table `catalog_product_index_eav`
--

CREATE TABLE `catalog_product_index_eav` (
  `entity_id` int(10) UNSIGNED NOT NULL COMMENT 'Entity ID',
  `attribute_id` smallint(5) UNSIGNED NOT NULL COMMENT 'Attribute ID',
  `store_id` smallint(5) UNSIGNED NOT NULL COMMENT 'Store ID',
  `value` int(10) UNSIGNED NOT NULL COMMENT 'Value',
  `source_id` int(10) UNSIGNED NOT NULL DEFAULT 0 COMMENT 'Original entity ID for attribute value'
) ENGINE=InnoDB DEFAULT CHARSET=utf8 COMMENT='Catalog Product EAV Index Table';

--
-- Dumping data for table `catalog_product_index_eav`
--

INSERT INTO `catalog_product_index_eav` (`entity_id`, `attribute_id`, `store_id`, `value`, `source_id`) VALUES
(3634, 99, 1, 4, 3634),
(3634, 145, 1, 5433, 3634),
(3638, 99, 1, 4, 3638),
(3638, 145, 1, 5432, 3638),
(3646, 99, 1, 4, 3646),
(3646, 145, 1, 5432, 3646),
(3647, 99, 1, 4, 3647),
(3647, 145, 1, 5432, 3647),
(3648, 99, 1, 4, 3648),
(3648, 145, 1, 5432, 3648),
(3649, 99, 1, 4, 3649),
(3649, 145, 1, 5432, 3649),
(3658, 99, 1, 4, 3658),
(3658, 145, 1, 5432, 3658),
(3660, 99, 1, 4, 3660),
(3660, 145, 1, 5432, 3660),
(3662, 99, 1, 4, 3662),
(3662, 145, 1, 5432, 3662),
(3678, 99, 1, 4, 3678),
(3678, 145, 1, 5432, 3678),
(3679, 99, 1, 4, 3679),
(3679, 145, 1, 5432, 3679),
(3681, 99, 1, 4, 3681),
(3681, 145, 1, 5432, 3681),
(3691, 99, 1, 4, 3691),
(3691, 145, 1, 5432, 3691),
(3696, 99, 1, 4, 3696),
(3696, 145, 1, 5432, 3696),
(3697, 99, 1, 4, 3697),
(3697, 145, 1, 5432, 3697),
(3700, 99, 1, 4, 3700),
(3700, 145, 1, 5432, 3700),
(3701, 99, 1, 4, 3701),
(3701, 145, 1, 5432, 3701),
(3704, 99, 1, 4, 3704),
(3704, 145, 1, 5432, 3704),
(3705, 99, 1, 4, 3705),
(3705, 145, 1, 5432, 3705),
(3709, 99, 1, 4, 3709),
(3709, 145, 1, 5432, 3709),
(3715, 99, 1, 4, 3715),
(3715, 145, 1, 5432, 3715),
(3720, 99, 1, 4, 3720),
(3720, 145, 1, 5432, 3720),
(3722, 99, 1, 4, 3722),
(3722, 145, 1, 5433, 3722),
(3724, 99, 1, 4, 3724),
(3724, 145, 1, 5433, 3724),
(3729, 99, 1, 4, 3729),
(3729, 145, 1, 5433, 3729),
(3731, 99, 1, 4, 3731),
(3731, 145, 1, 5433, 3731),
(3734, 99, 1, 4, 3734),
(3734, 145, 1, 5433, 3734),
(3738, 99, 1, 4, 3738),
(3738, 145, 1, 5432, 3738),
(3739, 99, 1, 4, 3739),
(3739, 145, 1, 5432, 3739),
(3740, 99, 1, 4, 3740),
(3740, 145, 1, 5432, 3740),
(3741, 99, 1, 4, 3741),
(3741, 145, 1, 5432, 3741),
(3742, 99, 1, 4, 3742),
(3742, 145, 1, 5432, 3742),
(3743, 99, 1, 4, 3743),
(3743, 145, 1, 5432, 3743),
(3750, 99, 1, 4, 3750),
(3750, 145, 1, 5432, 3750),
(3753, 99, 1, 4, 3753),
(3753, 145, 1, 5432, 3753),
(3755, 99, 1, 4, 3755),
(3755, 145, 1, 5432, 3755),
(3756, 99, 1, 4, 3756),
(3756, 145, 1, 5432, 3756),
(3757, 99, 1, 4, 3757),
(3757, 145, 1, 5432, 3757),
(3758, 99, 1, 4, 3758),
(3758, 145, 1, 5432, 3758),
(3759, 99, 1, 4, 3759),
(3759, 145, 1, 5432, 3759),
(3760, 99, 1, 4, 3760),
(3760, 145, 1, 5432, 3760),
(3761, 99, 1, 4, 3761),
(3761, 145, 1, 5432, 3761),
(3762, 99, 1, 4, 3762),
(3762, 145, 1, 5432, 3762),
(3767, 99, 1, 4, 3767),
(3767, 145, 1, 5432, 3767),
(3774, 99, 1, 4, 3774),
(3774, 145, 1, 5432, 3774),
(3792, 99, 1, 4, 3792),
(3792, 145, 1, 5432, 3792),
(3797, 99, 1, 4, 3797),
(3797, 145, 1, 5432, 3797),
(3800, 99, 1, 4, 3800),
(3800, 145, 1, 5432, 3800),
(3801, 99, 1, 4, 3801),
(3801, 145, 1, 5432, 3801),
(3802, 99, 1, 4, 3802),
(3802, 145, 1, 5432, 3802),
(3805, 99, 1, 4, 3805),
(3805, 145, 1, 5432, 3805),
(3807, 99, 1, 4, 3807),
(3807, 145, 1, 5432, 3807),
(3808, 99, 1, 4, 3808),
(3808, 145, 1, 5432, 3808),
(3811, 99, 1, 4, 3811),
(3811, 145, 1, 5432, 3811),
(3815, 99, 1, 4, 3815),
(3815, 145, 1, 5433, 3815),
(3817, 99, 1, 4, 3817),
(3817, 145, 1, 5432, 3817),
(3822, 99, 1, 4, 3822),
(3822, 145, 1, 5432, 3822),
(3823, 99, 1, 4, 3823),
(3823, 145, 1, 5432, 3823),
(3825, 99, 1, 4, 3825),
(3825, 145, 1, 5432, 3825),
(3826, 99, 1, 4, 3826),
(3826, 145, 1, 5432, 3826),
(3830, 99, 1, 4, 3830),
(3830, 145, 1, 5432, 3830),
(3833, 99, 1, 4, 3833),
(3833, 145, 1, 5432, 3833),
(3834, 99, 1, 4, 3834),
(3834, 145, 1, 5433, 3834),
(3836, 99, 1, 4, 3836),
(3836, 145, 1, 5432, 3836),
(3837, 99, 1, 4, 3837),
(3837, 145, 1, 5432, 3837),
(3838, 99, 1, 4, 3838),
(3838, 145, 1, 5432, 3838),
(3839, 99, 1, 4, 3839),
(3839, 145, 1, 5432, 3839),
(3841, 99, 1, 4, 3841),
(3841, 145, 1, 5433, 3841),
(3843, 99, 1, 4, 3843),
(3843, 145, 1, 5433, 3843),
(3844, 99, 1, 4, 3844),
(3844, 145, 1, 5433, 3844),
(3845, 99, 1, 4, 3845),
(3845, 145, 1, 5433, 3845),
(3847, 99, 1, 4, 3847),
(3847, 145, 1, 5432, 3847),
(3848, 99, 1, 4, 3848),
(3848, 145, 1, 5432, 3848),
(3851, 99, 1, 4, 3851),
(3851, 145, 1, 5432, 3851),
(3853, 99, 1, 4, 3853),
(3853, 145, 1, 5433, 3853),
(3859, 99, 1, 4, 3859),
(3859, 145, 1, 5432, 3859),
(3861, 99, 1, 4, 3861),
(3861, 145, 1, 5432, 3861),
(3863, 99, 1, 4, 3863),
(3863, 145, 1, 5432, 3863),
(3864, 99, 1, 4, 3864),
(3864, 145, 1, 5432, 3864),
(3865, 99, 1, 4, 3865),
(3865, 145, 1, 5432, 3865),
(3866, 99, 1, 4, 3866),
(3866, 145, 1, 5432, 3866),
(3867, 99, 1, 4, 3867),
(3867, 145, 1, 5432, 3867),
(3868, 99, 1, 4, 3868),
(3868, 145, 1, 5432, 3868),
(3869, 99, 1, 4, 3869),
(3869, 145, 1, 5432, 3869),
(3872, 99, 1, 4, 3872),
(3872, 145, 1, 5432, 3872),
(3873, 99, 1, 4, 3873),
(3873, 145, 1, 5432, 3873),
(3874, 99, 1, 4, 3874),
(3874, 145, 1, 5432, 3874),
(3875, 99, 1, 4, 3875),
(3875, 145, 1, 5432, 3875),
(3877, 99, 1, 4, 3877),
(3877, 145, 1, 5432, 3877),
(3884, 99, 1, 4, 3884),
(3884, 145, 1, 5432, 3884),
(3886, 99, 1, 4, 3886),
(3886, 145, 1, 5432, 3886),
(3887, 99, 1, 4, 3887),
(3887, 145, 1, 5432, 3887),
(3888, 99, 1, 4, 3888),
(3888, 145, 1, 5432, 3888),
(3889, 99, 1, 4, 3889),
(3889, 145, 1, 5432, 3889),
(3890, 99, 1, 4, 3890),
(3890, 145, 1, 5432, 3890),
(3892, 99, 1, 4, 3892),
(3892, 145, 1, 5433, 3892),
(3893, 99, 1, 4, 3893),
(3893, 145, 1, 5433, 3893),
(3894, 99, 1, 4, 3894),
(3894, 145, 1, 5432, 3894),
(3895, 99, 1, 4, 3895),
(3895, 145, 1, 5432, 3895),
(3896, 99, 1, 4, 3896),
(3896, 145, 1, 5432, 3896),
(3897, 99, 1, 4, 3897),
(3897, 145, 1, 5432, 3897),
(3899, 99, 1, 4, 3899),
(3899, 145, 1, 5432, 3899),
(3901, 99, 1, 4, 3901),
(3901, 145, 1, 5432, 3901),
(3904, 99, 1, 4, 3904),
(3904, 145, 1, 5432, 3904),
(3906, 99, 1, 4, 3906),
(3906, 145, 1, 5432, 3906),
(3910, 99, 1, 4, 3910),
(3910, 145, 1, 5432, 3910),
(3912, 99, 1, 4, 3912),
(3912, 145, 1, 5432, 3912),
(3915, 99, 1, 4, 3915),
(3915, 145, 1, 5432, 3915),
(3916, 99, 1, 4, 3916),
(3916, 145, 1, 5432, 3916),
(3917, 99, 1, 4, 3917),
(3917, 145, 1, 5432, 3917),
(3918, 99, 1, 4, 3918),
(3918, 145, 1, 5432, 3918),
(3924, 99, 1, 4, 3924),
(3924, 145, 1, 5432, 3924),
(3926, 99, 1, 4, 3926),
(3926, 145, 1, 5432, 3926),
(3930, 99, 1, 4, 3930),
(3930, 145, 1, 5432, 3930),
(3931, 99, 1, 4, 3931),
(3931, 145, 1, 5432, 3931),
(3932, 99, 1, 4, 3932),
(3932, 145, 1, 5432, 3932),
(3938, 99, 1, 4, 3938),
(3938, 145, 1, 5432, 3938),
(3939, 99, 1, 4, 3939),
(3939, 145, 1, 5432, 3939),
(3942, 99, 1, 4, 3942),
(3942, 145, 1, 5432, 3942),
(3943, 99, 1, 4, 3943),
(3943, 145, 1, 5432, 3943),
(3944, 99, 1, 4, 3944),
(3944, 145, 1, 5432, 3944),
(3945, 99, 1, 4, 3945),
(3945, 145, 1, 5432, 3945),
(3947, 99, 1, 4, 3947),
(3947, 145, 1, 5432, 3947),
(3952, 99, 1, 4, 3952),
(3952, 145, 1, 5432, 3952),
(3953, 99, 1, 4, 3953),
(3953, 145, 1, 5432, 3953),
(3954, 99, 1, 4, 3954),
(3954, 145, 1, 5432, 3954),
(3955, 99, 1, 4, 3955),
(3955, 145, 1, 5432, 3955),
(3956, 99, 1, 4, 3956),
(3956, 145, 1, 5432, 3956),
(3957, 99, 1, 4, 3957),
(3957, 145, 1, 5432, 3957),
(3958, 99, 1, 4, 3958),
(3958, 145, 1, 5432, 3958),
(3959, 99, 1, 4, 3959),
(3959, 145, 1, 5432, 3959),
(3962, 99, 1, 4, 3962),
(3962, 145, 1, 5432, 3962),
(3963, 99, 1, 4, 3963),
(3963, 145, 1, 5432, 3963),
(3964, 99, 1, 4, 3964),
(3964, 145, 1, 5432, 3964),
(3965, 99, 1, 4, 3965),
(3965, 145, 1, 5432, 3965),
(3975, 99, 1, 4, 3975),
(3975, 145, 1, 5432, 3975),
(3980, 99, 1, 4, 3980),
(3980, 145, 1, 5432, 3980),
(3983, 99, 1, 4, 3983),
(3983, 145, 1, 5432, 3983),
(3991, 99, 1, 4, 3991),
(3991, 145, 1, 5432, 3991),
(3997, 99, 1, 4, 3997),
(3997, 145, 1, 5432, 3997),
(3998, 99, 1, 4, 3998),
(3998, 145, 1, 5432, 3998),
(3999, 99, 1, 4, 3999),
(3999, 145, 1, 5432, 3999),
(4001, 99, 1, 4, 4001),
(4001, 145, 1, 5432, 4001),
(4003, 99, 1, 4, 4003),
(4003, 145, 1, 5432, 4003),
(4005, 99, 1, 4, 4005),
(4005, 145, 1, 5432, 4005),
(4006, 99, 1, 4, 4006),
(4006, 145, 1, 5432, 4006),
(4008, 99, 1, 4, 4008),
(4008, 145, 1, 5432, 4008),
(4011, 99, 1, 4, 4011),
(4011, 145, 1, 5432, 4011),
(4016, 99, 1, 4, 4016),
(4016, 145, 1, 5432, 4016),
(4018, 99, 1, 4, 4018),
(4018, 145, 1, 5432, 4018),
(4020, 99, 1, 4, 4020),
(4020, 145, 1, 5432, 4020),
(4021, 99, 1, 4, 4021),
(4021, 145, 1, 5432, 4021),
(4022, 99, 1, 4, 4022),
(4022, 145, 1, 5432, 4022),
(4025, 99, 1, 4, 4025),
(4025, 145, 1, 5432, 4025),
(4026, 99, 1, 4, 4026),
(4026, 145, 1, 5432, 4026),
(4027, 99, 1, 4, 4027),
(4027, 145, 1, 5432, 4027),
(4028, 99, 1, 4, 4028),
(4028, 145, 1, 5432, 4028),
(4029, 99, 1, 4, 4029),
(4029, 145, 1, 5432, 4029),
(4030, 99, 1, 4, 4030),
(4030, 145, 1, 5432, 4030),
(4033, 99, 1, 4, 4033),
(4033, 145, 1, 5432, 4033),
(4034, 99, 1, 4, 4034),
(4034, 145, 1, 5432, 4034),
(4035, 99, 1, 4, 4035),
(4035, 145, 1, 5432, 4035),
(4036, 99, 1, 4, 4036),
(4036, 145, 1, 5432, 4036),
(4037, 99, 1, 4, 4037),
(4037, 145, 1, 5432, 4037),
(4040, 99, 1, 4, 4040),
(4040, 145, 1, 5432, 4040),
(4042, 99, 1, 4, 4042),
(4042, 145, 1, 5432, 4042),
(4043, 99, 1, 4, 4043),
(4043, 145, 1, 5432, 4043),
(4044, 99, 1, 4, 4044),
(4044, 145, 1, 5432, 4044),
(4045, 99, 1, 4, 4045),
(4045, 145, 1, 5432, 4045),
(4047, 99, 1, 4, 4047),
(4047, 145, 1, 5432, 4047),
(4052, 99, 1, 4, 4052),
(4052, 145, 1, 5432, 4052),
(4053, 99, 1, 4, 4053),
(4053, 145, 1, 5432, 4053),
(4054, 99, 1, 4, 4054),
(4054, 145, 1, 5432, 4054),
(4055, 99, 1, 4, 4055),
(4055, 145, 1, 5432, 4055),
(4056, 99, 1, 4, 4056),
(4056, 145, 1, 5432, 4056),
(4065, 99, 1, 4, 4065),
(4065, 145, 1, 5432, 4065),
(4066, 99, 1, 4, 4066),
(4066, 145, 1, 5432, 4066),
(4067, 99, 1, 4, 4067),
(4067, 145, 1, 5432, 4067),
(4068, 99, 1, 4, 4068),
(4068, 145, 1, 5432, 4068),
(4070, 99, 1, 4, 4070),
(4070, 145, 1, 5432, 4070),
(4072, 99, 1, 4, 4072),
(4072, 145, 1, 5432, 4072),
(4073, 99, 1, 4, 4073),
(4073, 145, 1, 5432, 4073),
(4074, 99, 1, 4, 4074),
(4074, 145, 1, 5432, 4074),
(4078, 99, 1, 4, 4078),
(4078, 145, 1, 5432, 4078),
(4079, 99, 1, 4, 4079),
(4079, 145, 1, 5432, 4079),
(4083, 99, 1, 4, 4083),
(4083, 145, 1, 5432, 4083),
(4084, 99, 1, 4, 4084),
(4084, 145, 1, 5432, 4084),
(4085, 99, 1, 4, 4085),
(4085, 145, 1, 5432, 4085),
(4086, 99, 1, 4, 4086),
(4086, 145, 1, 5432, 4086),
(4087, 99, 1, 4, 4087),
(4087, 145, 1, 5432, 4087),
(4092, 99, 1, 4, 4092),
(4092, 145, 1, 5432, 4092),
(4093, 99, 1, 4, 4093),
(4093, 145, 1, 5432, 4093),
(4094, 99, 1, 4, 4094),
(4094, 145, 1, 5432, 4094),
(4095, 99, 1, 4, 4095),
(4095, 145, 1, 5432, 4095),
(4096, 99, 1, 4, 4096),
(4096, 145, 1, 5432, 4096),
(4097, 99, 1, 4, 4097),
(4097, 145, 1, 5432, 4097),
(4098, 99, 1, 4, 4098),
(4098, 145, 1, 5432, 4098),
(4099, 99, 1, 4, 4099),
(4099, 145, 1, 5432, 4099),
(4100, 99, 1, 4, 4100),
(4100, 145, 1, 5432, 4100),
(4101, 99, 1, 4, 4101),
(4101, 145, 1, 5432, 4101),
(4102, 99, 1, 4, 4102),
(4102, 145, 1, 5432, 4102),
(4103, 99, 1, 4, 4103),
(4103, 145, 1, 5432, 4103),
(4104, 99, 1, 4, 4104),
(4104, 145, 1, 5432, 4104),
(4105, 99, 1, 4, 4105),
(4105, 145, 1, 5432, 4105),
(4106, 99, 1, 4, 4106),
(4106, 145, 1, 5432, 4106),
(4107, 99, 1, 4, 4107),
(4107, 145, 1, 5432, 4107),
(4108, 99, 1, 4, 4108),
(4108, 145, 1, 5432, 4108),
(4109, 99, 1, 4, 4109),
(4109, 145, 1, 5432, 4109),
(4110, 99, 1, 4, 4110),
(4110, 145, 1, 5432, 4110),
(4111, 99, 1, 4, 4111),
(4111, 145, 1, 5432, 4111),
(4112, 99, 1, 4, 4112),
(4112, 145, 1, 5433, 4112),
(4114, 99, 1, 4, 4114),
(4114, 145, 1, 5432, 4114),
(4115, 99, 1, 4, 4115),
(4115, 145, 1, 5432, 4115),
(4116, 99, 1, 4, 4116),
(4116, 145, 1, 5432, 4116),
(4117, 99, 1, 4, 4117),
(4117, 145, 1, 5432, 4117),
(4118, 99, 1, 4, 4118),
(4118, 145, 1, 5432, 4118),
(4119, 99, 1, 4, 4119),
(4119, 145, 1, 5432, 4119),
(4121, 99, 1, 4, 4121),
(4121, 145, 1, 5432, 4121),
(4122, 99, 1, 4, 4122),
(4122, 145, 1, 5432, 4122),
(4123, 99, 1, 4, 4123),
(4123, 145, 1, 5432, 4123),
(4124, 99, 1, 4, 4124),
(4124, 145, 1, 5432, 4124),
(4125, 99, 1, 4, 4125),
(4125, 145, 1, 5432, 4125),
(4126, 99, 1, 4, 4126),
(4126, 145, 1, 5432, 4126),
(4127, 99, 1, 4, 4127),
(4127, 145, 1, 5432, 4127),
(4128, 99, 1, 4, 4128),
(4128, 145, 1, 5432, 4128),
(4129, 99, 1, 4, 4129),
(4129, 145, 1, 5432, 4129),
(4130, 99, 1, 4, 4130),
(4130, 145, 1, 5432, 4130),
(4131, 99, 1, 4, 4131),
(4131, 145, 1, 5432, 4131),
(4132, 99, 1, 4, 4132),
(4132, 145, 1, 5432, 4132),
(4133, 99, 1, 4, 4133),
(4133, 145, 1, 5432, 4133),
(4134, 99, 1, 4, 4134),
(4134, 145, 1, 5432, 4134),
(4135, 99, 1, 4, 4135),
(4135, 145, 1, 5432, 4135),
(4136, 99, 1, 4, 4136),
(4136, 145, 1, 5432, 4136),
(4137, 99, 1, 4, 4137),
(4137, 145, 1, 5432, 4137),
(4138, 99, 1, 4, 4138),
(4138, 145, 1, 5432, 4138),
(4139, 99, 1, 4, 4139),
(4139, 145, 1, 5432, 4139),
(4140, 99, 1, 4, 4140),
(4140, 145, 1, 5432, 4140),
(4141, 99, 1, 4, 4141),
(4141, 145, 1, 5432, 4141),
(4142, 99, 1, 4, 4142),
(4142, 145, 1, 5432, 4142),
(4143, 99, 1, 4, 4143),
(4143, 145, 1, 5432, 4143),
(4144, 99, 1, 4, 4144),
(4144, 145, 1, 5432, 4144),
(4145, 99, 1, 4, 4145),
(4145, 145, 1, 5432, 4145),
(4146, 99, 1, 4, 4146),
(4146, 145, 1, 5432, 4146),
(4147, 99, 1, 4, 4147),
(4147, 145, 1, 5432, 4147),
(4148, 99, 1, 4, 4148),
(4148, 145, 1, 5432, 4148),
(4149, 99, 1, 4, 4149),
(4149, 145, 1, 5432, 4149),
(4150, 99, 1, 4, 4150),
(4150, 145, 1, 5432, 4150),
(4151, 99, 1, 4, 4151),
(4151, 145, 1, 5432, 4151),
(4153, 99, 1, 4, 4153),
(4153, 145, 1, 5432, 4153),
(4154, 99, 1, 4, 4154),
(4154, 145, 1, 5432, 4154),
(4155, 99, 1, 4, 4155),
(4155, 145, 1, 5432, 4155),
(4156, 99, 1, 4, 4156),
(4156, 145, 1, 5432, 4156),
(4157, 99, 1, 4, 4157),
(4157, 145, 1, 5432, 4157),
(4158, 99, 1, 4, 4158),
(4158, 145, 1, 5432, 4158),
(4159, 99, 1, 4, 4159),
(4159, 145, 1, 5432, 4159),
(4160, 99, 1, 4, 4160),
(4160, 145, 1, 5432, 4160),
(4161, 99, 1, 4, 4161),
(4161, 145, 1, 5432, 4161),
(4162, 99, 1, 4, 4162),
(4162, 145, 1, 5432, 4162),
(4163, 99, 1, 4, 4163),
(4163, 145, 1, 5432, 4163),
(4166, 99, 1, 4, 4166),
(4166, 145, 1, 5432, 4166),
(4167, 99, 1, 4, 4167),
(4167, 145, 1, 5432, 4167),
(4168, 99, 1, 4, 4168),
(4168, 145, 1, 5432, 4168),
(4169, 99, 1, 4, 4169),
(4169, 145, 1, 5432, 4169),
(4170, 99, 1, 4, 4170),
(4170, 145, 1, 5432, 4170),
(4171, 99, 1, 4, 4171),
(4171, 145, 1, 5432, 4171),
(4173, 99, 1, 4, 4173),
(4173, 145, 1, 5432, 4173),
(4174, 99, 1, 4, 4174),
(4174, 145, 1, 5433, 4174),
(4175, 99, 1, 4, 4175),
(4175, 145, 1, 5433, 4175),
(4176, 99, 1, 4, 4176),
(4176, 145, 1, 5433, 4176),
(4177, 99, 1, 4, 4177),
(4177, 145, 1, 5433, 4177),
(4178, 99, 1, 4, 3638),
(4178, 99, 1, 4, 3647),
(4178, 99, 1, 4, 3648),
(4178, 99, 1, 4, 3649),
(4178, 99, 1, 4, 3660),
(4178, 99, 1, 4, 4178),
(4178, 145, 1, 5432, 3638),
(4178, 145, 1, 5432, 3647),
(4178, 145, 1, 5432, 3648),
(4178, 145, 1, 5432, 3649),
(4178, 145, 1, 5432, 3660),
(4178, 145, 1, 5432, 4178);

-- --------------------------------------------------------

--
-- Table structure for table `catalog_product_index_eav_decimal`
--

CREATE TABLE `catalog_product_index_eav_decimal` (
  `entity_id` int(10) UNSIGNED NOT NULL COMMENT 'Entity ID',
  `attribute_id` smallint(5) UNSIGNED NOT NULL COMMENT 'Attribute ID',
  `store_id` smallint(5) UNSIGNED NOT NULL COMMENT 'Store ID',
  `value` decimal(12,4) NOT NULL COMMENT 'Value',
  `source_id` int(10) UNSIGNED NOT NULL DEFAULT 0 COMMENT 'Original entity ID for attribute value'
) ENGINE=InnoDB DEFAULT CHARSET=utf8 COMMENT='Catalog Product EAV Decimal Index Table';

-- --------------------------------------------------------

--
-- Table structure for table `catalog_product_index_eav_decimal_idx`
--

CREATE TABLE `catalog_product_index_eav_decimal_idx` (
  `entity_id` int(10) UNSIGNED NOT NULL COMMENT 'Entity ID',
  `attribute_id` smallint(5) UNSIGNED NOT NULL COMMENT 'Attribute ID',
  `store_id` smallint(5) UNSIGNED NOT NULL COMMENT 'Store ID',
  `value` decimal(12,4) NOT NULL COMMENT 'Value',
  `source_id` int(10) UNSIGNED NOT NULL DEFAULT 0 COMMENT 'Original entity ID for attribute value'
) ENGINE=InnoDB DEFAULT CHARSET=utf8 COMMENT='Catalog Product EAV Decimal Indexer Index Table';

-- --------------------------------------------------------

--
-- Table structure for table `catalog_product_index_eav_decimal_replica`
--

CREATE TABLE `catalog_product_index_eav_decimal_replica` (
  `entity_id` int(10) UNSIGNED NOT NULL COMMENT 'Entity ID',
  `attribute_id` smallint(5) UNSIGNED NOT NULL COMMENT 'Attribute ID',
  `store_id` smallint(5) UNSIGNED NOT NULL COMMENT 'Store ID',
  `value` decimal(12,4) NOT NULL COMMENT 'Value',
  `source_id` int(10) UNSIGNED NOT NULL DEFAULT 0 COMMENT 'Original entity ID for attribute value'
) ENGINE=InnoDB DEFAULT CHARSET=utf8 COMMENT='Catalog Product EAV Decimal Index Table';

-- --------------------------------------------------------

--
-- Table structure for table `catalog_product_index_eav_decimal_tmp`
--

CREATE TABLE `catalog_product_index_eav_decimal_tmp` (
  `entity_id` int(10) UNSIGNED NOT NULL COMMENT 'Entity ID',
  `attribute_id` smallint(5) UNSIGNED NOT NULL COMMENT 'Attribute ID',
  `store_id` smallint(5) UNSIGNED NOT NULL COMMENT 'Store ID',
  `value` decimal(12,4) NOT NULL COMMENT 'Value',
  `source_id` int(10) UNSIGNED NOT NULL DEFAULT 0 COMMENT 'Original entity ID for attribute value'
) ENGINE=InnoDB DEFAULT CHARSET=utf8 COMMENT='Catalog Product EAV Decimal Indexer Temp Table';

-- --------------------------------------------------------

--
-- Table structure for table `catalog_product_index_eav_idx`
--

CREATE TABLE `catalog_product_index_eav_idx` (
  `entity_id` int(10) UNSIGNED NOT NULL COMMENT 'Entity ID',
  `attribute_id` smallint(5) UNSIGNED NOT NULL COMMENT 'Attribute ID',
  `store_id` smallint(5) UNSIGNED NOT NULL COMMENT 'Store ID',
  `value` int(10) UNSIGNED NOT NULL COMMENT 'Value',
  `source_id` int(10) UNSIGNED NOT NULL DEFAULT 0 COMMENT 'Original entity ID for attribute value'
) ENGINE=InnoDB DEFAULT CHARSET=utf8 COMMENT='Catalog Product EAV Indexer Index Table';

-- --------------------------------------------------------

--
-- Table structure for table `catalog_product_index_eav_replica`
--

CREATE TABLE `catalog_product_index_eav_replica` (
  `entity_id` int(10) UNSIGNED NOT NULL COMMENT 'Entity ID',
  `attribute_id` smallint(5) UNSIGNED NOT NULL COMMENT 'Attribute ID',
  `store_id` smallint(5) UNSIGNED NOT NULL COMMENT 'Store ID',
  `value` int(10) UNSIGNED NOT NULL COMMENT 'Value',
  `source_id` int(10) UNSIGNED NOT NULL DEFAULT 0 COMMENT 'Original entity ID for attribute value'
) ENGINE=InnoDB DEFAULT CHARSET=utf8 COMMENT='Catalog Product EAV Index Table';

--
-- Dumping data for table `catalog_product_index_eav_replica`
--

INSERT INTO `catalog_product_index_eav_replica` (`entity_id`, `attribute_id`, `store_id`, `value`, `source_id`) VALUES
(3634, 99, 1, 4, 3634),
(3634, 145, 1, 5433, 3634),
(3638, 99, 1, 4, 3638),
(3638, 145, 1, 5432, 3638),
(3646, 99, 1, 4, 3646),
(3646, 145, 1, 5432, 3646),
(3647, 99, 1, 4, 3647),
(3647, 145, 1, 5432, 3647),
(3648, 99, 1, 4, 3648),
(3648, 145, 1, 5432, 3648),
(3649, 99, 1, 4, 3649),
(3649, 145, 1, 5432, 3649),
(3658, 99, 1, 4, 3658),
(3658, 145, 1, 5432, 3658),
(3660, 99, 1, 4, 3660),
(3660, 145, 1, 5432, 3660),
(3662, 99, 1, 4, 3662),
(3662, 145, 1, 5432, 3662),
(3678, 99, 1, 4, 3678),
(3678, 145, 1, 5432, 3678),
(3679, 99, 1, 4, 3679),
(3679, 145, 1, 5432, 3679),
(3681, 99, 1, 4, 3681),
(3681, 145, 1, 5432, 3681),
(3691, 99, 1, 4, 3691),
(3691, 145, 1, 5432, 3691),
(3696, 99, 1, 4, 3696),
(3696, 145, 1, 5432, 3696),
(3697, 99, 1, 4, 3697),
(3697, 145, 1, 5432, 3697),
(3700, 99, 1, 4, 3700),
(3700, 145, 1, 5432, 3700),
(3701, 99, 1, 4, 3701),
(3701, 145, 1, 5432, 3701),
(3704, 99, 1, 4, 3704),
(3704, 145, 1, 5432, 3704),
(3705, 99, 1, 4, 3705),
(3705, 145, 1, 5432, 3705),
(3709, 99, 1, 4, 3709),
(3709, 145, 1, 5432, 3709),
(3715, 99, 1, 4, 3715),
(3715, 145, 1, 5432, 3715),
(3720, 99, 1, 4, 3720),
(3720, 145, 1, 5432, 3720),
(3722, 99, 1, 4, 3722),
(3722, 145, 1, 5433, 3722),
(3724, 99, 1, 4, 3724),
(3724, 145, 1, 5433, 3724),
(3725, 99, 1, 4, 3725),
(3725, 145, 1, 5433, 3725),
(3726, 99, 1, 4, 3726),
(3726, 145, 1, 5433, 3726),
(3727, 99, 1, 4, 3727),
(3727, 145, 1, 5433, 3727),
(3728, 99, 1, 4, 3728),
(3728, 145, 1, 5433, 3728),
(3729, 99, 1, 4, 3729),
(3729, 145, 1, 5433, 3729),
(3731, 99, 1, 4, 3731),
(3731, 145, 1, 5433, 3731),
(3734, 99, 1, 4, 3734),
(3734, 145, 1, 5433, 3734),
(3735, 99, 1, 4, 3735),
(3735, 145, 1, 5433, 3735),
(3736, 99, 1, 4, 3736),
(3736, 145, 1, 5433, 3736),
(3738, 99, 1, 4, 3738),
(3738, 145, 1, 5432, 3738),
(3739, 99, 1, 4, 3739),
(3739, 145, 1, 5432, 3739),
(3740, 99, 1, 4, 3740),
(3740, 145, 1, 5432, 3740),
(3741, 99, 1, 4, 3741),
(3741, 145, 1, 5432, 3741),
(3742, 99, 1, 4, 3742),
(3742, 145, 1, 5432, 3742),
(3743, 99, 1, 4, 3743),
(3743, 145, 1, 5432, 3743),
(3750, 99, 1, 4, 3750),
(3750, 145, 1, 5432, 3750),
(3753, 99, 1, 4, 3753),
(3753, 145, 1, 5432, 3753),
(3755, 99, 1, 4, 3755),
(3755, 145, 1, 5432, 3755),
(3756, 99, 1, 4, 3756),
(3756, 145, 1, 5432, 3756),
(3757, 99, 1, 4, 3757),
(3757, 145, 1, 5432, 3757),
(3758, 99, 1, 4, 3758),
(3758, 145, 1, 5432, 3758),
(3759, 99, 1, 4, 3759),
(3759, 145, 1, 5432, 3759),
(3760, 99, 1, 4, 3760),
(3760, 145, 1, 5432, 3760),
(3761, 99, 1, 4, 3761),
(3761, 145, 1, 5432, 3761),
(3762, 99, 1, 4, 3762),
(3762, 145, 1, 5432, 3762),
(3767, 99, 1, 4, 3767),
(3767, 145, 1, 5432, 3767),
(3769, 99, 1, 4, 3769),
(3769, 145, 1, 5433, 3769),
(3774, 99, 1, 4, 3774),
(3774, 145, 1, 5432, 3774),
(3792, 99, 1, 4, 3792),
(3792, 145, 1, 5432, 3792),
(3797, 99, 1, 4, 3797),
(3797, 145, 1, 5432, 3797),
(3800, 99, 1, 4, 3800),
(3800, 145, 1, 5432, 3800),
(3801, 99, 1, 4, 3801),
(3801, 145, 1, 5432, 3801),
(3802, 99, 1, 4, 3802),
(3802, 145, 1, 5432, 3802),
(3804, 99, 1, 4, 3804),
(3804, 145, 1, 5433, 3804),
(3805, 99, 1, 4, 3805),
(3805, 145, 1, 5432, 3805),
(3807, 99, 1, 4, 3807),
(3807, 145, 1, 5432, 3807),
(3808, 99, 1, 4, 3808),
(3808, 145, 1, 5432, 3808),
(3811, 99, 1, 4, 3811),
(3811, 145, 1, 5432, 3811),
(3815, 99, 1, 4, 3815),
(3815, 145, 1, 5433, 3815),
(3817, 99, 1, 4, 3817),
(3817, 145, 1, 5432, 3817),
(3820, 99, 1, 4, 3820),
(3820, 145, 1, 5432, 3820),
(3822, 99, 1, 4, 3822),
(3822, 145, 1, 5432, 3822),
(3823, 99, 1, 4, 3823),
(3823, 145, 1, 5432, 3823),
(3825, 99, 1, 4, 3825),
(3825, 145, 1, 5432, 3825),
(3826, 99, 1, 4, 3826),
(3826, 145, 1, 5432, 3826),
(3829, 99, 1, 4, 3829),
(3829, 145, 1, 5432, 3829),
(3830, 99, 1, 4, 3830),
(3830, 145, 1, 5432, 3830),
(3833, 99, 1, 4, 3833),
(3833, 145, 1, 5432, 3833),
(3834, 99, 1, 4, 3834),
(3834, 145, 1, 5433, 3834),
(3836, 99, 1, 4, 3836),
(3836, 145, 1, 5432, 3836),
(3837, 99, 1, 4, 3837),
(3837, 145, 1, 5432, 3837),
(3838, 99, 1, 4, 3838),
(3838, 145, 1, 5432, 3838),
(3839, 99, 1, 4, 3839),
(3839, 145, 1, 5432, 3839),
(3841, 99, 1, 4, 3841),
(3841, 145, 1, 5433, 3841),
(3842, 99, 1, 4, 3842),
(3842, 145, 1, 5433, 3842),
(3843, 99, 1, 4, 3843),
(3843, 145, 1, 5433, 3843),
(3844, 99, 1, 4, 3844),
(3844, 145, 1, 5433, 3844),
(3845, 99, 1, 4, 3845),
(3845, 145, 1, 5433, 3845),
(3847, 99, 1, 4, 3847),
(3847, 145, 1, 5432, 3847),
(3848, 99, 1, 4, 3848),
(3848, 145, 1, 5432, 3848),
(3851, 99, 1, 4, 3851),
(3851, 145, 1, 5432, 3851),
(3853, 99, 1, 4, 3853),
(3853, 145, 1, 5433, 3853),
(3859, 99, 1, 4, 3859),
(3859, 145, 1, 5432, 3859),
(3861, 99, 1, 4, 3861),
(3861, 145, 1, 5432, 3861),
(3863, 99, 1, 4, 3863),
(3863, 145, 1, 5432, 3863),
(3864, 99, 1, 4, 3864),
(3864, 145, 1, 5432, 3864),
(3865, 99, 1, 4, 3865),
(3865, 145, 1, 5432, 3865),
(3866, 99, 1, 4, 3866),
(3866, 145, 1, 5432, 3866),
(3867, 99, 1, 4, 3867),
(3867, 145, 1, 5432, 3867),
(3868, 99, 1, 4, 3868),
(3868, 145, 1, 5432, 3868),
(3869, 99, 1, 4, 3869),
(3869, 145, 1, 5432, 3869),
(3872, 99, 1, 4, 3872),
(3872, 145, 1, 5432, 3872),
(3873, 99, 1, 4, 3873),
(3873, 145, 1, 5432, 3873),
(3874, 99, 1, 4, 3874),
(3874, 145, 1, 5432, 3874),
(3875, 99, 1, 4, 3875),
(3875, 145, 1, 5432, 3875),
(3877, 99, 1, 4, 3877),
(3877, 145, 1, 5432, 3877),
(3884, 99, 1, 4, 3884),
(3884, 145, 1, 5432, 3884),
(3886, 99, 1, 4, 3886),
(3886, 145, 1, 5432, 3886),
(3887, 99, 1, 4, 3887),
(3887, 145, 1, 5432, 3887),
(3888, 99, 1, 4, 3888),
(3888, 145, 1, 5432, 3888),
(3889, 99, 1, 4, 3889),
(3889, 145, 1, 5432, 3889),
(3890, 99, 1, 4, 3890),
(3890, 145, 1, 5432, 3890),
(3892, 99, 1, 4, 3892),
(3892, 145, 1, 5433, 3892),
(3893, 99, 1, 4, 3893),
(3893, 145, 1, 5433, 3893),
(3894, 99, 1, 4, 3894),
(3894, 145, 1, 5432, 3894),
(3895, 99, 1, 4, 3895),
(3895, 145, 1, 5432, 3895),
(3896, 99, 1, 4, 3896),
(3896, 145, 1, 5432, 3896),
(3897, 99, 1, 4, 3897),
(3897, 145, 1, 5432, 3897),
(3899, 99, 1, 4, 3899),
(3899, 145, 1, 5432, 3899),
(3901, 99, 1, 4, 3901),
(3901, 145, 1, 5432, 3901),
(3904, 99, 1, 4, 3904),
(3904, 145, 1, 5432, 3904),
(3906, 99, 1, 4, 3906),
(3906, 145, 1, 5432, 3906),
(3910, 99, 1, 4, 3910),
(3910, 145, 1, 5432, 3910),
(3912, 99, 1, 4, 3912),
(3912, 145, 1, 5432, 3912),
(3915, 99, 1, 4, 3915),
(3915, 145, 1, 5432, 3915),
(3916, 99, 1, 4, 3916),
(3916, 145, 1, 5432, 3916),
(3917, 99, 1, 4, 3917),
(3917, 145, 1, 5432, 3917),
(3918, 99, 1, 4, 3918),
(3918, 145, 1, 5432, 3918),
(3924, 99, 1, 4, 3924),
(3924, 145, 1, 5432, 3924),
(3926, 99, 1, 4, 3926),
(3926, 145, 1, 5432, 3926),
(3930, 99, 1, 4, 3930),
(3930, 145, 1, 5432, 3930),
(3931, 99, 1, 4, 3931),
(3931, 145, 1, 5432, 3931),
(3932, 99, 1, 4, 3932),
(3932, 145, 1, 5432, 3932),
(3938, 99, 1, 4, 3938),
(3938, 145, 1, 5432, 3938),
(3939, 99, 1, 4, 3939),
(3939, 145, 1, 5432, 3939),
(3942, 99, 1, 4, 3942),
(3942, 145, 1, 5432, 3942),
(3943, 99, 1, 4, 3943),
(3943, 145, 1, 5432, 3943),
(3944, 99, 1, 4, 3944),
(3944, 145, 1, 5432, 3944),
(3945, 99, 1, 4, 3945),
(3945, 145, 1, 5432, 3945),
(3947, 99, 1, 4, 3947),
(3947, 145, 1, 5432, 3947),
(3952, 99, 1, 4, 3952),
(3952, 145, 1, 5432, 3952),
(3953, 99, 1, 4, 3953),
(3953, 145, 1, 5432, 3953),
(3954, 99, 1, 4, 3954),
(3954, 145, 1, 5432, 3954),
(3955, 99, 1, 4, 3955),
(3955, 145, 1, 5432, 3955),
(3956, 99, 1, 4, 3956),
(3956, 145, 1, 5432, 3956),
(3957, 99, 1, 4, 3957),
(3957, 145, 1, 5432, 3957),
(3958, 99, 1, 4, 3958),
(3958, 145, 1, 5432, 3958),
(3959, 99, 1, 4, 3959),
(3959, 145, 1, 5432, 3959),
(3962, 99, 1, 4, 3962),
(3962, 145, 1, 5432, 3962),
(3963, 99, 1, 4, 3963),
(3963, 145, 1, 5432, 3963),
(3964, 99, 1, 4, 3964),
(3964, 145, 1, 5432, 3964),
(3965, 99, 1, 4, 3965),
(3965, 145, 1, 5432, 3965),
(3975, 99, 1, 4, 3975),
(3975, 145, 1, 5432, 3975),
(3980, 99, 1, 4, 3980),
(3980, 145, 1, 5432, 3980),
(3983, 99, 1, 4, 3983),
(3983, 145, 1, 5432, 3983),
(3991, 99, 1, 4, 3991),
(3991, 145, 1, 5432, 3991),
(3997, 99, 1, 4, 3997),
(3997, 145, 1, 5432, 3997),
(3998, 99, 1, 4, 3998),
(3998, 145, 1, 5432, 3998),
(3999, 99, 1, 4, 3999),
(3999, 145, 1, 5432, 3999),
(4001, 99, 1, 4, 4001),
(4001, 145, 1, 5432, 4001),
(4003, 99, 1, 4, 4003),
(4003, 145, 1, 5432, 4003),
(4005, 99, 1, 4, 4005),
(4005, 145, 1, 5432, 4005),
(4006, 99, 1, 4, 4006),
(4006, 145, 1, 5432, 4006),
(4008, 99, 1, 4, 4008),
(4008, 145, 1, 5432, 4008),
(4011, 99, 1, 4, 4011),
(4011, 145, 1, 5432, 4011),
(4016, 99, 1, 4, 4016),
(4016, 145, 1, 5432, 4016),
(4018, 99, 1, 4, 4018),
(4018, 145, 1, 5432, 4018),
(4020, 99, 1, 4, 4020),
(4020, 145, 1, 5432, 4020),
(4021, 99, 1, 4, 4021),
(4021, 145, 1, 5432, 4021),
(4022, 99, 1, 4, 4022),
(4022, 145, 1, 5432, 4022),
(4025, 99, 1, 4, 4025),
(4025, 145, 1, 5432, 4025),
(4026, 99, 1, 4, 4026),
(4026, 145, 1, 5432, 4026),
(4027, 99, 1, 4, 4027),
(4027, 145, 1, 5432, 4027),
(4028, 99, 1, 4, 4028),
(4028, 145, 1, 5432, 4028),
(4029, 99, 1, 4, 4029),
(4029, 145, 1, 5432, 4029),
(4030, 99, 1, 4, 4030),
(4030, 145, 1, 5432, 4030),
(4033, 99, 1, 4, 4033),
(4033, 145, 1, 5432, 4033),
(4034, 99, 1, 4, 4034),
(4034, 145, 1, 5432, 4034),
(4035, 99, 1, 4, 4035),
(4035, 145, 1, 5432, 4035),
(4036, 99, 1, 4, 4036),
(4036, 145, 1, 5432, 4036),
(4037, 99, 1, 4, 4037),
(4037, 145, 1, 5432, 4037),
(4040, 99, 1, 4, 4040),
(4040, 145, 1, 5432, 4040),
(4042, 99, 1, 4, 4042),
(4042, 145, 1, 5432, 4042),
(4043, 99, 1, 4, 4043),
(4043, 145, 1, 5432, 4043),
(4044, 99, 1, 4, 4044),
(4044, 145, 1, 5432, 4044),
(4045, 99, 1, 4, 4045),
(4045, 145, 1, 5432, 4045),
(4047, 99, 1, 4, 4047),
(4047, 145, 1, 5432, 4047),
(4052, 99, 1, 4, 4052),
(4052, 145, 1, 5432, 4052),
(4053, 99, 1, 4, 4053),
(4053, 145, 1, 5432, 4053),
(4054, 99, 1, 4, 4054),
(4054, 145, 1, 5432, 4054),
(4055, 99, 1, 4, 4055),
(4055, 145, 1, 5432, 4055),
(4056, 99, 1, 4, 4056),
(4056, 145, 1, 5432, 4056),
(4065, 99, 1, 4, 4065),
(4065, 145, 1, 5432, 4065),
(4066, 99, 1, 4, 4066),
(4066, 145, 1, 5432, 4066),
(4067, 99, 1, 4, 4067),
(4067, 145, 1, 5432, 4067),
(4068, 99, 1, 4, 4068),
(4068, 145, 1, 5432, 4068),
(4070, 99, 1, 4, 4070),
(4070, 145, 1, 5432, 4070),
(4072, 99, 1, 4, 4072),
(4072, 145, 1, 5432, 4072),
(4073, 99, 1, 4, 4073),
(4073, 145, 1, 5432, 4073),
(4074, 99, 1, 4, 4074),
(4074, 145, 1, 5432, 4074),
(4078, 99, 1, 4, 4078),
(4078, 145, 1, 5432, 4078),
(4079, 99, 1, 4, 4079),
(4079, 145, 1, 5432, 4079),
(4083, 99, 1, 4, 4083),
(4083, 145, 1, 5432, 4083),
(4084, 99, 1, 4, 4084),
(4084, 145, 1, 5432, 4084),
(4085, 99, 1, 4, 4085),
(4085, 145, 1, 5432, 4085),
(4086, 99, 1, 4, 4086),
(4086, 145, 1, 5432, 4086),
(4087, 99, 1, 4, 4087),
(4087, 145, 1, 5432, 4087),
(4092, 99, 1, 4, 4092),
(4092, 145, 1, 5432, 4092),
(4093, 99, 1, 4, 4093),
(4093, 145, 1, 5432, 4093),
(4094, 99, 1, 4, 4094),
(4094, 145, 1, 5432, 4094),
(4095, 99, 1, 4, 4095),
(4095, 145, 1, 5432, 4095),
(4096, 99, 1, 4, 4096),
(4096, 145, 1, 5432, 4096),
(4097, 99, 1, 4, 4097),
(4097, 145, 1, 5432, 4097),
(4098, 99, 1, 4, 4098),
(4098, 145, 1, 5432, 4098),
(4099, 99, 1, 4, 4099),
(4099, 145, 1, 5432, 4099),
(4100, 99, 1, 4, 4100),
(4100, 145, 1, 5432, 4100),
(4101, 99, 1, 4, 4101),
(4101, 145, 1, 5432, 4101),
(4102, 99, 1, 4, 4102),
(4102, 145, 1, 5432, 4102),
(4103, 99, 1, 4, 4103),
(4103, 145, 1, 5432, 4103),
(4104, 99, 1, 4, 4104),
(4104, 145, 1, 5432, 4104),
(4105, 99, 1, 4, 4105),
(4105, 145, 1, 5432, 4105),
(4106, 99, 1, 4, 4106),
(4106, 145, 1, 5432, 4106),
(4107, 99, 1, 4, 4107),
(4107, 145, 1, 5432, 4107),
(4108, 99, 1, 4, 4108),
(4108, 145, 1, 5432, 4108),
(4109, 99, 1, 4, 4109),
(4109, 145, 1, 5432, 4109),
(4110, 99, 1, 4, 4110),
(4110, 145, 1, 5432, 4110),
(4111, 99, 1, 4, 4111),
(4111, 145, 1, 5432, 4111),
(4112, 99, 1, 4, 4112),
(4112, 145, 1, 5433, 4112),
(4114, 99, 1, 4, 4114),
(4114, 145, 1, 5432, 4114),
(4115, 99, 1, 4, 4115),
(4115, 145, 1, 5432, 4115),
(4116, 99, 1, 4, 4116),
(4116, 145, 1, 5432, 4116);

-- --------------------------------------------------------

--
-- Table structure for table `catalog_product_index_eav_tmp`
--

CREATE TABLE `catalog_product_index_eav_tmp` (
  `entity_id` int(10) UNSIGNED NOT NULL COMMENT 'Entity ID',
  `attribute_id` smallint(5) UNSIGNED NOT NULL COMMENT 'Attribute ID',
  `store_id` smallint(5) UNSIGNED NOT NULL COMMENT 'Store ID',
  `value` int(10) UNSIGNED NOT NULL COMMENT 'Value',
  `source_id` int(10) UNSIGNED NOT NULL DEFAULT 0 COMMENT 'Original entity ID for attribute value'
) ENGINE=InnoDB DEFAULT CHARSET=utf8 COMMENT='Catalog Product EAV Indexer Temp Table';

-- --------------------------------------------------------

--
-- Table structure for table `catalog_product_index_price`
--

CREATE TABLE `catalog_product_index_price` (
  `entity_id` int(10) UNSIGNED NOT NULL COMMENT 'Entity ID',
  `customer_group_id` int(10) UNSIGNED NOT NULL COMMENT 'Customer Group ID',
  `website_id` smallint(5) UNSIGNED NOT NULL COMMENT 'Website ID',
  `tax_class_id` smallint(5) UNSIGNED DEFAULT 0 COMMENT 'Tax Class ID',
  `price` decimal(20,6) DEFAULT NULL COMMENT 'Price',
  `final_price` decimal(20,6) DEFAULT NULL COMMENT 'Final Price',
  `min_price` decimal(20,6) DEFAULT NULL COMMENT 'Min Price',
  `max_price` decimal(20,6) DEFAULT NULL COMMENT 'Max Price',
  `tier_price` decimal(20,6) DEFAULT NULL COMMENT 'Tier Price'
) ENGINE=InnoDB DEFAULT CHARSET=utf8 COMMENT='Catalog Product Price Index Table';

--
-- Dumping data for table `catalog_product_index_price`
--

INSERT INTO `catalog_product_index_price` (`entity_id`, `customer_group_id`, `website_id`, `tax_class_id`, `price`, `final_price`, `min_price`, `max_price`, `tier_price`) VALUES
(3634, 0, 1, 2, 3199.000000, 3199.000000, 3199.000000, 3199.000000, NULL),
(3634, 1, 1, 2, 3199.000000, 3199.000000, 3199.000000, 3199.000000, NULL),
(3634, 2, 1, 2, 3199.000000, 3199.000000, 3199.000000, 3199.000000, NULL),
(3634, 3, 1, 2, 3199.000000, 3199.000000, 3199.000000, 3199.000000, NULL),
(3638, 0, 1, 2, 999.000000, 999.000000, 999.000000, 999.000000, NULL),
(3638, 1, 1, 2, 999.000000, 999.000000, 999.000000, 999.000000, NULL),
(3638, 2, 1, 2, 999.000000, 999.000000, 999.000000, 999.000000, NULL),
(3638, 3, 1, 2, 999.000000, 999.000000, 999.000000, 999.000000, NULL),
(3646, 0, 1, 2, 18.900000, 18.900000, 18.900000, 18.900000, NULL),
(3646, 1, 1, 2, 18.900000, 18.900000, 18.900000, 18.900000, NULL),
(3646, 2, 1, 2, 18.900000, 18.900000, 18.900000, 18.900000, NULL),
(3646, 3, 1, 2, 18.900000, 18.900000, 18.900000, 18.900000, NULL),
(3647, 0, 1, 2, 18.900000, 18.900000, 18.900000, 18.900000, NULL),
(3647, 1, 1, 2, 18.900000, 18.900000, 18.900000, 18.900000, NULL),
(3647, 2, 1, 2, 18.900000, 18.900000, 18.900000, 18.900000, NULL),
(3647, 3, 1, 2, 18.900000, 18.900000, 18.900000, 18.900000, NULL),
(3648, 0, 1, 2, 18.900000, 18.900000, 18.900000, 18.900000, NULL),
(3648, 1, 1, 2, 18.900000, 18.900000, 18.900000, 18.900000, NULL),
(3648, 2, 1, 2, 18.900000, 18.900000, 18.900000, 18.900000, NULL),
(3648, 3, 1, 2, 18.900000, 18.900000, 18.900000, 18.900000, NULL),
(3649, 0, 1, 2, 10.500000, 10.500000, 10.500000, 10.500000, NULL),
(3649, 1, 1, 2, 10.500000, 10.500000, 10.500000, 10.500000, NULL),
(3649, 2, 1, 2, 10.500000, 10.500000, 10.500000, 10.500000, NULL),
(3649, 3, 1, 2, 10.500000, 10.500000, 10.500000, 10.500000, NULL),
(3658, 0, 1, 2, 89.250000, 89.250000, 89.250000, 89.250000, NULL),
(3658, 1, 1, 2, 89.250000, 89.250000, 89.250000, 89.250000, NULL),
(3658, 2, 1, 2, 89.250000, 89.250000, 89.250000, 89.250000, NULL),
(3658, 3, 1, 2, 89.250000, 89.250000, 89.250000, 89.250000, NULL),
(3660, 0, 1, 2, 99.750000, 99.750000, 99.750000, 99.750000, NULL),
(3660, 1, 1, 2, 99.750000, 99.750000, 99.750000, 99.750000, NULL),
(3660, 2, 1, 2, 99.750000, 99.750000, 99.750000, 99.750000, NULL),
(3660, 3, 1, 2, 99.750000, 99.750000, 99.750000, 99.750000, NULL),
(3662, 0, 1, 2, 58.800000, 58.800000, 58.800000, 58.800000, NULL),
(3662, 1, 1, 2, 58.800000, 58.800000, 58.800000, 58.800000, NULL),
(3662, 2, 1, 2, 58.800000, 58.800000, 58.800000, 58.800000, NULL),
(3662, 3, 1, 2, 58.800000, 58.800000, 58.800000, 58.800000, NULL),
(3678, 0, 1, 2, 47.250000, 47.250000, 47.250000, 47.250000, NULL),
(3678, 1, 1, 2, 47.250000, 47.250000, 47.250000, 47.250000, NULL),
(3678, 2, 1, 2, 47.250000, 47.250000, 47.250000, 47.250000, NULL),
(3678, 3, 1, 2, 47.250000, 47.250000, 47.250000, 47.250000, NULL),
(3679, 0, 1, 2, 24.150000, 24.150000, 24.150000, 24.150000, NULL),
(3679, 1, 1, 2, 24.150000, 24.150000, 24.150000, 24.150000, NULL),
(3679, 2, 1, 2, 24.150000, 24.150000, 24.150000, 24.150000, NULL),
(3679, 3, 1, 2, 24.150000, 24.150000, 24.150000, 24.150000, NULL),
(3681, 0, 1, 2, 10.500000, 10.500000, 10.500000, 10.500000, NULL),
(3681, 1, 1, 2, 10.500000, 10.500000, 10.500000, 10.500000, NULL),
(3681, 2, 1, 2, 10.500000, 10.500000, 10.500000, 10.500000, NULL),
(3681, 3, 1, 2, 10.500000, 10.500000, 10.500000, 10.500000, NULL),
(3691, 0, 1, 2, 57.750000, 57.750000, 57.750000, 57.750000, NULL),
(3691, 1, 1, 2, 57.750000, 57.750000, 57.750000, 57.750000, NULL),
(3691, 2, 1, 2, 57.750000, 57.750000, 57.750000, 57.750000, NULL),
(3691, 3, 1, 2, 57.750000, 57.750000, 57.750000, 57.750000, NULL),
(3696, 0, 1, 2, 149.100000, 149.100000, 149.100000, 149.100000, NULL),
(3696, 1, 1, 2, 149.100000, 149.100000, 149.100000, 149.100000, NULL),
(3696, 2, 1, 2, 149.100000, 149.100000, 149.100000, 149.100000, NULL),
(3696, 3, 1, 2, 149.100000, 149.100000, 149.100000, 149.100000, NULL),
(3697, 0, 1, 2, 199.500000, 199.500000, 199.500000, 199.500000, NULL),
(3697, 1, 1, 2, 199.500000, 199.500000, 199.500000, 199.500000, NULL),
(3697, 2, 1, 2, 199.500000, 199.500000, 199.500000, 199.500000, NULL),
(3697, 3, 1, 2, 199.500000, 199.500000, 199.500000, 199.500000, NULL),
(3700, 0, 1, 2, 118.650000, 118.650000, 118.650000, 118.650000, NULL),
(3700, 1, 1, 2, 118.650000, 118.650000, 118.650000, 118.650000, NULL),
(3700, 2, 1, 2, 118.650000, 118.650000, 118.650000, 118.650000, NULL),
(3700, 3, 1, 2, 118.650000, 118.650000, 118.650000, 118.650000, NULL),
(3701, 0, 1, 2, 169.050000, 169.050000, 169.050000, 169.050000, NULL),
(3701, 1, 1, 2, 169.050000, 169.050000, 169.050000, 169.050000, NULL),
(3701, 2, 1, 2, 169.050000, 169.050000, 169.050000, 169.050000, NULL),
(3701, 3, 1, 2, 169.050000, 169.050000, 169.050000, 169.050000, NULL),
(3704, 0, 1, 2, 99.750000, 99.750000, 99.750000, 99.750000, NULL),
(3704, 1, 1, 2, 99.750000, 99.750000, 99.750000, 99.750000, NULL),
(3704, 2, 1, 2, 99.750000, 99.750000, 99.750000, 99.750000, NULL),
(3704, 3, 1, 2, 99.750000, 99.750000, 99.750000, 99.750000, NULL),
(3705, 0, 1, 2, 246.750000, 246.750000, 246.750000, 246.750000, NULL),
(3705, 1, 1, 2, 246.750000, 246.750000, 246.750000, 246.750000, NULL),
(3705, 2, 1, 2, 246.750000, 246.750000, 246.750000, 246.750000, NULL),
(3705, 3, 1, 2, 246.750000, 246.750000, 246.750000, 246.750000, NULL),
(3709, 0, 1, 2, 346.000000, 346.000000, 346.000000, 346.000000, NULL),
(3709, 1, 1, 2, 346.000000, 346.000000, 346.000000, 346.000000, NULL),
(3709, 2, 1, 2, 346.000000, 346.000000, 346.000000, 346.000000, NULL),
(3709, 3, 1, 2, 346.000000, 346.000000, 346.000000, 346.000000, NULL),
(3715, 0, 1, 2, 346.500000, 346.500000, 346.500000, 346.500000, NULL),
(3715, 1, 1, 2, 346.500000, 346.500000, 346.500000, 346.500000, NULL),
(3715, 2, 1, 2, 346.500000, 346.500000, 346.500000, 346.500000, NULL),
(3715, 3, 1, 2, 346.500000, 346.500000, 346.500000, 346.500000, NULL),
(3720, 0, 1, 2, 2499.000000, 2489.000000, 2489.000000, 2499.000000, NULL),
(3720, 1, 1, 2, 2499.000000, 2489.000000, 2489.000000, 2499.000000, NULL),
(3720, 2, 1, 2, 2499.000000, 2489.000000, 2489.000000, 2499.000000, NULL),
(3720, 3, 1, 2, 2499.000000, 2489.000000, 2489.000000, 2499.000000, NULL),
(3722, 0, 1, 2, 1709.000000, 1709.000000, 1709.000000, 1709.000000, NULL),
(3722, 1, 1, 2, 1709.000000, 1709.000000, 1709.000000, 1709.000000, NULL),
(3722, 2, 1, 2, 1709.000000, 1709.000000, 1709.000000, 1709.000000, NULL),
(3722, 3, 1, 2, 1709.000000, 1709.000000, 1709.000000, 1709.000000, NULL),
(3724, 0, 1, 2, 1389.000000, 1389.000000, 1389.000000, 1389.000000, NULL),
(3724, 1, 1, 2, 1389.000000, 1389.000000, 1389.000000, 1389.000000, NULL),
(3724, 2, 1, 2, 1389.000000, 1389.000000, 1389.000000, 1389.000000, NULL),
(3724, 3, 1, 2, 1389.000000, 1389.000000, 1389.000000, 1389.000000, NULL),
(3729, 0, 1, 2, 759.000000, 759.000000, 759.000000, 759.000000, NULL),
(3729, 1, 1, 2, 759.000000, 759.000000, 759.000000, 759.000000, NULL),
(3729, 2, 1, 2, 759.000000, 759.000000, 759.000000, 759.000000, NULL),
(3729, 3, 1, 2, 759.000000, 759.000000, 759.000000, 759.000000, NULL),
(3731, 0, 1, 2, 499.000000, 499.000000, 499.000000, 499.000000, NULL),
(3731, 1, 1, 2, 499.000000, 499.000000, 499.000000, 499.000000, NULL),
(3731, 2, 1, 2, 499.000000, 499.000000, 499.000000, 499.000000, NULL),
(3731, 3, 1, 2, 499.000000, 499.000000, 499.000000, 499.000000, NULL),
(3734, 0, 1, 2, 499.000000, 499.000000, 499.000000, 499.000000, NULL),
(3734, 1, 1, 2, 499.000000, 499.000000, 499.000000, 499.000000, NULL),
(3734, 2, 1, 2, 499.000000, 499.000000, 499.000000, 499.000000, NULL),
(3734, 3, 1, 2, 499.000000, 499.000000, 499.000000, 499.000000, NULL),
(3738, 0, 1, 2, 126.000000, 126.000000, 126.000000, 126.000000, NULL),
(3738, 1, 1, 2, 126.000000, 126.000000, 126.000000, 126.000000, NULL),
(3738, 2, 1, 2, 126.000000, 126.000000, 126.000000, 126.000000, NULL),
(3738, 3, 1, 2, 126.000000, 126.000000, 126.000000, 126.000000, NULL),
(3739, 0, 1, 2, 1289.000000, 1289.000000, 1289.000000, 1289.000000, NULL),
(3739, 1, 1, 2, 1289.000000, 1289.000000, 1289.000000, 1289.000000, NULL),
(3739, 2, 1, 2, 1289.000000, 1289.000000, 1289.000000, 1289.000000, NULL),
(3739, 3, 1, 2, 1289.000000, 1289.000000, 1289.000000, 1289.000000, NULL),
(3740, 0, 1, 2, 135.450000, 135.450000, 135.450000, 135.450000, NULL),
(3740, 1, 1, 2, 135.450000, 135.450000, 135.450000, 135.450000, NULL),
(3740, 2, 1, 2, 135.450000, 135.450000, 135.450000, 135.450000, NULL),
(3740, 3, 1, 2, 135.450000, 135.450000, 135.450000, 135.450000, NULL),
(3741, 0, 1, 2, 99.750000, 99.750000, 99.750000, 99.750000, NULL),
(3741, 1, 1, 2, 99.750000, 99.750000, 99.750000, 99.750000, NULL),
(3741, 2, 1, 2, 99.750000, 99.750000, 99.750000, 99.750000, NULL),
(3741, 3, 1, 2, 99.750000, 99.750000, 99.750000, 99.750000, NULL),
(3742, 0, 1, 2, 369.000000, 249.900000, 249.900000, 249.900000, NULL),
(3742, 1, 1, 2, 369.000000, 249.900000, 249.900000, 249.900000, NULL),
(3742, 2, 1, 2, 369.000000, 249.900000, 249.900000, 249.900000, NULL),
(3742, 3, 1, 2, 369.000000, 249.900000, 249.900000, 249.900000, NULL),
(3743, 0, 1, 2, 57.750000, 57.750000, 57.750000, 57.750000, NULL),
(3743, 1, 1, 2, 57.750000, 57.750000, 57.750000, 57.750000, NULL),
(3743, 2, 1, 2, 57.750000, 57.750000, 57.750000, 57.750000, NULL),
(3743, 3, 1, 2, 57.750000, 57.750000, 57.750000, 57.750000, NULL),
(3750, 0, 1, 2, 336.000000, 336.000000, 336.000000, 336.000000, NULL),
(3750, 1, 1, 2, 336.000000, 336.000000, 336.000000, 336.000000, NULL),
(3750, 2, 1, 2, 336.000000, 336.000000, 336.000000, 336.000000, NULL),
(3750, 3, 1, 2, 336.000000, 336.000000, 336.000000, 336.000000, NULL),
(3753, 0, 1, 2, 4459.000000, 4459.000000, 4459.000000, 4459.000000, NULL),
(3753, 1, 1, 2, 4459.000000, 4459.000000, 4459.000000, 4459.000000, NULL),
(3753, 2, 1, 2, 4459.000000, 4459.000000, 4459.000000, 4459.000000, NULL),
(3753, 3, 1, 2, 4459.000000, 4459.000000, 4459.000000, 4459.000000, NULL),
(3755, 0, 1, 2, 559.000000, 467.250000, 467.250000, 467.250000, NULL),
(3755, 1, 1, 2, 559.000000, 467.250000, 467.250000, 467.250000, NULL),
(3755, 2, 1, 2, 559.000000, 467.250000, 467.250000, 467.250000, NULL),
(3755, 3, 1, 2, 559.000000, 467.250000, 467.250000, 467.250000, NULL),
(3756, 0, 1, 2, 199.500000, 199.500000, 199.500000, 199.500000, NULL),
(3756, 1, 1, 2, 199.500000, 199.500000, 199.500000, 199.500000, NULL),
(3756, 2, 1, 2, 199.500000, 199.500000, 199.500000, 199.500000, NULL),
(3756, 3, 1, 2, 199.500000, 199.500000, 199.500000, 199.500000, NULL),
(3757, 0, 1, 2, 45.150000, 45.150000, 45.150000, 45.150000, NULL),
(3757, 1, 1, 2, 45.150000, 45.150000, 45.150000, 45.150000, NULL),
(3757, 2, 1, 2, 45.150000, 45.150000, 45.150000, 45.150000, NULL),
(3757, 3, 1, 2, 45.150000, 45.150000, 45.150000, 45.150000, NULL),
(3758, 0, 1, 2, 49.350000, 49.350000, 49.350000, 49.350000, NULL),
(3758, 1, 1, 2, 49.350000, 49.350000, 49.350000, 49.350000, NULL),
(3758, 2, 1, 2, 49.350000, 49.350000, 49.350000, 49.350000, NULL),
(3758, 3, 1, 2, 49.350000, 49.350000, 49.350000, 49.350000, NULL),
(3759, 0, 1, 2, 34.650000, 34.650000, 34.650000, 34.650000, NULL),
(3759, 1, 1, 2, 34.650000, 34.650000, 34.650000, 34.650000, NULL),
(3759, 2, 1, 2, 34.650000, 34.650000, 34.650000, 34.650000, NULL),
(3759, 3, 1, 2, 34.650000, 34.650000, 34.650000, 34.650000, NULL),
(3760, 0, 1, 2, 38.850000, 38.850000, 38.850000, 38.850000, NULL),
(3760, 1, 1, 2, 38.850000, 38.850000, 38.850000, 38.850000, NULL),
(3760, 2, 1, 2, 38.850000, 38.850000, 38.850000, 38.850000, NULL),
(3760, 3, 1, 2, 38.850000, 38.850000, 38.850000, 38.850000, NULL),
(3761, 0, 1, 2, 483.000000, 483.000000, 483.000000, 483.000000, NULL),
(3761, 1, 1, 2, 483.000000, 483.000000, 483.000000, 483.000000, NULL),
(3761, 2, 1, 2, 483.000000, 483.000000, 483.000000, 483.000000, NULL),
(3761, 3, 1, 2, 483.000000, 483.000000, 483.000000, 483.000000, NULL),
(3762, 0, 1, 2, 748.650000, 748.650000, 748.650000, 748.650000, NULL),
(3762, 1, 1, 2, 748.650000, 748.650000, 748.650000, 748.650000, NULL),
(3762, 2, 1, 2, 748.650000, 748.650000, 748.650000, 748.650000, NULL),
(3762, 3, 1, 2, 748.650000, 748.650000, 748.650000, 748.650000, NULL),
(3767, 0, 1, 2, 1049.000000, 1049.000000, 1049.000000, 1049.000000, NULL),
(3767, 1, 1, 2, 1049.000000, 1049.000000, 1049.000000, 1049.000000, NULL),
(3767, 2, 1, 2, 1049.000000, 1049.000000, 1049.000000, 1049.000000, NULL),
(3767, 3, 1, 2, 1049.000000, 1049.000000, 1049.000000, 1049.000000, NULL),
(3774, 0, 1, 2, 999.000000, 899.850000, 899.850000, 899.850000, NULL),
(3774, 1, 1, 2, 999.000000, 899.850000, 899.850000, 899.850000, NULL),
(3774, 2, 1, 2, 999.000000, 899.850000, 899.850000, 899.850000, NULL),
(3774, 3, 1, 2, 999.000000, 899.850000, 899.850000, 899.850000, NULL),
(3792, 0, 1, 2, 418.500000, 418.500000, 418.500000, 418.500000, NULL),
(3792, 1, 1, 2, 418.500000, 418.500000, 418.500000, 418.500000, NULL),
(3792, 2, 1, 2, 418.500000, 418.500000, 418.500000, 418.500000, NULL),
(3792, 3, 1, 2, 418.500000, 418.500000, 418.500000, 418.500000, NULL),
(3797, 0, 1, 2, 249.000000, 249.000000, 249.000000, 249.000000, NULL),
(3797, 1, 1, 2, 249.000000, 249.000000, 249.000000, 249.000000, NULL),
(3797, 2, 1, 2, 249.000000, 249.000000, 249.000000, 249.000000, NULL),
(3797, 3, 1, 2, 249.000000, 249.000000, 249.000000, 249.000000, NULL),
(3800, 0, 1, 2, 299.000000, 299.000000, 299.000000, 299.000000, NULL),
(3800, 1, 1, 2, 299.000000, 299.000000, 299.000000, 299.000000, NULL),
(3800, 2, 1, 2, 299.000000, 299.000000, 299.000000, 299.000000, NULL),
(3800, 3, 1, 2, 299.000000, 299.000000, 299.000000, 299.000000, NULL),
(3801, 0, 1, 2, 599.000000, 199.800000, 199.800000, 199.800000, NULL),
(3801, 1, 1, 2, 599.000000, 199.800000, 199.800000, 199.800000, NULL),
(3801, 2, 1, 2, 599.000000, 199.800000, 199.800000, 199.800000, NULL),
(3801, 3, 1, 2, 599.000000, 199.800000, 199.800000, 199.800000, NULL),
(3802, 0, 1, 2, 799.000000, 799.000000, 799.000000, 799.000000, NULL),
(3802, 1, 1, 2, 799.000000, 799.000000, 799.000000, 799.000000, NULL),
(3802, 2, 1, 2, 799.000000, 799.000000, 799.000000, 799.000000, NULL),
(3802, 3, 1, 2, 799.000000, 799.000000, 799.000000, 799.000000, NULL),
(3805, 0, 1, 2, 349.000000, 349.000000, 349.000000, 349.000000, NULL),
(3805, 1, 1, 2, 349.000000, 349.000000, 349.000000, 349.000000, NULL),
(3805, 2, 1, 2, 349.000000, 349.000000, 349.000000, 349.000000, NULL),
(3805, 3, 1, 2, 349.000000, 349.000000, 349.000000, 349.000000, NULL),
(3807, 0, 1, 2, 399.000000, 399.000000, 399.000000, 399.000000, NULL),
(3807, 1, 1, 2, 399.000000, 399.000000, 399.000000, 399.000000, NULL),
(3807, 2, 1, 2, 399.000000, 399.000000, 399.000000, 399.000000, NULL),
(3807, 3, 1, 2, 399.000000, 399.000000, 399.000000, 399.000000, NULL),
(3808, 0, 1, 2, 2799.000000, 2399.250000, 2399.250000, 2399.250000, NULL),
(3808, 1, 1, 2, 2799.000000, 2399.250000, 2399.250000, 2399.250000, NULL),
(3808, 2, 1, 2, 2799.000000, 2399.250000, 2399.250000, 2399.250000, NULL),
(3808, 3, 1, 2, 2799.000000, 2399.250000, 2399.250000, 2399.250000, NULL),
(3811, 0, 1, 2, 115.500000, 115.500000, 115.500000, 115.500000, NULL),
(3811, 1, 1, 2, 115.500000, 115.500000, 115.500000, 115.500000, NULL),
(3811, 2, 1, 2, 115.500000, 115.500000, 115.500000, 115.500000, NULL),
(3811, 3, 1, 2, 115.500000, 115.500000, 115.500000, 115.500000, NULL),
(3815, 0, 1, 2, 2939.000000, 2939.000000, 2939.000000, 2939.000000, NULL),
(3815, 1, 1, 2, 2939.000000, 2939.000000, 2939.000000, 2939.000000, NULL),
(3815, 2, 1, 2, 2939.000000, 2939.000000, 2939.000000, 2939.000000, NULL),
(3815, 3, 1, 2, 2939.000000, 2939.000000, 2939.000000, 2939.000000, NULL),
(3817, 0, 1, 2, 1329.000000, 1329.000000, 1329.000000, 1329.000000, NULL),
(3817, 1, 1, 2, 1329.000000, 1329.000000, 1329.000000, 1329.000000, NULL),
(3817, 2, 1, 2, 1329.000000, 1329.000000, 1329.000000, 1329.000000, NULL),
(3817, 3, 1, 2, 1329.000000, 1329.000000, 1329.000000, 1329.000000, NULL),
(3822, 0, 1, 2, 999.000000, 999.000000, 999.000000, 999.000000, NULL),
(3822, 1, 1, 2, 999.000000, 999.000000, 999.000000, 999.000000, NULL),
(3822, 2, 1, 2, 999.000000, 999.000000, 999.000000, 999.000000, NULL),
(3822, 3, 1, 2, 999.000000, 999.000000, 999.000000, 999.000000, NULL),
(3823, 0, 1, 2, 1899.000000, 1899.000000, 1899.000000, 1899.000000, NULL),
(3823, 1, 1, 2, 1899.000000, 1899.000000, 1899.000000, 1899.000000, NULL),
(3823, 2, 1, 2, 1899.000000, 1899.000000, 1899.000000, 1899.000000, NULL),
(3823, 3, 1, 2, 1899.000000, 1899.000000, 1899.000000, 1899.000000, NULL),
(3825, 0, 1, 2, 109.200000, 109.200000, 109.200000, 109.200000, NULL),
(3825, 1, 1, 2, 109.200000, 109.200000, 109.200000, 109.200000, NULL),
(3825, 2, 1, 2, 109.200000, 109.200000, 109.200000, 109.200000, NULL),
(3825, 3, 1, 2, 109.200000, 109.200000, 109.200000, 109.200000, NULL),
(3826, 0, 1, 2, 294.000000, 294.000000, 294.000000, 294.000000, NULL),
(3826, 1, 1, 2, 294.000000, 294.000000, 294.000000, 294.000000, NULL),
(3826, 2, 1, 2, 294.000000, 294.000000, 294.000000, 294.000000, NULL),
(3826, 3, 1, 2, 294.000000, 294.000000, 294.000000, 294.000000, NULL),
(3830, 0, 1, 2, 813.750000, 813.750000, 813.750000, 813.750000, NULL),
(3830, 1, 1, 2, 813.750000, 813.750000, 813.750000, 813.750000, NULL),
(3830, 2, 1, 2, 813.750000, 813.750000, 813.750000, 813.750000, NULL),
(3830, 3, 1, 2, 813.750000, 813.750000, 813.750000, 813.750000, NULL),
(3833, 0, 1, 2, 1129.000000, 599.000000, 599.000000, 599.000000, NULL),
(3833, 1, 1, 2, 1129.000000, 599.000000, 599.000000, 599.000000, NULL),
(3833, 2, 1, 2, 1129.000000, 599.000000, 599.000000, 599.000000, NULL),
(3833, 3, 1, 2, 1129.000000, 599.000000, 599.000000, 599.000000, NULL),
(3834, 0, 1, 2, 2149.000000, 2149.000000, 2149.000000, 2149.000000, NULL),
(3834, 1, 1, 2, 2149.000000, 2149.000000, 2149.000000, 2149.000000, NULL),
(3834, 2, 1, 2, 2149.000000, 2149.000000, 2149.000000, 2149.000000, NULL),
(3834, 3, 1, 2, 2149.000000, 2149.000000, 2149.000000, 2149.000000, NULL),
(3836, 0, 1, 2, 399.000000, 320.250000, 320.250000, 320.250000, NULL),
(3836, 1, 1, 2, 399.000000, 320.250000, 320.250000, 320.250000, NULL),
(3836, 2, 1, 2, 399.000000, 320.250000, 320.250000, 320.250000, NULL),
(3836, 3, 1, 2, 399.000000, 320.250000, 320.250000, 320.250000, NULL),
(3837, 0, 1, 2, 1699.000000, 1496.250000, 1496.250000, 1496.250000, NULL),
(3837, 1, 1, 2, 1699.000000, 1496.250000, 1496.250000, 1496.250000, NULL),
(3837, 2, 1, 2, 1699.000000, 1496.250000, 1496.250000, 1496.250000, NULL),
(3837, 3, 1, 2, 1699.000000, 1496.250000, 1496.250000, 1496.250000, NULL),
(3838, 0, 1, 2, 2799.000000, 2499.000000, 2499.000000, 2499.000000, NULL),
(3838, 1, 1, 2, 2799.000000, 2499.000000, 2499.000000, 2499.000000, NULL),
(3838, 2, 1, 2, 2799.000000, 2499.000000, 2499.000000, 2499.000000, NULL),
(3838, 3, 1, 2, 2799.000000, 2499.000000, 2499.000000, 2499.000000, NULL),
(3839, 0, 1, 2, 1999.000000, 1785.000000, 1785.000000, 1785.000000, NULL),
(3839, 1, 1, 2, 1999.000000, 1785.000000, 1785.000000, 1785.000000, NULL),
(3839, 2, 1, 2, 1999.000000, 1785.000000, 1785.000000, 1785.000000, NULL),
(3839, 3, 1, 2, 1999.000000, 1785.000000, 1785.000000, 1785.000000, NULL),
(3841, 0, 1, 2, 4209.000000, 4209.000000, 4209.000000, 4209.000000, NULL),
(3841, 1, 1, 2, 4209.000000, 4209.000000, 4209.000000, 4209.000000, NULL),
(3841, 2, 1, 2, 4209.000000, 4209.000000, 4209.000000, 4209.000000, NULL),
(3841, 3, 1, 2, 4209.000000, 4209.000000, 4209.000000, 4209.000000, NULL),
(3843, 0, 1, 2, 17999.000000, 17999.000000, 17999.000000, 17999.000000, NULL),
(3843, 1, 1, 2, 17999.000000, 17999.000000, 17999.000000, 17999.000000, NULL),
(3843, 2, 1, 2, 17999.000000, 17999.000000, 17999.000000, 17999.000000, NULL),
(3843, 3, 1, 2, 17999.000000, 17999.000000, 17999.000000, 17999.000000, NULL),
(3844, 0, 1, 2, 2869.000000, 2869.000000, 2869.000000, 2869.000000, NULL),
(3844, 1, 1, 2, 2869.000000, 2869.000000, 2869.000000, 2869.000000, NULL),
(3844, 2, 1, 2, 2869.000000, 2869.000000, 2869.000000, 2869.000000, NULL),
(3844, 3, 1, 2, 2869.000000, 2869.000000, 2869.000000, 2869.000000, NULL),
(3845, 0, 1, 2, 3189.000000, 3189.000000, 3189.000000, 3189.000000, NULL),
(3845, 1, 1, 2, 3189.000000, 3189.000000, 3189.000000, 3189.000000, NULL),
(3845, 2, 1, 2, 3189.000000, 3189.000000, 3189.000000, 3189.000000, NULL),
(3845, 3, 1, 2, 3189.000000, 3189.000000, 3189.000000, 3189.000000, NULL),
(3847, 0, 1, 2, 346.500000, 346.500000, 346.500000, 346.500000, NULL),
(3847, 1, 1, 2, 346.500000, 346.500000, 346.500000, 346.500000, NULL),
(3847, 2, 1, 2, 346.500000, 346.500000, 346.500000, 346.500000, NULL),
(3847, 3, 1, 2, 346.500000, 346.500000, 346.500000, 346.500000, NULL),
(3848, 0, 1, 2, 446.250000, 446.250000, 446.250000, 446.250000, NULL),
(3848, 1, 1, 2, 446.250000, 446.250000, 446.250000, 446.250000, NULL),
(3848, 2, 1, 2, 446.250000, 446.250000, 446.250000, 446.250000, NULL),
(3848, 3, 1, 2, 446.250000, 446.250000, 446.250000, 446.250000, NULL),
(3851, 0, 1, 2, 299.000000, 299.000000, 299.000000, 299.000000, NULL),
(3851, 1, 1, 2, 299.000000, 299.000000, 299.000000, 299.000000, NULL),
(3851, 2, 1, 2, 299.000000, 299.000000, 299.000000, 299.000000, NULL),
(3851, 3, 1, 2, 299.000000, 299.000000, 299.000000, 299.000000, NULL),
(3853, 0, 1, 2, 819.000000, 819.000000, 819.000000, 819.000000, NULL),
(3853, 1, 1, 2, 819.000000, 819.000000, 819.000000, 819.000000, NULL),
(3853, 2, 1, 2, 819.000000, 819.000000, 819.000000, 819.000000, NULL),
(3853, 3, 1, 2, 819.000000, 819.000000, 819.000000, 819.000000, NULL),
(3859, 0, 1, 2, 599.000000, 499.800000, 499.800000, 499.800000, NULL),
(3859, 1, 1, 2, 599.000000, 499.800000, 499.800000, 499.800000, NULL),
(3859, 2, 1, 2, 599.000000, 499.800000, 499.800000, 499.800000, NULL),
(3859, 3, 1, 2, 599.000000, 499.800000, 499.800000, 499.800000, NULL),
(3861, 0, 1, 2, 399.000000, 399.000000, 399.000000, 399.000000, NULL),
(3861, 1, 1, 2, 399.000000, 399.000000, 399.000000, 399.000000, NULL),
(3861, 2, 1, 2, 399.000000, 399.000000, 399.000000, 399.000000, NULL),
(3861, 3, 1, 2, 399.000000, 399.000000, 399.000000, 399.000000, NULL),
(3863, 0, 1, 2, 999.000000, 999.000000, 999.000000, 999.000000, NULL),
(3863, 1, 1, 2, 999.000000, 999.000000, 999.000000, 999.000000, NULL),
(3863, 2, 1, 2, 999.000000, 999.000000, 999.000000, 999.000000, NULL),
(3863, 3, 1, 2, 999.000000, 999.000000, 999.000000, 999.000000, NULL),
(3864, 0, 1, 2, 1949.000000, 1949.000000, 1949.000000, 1949.000000, NULL),
(3864, 1, 1, 2, 1949.000000, 1949.000000, 1949.000000, 1949.000000, NULL),
(3864, 2, 1, 2, 1949.000000, 1949.000000, 1949.000000, 1949.000000, NULL),
(3864, 3, 1, 2, 1949.000000, 1949.000000, 1949.000000, 1949.000000, NULL),
(3865, 0, 1, 2, 1659.000000, 1659.000000, 1659.000000, 1659.000000, NULL),
(3865, 1, 1, 2, 1659.000000, 1659.000000, 1659.000000, 1659.000000, NULL),
(3865, 2, 1, 2, 1659.000000, 1659.000000, 1659.000000, 1659.000000, NULL),
(3865, 3, 1, 2, 1659.000000, 1659.000000, 1659.000000, 1659.000000, NULL),
(3866, 0, 1, 2, 999.000000, 999.000000, 999.000000, 999.000000, NULL),
(3866, 1, 1, 2, 999.000000, 999.000000, 999.000000, 999.000000, NULL),
(3866, 2, 1, 2, 999.000000, 999.000000, 999.000000, 999.000000, NULL),
(3866, 3, 1, 2, 999.000000, 999.000000, 999.000000, 999.000000, NULL),
(3867, 0, 1, 2, 699.000000, 699.000000, 699.000000, 699.000000, NULL),
(3867, 1, 1, 2, 699.000000, 699.000000, 699.000000, 699.000000, NULL),
(3867, 2, 1, 2, 699.000000, 699.000000, 699.000000, 699.000000, NULL),
(3867, 3, 1, 2, 699.000000, 699.000000, 699.000000, 699.000000, NULL),
(3868, 0, 1, 2, 579.000000, 579.000000, 579.000000, 579.000000, NULL),
(3868, 1, 1, 2, 579.000000, 579.000000, 579.000000, 579.000000, NULL),
(3868, 2, 1, 2, 579.000000, 579.000000, 579.000000, 579.000000, NULL),
(3868, 3, 1, 2, 579.000000, 579.000000, 579.000000, 579.000000, NULL),
(3869, 0, 1, 2, 659.000000, 549.150000, 549.150000, 549.150000, NULL),
(3869, 1, 1, 2, 659.000000, 549.150000, 549.150000, 549.150000, NULL),
(3869, 2, 1, 2, 659.000000, 549.150000, 549.150000, 549.150000, NULL),
(3869, 3, 1, 2, 659.000000, 549.150000, 549.150000, 549.150000, NULL),
(3872, 0, 1, 2, 399.000000, 399.000000, 399.000000, 399.000000, NULL),
(3872, 1, 1, 2, 399.000000, 399.000000, 399.000000, 399.000000, NULL),
(3872, 2, 1, 2, 399.000000, 399.000000, 399.000000, 399.000000, NULL),
(3872, 3, 1, 2, 399.000000, 399.000000, 399.000000, 399.000000, NULL),
(3873, 0, 1, 2, 499.000000, 499.000000, 499.000000, 499.000000, NULL),
(3873, 1, 1, 2, 499.000000, 499.000000, 499.000000, 499.000000, NULL),
(3873, 2, 1, 2, 499.000000, 499.000000, 499.000000, 499.000000, NULL),
(3873, 3, 1, 2, 499.000000, 499.000000, 499.000000, 499.000000, NULL),
(3874, 0, 1, 2, 699.000000, 699.000000, 699.000000, 699.000000, NULL),
(3874, 1, 1, 2, 699.000000, 699.000000, 699.000000, 699.000000, NULL),
(3874, 2, 1, 2, 699.000000, 699.000000, 699.000000, 699.000000, NULL),
(3874, 3, 1, 2, 699.000000, 699.000000, 699.000000, 699.000000, NULL),
(3875, 0, 1, 2, 849.000000, 749.700000, 749.700000, 749.700000, NULL),
(3875, 1, 1, 2, 849.000000, 749.700000, 749.700000, 749.700000, NULL),
(3875, 2, 1, 2, 849.000000, 749.700000, 749.700000, 749.700000, NULL),
(3875, 3, 1, 2, 849.000000, 749.700000, 749.700000, 749.700000, NULL),
(3877, 0, 1, 2, 999.000000, 945.000000, 945.000000, 945.000000, NULL),
(3877, 1, 1, 2, 999.000000, 945.000000, 945.000000, 945.000000, NULL),
(3877, 2, 1, 2, 999.000000, 945.000000, 945.000000, 945.000000, NULL),
(3877, 3, 1, 2, 999.000000, 945.000000, 945.000000, 945.000000, NULL),
(3884, 0, 1, 2, 787.500000, 787.500000, 787.500000, 787.500000, NULL),
(3884, 1, 1, 2, 787.500000, 787.500000, 787.500000, 787.500000, NULL),
(3884, 2, 1, 2, 787.500000, 787.500000, 787.500000, 787.500000, NULL),
(3884, 3, 1, 2, 787.500000, 787.500000, 787.500000, 787.500000, NULL),
(3886, 0, 1, 2, 1269.000000, 1269.000000, 1269.000000, 1269.000000, NULL),
(3886, 1, 1, 2, 1269.000000, 1269.000000, 1269.000000, 1269.000000, NULL),
(3886, 2, 1, 2, 1269.000000, 1269.000000, 1269.000000, 1269.000000, NULL),
(3886, 3, 1, 2, 1269.000000, 1269.000000, 1269.000000, 1269.000000, NULL),
(3887, 0, 1, 2, 1419.000000, 1419.000000, 1419.000000, 1419.000000, NULL),
(3887, 1, 1, 2, 1419.000000, 1419.000000, 1419.000000, 1419.000000, NULL),
(3887, 2, 1, 2, 1419.000000, 1419.000000, 1419.000000, 1419.000000, NULL),
(3887, 3, 1, 2, 1419.000000, 1419.000000, 1419.000000, 1419.000000, NULL),
(3888, 0, 1, 2, 749.000000, 749.000000, 749.000000, 749.000000, NULL),
(3888, 1, 1, 2, 749.000000, 749.000000, 749.000000, 749.000000, NULL),
(3888, 2, 1, 2, 749.000000, 749.000000, 749.000000, 749.000000, NULL),
(3888, 3, 1, 2, 749.000000, 749.000000, 749.000000, 749.000000, NULL),
(3889, 0, 1, 2, 949.000000, 949.000000, 949.000000, 949.000000, NULL),
(3889, 1, 1, 2, 949.000000, 949.000000, 949.000000, 949.000000, NULL),
(3889, 2, 1, 2, 949.000000, 949.000000, 949.000000, 949.000000, NULL),
(3889, 3, 1, 2, 949.000000, 949.000000, 949.000000, 949.000000, NULL),
(3890, 0, 1, 2, 1499.000000, 1499.000000, 1499.000000, 1499.000000, NULL),
(3890, 1, 1, 2, 1499.000000, 1499.000000, 1499.000000, 1499.000000, NULL),
(3890, 2, 1, 2, 1499.000000, 1499.000000, 1499.000000, 1499.000000, NULL),
(3890, 3, 1, 2, 1499.000000, 1499.000000, 1499.000000, 1499.000000, NULL),
(3892, 0, 1, 2, 1419.000000, 1419.000000, 1419.000000, 1419.000000, NULL),
(3892, 1, 1, 2, 1419.000000, 1419.000000, 1419.000000, 1419.000000, NULL),
(3892, 2, 1, 2, 1419.000000, 1419.000000, 1419.000000, 1419.000000, NULL),
(3892, 3, 1, 2, 1419.000000, 1419.000000, 1419.000000, 1419.000000, NULL),
(3893, 0, 1, 2, 829.000000, 829.000000, 829.000000, 829.000000, NULL),
(3893, 1, 1, 2, 829.000000, 829.000000, 829.000000, 829.000000, NULL),
(3893, 2, 1, 2, 829.000000, 829.000000, 829.000000, 829.000000, NULL),
(3893, 3, 1, 2, 829.000000, 829.000000, 829.000000, 829.000000, NULL),
(3894, 0, 1, 2, 78.750000, 78.750000, 78.750000, 78.750000, NULL),
(3894, 1, 1, 2, 78.750000, 78.750000, 78.750000, 78.750000, NULL),
(3894, 2, 1, 2, 78.750000, 78.750000, 78.750000, 78.750000, NULL),
(3894, 3, 1, 2, 78.750000, 78.750000, 78.750000, 78.750000, NULL),
(3895, 0, 1, 2, 78.750000, 78.750000, 78.750000, 78.750000, NULL),
(3895, 1, 1, 2, 78.750000, 78.750000, 78.750000, 78.750000, NULL),
(3895, 2, 1, 2, 78.750000, 78.750000, 78.750000, 78.750000, NULL),
(3895, 3, 1, 2, 78.750000, 78.750000, 78.750000, 78.750000, NULL),
(3896, 0, 1, 2, 89.250000, 89.250000, 89.250000, 89.250000, NULL),
(3896, 1, 1, 2, 89.250000, 89.250000, 89.250000, 89.250000, NULL),
(3896, 2, 1, 2, 89.250000, 89.250000, 89.250000, 89.250000, NULL),
(3896, 3, 1, 2, 89.250000, 89.250000, 89.250000, 89.250000, NULL),
(3897, 0, 1, 2, 89.250000, 89.250000, 89.250000, 89.250000, NULL),
(3897, 1, 1, 2, 89.250000, 89.250000, 89.250000, 89.250000, NULL),
(3897, 2, 1, 2, 89.250000, 89.250000, 89.250000, 89.250000, NULL),
(3897, 3, 1, 2, 89.250000, 89.250000, 89.250000, 89.250000, NULL),
(3899, 0, 1, 2, 889.000000, 889.000000, 889.000000, 889.000000, NULL),
(3899, 1, 1, 2, 889.000000, 889.000000, 889.000000, 889.000000, NULL),
(3899, 2, 1, 2, 889.000000, 889.000000, 889.000000, 889.000000, NULL),
(3899, 3, 1, 2, 889.000000, 889.000000, 889.000000, 889.000000, NULL),
(3901, 0, 1, 2, 559.000000, 559.000000, 559.000000, 559.000000, NULL),
(3901, 1, 1, 2, 559.000000, 559.000000, 559.000000, 559.000000, NULL),
(3901, 2, 1, 2, 559.000000, 559.000000, 559.000000, 559.000000, NULL),
(3901, 3, 1, 2, 559.000000, 559.000000, 559.000000, 559.000000, NULL),
(3904, 0, 1, 2, 30.000000, 30.000000, 30.000000, 30.000000, NULL),
(3904, 1, 1, 2, 30.000000, 30.000000, 30.000000, 30.000000, NULL),
(3904, 2, 1, 2, 30.000000, 30.000000, 30.000000, 30.000000, NULL),
(3904, 3, 1, 2, 30.000000, 30.000000, 30.000000, 30.000000, NULL),
(3906, 0, 1, 2, 42.000000, 42.000000, 42.000000, 42.000000, NULL),
(3906, 1, 1, 2, 42.000000, 42.000000, 42.000000, 42.000000, NULL),
(3906, 2, 1, 2, 42.000000, 42.000000, 42.000000, 42.000000, NULL),
(3906, 3, 1, 2, 42.000000, 42.000000, 42.000000, 42.000000, NULL),
(3910, 0, 1, 2, 52.500000, 52.500000, 52.500000, 52.500000, NULL),
(3910, 1, 1, 2, 52.500000, 52.500000, 52.500000, 52.500000, NULL),
(3910, 2, 1, 2, 52.500000, 52.500000, 52.500000, 52.500000, NULL),
(3910, 3, 1, 2, 52.500000, 52.500000, 52.500000, 52.500000, NULL),
(3912, 0, 1, 2, 52.500000, 52.500000, 52.500000, 52.500000, NULL),
(3912, 1, 1, 2, 52.500000, 52.500000, 52.500000, 52.500000, NULL),
(3912, 2, 1, 2, 52.500000, 52.500000, 52.500000, 52.500000, NULL),
(3912, 3, 1, 2, 52.500000, 52.500000, 52.500000, 52.500000, NULL),
(3915, 0, 1, 2, 252.000000, 252.000000, 252.000000, 252.000000, NULL),
(3915, 1, 1, 2, 252.000000, 252.000000, 252.000000, 252.000000, NULL),
(3915, 2, 1, 2, 252.000000, 252.000000, 252.000000, 252.000000, NULL),
(3915, 3, 1, 2, 252.000000, 252.000000, 252.000000, 252.000000, NULL),
(3916, 0, 1, 2, 346.500000, 346.500000, 346.500000, 346.500000, NULL),
(3916, 1, 1, 2, 346.500000, 346.500000, 346.500000, 346.500000, NULL),
(3916, 2, 1, 2, 346.500000, 346.500000, 346.500000, 346.500000, NULL),
(3916, 3, 1, 2, 346.500000, 346.500000, 346.500000, 346.500000, NULL),
(3917, 0, 1, 2, 283.500000, 283.500000, 283.500000, 283.500000, NULL),
(3917, 1, 1, 2, 283.500000, 283.500000, 283.500000, 283.500000, NULL),
(3917, 2, 1, 2, 283.500000, 283.500000, 283.500000, 283.500000, NULL),
(3917, 3, 1, 2, 283.500000, 283.500000, 283.500000, 283.500000, NULL),
(3918, 0, 1, 2, 178.500000, 178.500000, 178.500000, 178.500000, NULL),
(3918, 1, 1, 2, 178.500000, 178.500000, 178.500000, 178.500000, NULL),
(3918, 2, 1, 2, 178.500000, 178.500000, 178.500000, 178.500000, NULL),
(3918, 3, 1, 2, 178.500000, 178.500000, 178.500000, 178.500000, NULL),
(3924, 0, 1, 2, 89.250000, 89.250000, 89.250000, 89.250000, NULL),
(3924, 1, 1, 2, 89.250000, 89.250000, 89.250000, 89.250000, NULL),
(3924, 2, 1, 2, 89.250000, 89.250000, 89.250000, 89.250000, NULL),
(3924, 3, 1, 2, 89.250000, 89.250000, 89.250000, 89.250000, NULL),
(3926, 0, 1, 2, 73.500000, 73.500000, 73.500000, 73.500000, NULL),
(3926, 1, 1, 2, 73.500000, 73.500000, 73.500000, 73.500000, NULL),
(3926, 2, 1, 2, 73.500000, 73.500000, 73.500000, 73.500000, NULL),
(3926, 3, 1, 2, 73.500000, 73.500000, 73.500000, 73.500000, NULL),
(3930, 0, 1, 2, 199.500000, 199.500000, 199.500000, 199.500000, NULL),
(3930, 1, 1, 2, 199.500000, 199.500000, 199.500000, 199.500000, NULL),
(3930, 2, 1, 2, 199.500000, 199.500000, 199.500000, 199.500000, NULL),
(3930, 3, 1, 2, 199.500000, 199.500000, 199.500000, 199.500000, NULL),
(3931, 0, 1, 2, 341.250000, 341.250000, 341.250000, 341.250000, NULL),
(3931, 1, 1, 2, 341.250000, 341.250000, 341.250000, 341.250000, NULL),
(3931, 2, 1, 2, 341.250000, 341.250000, 341.250000, 341.250000, NULL),
(3931, 3, 1, 2, 341.250000, 341.250000, 341.250000, 341.250000, NULL),
(3932, 0, 1, 2, 225.750000, 225.750000, 225.750000, 225.750000, NULL),
(3932, 1, 1, 2, 225.750000, 225.750000, 225.750000, 225.750000, NULL),
(3932, 2, 1, 2, 225.750000, 225.750000, 225.750000, 225.750000, NULL),
(3932, 3, 1, 2, 225.750000, 225.750000, 225.750000, 225.750000, NULL),
(3938, 0, 1, 2, 393.750000, 393.750000, 393.750000, 393.750000, NULL),
(3938, 1, 1, 2, 393.750000, 393.750000, 393.750000, 393.750000, NULL),
(3938, 2, 1, 2, 393.750000, 393.750000, 393.750000, 393.750000, NULL),
(3938, 3, 1, 2, 393.750000, 393.750000, 393.750000, 393.750000, NULL),
(3939, 0, 1, 2, 525.000000, 525.000000, 525.000000, 525.000000, NULL),
(3939, 1, 1, 2, 525.000000, 525.000000, 525.000000, 525.000000, NULL),
(3939, 2, 1, 2, 525.000000, 525.000000, 525.000000, 525.000000, NULL),
(3939, 3, 1, 2, 525.000000, 525.000000, 525.000000, 525.000000, NULL),
(3942, 0, 1, 2, 126.000000, 126.000000, 126.000000, 126.000000, NULL),
(3942, 1, 1, 2, 126.000000, 126.000000, 126.000000, 126.000000, NULL),
(3942, 2, 1, 2, 126.000000, 126.000000, 126.000000, 126.000000, NULL),
(3942, 3, 1, 2, 126.000000, 126.000000, 126.000000, 126.000000, NULL),
(3943, 0, 1, 2, 131.250000, 131.250000, 131.250000, 131.250000, NULL),
(3943, 1, 1, 2, 131.250000, 131.250000, 131.250000, 131.250000, NULL),
(3943, 2, 1, 2, 131.250000, 131.250000, 131.250000, 131.250000, NULL),
(3943, 3, 1, 2, 131.250000, 131.250000, 131.250000, 131.250000, NULL),
(3944, 0, 1, 2, 131.250000, 131.250000, 131.250000, 131.250000, NULL),
(3944, 1, 1, 2, 131.250000, 131.250000, 131.250000, 131.250000, NULL),
(3944, 2, 1, 2, 131.250000, 131.250000, 131.250000, 131.250000, NULL),
(3944, 3, 1, 2, 131.250000, 131.250000, 131.250000, 131.250000, NULL),
(3945, 0, 1, 2, 147.000000, 147.000000, 147.000000, 147.000000, NULL),
(3945, 1, 1, 2, 147.000000, 147.000000, 147.000000, 147.000000, NULL),
(3945, 2, 1, 2, 147.000000, 147.000000, 147.000000, 147.000000, NULL),
(3945, 3, 1, 2, 147.000000, 147.000000, 147.000000, 147.000000, NULL),
(3947, 0, 1, 2, 162.750000, 162.750000, 162.750000, 162.750000, NULL),
(3947, 1, 1, 2, 162.750000, 162.750000, 162.750000, 162.750000, NULL),
(3947, 2, 1, 2, 162.750000, 162.750000, 162.750000, 162.750000, NULL),
(3947, 3, 1, 2, 162.750000, 162.750000, 162.750000, 162.750000, NULL),
(3952, 0, 1, 2, 105.000000, 105.000000, 105.000000, 105.000000, NULL),
(3952, 1, 1, 2, 105.000000, 105.000000, 105.000000, 105.000000, NULL),
(3952, 2, 1, 2, 105.000000, 105.000000, 105.000000, 105.000000, NULL),
(3952, 3, 1, 2, 105.000000, 105.000000, 105.000000, 105.000000, NULL),
(3953, 0, 1, 2, 105.000000, 105.000000, 105.000000, 105.000000, NULL),
(3953, 1, 1, 2, 105.000000, 105.000000, 105.000000, 105.000000, NULL),
(3953, 2, 1, 2, 105.000000, 105.000000, 105.000000, 105.000000, NULL),
(3953, 3, 1, 2, 105.000000, 105.000000, 105.000000, 105.000000, NULL),
(3954, 0, 1, 2, 105.000000, 105.000000, 105.000000, 105.000000, NULL),
(3954, 1, 1, 2, 105.000000, 105.000000, 105.000000, 105.000000, NULL),
(3954, 2, 1, 2, 105.000000, 105.000000, 105.000000, 105.000000, NULL),
(3954, 3, 1, 2, 105.000000, 105.000000, 105.000000, 105.000000, NULL),
(3955, 0, 1, 2, 105.000000, 105.000000, 105.000000, 105.000000, NULL),
(3955, 1, 1, 2, 105.000000, 105.000000, 105.000000, 105.000000, NULL),
(3955, 2, 1, 2, 105.000000, 105.000000, 105.000000, 105.000000, NULL),
(3955, 3, 1, 2, 105.000000, 105.000000, 105.000000, 105.000000, NULL),
(3956, 0, 1, 2, 68.250000, 68.250000, 68.250000, 68.250000, NULL),
(3956, 1, 1, 2, 68.250000, 68.250000, 68.250000, 68.250000, NULL),
(3956, 2, 1, 2, 68.250000, 68.250000, 68.250000, 68.250000, NULL),
(3956, 3, 1, 2, 68.250000, 68.250000, 68.250000, 68.250000, NULL),
(3957, 0, 1, 2, 357.000000, 357.000000, 357.000000, 357.000000, NULL),
(3957, 1, 1, 2, 357.000000, 357.000000, 357.000000, 357.000000, NULL),
(3957, 2, 1, 2, 357.000000, 357.000000, 357.000000, 357.000000, NULL),
(3957, 3, 1, 2, 357.000000, 357.000000, 357.000000, 357.000000, NULL),
(3958, 0, 1, 2, 89.250000, 89.250000, 89.250000, 89.250000, NULL),
(3958, 1, 1, 2, 89.250000, 89.250000, 89.250000, 89.250000, NULL),
(3958, 2, 1, 2, 89.250000, 89.250000, 89.250000, 89.250000, NULL),
(3958, 3, 1, 2, 89.250000, 89.250000, 89.250000, 89.250000, NULL),
(3959, 0, 1, 2, 105.000000, 105.000000, 105.000000, 105.000000, NULL),
(3959, 1, 1, 2, 105.000000, 105.000000, 105.000000, 105.000000, NULL),
(3959, 2, 1, 2, 105.000000, 105.000000, 105.000000, 105.000000, NULL),
(3959, 3, 1, 2, 105.000000, 105.000000, 105.000000, 105.000000, NULL),
(3962, 0, 1, 2, 178.500000, 178.500000, 178.500000, 178.500000, NULL),
(3962, 1, 1, 2, 178.500000, 178.500000, 178.500000, 178.500000, NULL),
(3962, 2, 1, 2, 178.500000, 178.500000, 178.500000, 178.500000, NULL),
(3962, 3, 1, 2, 178.500000, 178.500000, 178.500000, 178.500000, NULL),
(3963, 0, 1, 2, 220.500000, 220.500000, 220.500000, 220.500000, NULL),
(3963, 1, 1, 2, 220.500000, 220.500000, 220.500000, 220.500000, NULL),
(3963, 2, 1, 2, 220.500000, 220.500000, 220.500000, 220.500000, NULL),
(3963, 3, 1, 2, 220.500000, 220.500000, 220.500000, 220.500000, NULL),
(3964, 0, 1, 2, 220.500000, 220.500000, 220.500000, 220.500000, NULL),
(3964, 1, 1, 2, 220.500000, 220.500000, 220.500000, 220.500000, NULL),
(3964, 2, 1, 2, 220.500000, 220.500000, 220.500000, 220.500000, NULL),
(3964, 3, 1, 2, 220.500000, 220.500000, 220.500000, 220.500000, NULL),
(3965, 0, 1, 2, 63.000000, 63.000000, 63.000000, 63.000000, NULL),
(3965, 1, 1, 2, 63.000000, 63.000000, 63.000000, 63.000000, NULL),
(3965, 2, 1, 2, 63.000000, 63.000000, 63.000000, 63.000000, NULL),
(3965, 3, 1, 2, 63.000000, 63.000000, 63.000000, 63.000000, NULL),
(3975, 0, 1, 2, 120.750000, 120.750000, 120.750000, 120.750000, NULL),
(3975, 1, 1, 2, 120.750000, 120.750000, 120.750000, 120.750000, NULL),
(3975, 2, 1, 2, 120.750000, 120.750000, 120.750000, 120.750000, NULL),
(3975, 3, 1, 2, 120.750000, 120.750000, 120.750000, 120.750000, NULL),
(3980, 0, 1, 2, 273.000000, 273.000000, 273.000000, 273.000000, NULL),
(3980, 1, 1, 2, 273.000000, 273.000000, 273.000000, 273.000000, NULL),
(3980, 2, 1, 2, 273.000000, 273.000000, 273.000000, 273.000000, NULL),
(3980, 3, 1, 2, 273.000000, 273.000000, 273.000000, 273.000000, NULL),
(3983, 0, 1, 2, 149.000000, 149.000000, 149.000000, 149.000000, NULL),
(3983, 1, 1, 2, 149.000000, 149.000000, 149.000000, 149.000000, NULL),
(3983, 2, 1, 2, 149.000000, 149.000000, 149.000000, 149.000000, NULL),
(3983, 3, 1, 2, 149.000000, 149.000000, 149.000000, 149.000000, NULL),
(3991, 0, 1, 2, 57.750000, 57.750000, 57.750000, 57.750000, NULL),
(3991, 1, 1, 2, 57.750000, 57.750000, 57.750000, 57.750000, NULL),
(3991, 2, 1, 2, 57.750000, 57.750000, 57.750000, 57.750000, NULL),
(3991, 3, 1, 2, 57.750000, 57.750000, 57.750000, 57.750000, NULL),
(3997, 0, 1, 2, 136.500000, 136.500000, 136.500000, 136.500000, NULL),
(3997, 1, 1, 2, 136.500000, 136.500000, 136.500000, 136.500000, NULL),
(3997, 2, 1, 2, 136.500000, 136.500000, 136.500000, 136.500000, NULL),
(3997, 3, 1, 2, 136.500000, 136.500000, 136.500000, 136.500000, NULL),
(3998, 0, 1, 2, 126.000000, 126.000000, 126.000000, 126.000000, NULL),
(3998, 1, 1, 2, 126.000000, 126.000000, 126.000000, 126.000000, NULL),
(3998, 2, 1, 2, 126.000000, 126.000000, 126.000000, 126.000000, NULL),
(3998, 3, 1, 2, 126.000000, 126.000000, 126.000000, 126.000000, NULL),
(3999, 0, 1, 2, 136.500000, 136.500000, 136.500000, 136.500000, NULL),
(3999, 1, 1, 2, 136.500000, 136.500000, 136.500000, 136.500000, NULL),
(3999, 2, 1, 2, 136.500000, 136.500000, 136.500000, 136.500000, NULL),
(3999, 3, 1, 2, 136.500000, 136.500000, 136.500000, 136.500000, NULL),
(4001, 0, 1, 2, 84.000000, 84.000000, 84.000000, 84.000000, NULL),
(4001, 1, 1, 2, 84.000000, 84.000000, 84.000000, 84.000000, NULL),
(4001, 2, 1, 2, 84.000000, 84.000000, 84.000000, 84.000000, NULL),
(4001, 3, 1, 2, 84.000000, 84.000000, 84.000000, 84.000000, NULL),
(4003, 0, 1, 2, 409.500000, 409.500000, 409.500000, 409.500000, NULL),
(4003, 1, 1, 2, 409.500000, 409.500000, 409.500000, 409.500000, NULL),
(4003, 2, 1, 2, 409.500000, 409.500000, 409.500000, 409.500000, NULL),
(4003, 3, 1, 2, 409.500000, 409.500000, 409.500000, 409.500000, NULL),
(4005, 0, 1, 2, 304.500000, 304.500000, 304.500000, 304.500000, NULL),
(4005, 1, 1, 2, 304.500000, 304.500000, 304.500000, 304.500000, NULL),
(4005, 2, 1, 2, 304.500000, 304.500000, 304.500000, 304.500000, NULL),
(4005, 3, 1, 2, 304.500000, 304.500000, 304.500000, 304.500000, NULL),
(4006, 0, 1, 2, 147.000000, 147.000000, 147.000000, 147.000000, NULL),
(4006, 1, 1, 2, 147.000000, 147.000000, 147.000000, 147.000000, NULL),
(4006, 2, 1, 2, 147.000000, 147.000000, 147.000000, 147.000000, NULL),
(4006, 3, 1, 2, 147.000000, 147.000000, 147.000000, 147.000000, NULL),
(4008, 0, 1, 2, 94.500000, 94.500000, 94.500000, 94.500000, NULL),
(4008, 1, 1, 2, 94.500000, 94.500000, 94.500000, 94.500000, NULL),
(4008, 2, 1, 2, 94.500000, 94.500000, 94.500000, 94.500000, NULL),
(4008, 3, 1, 2, 94.500000, 94.500000, 94.500000, 94.500000, NULL),
(4011, 0, 1, 2, 78.750000, 78.750000, 78.750000, 78.750000, NULL),
(4011, 1, 1, 2, 78.750000, 78.750000, 78.750000, 78.750000, NULL),
(4011, 2, 1, 2, 78.750000, 78.750000, 78.750000, 78.750000, NULL),
(4011, 3, 1, 2, 78.750000, 78.750000, 78.750000, 78.750000, NULL),
(4016, 0, 1, 2, 89.250000, 89.250000, 89.250000, 89.250000, NULL),
(4016, 1, 1, 2, 89.250000, 89.250000, 89.250000, 89.250000, NULL),
(4016, 2, 1, 2, 89.250000, 89.250000, 89.250000, 89.250000, NULL),
(4016, 3, 1, 2, 89.250000, 89.250000, 89.250000, 89.250000, NULL),
(4018, 0, 1, 2, 126.000000, 126.000000, 126.000000, 126.000000, NULL),
(4018, 1, 1, 2, 126.000000, 126.000000, 126.000000, 126.000000, NULL),
(4018, 2, 1, 2, 126.000000, 126.000000, 126.000000, 126.000000, NULL),
(4018, 3, 1, 2, 126.000000, 126.000000, 126.000000, 126.000000, NULL),
(4020, 0, 1, 2, 63.000000, 63.000000, 63.000000, 63.000000, NULL),
(4020, 1, 1, 2, 63.000000, 63.000000, 63.000000, 63.000000, NULL),
(4020, 2, 1, 2, 63.000000, 63.000000, 63.000000, 63.000000, NULL),
(4020, 3, 1, 2, 63.000000, 63.000000, 63.000000, 63.000000, NULL),
(4021, 0, 1, 2, 47.250000, 47.250000, 47.250000, 47.250000, NULL),
(4021, 1, 1, 2, 47.250000, 47.250000, 47.250000, 47.250000, NULL),
(4021, 2, 1, 2, 47.250000, 47.250000, 47.250000, 47.250000, NULL),
(4021, 3, 1, 2, 47.250000, 47.250000, 47.250000, 47.250000, NULL),
(4022, 0, 1, 2, 57.750000, 57.750000, 57.750000, 57.750000, NULL),
(4022, 1, 1, 2, 57.750000, 57.750000, 57.750000, 57.750000, NULL),
(4022, 2, 1, 2, 57.750000, 57.750000, 57.750000, 57.750000, NULL),
(4022, 3, 1, 2, 57.750000, 57.750000, 57.750000, 57.750000, NULL),
(4025, 0, 1, 2, 52.500000, 52.500000, 52.500000, 52.500000, NULL),
(4025, 1, 1, 2, 52.500000, 52.500000, 52.500000, 52.500000, NULL),
(4025, 2, 1, 2, 52.500000, 52.500000, 52.500000, 52.500000, NULL),
(4025, 3, 1, 2, 52.500000, 52.500000, 52.500000, 52.500000, NULL),
(4026, 0, 1, 2, 84.000000, 84.000000, 84.000000, 84.000000, NULL),
(4026, 1, 1, 2, 84.000000, 84.000000, 84.000000, 84.000000, NULL),
(4026, 2, 1, 2, 84.000000, 84.000000, 84.000000, 84.000000, NULL),
(4026, 3, 1, 2, 84.000000, 84.000000, 84.000000, 84.000000, NULL),
(4027, 0, 1, 2, 84.000000, 84.000000, 84.000000, 84.000000, NULL),
(4027, 1, 1, 2, 84.000000, 84.000000, 84.000000, 84.000000, NULL),
(4027, 2, 1, 2, 84.000000, 84.000000, 84.000000, 84.000000, NULL),
(4027, 3, 1, 2, 84.000000, 84.000000, 84.000000, 84.000000, NULL),
(4028, 0, 1, 2, 52.500000, 52.500000, 52.500000, 52.500000, NULL),
(4028, 1, 1, 2, 52.500000, 52.500000, 52.500000, 52.500000, NULL),
(4028, 2, 1, 2, 52.500000, 52.500000, 52.500000, 52.500000, NULL),
(4028, 3, 1, 2, 52.500000, 52.500000, 52.500000, 52.500000, NULL),
(4029, 0, 1, 2, 105.000000, 105.000000, 105.000000, 105.000000, NULL),
(4029, 1, 1, 2, 105.000000, 105.000000, 105.000000, 105.000000, NULL),
(4029, 2, 1, 2, 105.000000, 105.000000, 105.000000, 105.000000, NULL),
(4029, 3, 1, 2, 105.000000, 105.000000, 105.000000, 105.000000, NULL),
(4030, 0, 1, 2, 204.750000, 204.750000, 204.750000, 204.750000, NULL),
(4030, 1, 1, 2, 204.750000, 204.750000, 204.750000, 204.750000, NULL),
(4030, 2, 1, 2, 204.750000, 204.750000, 204.750000, 204.750000, NULL),
(4030, 3, 1, 2, 204.750000, 204.750000, 204.750000, 204.750000, NULL),
(4033, 0, 1, 2, 94.500000, 94.500000, 94.500000, 94.500000, NULL),
(4033, 1, 1, 2, 94.500000, 94.500000, 94.500000, 94.500000, NULL),
(4033, 2, 1, 2, 94.500000, 94.500000, 94.500000, 94.500000, NULL),
(4033, 3, 1, 2, 94.500000, 94.500000, 94.500000, 94.500000, NULL),
(4034, 0, 1, 2, 73.500000, 73.500000, 73.500000, 73.500000, NULL),
(4034, 1, 1, 2, 73.500000, 73.500000, 73.500000, 73.500000, NULL),
(4034, 2, 1, 2, 73.500000, 73.500000, 73.500000, 73.500000, NULL),
(4034, 3, 1, 2, 73.500000, 73.500000, 73.500000, 73.500000, NULL),
(4035, 0, 1, 2, 105.000000, 105.000000, 105.000000, 105.000000, NULL),
(4035, 1, 1, 2, 105.000000, 105.000000, 105.000000, 105.000000, NULL),
(4035, 2, 1, 2, 105.000000, 105.000000, 105.000000, 105.000000, NULL),
(4035, 3, 1, 2, 105.000000, 105.000000, 105.000000, 105.000000, NULL),
(4036, 0, 1, 2, 105.000000, 105.000000, 105.000000, 105.000000, NULL),
(4036, 1, 1, 2, 105.000000, 105.000000, 105.000000, 105.000000, NULL),
(4036, 2, 1, 2, 105.000000, 105.000000, 105.000000, 105.000000, NULL),
(4036, 3, 1, 2, 105.000000, 105.000000, 105.000000, 105.000000, NULL),
(4037, 0, 1, 2, 105.000000, 105.000000, 105.000000, 105.000000, NULL),
(4037, 1, 1, 2, 105.000000, 105.000000, 105.000000, 105.000000, NULL),
(4037, 2, 1, 2, 105.000000, 105.000000, 105.000000, 105.000000, NULL),
(4037, 3, 1, 2, 105.000000, 105.000000, 105.000000, 105.000000, NULL),
(4040, 0, 1, 2, 68.250000, 68.250000, 68.250000, 68.250000, NULL),
(4040, 1, 1, 2, 68.250000, 68.250000, 68.250000, 68.250000, NULL),
(4040, 2, 1, 2, 68.250000, 68.250000, 68.250000, 68.250000, NULL),
(4040, 3, 1, 2, 68.250000, 68.250000, 68.250000, 68.250000, NULL),
(4042, 0, 1, 2, 52.500000, 52.500000, 52.500000, 52.500000, NULL),
(4042, 1, 1, 2, 52.500000, 52.500000, 52.500000, 52.500000, NULL),
(4042, 2, 1, 2, 52.500000, 52.500000, 52.500000, 52.500000, NULL),
(4042, 3, 1, 2, 52.500000, 52.500000, 52.500000, 52.500000, NULL),
(4043, 0, 1, 2, 99.750000, 99.750000, 99.750000, 99.750000, NULL),
(4043, 1, 1, 2, 99.750000, 99.750000, 99.750000, 99.750000, NULL),
(4043, 2, 1, 2, 99.750000, 99.750000, 99.750000, 99.750000, NULL),
(4043, 3, 1, 2, 99.750000, 99.750000, 99.750000, 99.750000, NULL),
(4044, 0, 1, 2, 31.500000, 31.500000, 31.500000, 31.500000, NULL),
(4044, 1, 1, 2, 31.500000, 31.500000, 31.500000, 31.500000, NULL),
(4044, 2, 1, 2, 31.500000, 31.500000, 31.500000, 31.500000, NULL),
(4044, 3, 1, 2, 31.500000, 31.500000, 31.500000, 31.500000, NULL),
(4045, 0, 1, 2, 47.250000, 47.250000, 47.250000, 47.250000, NULL),
(4045, 1, 1, 2, 47.250000, 47.250000, 47.250000, 47.250000, NULL),
(4045, 2, 1, 2, 47.250000, 47.250000, 47.250000, 47.250000, NULL),
(4045, 3, 1, 2, 47.250000, 47.250000, 47.250000, 47.250000, NULL),
(4047, 0, 1, 2, 162.750000, 162.750000, 162.750000, 162.750000, NULL),
(4047, 1, 1, 2, 162.750000, 162.750000, 162.750000, 162.750000, NULL),
(4047, 2, 1, 2, 162.750000, 162.750000, 162.750000, 162.750000, NULL),
(4047, 3, 1, 2, 162.750000, 162.750000, 162.750000, 162.750000, NULL),
(4052, 0, 1, 2, 42.000000, 42.000000, 42.000000, 42.000000, NULL),
(4052, 1, 1, 2, 42.000000, 42.000000, 42.000000, 42.000000, NULL),
(4052, 2, 1, 2, 42.000000, 42.000000, 42.000000, 42.000000, NULL),
(4052, 3, 1, 2, 42.000000, 42.000000, 42.000000, 42.000000, NULL),
(4053, 0, 1, 2, 115.500000, 115.500000, 115.500000, 115.500000, NULL),
(4053, 1, 1, 2, 115.500000, 115.500000, 115.500000, 115.500000, NULL),
(4053, 2, 1, 2, 115.500000, 115.500000, 115.500000, 115.500000, NULL),
(4053, 3, 1, 2, 115.500000, 115.500000, 115.500000, 115.500000, NULL),
(4054, 0, 1, 2, 63.000000, 63.000000, 63.000000, 63.000000, NULL),
(4054, 1, 1, 2, 63.000000, 63.000000, 63.000000, 63.000000, NULL),
(4054, 2, 1, 2, 63.000000, 63.000000, 63.000000, 63.000000, NULL),
(4054, 3, 1, 2, 63.000000, 63.000000, 63.000000, 63.000000, NULL),
(4055, 0, 1, 2, 57.750000, 57.750000, 57.750000, 57.750000, NULL),
(4055, 1, 1, 2, 57.750000, 57.750000, 57.750000, 57.750000, NULL),
(4055, 2, 1, 2, 57.750000, 57.750000, 57.750000, 57.750000, NULL),
(4055, 3, 1, 2, 57.750000, 57.750000, 57.750000, 57.750000, NULL),
(4056, 0, 1, 2, 63.000000, 63.000000, 63.000000, 63.000000, NULL),
(4056, 1, 1, 2, 63.000000, 63.000000, 63.000000, 63.000000, NULL),
(4056, 2, 1, 2, 63.000000, 63.000000, 63.000000, 63.000000, NULL),
(4056, 3, 1, 2, 63.000000, 63.000000, 63.000000, 63.000000, NULL),
(4065, 0, 1, 2, 393.750000, 393.750000, 393.750000, 393.750000, NULL),
(4065, 1, 1, 2, 393.750000, 393.750000, 393.750000, 393.750000, NULL),
(4065, 2, 1, 2, 393.750000, 393.750000, 393.750000, 393.750000, NULL),
(4065, 3, 1, 2, 393.750000, 393.750000, 393.750000, 393.750000, NULL),
(4066, 0, 1, 2, 126.000000, 126.000000, 126.000000, 126.000000, NULL),
(4066, 1, 1, 2, 126.000000, 126.000000, 126.000000, 126.000000, NULL),
(4066, 2, 1, 2, 126.000000, 126.000000, 126.000000, 126.000000, NULL),
(4066, 3, 1, 2, 126.000000, 126.000000, 126.000000, 126.000000, NULL),
(4067, 0, 1, 2, 99.750000, 99.750000, 99.750000, 99.750000, NULL),
(4067, 1, 1, 2, 99.750000, 99.750000, 99.750000, 99.750000, NULL),
(4067, 2, 1, 2, 99.750000, 99.750000, 99.750000, 99.750000, NULL),
(4067, 3, 1, 2, 99.750000, 99.750000, 99.750000, 99.750000, NULL),
(4068, 0, 1, 2, 63.000000, 63.000000, 63.000000, 63.000000, NULL),
(4068, 1, 1, 2, 63.000000, 63.000000, 63.000000, 63.000000, NULL),
(4068, 2, 1, 2, 63.000000, 63.000000, 63.000000, 63.000000, NULL),
(4068, 3, 1, 2, 63.000000, 63.000000, 63.000000, 63.000000, NULL),
(4070, 0, 1, 2, 194.250000, 194.250000, 194.250000, 194.250000, NULL),
(4070, 1, 1, 2, 194.250000, 194.250000, 194.250000, 194.250000, NULL),
(4070, 2, 1, 2, 194.250000, 194.250000, 194.250000, 194.250000, NULL),
(4070, 3, 1, 2, 194.250000, 194.250000, 194.250000, 194.250000, NULL),
(4072, 0, 1, 2, 63.000000, 63.000000, 63.000000, 63.000000, NULL),
(4072, 1, 1, 2, 63.000000, 63.000000, 63.000000, 63.000000, NULL),
(4072, 2, 1, 2, 63.000000, 63.000000, 63.000000, 63.000000, NULL),
(4072, 3, 1, 2, 63.000000, 63.000000, 63.000000, 63.000000, NULL),
(4073, 0, 1, 2, 52.500000, 52.500000, 52.500000, 52.500000, NULL),
(4073, 1, 1, 2, 52.500000, 52.500000, 52.500000, 52.500000, NULL),
(4073, 2, 1, 2, 52.500000, 52.500000, 52.500000, 52.500000, NULL),
(4073, 3, 1, 2, 52.500000, 52.500000, 52.500000, 52.500000, NULL),
(4074, 0, 1, 2, 147.000000, 147.000000, 147.000000, 147.000000, NULL);
INSERT INTO `catalog_product_index_price` (`entity_id`, `customer_group_id`, `website_id`, `tax_class_id`, `price`, `final_price`, `min_price`, `max_price`, `tier_price`) VALUES
(4074, 1, 1, 2, 147.000000, 147.000000, 147.000000, 147.000000, NULL),
(4074, 2, 1, 2, 147.000000, 147.000000, 147.000000, 147.000000, NULL),
(4074, 3, 1, 2, 147.000000, 147.000000, 147.000000, 147.000000, NULL),
(4078, 0, 1, 2, 36.750000, 36.750000, 36.750000, 36.750000, NULL),
(4078, 1, 1, 2, 36.750000, 36.750000, 36.750000, 36.750000, NULL),
(4078, 2, 1, 2, 36.750000, 36.750000, 36.750000, 36.750000, NULL),
(4078, 3, 1, 2, 36.750000, 36.750000, 36.750000, 36.750000, NULL),
(4079, 0, 1, 2, 57.750000, 57.750000, 57.750000, 57.750000, NULL),
(4079, 1, 1, 2, 57.750000, 57.750000, 57.750000, 57.750000, NULL),
(4079, 2, 1, 2, 57.750000, 57.750000, 57.750000, 57.750000, NULL),
(4079, 3, 1, 2, 57.750000, 57.750000, 57.750000, 57.750000, NULL),
(4083, 0, 1, 2, 29.400000, 29.400000, 29.400000, 29.400000, NULL),
(4083, 1, 1, 2, 29.400000, 29.400000, 29.400000, 29.400000, NULL),
(4083, 2, 1, 2, 29.400000, 29.400000, 29.400000, 29.400000, NULL),
(4083, 3, 1, 2, 29.400000, 29.400000, 29.400000, 29.400000, NULL),
(4084, 0, 1, 2, 49.350000, 49.350000, 49.350000, 49.350000, NULL),
(4084, 1, 1, 2, 49.350000, 49.350000, 49.350000, 49.350000, NULL),
(4084, 2, 1, 2, 49.350000, 49.350000, 49.350000, 49.350000, NULL),
(4084, 3, 1, 2, 49.350000, 49.350000, 49.350000, 49.350000, NULL),
(4085, 0, 1, 2, 42.000000, 42.000000, 42.000000, 42.000000, NULL),
(4085, 1, 1, 2, 42.000000, 42.000000, 42.000000, 42.000000, NULL),
(4085, 2, 1, 2, 42.000000, 42.000000, 42.000000, 42.000000, NULL),
(4085, 3, 1, 2, 42.000000, 42.000000, 42.000000, 42.000000, NULL),
(4086, 0, 1, 2, 99.750000, 69.300000, 69.300000, 69.300000, NULL),
(4086, 1, 1, 2, 99.750000, 69.300000, 69.300000, 69.300000, NULL),
(4086, 2, 1, 2, 99.750000, 69.300000, 69.300000, 69.300000, NULL),
(4086, 3, 1, 2, 99.750000, 69.300000, 69.300000, 69.300000, NULL),
(4087, 0, 1, 2, 49.350000, 49.350000, 49.350000, 49.350000, NULL),
(4087, 1, 1, 2, 49.350000, 49.350000, 49.350000, 49.350000, NULL),
(4087, 2, 1, 2, 49.350000, 49.350000, 49.350000, 49.350000, NULL),
(4087, 3, 1, 2, 49.350000, 49.350000, 49.350000, 49.350000, NULL),
(4092, 0, 1, 2, 47.250000, 47.250000, 47.250000, 47.250000, NULL),
(4092, 1, 1, 2, 47.250000, 47.250000, 47.250000, 47.250000, NULL),
(4092, 2, 1, 2, 47.250000, 47.250000, 47.250000, 47.250000, NULL),
(4092, 3, 1, 2, 47.250000, 47.250000, 47.250000, 47.250000, NULL),
(4093, 0, 1, 2, 29.400000, 29.400000, 29.400000, 29.400000, NULL),
(4093, 1, 1, 2, 29.400000, 29.400000, 29.400000, 29.400000, NULL),
(4093, 2, 1, 2, 29.400000, 29.400000, 29.400000, 29.400000, NULL),
(4093, 3, 1, 2, 29.400000, 29.400000, 29.400000, 29.400000, NULL),
(4094, 0, 1, 2, 89.250000, 89.250000, 89.250000, 89.250000, NULL),
(4094, 1, 1, 2, 89.250000, 89.250000, 89.250000, 89.250000, NULL),
(4094, 2, 1, 2, 89.250000, 89.250000, 89.250000, 89.250000, NULL),
(4094, 3, 1, 2, 89.250000, 89.250000, 89.250000, 89.250000, NULL),
(4095, 0, 1, 2, 89.250000, 89.250000, 89.250000, 89.250000, NULL),
(4095, 1, 1, 2, 89.250000, 89.250000, 89.250000, 89.250000, NULL),
(4095, 2, 1, 2, 89.250000, 89.250000, 89.250000, 89.250000, NULL),
(4095, 3, 1, 2, 89.250000, 89.250000, 89.250000, 89.250000, NULL),
(4096, 0, 1, 2, 99.750000, 99.750000, 99.750000, 99.750000, NULL),
(4096, 1, 1, 2, 99.750000, 99.750000, 99.750000, 99.750000, NULL),
(4096, 2, 1, 2, 99.750000, 99.750000, 99.750000, 99.750000, NULL),
(4096, 3, 1, 2, 99.750000, 99.750000, 99.750000, 99.750000, NULL),
(4097, 0, 1, 2, 49.350000, 49.350000, 49.350000, 49.350000, NULL),
(4097, 1, 1, 2, 49.350000, 49.350000, 49.350000, 49.350000, NULL),
(4097, 2, 1, 2, 49.350000, 49.350000, 49.350000, 49.350000, NULL),
(4097, 3, 1, 2, 49.350000, 49.350000, 49.350000, 49.350000, NULL),
(4098, 0, 1, 2, 36.750000, 36.750000, 36.750000, 36.750000, NULL),
(4098, 1, 1, 2, 36.750000, 36.750000, 36.750000, 36.750000, NULL),
(4098, 2, 1, 2, 36.750000, 36.750000, 36.750000, 36.750000, NULL),
(4098, 3, 1, 2, 36.750000, 36.750000, 36.750000, 36.750000, NULL),
(4099, 0, 1, 2, 35.700000, 35.700000, 35.700000, 35.700000, NULL),
(4099, 1, 1, 2, 35.700000, 35.700000, 35.700000, 35.700000, NULL),
(4099, 2, 1, 2, 35.700000, 35.700000, 35.700000, 35.700000, NULL),
(4099, 3, 1, 2, 35.700000, 35.700000, 35.700000, 35.700000, NULL),
(4100, 0, 1, 2, 42.000000, 42.000000, 42.000000, 42.000000, NULL),
(4100, 1, 1, 2, 42.000000, 42.000000, 42.000000, 42.000000, NULL),
(4100, 2, 1, 2, 42.000000, 42.000000, 42.000000, 42.000000, NULL),
(4100, 3, 1, 2, 42.000000, 42.000000, 42.000000, 42.000000, NULL),
(4101, 0, 1, 2, 29.400000, 29.400000, 29.400000, 29.400000, NULL),
(4101, 1, 1, 2, 29.400000, 29.400000, 29.400000, 29.400000, NULL),
(4101, 2, 1, 2, 29.400000, 29.400000, 29.400000, 29.400000, NULL),
(4101, 3, 1, 2, 29.400000, 29.400000, 29.400000, 29.400000, NULL),
(4102, 0, 1, 2, 26.250000, 26.250000, 26.250000, 26.250000, NULL),
(4102, 1, 1, 2, 26.250000, 26.250000, 26.250000, 26.250000, NULL),
(4102, 2, 1, 2, 26.250000, 26.250000, 26.250000, 26.250000, NULL),
(4102, 3, 1, 2, 26.250000, 26.250000, 26.250000, 26.250000, NULL),
(4103, 0, 1, 2, 99.750000, 99.750000, 99.750000, 99.750000, NULL),
(4103, 1, 1, 2, 99.750000, 99.750000, 99.750000, 99.750000, NULL),
(4103, 2, 1, 2, 99.750000, 99.750000, 99.750000, 99.750000, NULL),
(4103, 3, 1, 2, 99.750000, 99.750000, 99.750000, 99.750000, NULL),
(4104, 0, 1, 2, 78.750000, 78.750000, 78.750000, 78.750000, NULL),
(4104, 1, 1, 2, 78.750000, 78.750000, 78.750000, 78.750000, NULL),
(4104, 2, 1, 2, 78.750000, 78.750000, 78.750000, 78.750000, NULL),
(4104, 3, 1, 2, 78.750000, 78.750000, 78.750000, 78.750000, NULL),
(4105, 0, 1, 2, 45.150000, 45.150000, 45.150000, 45.150000, NULL),
(4105, 1, 1, 2, 45.150000, 45.150000, 45.150000, 45.150000, NULL),
(4105, 2, 1, 2, 45.150000, 45.150000, 45.150000, 45.150000, NULL),
(4105, 3, 1, 2, 45.150000, 45.150000, 45.150000, 45.150000, NULL),
(4106, 0, 1, 2, 99.750000, 99.750000, 99.750000, 99.750000, NULL),
(4106, 1, 1, 2, 99.750000, 99.750000, 99.750000, 99.750000, NULL),
(4106, 2, 1, 2, 99.750000, 99.750000, 99.750000, 99.750000, NULL),
(4106, 3, 1, 2, 99.750000, 99.750000, 99.750000, 99.750000, NULL),
(4107, 0, 1, 2, 129.150000, 129.150000, 129.150000, 129.150000, NULL),
(4107, 1, 1, 2, 129.150000, 129.150000, 129.150000, 129.150000, NULL),
(4107, 2, 1, 2, 129.150000, 129.150000, 129.150000, 129.150000, NULL),
(4107, 3, 1, 2, 129.150000, 129.150000, 129.150000, 129.150000, NULL),
(4108, 0, 1, 2, 49.350000, 49.350000, 49.350000, 49.350000, NULL),
(4108, 1, 1, 2, 49.350000, 49.350000, 49.350000, 49.350000, NULL),
(4108, 2, 1, 2, 49.350000, 49.350000, 49.350000, 49.350000, NULL),
(4108, 3, 1, 2, 49.350000, 49.350000, 49.350000, 49.350000, NULL),
(4109, 0, 1, 2, 99.750000, 99.750000, 99.750000, 99.750000, NULL),
(4109, 1, 1, 2, 99.750000, 99.750000, 99.750000, 99.750000, NULL),
(4109, 2, 1, 2, 99.750000, 99.750000, 99.750000, 99.750000, NULL),
(4109, 3, 1, 2, 99.750000, 99.750000, 99.750000, 99.750000, NULL),
(4110, 0, 1, 2, 44.100000, 44.100000, 44.100000, 44.100000, NULL),
(4110, 1, 1, 2, 44.100000, 44.100000, 44.100000, 44.100000, NULL),
(4110, 2, 1, 2, 44.100000, 44.100000, 44.100000, 44.100000, NULL),
(4110, 3, 1, 2, 44.100000, 44.100000, 44.100000, 44.100000, NULL),
(4111, 0, 1, 2, 84.000000, 84.000000, 84.000000, 84.000000, NULL),
(4111, 1, 1, 2, 84.000000, 84.000000, 84.000000, 84.000000, NULL),
(4111, 2, 1, 2, 84.000000, 84.000000, 84.000000, 84.000000, NULL),
(4111, 3, 1, 2, 84.000000, 84.000000, 84.000000, 84.000000, NULL),
(4112, 0, 1, 2, 3199.000000, 3189.000000, 3189.000000, 3199.000000, NULL),
(4112, 1, 1, 2, 3199.000000, 3189.000000, 3189.000000, 3199.000000, NULL),
(4112, 2, 1, 2, 3199.000000, 3189.000000, 3189.000000, 3199.000000, NULL),
(4112, 3, 1, 2, 3199.000000, 3189.000000, 3189.000000, 3199.000000, NULL),
(4114, 0, 1, 2, 499.000000, 499.000000, 499.000000, 499.000000, NULL),
(4114, 1, 1, 2, 499.000000, 499.000000, 499.000000, 499.000000, NULL),
(4114, 2, 1, 2, 499.000000, 499.000000, 499.000000, 499.000000, NULL),
(4114, 3, 1, 2, 499.000000, 499.000000, 499.000000, 499.000000, NULL),
(4115, 0, 1, 2, 588.000000, 588.000000, 588.000000, 588.000000, NULL),
(4115, 1, 1, 2, 588.000000, 588.000000, 588.000000, 588.000000, NULL),
(4115, 2, 1, 2, 588.000000, 588.000000, 588.000000, 588.000000, NULL),
(4115, 3, 1, 2, 588.000000, 588.000000, 588.000000, 588.000000, NULL),
(4116, 0, 1, 2, 399.000000, 399.000000, 399.000000, 399.000000, NULL),
(4116, 1, 1, 2, 399.000000, 399.000000, 399.000000, 399.000000, NULL),
(4116, 2, 1, 2, 399.000000, 399.000000, 399.000000, 399.000000, NULL),
(4116, 3, 1, 2, 399.000000, 399.000000, 399.000000, 399.000000, NULL),
(4117, 0, 1, 2, 2399.000000, 2399.000000, 2399.000000, 2399.000000, NULL),
(4117, 1, 1, 2, 2399.000000, 2399.000000, 2399.000000, 2399.000000, NULL),
(4117, 2, 1, 2, 2399.000000, 2399.000000, 2399.000000, 2399.000000, NULL),
(4117, 3, 1, 2, 2399.000000, 2399.000000, 2399.000000, 2399.000000, NULL),
(4118, 0, 1, 2, 1399.000000, 1399.000000, 1399.000000, 1399.000000, NULL),
(4118, 1, 1, 2, 1399.000000, 1399.000000, 1399.000000, 1399.000000, NULL),
(4118, 2, 1, 2, 1399.000000, 1399.000000, 1399.000000, 1399.000000, NULL),
(4118, 3, 1, 2, 1399.000000, 1399.000000, 1399.000000, 1399.000000, NULL),
(4119, 0, 1, 2, 2999.000000, 2999.000000, 2999.000000, 2999.000000, NULL),
(4119, 1, 1, 2, 2999.000000, 2999.000000, 2999.000000, 2999.000000, NULL),
(4119, 2, 1, 2, 2999.000000, 2999.000000, 2999.000000, 2999.000000, NULL),
(4119, 3, 1, 2, 2999.000000, 2999.000000, 2999.000000, 2999.000000, NULL),
(4121, 0, 1, 2, 1299.000000, 1299.000000, 1299.000000, 1299.000000, NULL),
(4121, 1, 1, 2, 1299.000000, 1299.000000, 1299.000000, 1299.000000, NULL),
(4121, 2, 1, 2, 1299.000000, 1299.000000, 1299.000000, 1299.000000, NULL),
(4121, 3, 1, 2, 1299.000000, 1299.000000, 1299.000000, 1299.000000, NULL),
(4122, 0, 1, 2, 549.000000, 549.000000, 549.000000, 549.000000, NULL),
(4122, 1, 1, 2, 549.000000, 549.000000, 549.000000, 549.000000, NULL),
(4122, 2, 1, 2, 549.000000, 549.000000, 549.000000, 549.000000, NULL),
(4122, 3, 1, 2, 549.000000, 549.000000, 549.000000, 549.000000, NULL),
(4123, 0, 1, 2, 599.000000, 599.000000, 599.000000, 599.000000, NULL),
(4123, 1, 1, 2, 599.000000, 599.000000, 599.000000, 599.000000, NULL),
(4123, 2, 1, 2, 599.000000, 599.000000, 599.000000, 599.000000, NULL),
(4123, 3, 1, 2, 599.000000, 599.000000, 599.000000, 599.000000, NULL),
(4124, 0, 1, 2, 4179.000000, 4179.000000, 4179.000000, 4179.000000, NULL),
(4124, 1, 1, 2, 4179.000000, 4179.000000, 4179.000000, 4179.000000, NULL),
(4124, 2, 1, 2, 4179.000000, 4179.000000, 4179.000000, 4179.000000, NULL),
(4124, 3, 1, 2, 4179.000000, 4179.000000, 4179.000000, 4179.000000, NULL),
(4125, 0, 1, 2, 449.000000, 367.500000, 367.500000, 367.500000, NULL),
(4125, 1, 1, 2, 449.000000, 367.500000, 367.500000, 367.500000, NULL),
(4125, 2, 1, 2, 449.000000, 367.500000, 367.500000, 367.500000, NULL),
(4125, 3, 1, 2, 449.000000, 367.500000, 367.500000, 367.500000, NULL),
(4126, 0, 1, 2, 469.000000, 420.000000, 420.000000, 420.000000, NULL),
(4126, 1, 1, 2, 469.000000, 420.000000, 420.000000, 420.000000, NULL),
(4126, 2, 1, 2, 469.000000, 420.000000, 420.000000, 420.000000, NULL),
(4126, 3, 1, 2, 469.000000, 420.000000, 420.000000, 420.000000, NULL),
(4127, 0, 1, 2, 779.000000, 779.000000, 779.000000, 779.000000, NULL),
(4127, 1, 1, 2, 779.000000, 779.000000, 779.000000, 779.000000, NULL),
(4127, 2, 1, 2, 779.000000, 779.000000, 779.000000, 779.000000, NULL),
(4127, 3, 1, 2, 779.000000, 779.000000, 779.000000, 779.000000, NULL),
(4128, 0, 1, 2, 799.000000, 799.000000, 799.000000, 799.000000, NULL),
(4128, 1, 1, 2, 799.000000, 799.000000, 799.000000, 799.000000, NULL),
(4128, 2, 1, 2, 799.000000, 799.000000, 799.000000, 799.000000, NULL),
(4128, 3, 1, 2, 799.000000, 799.000000, 799.000000, 799.000000, NULL),
(4129, 0, 1, 2, 2599.000000, 2599.000000, 2599.000000, 2599.000000, NULL),
(4129, 1, 1, 2, 2599.000000, 2599.000000, 2599.000000, 2599.000000, NULL),
(4129, 2, 1, 2, 2599.000000, 2599.000000, 2599.000000, 2599.000000, NULL),
(4129, 3, 1, 2, 2599.000000, 2599.000000, 2599.000000, 2599.000000, NULL),
(4130, 0, 1, 2, 1299.000000, 1299.000000, 1299.000000, 1299.000000, NULL),
(4130, 1, 1, 2, 1299.000000, 1299.000000, 1299.000000, 1299.000000, NULL),
(4130, 2, 1, 2, 1299.000000, 1299.000000, 1299.000000, 1299.000000, NULL),
(4130, 3, 1, 2, 1299.000000, 1299.000000, 1299.000000, 1299.000000, NULL),
(4131, 0, 1, 2, 699.000000, 699.000000, 699.000000, 699.000000, NULL),
(4131, 1, 1, 2, 699.000000, 699.000000, 699.000000, 699.000000, NULL),
(4131, 2, 1, 2, 699.000000, 699.000000, 699.000000, 699.000000, NULL),
(4131, 3, 1, 2, 699.000000, 699.000000, 699.000000, 699.000000, NULL),
(4132, 0, 1, 2, 1199.000000, 1199.000000, 1199.000000, 1199.000000, NULL),
(4132, 1, 1, 2, 1199.000000, 1199.000000, 1199.000000, 1199.000000, NULL),
(4132, 2, 1, 2, 1199.000000, 1199.000000, 1199.000000, 1199.000000, NULL),
(4132, 3, 1, 2, 1199.000000, 1199.000000, 1199.000000, 1199.000000, NULL),
(4133, 0, 1, 2, 1429.000000, 1429.000000, 1429.000000, 1429.000000, NULL),
(4133, 1, 1, 2, 1429.000000, 1429.000000, 1429.000000, 1429.000000, NULL),
(4133, 2, 1, 2, 1429.000000, 1429.000000, 1429.000000, 1429.000000, NULL),
(4133, 3, 1, 2, 1429.000000, 1429.000000, 1429.000000, 1429.000000, NULL),
(4134, 0, 1, 2, 799.000000, 799.000000, 799.000000, 799.000000, NULL),
(4134, 1, 1, 2, 799.000000, 799.000000, 799.000000, 799.000000, NULL),
(4134, 2, 1, 2, 799.000000, 799.000000, 799.000000, 799.000000, NULL),
(4134, 3, 1, 2, 799.000000, 799.000000, 799.000000, 799.000000, NULL),
(4135, 0, 1, 2, 1299.000000, 1299.000000, 1299.000000, 1299.000000, NULL),
(4135, 1, 1, 2, 1299.000000, 1299.000000, 1299.000000, 1299.000000, NULL),
(4135, 2, 1, 2, 1299.000000, 1299.000000, 1299.000000, 1299.000000, NULL),
(4135, 3, 1, 2, 1299.000000, 1299.000000, 1299.000000, 1299.000000, NULL),
(4136, 0, 1, 2, 949.000000, 949.000000, 949.000000, 949.000000, NULL),
(4136, 1, 1, 2, 949.000000, 949.000000, 949.000000, 949.000000, NULL),
(4136, 2, 1, 2, 949.000000, 949.000000, 949.000000, 949.000000, NULL),
(4136, 3, 1, 2, 949.000000, 949.000000, 949.000000, 949.000000, NULL),
(4137, 0, 1, 2, 899.000000, 777.000000, 777.000000, 777.000000, NULL),
(4137, 1, 1, 2, 899.000000, 777.000000, 777.000000, 777.000000, NULL),
(4137, 2, 1, 2, 899.000000, 777.000000, 777.000000, 777.000000, NULL),
(4137, 3, 1, 2, 899.000000, 777.000000, 777.000000, 777.000000, NULL),
(4138, 0, 1, 2, 499.000000, 499.000000, 499.000000, 499.000000, NULL),
(4138, 1, 1, 2, 499.000000, 499.000000, 499.000000, 499.000000, NULL),
(4138, 2, 1, 2, 499.000000, 499.000000, 499.000000, 499.000000, NULL),
(4138, 3, 1, 2, 499.000000, 499.000000, 499.000000, 499.000000, NULL),
(4139, 0, 1, 2, 799.000000, 693.000000, 693.000000, 693.000000, NULL),
(4139, 1, 1, 2, 799.000000, 693.000000, 693.000000, 693.000000, NULL),
(4139, 2, 1, 2, 799.000000, 693.000000, 693.000000, 693.000000, NULL),
(4139, 3, 1, 2, 799.000000, 693.000000, 693.000000, 693.000000, NULL),
(4140, 0, 1, 2, 1249.000000, 1249.000000, 1249.000000, 1249.000000, NULL),
(4140, 1, 1, 2, 1249.000000, 1249.000000, 1249.000000, 1249.000000, NULL),
(4140, 2, 1, 2, 1249.000000, 1249.000000, 1249.000000, 1249.000000, NULL),
(4140, 3, 1, 2, 1249.000000, 1249.000000, 1249.000000, 1249.000000, NULL),
(4141, 0, 1, 2, 1399.000000, 1399.000000, 1399.000000, 1399.000000, NULL),
(4141, 1, 1, 2, 1399.000000, 1399.000000, 1399.000000, 1399.000000, NULL),
(4141, 2, 1, 2, 1399.000000, 1399.000000, 1399.000000, 1399.000000, NULL),
(4141, 3, 1, 2, 1399.000000, 1399.000000, 1399.000000, 1399.000000, NULL),
(4143, 0, 1, 2, 999.000000, 999.000000, 999.000000, 999.000000, NULL),
(4143, 1, 1, 2, 999.000000, 999.000000, 999.000000, 999.000000, NULL),
(4143, 2, 1, 2, 999.000000, 999.000000, 999.000000, 999.000000, NULL),
(4143, 3, 1, 2, 999.000000, 999.000000, 999.000000, 999.000000, NULL),
(4144, 0, 1, 2, 799.000000, 599.000000, 599.000000, 599.000000, NULL),
(4144, 1, 1, 2, 799.000000, 599.000000, 599.000000, 599.000000, NULL),
(4144, 2, 1, 2, 799.000000, 599.000000, 599.000000, 599.000000, NULL),
(4144, 3, 1, 2, 799.000000, 599.000000, 599.000000, 599.000000, NULL),
(4145, 0, 1, 2, 799.000000, 599.000000, 599.000000, 599.000000, NULL),
(4145, 1, 1, 2, 799.000000, 599.000000, 599.000000, 599.000000, NULL),
(4145, 2, 1, 2, 799.000000, 599.000000, 599.000000, 599.000000, NULL),
(4145, 3, 1, 2, 799.000000, 599.000000, 599.000000, 599.000000, NULL),
(4146, 0, 1, 2, 799.000000, 599.000000, 599.000000, 599.000000, NULL),
(4146, 1, 1, 2, 799.000000, 599.000000, 599.000000, 599.000000, NULL),
(4146, 2, 1, 2, 799.000000, 599.000000, 599.000000, 599.000000, NULL),
(4146, 3, 1, 2, 799.000000, 599.000000, 599.000000, 599.000000, NULL),
(4147, 0, 1, 2, 249.000000, 249.000000, 249.000000, 249.000000, NULL),
(4147, 1, 1, 2, 249.000000, 249.000000, 249.000000, 249.000000, NULL),
(4147, 2, 1, 2, 249.000000, 249.000000, 249.000000, 249.000000, NULL),
(4147, 3, 1, 2, 249.000000, 249.000000, 249.000000, 249.000000, NULL),
(4148, 0, 1, 2, 219.000000, 219.000000, 219.000000, 219.000000, NULL),
(4148, 1, 1, 2, 219.000000, 219.000000, 219.000000, 219.000000, NULL),
(4148, 2, 1, 2, 219.000000, 219.000000, 219.000000, 219.000000, NULL),
(4148, 3, 1, 2, 219.000000, 219.000000, 219.000000, 219.000000, NULL),
(4149, 0, 1, 2, 299.000000, 299.000000, 299.000000, 299.000000, NULL),
(4149, 1, 1, 2, 299.000000, 299.000000, 299.000000, 299.000000, NULL),
(4149, 2, 1, 2, 299.000000, 299.000000, 299.000000, 299.000000, NULL),
(4149, 3, 1, 2, 299.000000, 299.000000, 299.000000, 299.000000, NULL),
(4150, 0, 1, 2, 499.000000, 499.000000, 499.000000, 499.000000, NULL),
(4150, 1, 1, 2, 499.000000, 499.000000, 499.000000, 499.000000, NULL),
(4150, 2, 1, 2, 499.000000, 499.000000, 499.000000, 499.000000, NULL),
(4150, 3, 1, 2, 499.000000, 499.000000, 499.000000, 499.000000, NULL),
(4151, 0, 1, 2, 349.000000, 299.250000, 299.250000, 299.250000, NULL),
(4151, 1, 1, 2, 349.000000, 299.250000, 299.250000, 299.250000, NULL),
(4151, 2, 1, 2, 349.000000, 299.250000, 299.250000, 299.250000, NULL),
(4151, 3, 1, 2, 349.000000, 299.250000, 299.250000, 299.250000, NULL),
(4153, 0, 1, 2, 761.250000, 761.250000, 761.250000, 761.250000, NULL),
(4153, 1, 1, 2, 761.250000, 761.250000, 761.250000, 761.250000, NULL),
(4153, 2, 1, 2, 761.250000, 761.250000, 761.250000, 761.250000, NULL),
(4153, 3, 1, 2, 761.250000, 761.250000, 761.250000, 761.250000, NULL),
(4154, 0, 1, 2, 997.500000, 997.500000, 997.500000, 997.500000, NULL),
(4154, 1, 1, 2, 997.500000, 997.500000, 997.500000, 997.500000, NULL),
(4154, 2, 1, 2, 997.500000, 997.500000, 997.500000, 997.500000, NULL),
(4154, 3, 1, 2, 997.500000, 997.500000, 997.500000, 997.500000, NULL),
(4155, 0, 1, 2, 1649.550000, 1649.550000, 1649.550000, 1649.550000, NULL),
(4155, 1, 1, 2, 1649.550000, 1649.550000, 1649.550000, 1649.550000, NULL),
(4155, 2, 1, 2, 1649.550000, 1649.550000, 1649.550000, 1649.550000, NULL),
(4155, 3, 1, 2, 1649.550000, 1649.550000, 1649.550000, 1649.550000, NULL),
(4156, 0, 1, 2, 2205.000000, 2205.000000, 2205.000000, 2205.000000, NULL),
(4156, 1, 1, 2, 2205.000000, 2205.000000, 2205.000000, 2205.000000, NULL),
(4156, 2, 1, 2, 2205.000000, 2205.000000, 2205.000000, 2205.000000, NULL),
(4156, 3, 1, 2, 2205.000000, 2205.000000, 2205.000000, 2205.000000, NULL),
(4157, 0, 1, 2, 1743.000000, 1743.000000, 1743.000000, 1743.000000, NULL),
(4157, 1, 1, 2, 1743.000000, 1743.000000, 1743.000000, 1743.000000, NULL),
(4157, 2, 1, 2, 1743.000000, 1743.000000, 1743.000000, 1743.000000, NULL),
(4157, 3, 1, 2, 1743.000000, 1743.000000, 1743.000000, 1743.000000, NULL),
(4160, 0, 1, 2, 42.000000, 42.000000, 42.000000, 42.000000, NULL),
(4160, 1, 1, 2, 42.000000, 42.000000, 42.000000, 42.000000, NULL),
(4160, 2, 1, 2, 42.000000, 42.000000, 42.000000, 42.000000, NULL),
(4160, 3, 1, 2, 42.000000, 42.000000, 42.000000, 42.000000, NULL),
(4162, 0, 1, 2, 169.050000, 169.050000, 169.050000, 169.050000, NULL),
(4162, 1, 1, 2, 169.050000, 169.050000, 169.050000, 169.050000, NULL),
(4162, 2, 1, 2, 169.050000, 169.050000, 169.050000, 169.050000, NULL),
(4162, 3, 1, 2, 169.050000, 169.050000, 169.050000, 169.050000, NULL),
(4163, 0, 1, 2, 36.750000, 36.750000, 36.750000, 36.750000, NULL),
(4163, 1, 1, 2, 36.750000, 36.750000, 36.750000, 36.750000, NULL),
(4163, 2, 1, 2, 36.750000, 36.750000, 36.750000, 36.750000, NULL),
(4163, 3, 1, 2, 36.750000, 36.750000, 36.750000, 36.750000, NULL),
(4166, 0, 1, 2, 36.750000, 36.750000, 36.750000, 36.750000, NULL),
(4166, 1, 1, 2, 36.750000, 36.750000, 36.750000, 36.750000, NULL),
(4166, 2, 1, 2, 36.750000, 36.750000, 36.750000, 36.750000, NULL),
(4166, 3, 1, 2, 36.750000, 36.750000, 36.750000, 36.750000, NULL),
(4167, 0, 1, 2, 42.000000, 42.000000, 42.000000, 42.000000, NULL),
(4167, 1, 1, 2, 42.000000, 42.000000, 42.000000, 42.000000, NULL),
(4167, 2, 1, 2, 42.000000, 42.000000, 42.000000, 42.000000, NULL),
(4167, 3, 1, 2, 42.000000, 42.000000, 42.000000, 42.000000, NULL),
(4168, 0, 1, 2, 42.000000, 42.000000, 42.000000, 42.000000, NULL),
(4168, 1, 1, 2, 42.000000, 42.000000, 42.000000, 42.000000, NULL),
(4168, 2, 1, 2, 42.000000, 42.000000, 42.000000, 42.000000, NULL),
(4168, 3, 1, 2, 42.000000, 42.000000, 42.000000, 42.000000, NULL),
(4169, 0, 1, 2, 42.000000, 42.000000, 42.000000, 42.000000, NULL),
(4169, 1, 1, 2, 42.000000, 42.000000, 42.000000, 42.000000, NULL),
(4169, 2, 1, 2, 42.000000, 42.000000, 42.000000, 42.000000, NULL),
(4169, 3, 1, 2, 42.000000, 42.000000, 42.000000, 42.000000, NULL),
(4171, 0, 1, 2, 47.250000, 47.250000, 47.250000, 47.250000, NULL),
(4171, 1, 1, 2, 47.250000, 47.250000, 47.250000, 47.250000, NULL),
(4171, 2, 1, 2, 47.250000, 47.250000, 47.250000, 47.250000, NULL),
(4171, 3, 1, 2, 47.250000, 47.250000, 47.250000, 47.250000, NULL),
(4174, 0, 1, 2, 63.000000, 63.000000, 63.000000, 63.000000, NULL),
(4174, 1, 1, 2, 63.000000, 63.000000, 63.000000, 63.000000, NULL),
(4174, 2, 1, 2, 63.000000, 63.000000, 63.000000, 63.000000, NULL),
(4174, 3, 1, 2, 63.000000, 63.000000, 63.000000, 63.000000, NULL),
(4175, 0, 1, 2, 479.000000, 479.000000, 479.000000, 479.000000, NULL),
(4175, 1, 1, 2, 479.000000, 479.000000, 479.000000, 479.000000, NULL),
(4175, 2, 1, 2, 479.000000, 479.000000, 479.000000, 479.000000, NULL),
(4175, 3, 1, 2, 479.000000, 479.000000, 479.000000, 479.000000, NULL),
(4176, 0, 1, 2, 73.500000, 73.500000, 73.500000, 73.500000, NULL),
(4176, 1, 1, 2, 73.500000, 73.500000, 73.500000, 73.500000, NULL),
(4176, 2, 1, 2, 73.500000, 73.500000, 73.500000, 73.500000, NULL),
(4176, 3, 1, 2, 73.500000, 73.500000, 73.500000, 73.500000, NULL),
(4177, 0, 1, 2, 549.000000, 549.000000, 549.000000, 549.000000, NULL),
(4177, 1, 1, 2, 549.000000, 549.000000, 549.000000, 549.000000, NULL),
(4177, 2, 1, 2, 549.000000, 549.000000, 549.000000, 549.000000, NULL),
(4177, 3, 1, 2, 549.000000, 549.000000, 549.000000, 549.000000, NULL),
(4178, 0, 1, 0, 0.000000, 0.000000, 29570013.900000, 9974999900.250000, 29570013.900000),
(4178, 1, 1, 0, 0.000000, 0.000000, 29570013.900000, 9974999900.250000, 29570013.900000),
(4178, 2, 1, 0, 0.000000, 0.000000, 29570013.900000, 9974999900.250000, 29570013.900000),
(4178, 3, 1, 0, 0.000000, 0.000000, 29570013.900000, 9974999900.250000, 29570013.900000);

-- --------------------------------------------------------

--
-- Table structure for table `catalog_product_index_price_bundle_idx`
--

CREATE TABLE `catalog_product_index_price_bundle_idx` (
  `entity_id` int(10) UNSIGNED NOT NULL COMMENT 'Entity ID',
  `customer_group_id` int(11) NOT NULL,
  `website_id` smallint(5) UNSIGNED NOT NULL COMMENT 'Website ID',
  `tax_class_id` smallint(5) UNSIGNED DEFAULT 0 COMMENT 'Tax Class ID',
  `price_type` smallint(5) UNSIGNED NOT NULL COMMENT 'Price Type',
  `special_price` decimal(20,6) DEFAULT NULL COMMENT 'Special Price',
  `tier_percent` decimal(20,6) DEFAULT NULL COMMENT 'Tier Percent',
  `orig_price` decimal(20,6) DEFAULT NULL COMMENT 'Orig Price',
  `price` decimal(20,6) DEFAULT NULL COMMENT 'Price',
  `min_price` decimal(20,6) DEFAULT NULL COMMENT 'Min Price',
  `max_price` decimal(20,6) DEFAULT NULL COMMENT 'Max Price',
  `tier_price` decimal(20,6) DEFAULT NULL COMMENT 'Tier Price',
  `base_tier` decimal(20,6) DEFAULT NULL COMMENT 'Base Tier'
) ENGINE=InnoDB DEFAULT CHARSET=utf8 COMMENT='Catalog Product Index Price Bundle Idx';

-- --------------------------------------------------------

--
-- Table structure for table `catalog_product_index_price_bundle_opt_idx`
--

CREATE TABLE `catalog_product_index_price_bundle_opt_idx` (
  `entity_id` int(10) UNSIGNED NOT NULL COMMENT 'Entity ID',
  `customer_group_id` int(11) NOT NULL,
  `website_id` smallint(5) UNSIGNED NOT NULL COMMENT 'Website ID',
  `option_id` int(10) UNSIGNED NOT NULL DEFAULT 0 COMMENT 'Option ID',
  `min_price` decimal(20,6) DEFAULT NULL COMMENT 'Min Price',
  `alt_price` decimal(20,6) DEFAULT NULL COMMENT 'Alt Price',
  `max_price` decimal(20,6) DEFAULT NULL COMMENT 'Max Price',
  `tier_price` decimal(20,6) DEFAULT NULL COMMENT 'Tier Price',
  `alt_tier_price` decimal(20,6) DEFAULT NULL COMMENT 'Alt Tier Price'
) ENGINE=InnoDB DEFAULT CHARSET=utf8 COMMENT='Catalog Product Index Price Bundle Opt Idx';

-- --------------------------------------------------------

--
-- Table structure for table `catalog_product_index_price_bundle_opt_tmp`
--

CREATE TABLE `catalog_product_index_price_bundle_opt_tmp` (
  `entity_id` int(10) UNSIGNED NOT NULL COMMENT 'Entity ID',
  `customer_group_id` int(11) NOT NULL,
  `website_id` smallint(5) UNSIGNED NOT NULL COMMENT 'Website ID',
  `option_id` int(10) UNSIGNED NOT NULL DEFAULT 0 COMMENT 'Option ID',
  `min_price` decimal(20,6) DEFAULT NULL COMMENT 'Min Price',
  `alt_price` decimal(20,6) DEFAULT NULL COMMENT 'Alt Price',
  `max_price` decimal(20,6) DEFAULT NULL COMMENT 'Max Price',
  `tier_price` decimal(20,6) DEFAULT NULL COMMENT 'Tier Price',
  `alt_tier_price` decimal(20,6) DEFAULT NULL COMMENT 'Alt Tier Price'
) ENGINE=InnoDB DEFAULT CHARSET=utf8 COMMENT='Catalog Product Index Price Bundle Opt Tmp';

--
-- Dumping data for table `catalog_product_index_price_bundle_opt_tmp`
--

INSERT INTO `catalog_product_index_price_bundle_opt_tmp` (`entity_id`, `customer_group_id`, `website_id`, `option_id`, `min_price`, `alt_price`, `max_price`, `tier_price`, `alt_tier_price`) VALUES
(4178, 0, 1, 1, 29570013.900000, 29570013.900000, 9974999900.250000, 29570013.900000, 29570013.900000),
(4178, 1, 1, 1, 29570013.900000, 29570013.900000, 9974999900.250000, 29570013.900000, 29570013.900000),
(4178, 2, 1, 1, 29570013.900000, 29570013.900000, 9974999900.250000, 29570013.900000, 29570013.900000),
(4178, 3, 1, 1, 29570013.900000, 29570013.900000, 9974999900.250000, 29570013.900000, 29570013.900000);

-- --------------------------------------------------------

--
-- Table structure for table `catalog_product_index_price_bundle_sel_idx`
--

CREATE TABLE `catalog_product_index_price_bundle_sel_idx` (
  `entity_id` int(10) UNSIGNED NOT NULL COMMENT 'Entity ID',
  `customer_group_id` int(11) NOT NULL,
  `website_id` smallint(5) UNSIGNED NOT NULL COMMENT 'Website ID',
  `option_id` int(10) UNSIGNED NOT NULL DEFAULT 0 COMMENT 'Option ID',
  `selection_id` int(10) UNSIGNED NOT NULL DEFAULT 0 COMMENT 'Selection ID',
  `group_type` smallint(5) UNSIGNED DEFAULT 0 COMMENT 'Group Type',
  `is_required` smallint(5) UNSIGNED DEFAULT 0 COMMENT 'Is Required',
  `price` decimal(20,6) DEFAULT NULL COMMENT 'Price',
  `tier_price` decimal(20,6) DEFAULT NULL COMMENT 'Tier Price'
) ENGINE=InnoDB DEFAULT CHARSET=utf8 COMMENT='Catalog Product Index Price Bundle Sel Idx';

-- --------------------------------------------------------

--
-- Table structure for table `catalog_product_index_price_bundle_sel_tmp`
--

CREATE TABLE `catalog_product_index_price_bundle_sel_tmp` (
  `entity_id` int(10) UNSIGNED NOT NULL COMMENT 'Entity ID',
  `customer_group_id` int(11) NOT NULL,
  `website_id` smallint(5) UNSIGNED NOT NULL COMMENT 'Website ID',
  `option_id` int(10) UNSIGNED NOT NULL DEFAULT 0 COMMENT 'Option ID',
  `selection_id` int(10) UNSIGNED NOT NULL DEFAULT 0 COMMENT 'Selection ID',
  `group_type` smallint(5) UNSIGNED DEFAULT 0 COMMENT 'Group Type',
  `is_required` smallint(5) UNSIGNED DEFAULT 0 COMMENT 'Is Required',
  `price` decimal(20,6) DEFAULT NULL COMMENT 'Price',
  `tier_price` decimal(20,6) DEFAULT NULL COMMENT 'Tier Price'
) ENGINE=InnoDB DEFAULT CHARSET=utf8 COMMENT='Catalog Product Index Price Bundle Sel Tmp';

--
-- Dumping data for table `catalog_product_index_price_bundle_sel_tmp`
--

INSERT INTO `catalog_product_index_price_bundle_sel_tmp` (`entity_id`, `customer_group_id`, `website_id`, `option_id`, `selection_id`, `group_type`, `is_required`, `price`, `tier_price`) VALUES
(4178, 0, 1, 1, 1, 0, 1, 1523729745.000000, 1523729745.000000),
(4178, 0, 1, 1, 2, 0, 1, 9974999900.250000, 9974999900.250000),
(4178, 0, 1, 1, 3, 0, 1, 1049999989.500000, 1049999989.500000),
(4178, 0, 1, 1, 4, 0, 1, 29570013.900000, 29570013.900000),
(4178, 0, 1, 1, 5, 0, 1, 31263321.600000, 31263321.600000),
(4178, 1, 1, 1, 1, 0, 1, 1523729745.000000, 1523729745.000000),
(4178, 1, 1, 1, 2, 0, 1, 9974999900.250000, 9974999900.250000),
(4178, 1, 1, 1, 3, 0, 1, 1049999989.500000, 1049999989.500000),
(4178, 1, 1, 1, 4, 0, 1, 29570013.900000, 29570013.900000),
(4178, 1, 1, 1, 5, 0, 1, 31263321.600000, 31263321.600000),
(4178, 2, 1, 1, 1, 0, 1, 1523729745.000000, 1523729745.000000),
(4178, 2, 1, 1, 2, 0, 1, 9974999900.250000, 9974999900.250000),
(4178, 2, 1, 1, 3, 0, 1, 1049999989.500000, 1049999989.500000),
(4178, 2, 1, 1, 4, 0, 1, 29570013.900000, 29570013.900000),
(4178, 2, 1, 1, 5, 0, 1, 31263321.600000, 31263321.600000),
(4178, 3, 1, 1, 1, 0, 1, 1523729745.000000, 1523729745.000000),
(4178, 3, 1, 1, 2, 0, 1, 9974999900.250000, 9974999900.250000),
(4178, 3, 1, 1, 3, 0, 1, 1049999989.500000, 1049999989.500000),
(4178, 3, 1, 1, 4, 0, 1, 29570013.900000, 29570013.900000),
(4178, 3, 1, 1, 5, 0, 1, 31263321.600000, 31263321.600000);

-- --------------------------------------------------------

--
-- Table structure for table `catalog_product_index_price_bundle_tmp`
--

CREATE TABLE `catalog_product_index_price_bundle_tmp` (
  `entity_id` int(10) UNSIGNED NOT NULL COMMENT 'Entity ID',
  `customer_group_id` int(11) NOT NULL,
  `website_id` smallint(5) UNSIGNED NOT NULL COMMENT 'Website ID',
  `tax_class_id` smallint(5) UNSIGNED DEFAULT 0 COMMENT 'Tax Class ID',
  `price_type` smallint(5) UNSIGNED NOT NULL COMMENT 'Price Type',
  `special_price` decimal(20,6) DEFAULT NULL COMMENT 'Special Price',
  `tier_percent` decimal(20,6) DEFAULT NULL COMMENT 'Tier Percent',
  `orig_price` decimal(20,6) DEFAULT NULL COMMENT 'Orig Price',
  `price` decimal(20,6) DEFAULT NULL COMMENT 'Price',
  `min_price` decimal(20,6) DEFAULT NULL COMMENT 'Min Price',
  `max_price` decimal(20,6) DEFAULT NULL COMMENT 'Max Price',
  `tier_price` decimal(20,6) DEFAULT NULL COMMENT 'Tier Price',
  `base_tier` decimal(20,6) DEFAULT NULL COMMENT 'Base Tier'
) ENGINE=InnoDB DEFAULT CHARSET=utf8 COMMENT='Catalog Product Index Price Bundle Tmp';

--
-- Dumping data for table `catalog_product_index_price_bundle_tmp`
--

INSERT INTO `catalog_product_index_price_bundle_tmp` (`entity_id`, `customer_group_id`, `website_id`, `tax_class_id`, `price_type`, `special_price`, `tier_percent`, `orig_price`, `price`, `min_price`, `max_price`, `tier_price`, `base_tier`) VALUES
(4178, 0, 1, 0, 0, 0.000000, 0.000000, 0.000000, 0.000000, 0.000000, 0.000000, 0.000000, 0.000000),
(4178, 1, 1, 0, 0, 0.000000, 0.000000, 0.000000, 0.000000, 0.000000, 0.000000, 0.000000, 0.000000),
(4178, 2, 1, 0, 0, 0.000000, 0.000000, 0.000000, 0.000000, 0.000000, 0.000000, 0.000000, 0.000000),
(4178, 3, 1, 0, 0, 0.000000, 0.000000, 0.000000, 0.000000, 0.000000, 0.000000, 0.000000, 0.000000);

-- --------------------------------------------------------

--
-- Table structure for table `catalog_product_index_price_cfg_opt_agr_idx`
--

CREATE TABLE `catalog_product_index_price_cfg_opt_agr_idx` (
  `parent_id` int(10) UNSIGNED NOT NULL COMMENT 'Parent ID',
  `child_id` int(10) UNSIGNED NOT NULL COMMENT 'Child ID',
  `customer_group_id` int(10) UNSIGNED NOT NULL DEFAULT 0 COMMENT 'Customer Group ID',
  `website_id` smallint(5) UNSIGNED NOT NULL COMMENT 'Website ID',
  `price` decimal(20,6) DEFAULT NULL COMMENT 'Price',
  `tier_price` decimal(20,6) DEFAULT NULL COMMENT 'Tier Price'
) ENGINE=InnoDB DEFAULT CHARSET=utf8 COMMENT='Catalog Product Price Indexer Config Option Aggregate Index Table';

-- --------------------------------------------------------

--
-- Table structure for table `catalog_product_index_price_cfg_opt_agr_tmp`
--

CREATE TABLE `catalog_product_index_price_cfg_opt_agr_tmp` (
  `parent_id` int(10) UNSIGNED NOT NULL COMMENT 'Parent ID',
  `child_id` int(10) UNSIGNED NOT NULL COMMENT 'Child ID',
  `customer_group_id` int(10) UNSIGNED NOT NULL DEFAULT 0 COMMENT 'Customer Group ID',
  `website_id` smallint(5) UNSIGNED NOT NULL COMMENT 'Website ID',
  `price` decimal(20,6) DEFAULT NULL COMMENT 'Price',
  `tier_price` decimal(20,6) DEFAULT NULL COMMENT 'Tier Price'
) ENGINE=InnoDB DEFAULT CHARSET=utf8 COMMENT='Catalog Product Price Indexer Config Option Aggregate Temp Table';

-- --------------------------------------------------------

--
-- Table structure for table `catalog_product_index_price_cfg_opt_idx`
--

CREATE TABLE `catalog_product_index_price_cfg_opt_idx` (
  `entity_id` int(10) UNSIGNED NOT NULL COMMENT 'Entity ID',
  `customer_group_id` int(10) UNSIGNED NOT NULL DEFAULT 0 COMMENT 'Customer Group ID',
  `website_id` smallint(5) UNSIGNED NOT NULL COMMENT 'Website ID',
  `min_price` decimal(20,6) DEFAULT NULL COMMENT 'Min Price',
  `max_price` decimal(20,6) DEFAULT NULL COMMENT 'Max Price',
  `tier_price` decimal(20,6) DEFAULT NULL COMMENT 'Tier Price'
) ENGINE=InnoDB DEFAULT CHARSET=utf8 COMMENT='Catalog Product Price Indexer Config Option Index Table';

-- --------------------------------------------------------

--
-- Table structure for table `catalog_product_index_price_cfg_opt_tmp`
--

CREATE TABLE `catalog_product_index_price_cfg_opt_tmp` (
  `entity_id` int(10) UNSIGNED NOT NULL COMMENT 'Entity ID',
  `customer_group_id` int(10) UNSIGNED NOT NULL DEFAULT 0 COMMENT 'Customer Group ID',
  `website_id` smallint(5) UNSIGNED NOT NULL COMMENT 'Website ID',
  `min_price` decimal(20,6) DEFAULT NULL COMMENT 'Min Price',
  `max_price` decimal(20,6) DEFAULT NULL COMMENT 'Max Price',
  `tier_price` decimal(20,6) DEFAULT NULL COMMENT 'Tier Price'
) ENGINE=InnoDB DEFAULT CHARSET=utf8 COMMENT='Catalog Product Price Indexer Config Option Temp Table';

-- --------------------------------------------------------

--
-- Table structure for table `catalog_product_index_price_downlod_idx`
--

CREATE TABLE `catalog_product_index_price_downlod_idx` (
  `entity_id` int(10) UNSIGNED NOT NULL COMMENT 'Entity ID',
  `customer_group_id` int(11) NOT NULL,
  `website_id` smallint(5) UNSIGNED NOT NULL COMMENT 'Website ID',
  `min_price` decimal(20,6) NOT NULL DEFAULT 0.000000 COMMENT 'Minimum price',
  `max_price` decimal(20,6) NOT NULL DEFAULT 0.000000 COMMENT 'Maximum price'
) ENGINE=InnoDB DEFAULT CHARSET=utf8 COMMENT='Indexer Table for price of downloadable products';

-- --------------------------------------------------------

--
-- Table structure for table `catalog_product_index_price_downlod_tmp`
--

CREATE TABLE `catalog_product_index_price_downlod_tmp` (
  `entity_id` int(10) UNSIGNED NOT NULL COMMENT 'Entity ID',
  `customer_group_id` int(11) NOT NULL,
  `website_id` smallint(5) UNSIGNED NOT NULL COMMENT 'Website ID',
  `min_price` decimal(20,6) NOT NULL DEFAULT 0.000000 COMMENT 'Minimum price',
  `max_price` decimal(20,6) NOT NULL DEFAULT 0.000000 COMMENT 'Maximum price'
) ENGINE=InnoDB DEFAULT CHARSET=utf8 COMMENT='Temporary Indexer Table for price of downloadable products';

-- --------------------------------------------------------

--
-- Table structure for table `catalog_product_index_price_final_idx`
--

CREATE TABLE `catalog_product_index_price_final_idx` (
  `entity_id` int(10) UNSIGNED NOT NULL COMMENT 'Entity ID',
  `customer_group_id` int(10) UNSIGNED NOT NULL DEFAULT 0 COMMENT 'Customer Group ID',
  `website_id` smallint(5) UNSIGNED NOT NULL COMMENT 'Website ID',
  `tax_class_id` smallint(5) UNSIGNED DEFAULT 0 COMMENT 'Tax Class ID',
  `orig_price` decimal(20,6) DEFAULT NULL COMMENT 'Original Price',
  `price` decimal(20,6) DEFAULT NULL COMMENT 'Price',
  `min_price` decimal(20,6) DEFAULT NULL COMMENT 'Min Price',
  `max_price` decimal(20,6) DEFAULT NULL COMMENT 'Max Price',
  `tier_price` decimal(20,6) DEFAULT NULL COMMENT 'Tier Price',
  `base_tier` decimal(20,6) DEFAULT NULL COMMENT 'Base Tier'
) ENGINE=InnoDB DEFAULT CHARSET=utf8 COMMENT='Catalog Product Price Indexer Final Index Table';

-- --------------------------------------------------------

--
-- Table structure for table `catalog_product_index_price_final_tmp`
--

CREATE TABLE `catalog_product_index_price_final_tmp` (
  `entity_id` int(10) UNSIGNED NOT NULL COMMENT 'Entity ID',
  `customer_group_id` int(10) UNSIGNED NOT NULL DEFAULT 0 COMMENT 'Customer Group ID',
  `website_id` smallint(5) UNSIGNED NOT NULL COMMENT 'Website ID',
  `tax_class_id` smallint(5) UNSIGNED DEFAULT 0 COMMENT 'Tax Class ID',
  `orig_price` decimal(20,6) DEFAULT NULL COMMENT 'Original Price',
  `price` decimal(20,6) DEFAULT NULL COMMENT 'Price',
  `min_price` decimal(20,6) DEFAULT NULL COMMENT 'Min Price',
  `max_price` decimal(20,6) DEFAULT NULL COMMENT 'Max Price',
  `tier_price` decimal(20,6) DEFAULT NULL COMMENT 'Tier Price',
  `base_tier` decimal(20,6) DEFAULT NULL COMMENT 'Base Tier'
) ENGINE=InnoDB DEFAULT CHARSET=utf8 COMMENT='Catalog Product Price Indexer Final Temp Table';

-- --------------------------------------------------------

--
-- Table structure for table `catalog_product_index_price_idx`
--

CREATE TABLE `catalog_product_index_price_idx` (
  `entity_id` int(10) UNSIGNED NOT NULL COMMENT 'Entity ID',
  `customer_group_id` int(10) UNSIGNED NOT NULL DEFAULT 0 COMMENT 'Customer Group ID',
  `website_id` smallint(5) UNSIGNED NOT NULL COMMENT 'Website ID',
  `tax_class_id` smallint(5) UNSIGNED DEFAULT 0 COMMENT 'Tax Class ID',
  `price` decimal(20,6) DEFAULT NULL COMMENT 'Price',
  `final_price` decimal(20,6) DEFAULT NULL COMMENT 'Final Price',
  `min_price` decimal(20,6) DEFAULT NULL COMMENT 'Min Price',
  `max_price` decimal(20,6) DEFAULT NULL COMMENT 'Max Price',
  `tier_price` decimal(20,6) DEFAULT NULL COMMENT 'Tier Price'
) ENGINE=InnoDB DEFAULT CHARSET=utf8 COMMENT='Catalog Product Price Indexer Index Table';

-- --------------------------------------------------------

--
-- Table structure for table `catalog_product_index_price_opt_agr_idx`
--

CREATE TABLE `catalog_product_index_price_opt_agr_idx` (
  `entity_id` int(10) UNSIGNED NOT NULL COMMENT 'Entity ID',
  `customer_group_id` int(10) UNSIGNED NOT NULL DEFAULT 0 COMMENT 'Customer Group ID',
  `website_id` smallint(5) UNSIGNED NOT NULL COMMENT 'Website ID',
  `option_id` int(10) UNSIGNED NOT NULL DEFAULT 0 COMMENT 'Option ID',
  `min_price` decimal(20,6) DEFAULT NULL COMMENT 'Min Price',
  `max_price` decimal(20,6) DEFAULT NULL COMMENT 'Max Price',
  `tier_price` decimal(20,6) DEFAULT NULL COMMENT 'Tier Price'
) ENGINE=InnoDB DEFAULT CHARSET=utf8 COMMENT='Catalog Product Price Indexer Option Aggregate Index Table';

-- --------------------------------------------------------

--
-- Table structure for table `catalog_product_index_price_opt_agr_tmp`
--

CREATE TABLE `catalog_product_index_price_opt_agr_tmp` (
  `entity_id` int(10) UNSIGNED NOT NULL COMMENT 'Entity ID',
  `customer_group_id` int(10) UNSIGNED NOT NULL DEFAULT 0 COMMENT 'Customer Group ID',
  `website_id` smallint(5) UNSIGNED NOT NULL COMMENT 'Website ID',
  `option_id` int(10) UNSIGNED NOT NULL DEFAULT 0 COMMENT 'Option ID',
  `min_price` decimal(20,6) DEFAULT NULL COMMENT 'Min Price',
  `max_price` decimal(20,6) DEFAULT NULL COMMENT 'Max Price',
  `tier_price` decimal(20,6) DEFAULT NULL COMMENT 'Tier Price'
) ENGINE=InnoDB DEFAULT CHARSET=utf8 COMMENT='Catalog Product Price Indexer Option Aggregate Temp Table';

-- --------------------------------------------------------

--
-- Table structure for table `catalog_product_index_price_opt_idx`
--

CREATE TABLE `catalog_product_index_price_opt_idx` (
  `entity_id` int(10) UNSIGNED NOT NULL COMMENT 'Entity ID',
  `customer_group_id` int(10) UNSIGNED NOT NULL DEFAULT 0 COMMENT 'Customer Group ID',
  `website_id` smallint(5) UNSIGNED NOT NULL COMMENT 'Website ID',
  `min_price` decimal(20,6) DEFAULT NULL COMMENT 'Min Price',
  `max_price` decimal(20,6) DEFAULT NULL COMMENT 'Max Price',
  `tier_price` decimal(20,6) DEFAULT NULL COMMENT 'Tier Price'
) ENGINE=InnoDB DEFAULT CHARSET=utf8 COMMENT='Catalog Product Price Indexer Option Index Table';

-- --------------------------------------------------------

--
-- Table structure for table `catalog_product_index_price_opt_tmp`
--

CREATE TABLE `catalog_product_index_price_opt_tmp` (
  `entity_id` int(10) UNSIGNED NOT NULL COMMENT 'Entity ID',
  `customer_group_id` int(10) UNSIGNED NOT NULL DEFAULT 0 COMMENT 'Customer Group ID',
  `website_id` smallint(5) UNSIGNED NOT NULL COMMENT 'Website ID',
  `min_price` decimal(20,6) DEFAULT NULL COMMENT 'Min Price',
  `max_price` decimal(20,6) DEFAULT NULL COMMENT 'Max Price',
  `tier_price` decimal(20,6) DEFAULT NULL COMMENT 'Tier Price'
) ENGINE=InnoDB DEFAULT CHARSET=utf8 COMMENT='Catalog Product Price Indexer Option Temp Table';

-- --------------------------------------------------------

--
-- Table structure for table `catalog_product_index_price_replica`
--

CREATE TABLE `catalog_product_index_price_replica` (
  `entity_id` int(10) UNSIGNED NOT NULL COMMENT 'Entity ID',
  `customer_group_id` int(10) UNSIGNED NOT NULL COMMENT 'Customer Group ID',
  `website_id` smallint(5) UNSIGNED NOT NULL COMMENT 'Website ID',
  `tax_class_id` smallint(5) UNSIGNED DEFAULT 0 COMMENT 'Tax Class ID',
  `price` decimal(20,6) DEFAULT NULL COMMENT 'Price',
  `final_price` decimal(20,6) DEFAULT NULL COMMENT 'Final Price',
  `min_price` decimal(20,6) DEFAULT NULL COMMENT 'Min Price',
  `max_price` decimal(20,6) DEFAULT NULL COMMENT 'Max Price',
  `tier_price` decimal(20,6) DEFAULT NULL COMMENT 'Tier Price'
) ENGINE=InnoDB DEFAULT CHARSET=utf8 COMMENT='Catalog Product Price Index Table';

--
-- Dumping data for table `catalog_product_index_price_replica`
--

INSERT INTO `catalog_product_index_price_replica` (`entity_id`, `customer_group_id`, `website_id`, `tax_class_id`, `price`, `final_price`, `min_price`, `max_price`, `tier_price`) VALUES
(3634, 0, 1, 2, 0.000000, 0.000000, 0.000000, 0.000000, NULL),
(3634, 1, 1, 2, 0.000000, 0.000000, 0.000000, 0.000000, NULL),
(3634, 2, 1, 2, 0.000000, 0.000000, 0.000000, 0.000000, NULL),
(3634, 3, 1, 2, 0.000000, 0.000000, 0.000000, 0.000000, NULL),
(3638, 0, 1, 2, 997.500000, 997.500000, 997.500000, 997.500000, NULL),
(3638, 1, 1, 2, 997.500000, 997.500000, 997.500000, 997.500000, NULL),
(3638, 2, 1, 2, 997.500000, 997.500000, 997.500000, 997.500000, NULL),
(3638, 3, 1, 2, 997.500000, 997.500000, 997.500000, 997.500000, NULL),
(3646, 0, 1, 2, 18.900000, 18.900000, 18.900000, 18.900000, NULL),
(3646, 1, 1, 2, 18.900000, 18.900000, 18.900000, 18.900000, NULL),
(3646, 2, 1, 2, 18.900000, 18.900000, 18.900000, 18.900000, NULL),
(3646, 3, 1, 2, 18.900000, 18.900000, 18.900000, 18.900000, NULL),
(3647, 0, 1, 2, 18.900000, 18.900000, 18.900000, 18.900000, NULL),
(3647, 1, 1, 2, 18.900000, 18.900000, 18.900000, 18.900000, NULL),
(3647, 2, 1, 2, 18.900000, 18.900000, 18.900000, 18.900000, NULL),
(3647, 3, 1, 2, 18.900000, 18.900000, 18.900000, 18.900000, NULL),
(3648, 0, 1, 2, 18.900000, 18.900000, 18.900000, 18.900000, NULL),
(3648, 1, 1, 2, 18.900000, 18.900000, 18.900000, 18.900000, NULL),
(3648, 2, 1, 2, 18.900000, 18.900000, 18.900000, 18.900000, NULL),
(3648, 3, 1, 2, 18.900000, 18.900000, 18.900000, 18.900000, NULL),
(3649, 0, 1, 2, 10.500000, 10.500000, 10.500000, 10.500000, NULL),
(3649, 1, 1, 2, 10.500000, 10.500000, 10.500000, 10.500000, NULL),
(3649, 2, 1, 2, 10.500000, 10.500000, 10.500000, 10.500000, NULL),
(3649, 3, 1, 2, 10.500000, 10.500000, 10.500000, 10.500000, NULL),
(3658, 0, 1, 2, 89.250000, 89.250000, 89.250000, 89.250000, NULL),
(3658, 1, 1, 2, 89.250000, 89.250000, 89.250000, 89.250000, NULL),
(3658, 2, 1, 2, 89.250000, 89.250000, 89.250000, 89.250000, NULL),
(3658, 3, 1, 2, 89.250000, 89.250000, 89.250000, 89.250000, NULL),
(3660, 0, 1, 2, 99.750000, 99.750000, 99.750000, 99.750000, NULL),
(3660, 1, 1, 2, 99.750000, 99.750000, 99.750000, 99.750000, NULL),
(3660, 2, 1, 2, 99.750000, 99.750000, 99.750000, 99.750000, NULL),
(3660, 3, 1, 2, 99.750000, 99.750000, 99.750000, 99.750000, NULL),
(3662, 0, 1, 2, 58.800000, 58.800000, 58.800000, 58.800000, NULL),
(3662, 1, 1, 2, 58.800000, 58.800000, 58.800000, 58.800000, NULL),
(3662, 2, 1, 2, 58.800000, 58.800000, 58.800000, 58.800000, NULL),
(3662, 3, 1, 2, 58.800000, 58.800000, 58.800000, 58.800000, NULL),
(3678, 0, 1, 2, 47.250000, 47.250000, 47.250000, 47.250000, NULL),
(3678, 1, 1, 2, 47.250000, 47.250000, 47.250000, 47.250000, NULL),
(3678, 2, 1, 2, 47.250000, 47.250000, 47.250000, 47.250000, NULL),
(3678, 3, 1, 2, 47.250000, 47.250000, 47.250000, 47.250000, NULL),
(3679, 0, 1, 2, 24.150000, 24.150000, 24.150000, 24.150000, NULL),
(3679, 1, 1, 2, 24.150000, 24.150000, 24.150000, 24.150000, NULL),
(3679, 2, 1, 2, 24.150000, 24.150000, 24.150000, 24.150000, NULL),
(3679, 3, 1, 2, 24.150000, 24.150000, 24.150000, 24.150000, NULL),
(3681, 0, 1, 2, 10.500000, 10.500000, 10.500000, 10.500000, NULL),
(3681, 1, 1, 2, 10.500000, 10.500000, 10.500000, 10.500000, NULL),
(3681, 2, 1, 2, 10.500000, 10.500000, 10.500000, 10.500000, NULL),
(3681, 3, 1, 2, 10.500000, 10.500000, 10.500000, 10.500000, NULL),
(3691, 0, 1, 2, 57.750000, 57.750000, 57.750000, 57.750000, NULL),
(3691, 1, 1, 2, 57.750000, 57.750000, 57.750000, 57.750000, NULL),
(3691, 2, 1, 2, 57.750000, 57.750000, 57.750000, 57.750000, NULL),
(3691, 3, 1, 2, 57.750000, 57.750000, 57.750000, 57.750000, NULL),
(3696, 0, 1, 2, 149.100000, 149.100000, 149.100000, 149.100000, NULL),
(3696, 1, 1, 2, 149.100000, 149.100000, 149.100000, 149.100000, NULL),
(3696, 2, 1, 2, 149.100000, 149.100000, 149.100000, 149.100000, NULL),
(3696, 3, 1, 2, 149.100000, 149.100000, 149.100000, 149.100000, NULL),
(3697, 0, 1, 2, 199.500000, 199.500000, 199.500000, 199.500000, NULL),
(3697, 1, 1, 2, 199.500000, 199.500000, 199.500000, 199.500000, NULL),
(3697, 2, 1, 2, 199.500000, 199.500000, 199.500000, 199.500000, NULL),
(3697, 3, 1, 2, 199.500000, 199.500000, 199.500000, 199.500000, NULL),
(3700, 0, 1, 2, 118.650000, 118.650000, 118.650000, 118.650000, NULL),
(3700, 1, 1, 2, 118.650000, 118.650000, 118.650000, 118.650000, NULL),
(3700, 2, 1, 2, 118.650000, 118.650000, 118.650000, 118.650000, NULL),
(3700, 3, 1, 2, 118.650000, 118.650000, 118.650000, 118.650000, NULL),
(3701, 0, 1, 2, 169.050000, 169.050000, 169.050000, 169.050000, NULL),
(3701, 1, 1, 2, 169.050000, 169.050000, 169.050000, 169.050000, NULL),
(3701, 2, 1, 2, 169.050000, 169.050000, 169.050000, 169.050000, NULL),
(3701, 3, 1, 2, 169.050000, 169.050000, 169.050000, 169.050000, NULL),
(3704, 0, 1, 2, 99.750000, 99.750000, 99.750000, 99.750000, NULL),
(3704, 1, 1, 2, 99.750000, 99.750000, 99.750000, 99.750000, NULL),
(3704, 2, 1, 2, 99.750000, 99.750000, 99.750000, 99.750000, NULL),
(3704, 3, 1, 2, 99.750000, 99.750000, 99.750000, 99.750000, NULL),
(3705, 0, 1, 2, 246.750000, 246.750000, 246.750000, 246.750000, NULL),
(3705, 1, 1, 2, 246.750000, 246.750000, 246.750000, 246.750000, NULL),
(3705, 2, 1, 2, 246.750000, 246.750000, 246.750000, 246.750000, NULL),
(3705, 3, 1, 2, 246.750000, 246.750000, 246.750000, 246.750000, NULL),
(3709, 0, 1, 2, 346.000000, 346.000000, 346.000000, 346.000000, NULL),
(3709, 1, 1, 2, 346.000000, 346.000000, 346.000000, 346.000000, NULL),
(3709, 2, 1, 2, 346.000000, 346.000000, 346.000000, 346.000000, NULL),
(3709, 3, 1, 2, 346.000000, 346.000000, 346.000000, 346.000000, NULL),
(3715, 0, 1, 2, 346.500000, 346.500000, 346.500000, 346.500000, NULL),
(3715, 1, 1, 2, 346.500000, 346.500000, 346.500000, 346.500000, NULL),
(3715, 2, 1, 2, 346.500000, 346.500000, 346.500000, 346.500000, NULL),
(3715, 3, 1, 2, 346.500000, 346.500000, 346.500000, 346.500000, NULL),
(3720, 0, 1, 2, 2499.000000, 2499.000000, 2499.000000, 2499.000000, NULL),
(3720, 1, 1, 2, 2499.000000, 2499.000000, 2499.000000, 2499.000000, NULL),
(3720, 2, 1, 2, 2499.000000, 2499.000000, 2499.000000, 2499.000000, NULL),
(3720, 3, 1, 2, 2499.000000, 2499.000000, 2499.000000, 2499.000000, NULL),
(3722, 0, 1, 2, 1706.250000, 1706.250000, 1706.250000, 1706.250000, NULL),
(3722, 1, 1, 2, 1706.250000, 1706.250000, 1706.250000, 1706.250000, NULL),
(3722, 2, 1, 2, 1706.250000, 1706.250000, 1706.250000, 1706.250000, NULL),
(3722, 3, 1, 2, 1706.250000, 1706.250000, 1706.250000, 1706.250000, NULL),
(3724, 0, 1, 2, 1388.750000, 1388.750000, 1388.750000, 1388.750000, NULL),
(3724, 1, 1, 2, 1388.750000, 1388.750000, 1388.750000, 1388.750000, NULL),
(3724, 2, 1, 2, 1388.750000, 1388.750000, 1388.750000, 1388.750000, NULL),
(3724, 3, 1, 2, 1388.750000, 1388.750000, 1388.750000, 1388.750000, NULL),
(3725, 0, 1, 2, 0.000000, 0.000000, 0.000000, 0.000000, NULL),
(3725, 1, 1, 2, 0.000000, 0.000000, 0.000000, 0.000000, NULL),
(3725, 2, 1, 2, 0.000000, 0.000000, 0.000000, 0.000000, NULL),
(3725, 3, 1, 2, 0.000000, 0.000000, 0.000000, 0.000000, NULL),
(3726, 0, 1, 2, 0.000000, 0.000000, 0.000000, 0.000000, NULL),
(3726, 1, 1, 2, 0.000000, 0.000000, 0.000000, 0.000000, NULL),
(3726, 2, 1, 2, 0.000000, 0.000000, 0.000000, 0.000000, NULL),
(3726, 3, 1, 2, 0.000000, 0.000000, 0.000000, 0.000000, NULL),
(3727, 0, 1, 2, 0.000000, 0.000000, 0.000000, 0.000000, NULL),
(3727, 1, 1, 2, 0.000000, 0.000000, 0.000000, 0.000000, NULL),
(3727, 2, 1, 2, 0.000000, 0.000000, 0.000000, 0.000000, NULL),
(3727, 3, 1, 2, 0.000000, 0.000000, 0.000000, 0.000000, NULL),
(3728, 0, 1, 2, 0.000000, 0.000000, 0.000000, 0.000000, NULL),
(3728, 1, 1, 2, 0.000000, 0.000000, 0.000000, 0.000000, NULL),
(3728, 2, 1, 2, 0.000000, 0.000000, 0.000000, 0.000000, NULL),
(3728, 3, 1, 2, 0.000000, 0.000000, 0.000000, 0.000000, NULL),
(3729, 0, 1, 2, 750.750000, 750.750000, 750.750000, 750.750000, NULL),
(3729, 1, 1, 2, 750.750000, 750.750000, 750.750000, 750.750000, NULL),
(3729, 2, 1, 2, 750.750000, 750.750000, 750.750000, 750.750000, NULL),
(3729, 3, 1, 2, 750.750000, 750.750000, 750.750000, 750.750000, NULL),
(3731, 0, 1, 2, 499.800000, 499.800000, 499.800000, 499.800000, NULL),
(3731, 1, 1, 2, 499.800000, 499.800000, 499.800000, 499.800000, NULL),
(3731, 2, 1, 2, 499.800000, 499.800000, 499.800000, 499.800000, NULL),
(3731, 3, 1, 2, 499.800000, 499.800000, 499.800000, 499.800000, NULL),
(3734, 0, 1, 2, 499.800000, 499.800000, 499.800000, 499.800000, NULL),
(3734, 1, 1, 2, 499.800000, 499.800000, 499.800000, 499.800000, NULL),
(3734, 2, 1, 2, 499.800000, 499.800000, 499.800000, 499.800000, NULL),
(3734, 3, 1, 2, 499.800000, 499.800000, 499.800000, 499.800000, NULL),
(3735, 0, 1, 2, 0.000000, 0.000000, 0.000000, 0.000000, NULL),
(3735, 1, 1, 2, 0.000000, 0.000000, 0.000000, 0.000000, NULL),
(3735, 2, 1, 2, 0.000000, 0.000000, 0.000000, 0.000000, NULL),
(3735, 3, 1, 2, 0.000000, 0.000000, 0.000000, 0.000000, NULL),
(3736, 0, 1, 2, 0.000000, 0.000000, 0.000000, 0.000000, NULL),
(3736, 1, 1, 2, 0.000000, 0.000000, 0.000000, 0.000000, NULL),
(3736, 2, 1, 2, 0.000000, 0.000000, 0.000000, 0.000000, NULL),
(3736, 3, 1, 2, 0.000000, 0.000000, 0.000000, 0.000000, NULL),
(3738, 0, 1, 2, 126.000000, 126.000000, 126.000000, 126.000000, NULL),
(3738, 1, 1, 2, 126.000000, 126.000000, 126.000000, 126.000000, NULL),
(3738, 2, 1, 2, 126.000000, 126.000000, 126.000000, 126.000000, NULL),
(3738, 3, 1, 2, 126.000000, 126.000000, 126.000000, 126.000000, NULL),
(3739, 0, 1, 2, 1286.250000, 1286.250000, 1286.250000, 1286.250000, NULL),
(3739, 1, 1, 2, 1286.250000, 1286.250000, 1286.250000, 1286.250000, NULL),
(3739, 2, 1, 2, 1286.250000, 1286.250000, 1286.250000, 1286.250000, NULL),
(3739, 3, 1, 2, 1286.250000, 1286.250000, 1286.250000, 1286.250000, NULL),
(3740, 0, 1, 2, 135.450000, 135.450000, 135.450000, 135.450000, NULL),
(3740, 1, 1, 2, 135.450000, 135.450000, 135.450000, 135.450000, NULL),
(3740, 2, 1, 2, 135.450000, 135.450000, 135.450000, 135.450000, NULL),
(3740, 3, 1, 2, 135.450000, 135.450000, 135.450000, 135.450000, NULL),
(3741, 0, 1, 2, 99.750000, 99.750000, 99.750000, 99.750000, NULL),
(3741, 1, 1, 2, 99.750000, 99.750000, 99.750000, 99.750000, NULL),
(3741, 2, 1, 2, 99.750000, 99.750000, 99.750000, 99.750000, NULL),
(3741, 3, 1, 2, 99.750000, 99.750000, 99.750000, 99.750000, NULL),
(3742, 0, 1, 2, 367.500000, 367.500000, 367.500000, 367.500000, NULL),
(3742, 1, 1, 2, 367.500000, 367.500000, 367.500000, 367.500000, NULL),
(3742, 2, 1, 2, 367.500000, 367.500000, 367.500000, 367.500000, NULL),
(3742, 3, 1, 2, 367.500000, 367.500000, 367.500000, 367.500000, NULL),
(3743, 0, 1, 2, 57.750000, 57.750000, 57.750000, 57.750000, NULL),
(3743, 1, 1, 2, 57.750000, 57.750000, 57.750000, 57.750000, NULL),
(3743, 2, 1, 2, 57.750000, 57.750000, 57.750000, 57.750000, NULL),
(3743, 3, 1, 2, 57.750000, 57.750000, 57.750000, 57.750000, NULL),
(3750, 0, 1, 2, 336.000000, 336.000000, 336.000000, 336.000000, NULL),
(3750, 1, 1, 2, 336.000000, 336.000000, 336.000000, 336.000000, NULL),
(3750, 2, 1, 2, 336.000000, 336.000000, 336.000000, 336.000000, NULL),
(3750, 3, 1, 2, 336.000000, 336.000000, 336.000000, 336.000000, NULL),
(3753, 0, 1, 2, 4457.250000, 4457.250000, 4457.250000, 4457.250000, NULL),
(3753, 1, 1, 2, 4457.250000, 4457.250000, 4457.250000, 4457.250000, NULL),
(3753, 2, 1, 2, 4457.250000, 4457.250000, 4457.250000, 4457.250000, NULL),
(3753, 3, 1, 2, 4457.250000, 4457.250000, 4457.250000, 4457.250000, NULL),
(3755, 0, 1, 2, 551.250000, 551.250000, 551.250000, 551.250000, NULL),
(3755, 1, 1, 2, 551.250000, 551.250000, 551.250000, 551.250000, NULL),
(3755, 2, 1, 2, 551.250000, 551.250000, 551.250000, 551.250000, NULL),
(3755, 3, 1, 2, 551.250000, 551.250000, 551.250000, 551.250000, NULL),
(3756, 0, 1, 2, 199.500000, 199.500000, 199.500000, 199.500000, NULL),
(3756, 1, 1, 2, 199.500000, 199.500000, 199.500000, 199.500000, NULL),
(3756, 2, 1, 2, 199.500000, 199.500000, 199.500000, 199.500000, NULL),
(3756, 3, 1, 2, 199.500000, 199.500000, 199.500000, 199.500000, NULL),
(3757, 0, 1, 2, 45.150000, 45.150000, 45.150000, 45.150000, NULL),
(3757, 1, 1, 2, 45.150000, 45.150000, 45.150000, 45.150000, NULL),
(3757, 2, 1, 2, 45.150000, 45.150000, 45.150000, 45.150000, NULL),
(3757, 3, 1, 2, 45.150000, 45.150000, 45.150000, 45.150000, NULL),
(3758, 0, 1, 2, 49.350000, 49.350000, 49.350000, 49.350000, NULL),
(3758, 1, 1, 2, 49.350000, 49.350000, 49.350000, 49.350000, NULL),
(3758, 2, 1, 2, 49.350000, 49.350000, 49.350000, 49.350000, NULL),
(3758, 3, 1, 2, 49.350000, 49.350000, 49.350000, 49.350000, NULL),
(3759, 0, 1, 2, 34.650000, 34.650000, 34.650000, 34.650000, NULL),
(3759, 1, 1, 2, 34.650000, 34.650000, 34.650000, 34.650000, NULL),
(3759, 2, 1, 2, 34.650000, 34.650000, 34.650000, 34.650000, NULL),
(3759, 3, 1, 2, 34.650000, 34.650000, 34.650000, 34.650000, NULL),
(3760, 0, 1, 2, 38.850000, 38.850000, 38.850000, 38.850000, NULL),
(3760, 1, 1, 2, 38.850000, 38.850000, 38.850000, 38.850000, NULL),
(3760, 2, 1, 2, 38.850000, 38.850000, 38.850000, 38.850000, NULL),
(3760, 3, 1, 2, 38.850000, 38.850000, 38.850000, 38.850000, NULL),
(3761, 0, 1, 2, 483.000000, 483.000000, 483.000000, 483.000000, NULL),
(3761, 1, 1, 2, 483.000000, 483.000000, 483.000000, 483.000000, NULL),
(3761, 2, 1, 2, 483.000000, 483.000000, 483.000000, 483.000000, NULL),
(3761, 3, 1, 2, 483.000000, 483.000000, 483.000000, 483.000000, NULL),
(3762, 0, 1, 2, 748.650000, 748.650000, 748.650000, 748.650000, NULL),
(3762, 1, 1, 2, 748.650000, 748.650000, 748.650000, 748.650000, NULL),
(3762, 2, 1, 2, 748.650000, 748.650000, 748.650000, 748.650000, NULL),
(3762, 3, 1, 2, 748.650000, 748.650000, 748.650000, 748.650000, NULL),
(3767, 0, 1, 2, 1049.480000, 1049.480000, 1049.480000, 1049.480000, NULL),
(3767, 1, 1, 2, 1049.480000, 1049.480000, 1049.480000, 1049.480000, NULL),
(3767, 2, 1, 2, 1049.480000, 1049.480000, 1049.480000, 1049.480000, NULL),
(3767, 3, 1, 2, 1049.480000, 1049.480000, 1049.480000, 1049.480000, NULL),
(3769, 0, 1, 2, 0.000000, 0.000000, 0.000000, 0.000000, NULL),
(3769, 1, 1, 2, 0.000000, 0.000000, 0.000000, 0.000000, NULL),
(3769, 2, 1, 2, 0.000000, 0.000000, 0.000000, 0.000000, NULL),
(3769, 3, 1, 2, 0.000000, 0.000000, 0.000000, 0.000000, NULL),
(3774, 0, 1, 2, 999.600000, 999.600000, 999.600000, 999.600000, NULL),
(3774, 1, 1, 2, 999.600000, 999.600000, 999.600000, 999.600000, NULL),
(3774, 2, 1, 2, 999.600000, 999.600000, 999.600000, 999.600000, NULL),
(3774, 3, 1, 2, 999.600000, 999.600000, 999.600000, 999.600000, NULL),
(3792, 0, 1, 2, 418.500000, 418.500000, 418.500000, 418.500000, NULL),
(3792, 1, 1, 2, 418.500000, 418.500000, 418.500000, 418.500000, NULL),
(3792, 2, 1, 2, 418.500000, 418.500000, 418.500000, 418.500000, NULL),
(3792, 3, 1, 2, 418.500000, 418.500000, 418.500000, 418.500000, NULL),
(3797, 0, 1, 2, 246.750000, 246.750000, 246.750000, 246.750000, NULL),
(3797, 1, 1, 2, 246.750000, 246.750000, 246.750000, 246.750000, NULL),
(3797, 2, 1, 2, 246.750000, 246.750000, 246.750000, 246.750000, NULL),
(3797, 3, 1, 2, 246.750000, 246.750000, 246.750000, 246.750000, NULL),
(3800, 0, 1, 2, 299.250000, 299.250000, 299.250000, 299.250000, NULL),
(3800, 1, 1, 2, 299.250000, 299.250000, 299.250000, 299.250000, NULL),
(3800, 2, 1, 2, 299.250000, 299.250000, 299.250000, 299.250000, NULL),
(3800, 3, 1, 2, 299.250000, 299.250000, 299.250000, 299.250000, NULL),
(3801, 0, 1, 2, 599.550000, 599.550000, 599.550000, 599.550000, NULL),
(3801, 1, 1, 2, 599.550000, 599.550000, 599.550000, 599.550000, NULL),
(3801, 2, 1, 2, 599.550000, 599.550000, 599.550000, 599.550000, NULL),
(3801, 3, 1, 2, 599.550000, 599.550000, 599.550000, 599.550000, NULL),
(3802, 0, 1, 2, 798.000000, 798.000000, 798.000000, 798.000000, NULL),
(3802, 1, 1, 2, 798.000000, 798.000000, 798.000000, 798.000000, NULL),
(3802, 2, 1, 2, 798.000000, 798.000000, 798.000000, 798.000000, NULL),
(3802, 3, 1, 2, 798.000000, 798.000000, 798.000000, 798.000000, NULL),
(3804, 0, 1, 2, 0.000000, 0.000000, 0.000000, 0.000000, NULL),
(3804, 1, 1, 2, 0.000000, 0.000000, 0.000000, 0.000000, NULL),
(3804, 2, 1, 2, 0.000000, 0.000000, 0.000000, 0.000000, NULL),
(3804, 3, 1, 2, 0.000000, 0.000000, 0.000000, 0.000000, NULL),
(3805, 0, 1, 2, 346.500000, 346.500000, 346.500000, 346.500000, NULL),
(3805, 1, 1, 2, 346.500000, 346.500000, 346.500000, 346.500000, NULL),
(3805, 2, 1, 2, 346.500000, 346.500000, 346.500000, 346.500000, NULL),
(3805, 3, 1, 2, 346.500000, 346.500000, 346.500000, 346.500000, NULL),
(3807, 0, 1, 2, 399.000000, 399.000000, 399.000000, 399.000000, NULL),
(3807, 1, 1, 2, 399.000000, 399.000000, 399.000000, 399.000000, NULL),
(3807, 2, 1, 2, 399.000000, 399.000000, 399.000000, 399.000000, NULL),
(3807, 3, 1, 2, 399.000000, 399.000000, 399.000000, 399.000000, NULL),
(3808, 0, 1, 2, 2798.250000, 2798.250000, 2798.250000, 2798.250000, NULL),
(3808, 1, 1, 2, 2798.250000, 2798.250000, 2798.250000, 2798.250000, NULL),
(3808, 2, 1, 2, 2798.250000, 2798.250000, 2798.250000, 2798.250000, NULL),
(3808, 3, 1, 2, 2798.250000, 2798.250000, 2798.250000, 2798.250000, NULL),
(3811, 0, 1, 2, 115.500000, 115.500000, 115.500000, 115.500000, NULL),
(3811, 1, 1, 2, 115.500000, 115.500000, 115.500000, 115.500000, NULL),
(3811, 2, 1, 2, 115.500000, 115.500000, 115.500000, 115.500000, NULL),
(3811, 3, 1, 2, 115.500000, 115.500000, 115.500000, 115.500000, NULL),
(3815, 0, 1, 2, 2940.000000, 2940.000000, 2940.000000, 2940.000000, NULL),
(3815, 1, 1, 2, 2940.000000, 2940.000000, 2940.000000, 2940.000000, NULL),
(3815, 2, 1, 2, 2940.000000, 2940.000000, 2940.000000, 2940.000000, NULL),
(3815, 3, 1, 2, 2940.000000, 2940.000000, 2940.000000, 2940.000000, NULL),
(3817, 0, 1, 2, 1323.000000, 1323.000000, 1323.000000, 1323.000000, NULL),
(3817, 1, 1, 2, 1323.000000, 1323.000000, 1323.000000, 1323.000000, NULL),
(3817, 2, 1, 2, 1323.000000, 1323.000000, 1323.000000, 1323.000000, NULL),
(3817, 3, 1, 2, 1323.000000, 1323.000000, 1323.000000, 1323.000000, NULL),
(3820, 0, 1, 2, 0.000000, 0.000000, 0.000000, 0.000000, NULL),
(3820, 1, 1, 2, 0.000000, 0.000000, 0.000000, 0.000000, NULL),
(3820, 2, 1, 2, 0.000000, 0.000000, 0.000000, 0.000000, NULL),
(3820, 3, 1, 2, 0.000000, 0.000000, 0.000000, 0.000000, NULL),
(3822, 0, 1, 2, 997.500000, 997.500000, 997.500000, 997.500000, NULL),
(3822, 1, 1, 2, 997.500000, 997.500000, 997.500000, 997.500000, NULL),
(3822, 2, 1, 2, 997.500000, 997.500000, 997.500000, 997.500000, NULL),
(3822, 3, 1, 2, 997.500000, 997.500000, 997.500000, 997.500000, NULL),
(3823, 0, 1, 2, 1890.000000, 1890.000000, 1890.000000, 1890.000000, NULL),
(3823, 1, 1, 2, 1890.000000, 1890.000000, 1890.000000, 1890.000000, NULL),
(3823, 2, 1, 2, 1890.000000, 1890.000000, 1890.000000, 1890.000000, NULL),
(3823, 3, 1, 2, 1890.000000, 1890.000000, 1890.000000, 1890.000000, NULL),
(3825, 0, 1, 2, 109.200000, 109.200000, 109.200000, 109.200000, NULL),
(3825, 1, 1, 2, 109.200000, 109.200000, 109.200000, 109.200000, NULL),
(3825, 2, 1, 2, 109.200000, 109.200000, 109.200000, 109.200000, NULL),
(3825, 3, 1, 2, 109.200000, 109.200000, 109.200000, 109.200000, NULL),
(3826, 0, 1, 2, 294.000000, 294.000000, 294.000000, 294.000000, NULL),
(3826, 1, 1, 2, 294.000000, 294.000000, 294.000000, 294.000000, NULL),
(3826, 2, 1, 2, 294.000000, 294.000000, 294.000000, 294.000000, NULL),
(3826, 3, 1, 2, 294.000000, 294.000000, 294.000000, 294.000000, NULL),
(3829, 0, 1, 2, 0.000000, 0.000000, 0.000000, 0.000000, NULL),
(3829, 1, 1, 2, 0.000000, 0.000000, 0.000000, 0.000000, NULL),
(3829, 2, 1, 2, 0.000000, 0.000000, 0.000000, 0.000000, NULL),
(3829, 3, 1, 2, 0.000000, 0.000000, 0.000000, 0.000000, NULL),
(3830, 0, 1, 2, 813.750000, 813.750000, 813.750000, 813.750000, NULL),
(3830, 1, 1, 2, 813.750000, 813.750000, 813.750000, 813.750000, NULL),
(3830, 2, 1, 2, 813.750000, 813.750000, 813.750000, 813.750000, NULL),
(3830, 3, 1, 2, 813.750000, 813.750000, 813.750000, 813.750000, NULL),
(3833, 0, 1, 2, 1123.500000, 599.000000, 599.000000, 599.000000, NULL),
(3833, 1, 1, 2, 1123.500000, 599.000000, 599.000000, 599.000000, NULL),
(3833, 2, 1, 2, 1123.500000, 599.000000, 599.000000, 599.000000, NULL),
(3833, 3, 1, 2, 1123.500000, 599.000000, 599.000000, 599.000000, NULL),
(3834, 0, 1, 2, 2147.250000, 2147.250000, 2147.250000, 2147.250000, NULL),
(3834, 1, 1, 2, 2147.250000, 2147.250000, 2147.250000, 2147.250000, NULL),
(3834, 2, 1, 2, 2147.250000, 2147.250000, 2147.250000, 2147.250000, NULL),
(3834, 3, 1, 2, 2147.250000, 2147.250000, 2147.250000, 2147.250000, NULL),
(3836, 0, 1, 2, 393.750000, 393.750000, 393.750000, 393.750000, NULL),
(3836, 1, 1, 2, 393.750000, 393.750000, 393.750000, 393.750000, NULL),
(3836, 2, 1, 2, 393.750000, 393.750000, 393.750000, 393.750000, NULL),
(3836, 3, 1, 2, 393.750000, 393.750000, 393.750000, 393.750000, NULL),
(3837, 0, 1, 2, 1680.000000, 1680.000000, 1680.000000, 1680.000000, NULL),
(3837, 1, 1, 2, 1680.000000, 1680.000000, 1680.000000, 1680.000000, NULL),
(3837, 2, 1, 2, 1680.000000, 1680.000000, 1680.000000, 1680.000000, NULL),
(3837, 3, 1, 2, 1680.000000, 1680.000000, 1680.000000, 1680.000000, NULL),
(3838, 0, 1, 2, 2799.000000, 2799.000000, 2799.000000, 2799.000000, NULL),
(3838, 1, 1, 2, 2799.000000, 2799.000000, 2799.000000, 2799.000000, NULL),
(3838, 2, 1, 2, 2799.000000, 2799.000000, 2799.000000, 2799.000000, NULL),
(3838, 3, 1, 2, 2799.000000, 2799.000000, 2799.000000, 2799.000000, NULL),
(3839, 0, 1, 2, 1995.000000, 1995.000000, 1995.000000, 1995.000000, NULL),
(3839, 1, 1, 2, 1995.000000, 1995.000000, 1995.000000, 1995.000000, NULL),
(3839, 2, 1, 2, 1995.000000, 1995.000000, 1995.000000, 1995.000000, NULL),
(3839, 3, 1, 2, 1995.000000, 1995.000000, 1995.000000, 1995.000000, NULL),
(3841, 0, 1, 2, 4200.000000, 4200.000000, 4200.000000, 4200.000000, NULL),
(3841, 1, 1, 2, 4200.000000, 4200.000000, 4200.000000, 4200.000000, NULL),
(3841, 2, 1, 2, 4200.000000, 4200.000000, 4200.000000, 4200.000000, NULL),
(3841, 3, 1, 2, 4200.000000, 4200.000000, 4200.000000, 4200.000000, NULL),
(3842, 0, 1, 2, 0.000000, 0.000000, 0.000000, 0.000000, NULL),
(3842, 1, 1, 2, 0.000000, 0.000000, 0.000000, 0.000000, NULL),
(3842, 2, 1, 2, 0.000000, 0.000000, 0.000000, 0.000000, NULL),
(3842, 3, 1, 2, 0.000000, 0.000000, 0.000000, 0.000000, NULL),
(3843, 0, 1, 2, 17997.000000, 17997.000000, 17997.000000, 17997.000000, NULL),
(3843, 1, 1, 2, 17997.000000, 17997.000000, 17997.000000, 17997.000000, NULL),
(3843, 2, 1, 2, 17997.000000, 17997.000000, 17997.000000, 17997.000000, NULL),
(3843, 3, 1, 2, 17997.000000, 17997.000000, 17997.000000, 17997.000000, NULL),
(3844, 0, 1, 2, 2861.250000, 2861.250000, 2861.250000, 2861.250000, NULL),
(3844, 1, 1, 2, 2861.250000, 2861.250000, 2861.250000, 2861.250000, NULL),
(3844, 2, 1, 2, 2861.250000, 2861.250000, 2861.250000, 2861.250000, NULL),
(3844, 3, 1, 2, 2861.250000, 2861.250000, 2861.250000, 2861.250000, NULL),
(3845, 0, 1, 2, 3186.750000, 3186.750000, 3186.750000, 3186.750000, NULL),
(3845, 1, 1, 2, 3186.750000, 3186.750000, 3186.750000, 3186.750000, NULL),
(3845, 2, 1, 2, 3186.750000, 3186.750000, 3186.750000, 3186.750000, NULL),
(3845, 3, 1, 2, 3186.750000, 3186.750000, 3186.750000, 3186.750000, NULL),
(3847, 0, 1, 2, 346.500000, 346.500000, 346.500000, 346.500000, NULL),
(3847, 1, 1, 2, 346.500000, 346.500000, 346.500000, 346.500000, NULL),
(3847, 2, 1, 2, 346.500000, 346.500000, 346.500000, 346.500000, NULL),
(3847, 3, 1, 2, 346.500000, 346.500000, 346.500000, 346.500000, NULL),
(3848, 0, 1, 2, 446.250000, 446.250000, 446.250000, 446.250000, NULL),
(3848, 1, 1, 2, 446.250000, 446.250000, 446.250000, 446.250000, NULL),
(3848, 2, 1, 2, 446.250000, 446.250000, 446.250000, 446.250000, NULL),
(3848, 3, 1, 2, 446.250000, 446.250000, 446.250000, 446.250000, NULL),
(3851, 0, 1, 2, 0.000000, 0.000000, 0.000000, 0.000000, NULL),
(3851, 1, 1, 2, 0.000000, 0.000000, 0.000000, 0.000000, NULL),
(3851, 2, 1, 2, 0.000000, 0.000000, 0.000000, 0.000000, NULL),
(3851, 3, 1, 2, 0.000000, 0.000000, 0.000000, 0.000000, NULL),
(3853, 0, 1, 2, 813.750000, 813.750000, 813.750000, 813.750000, NULL),
(3853, 1, 1, 2, 813.750000, 813.750000, 813.750000, 813.750000, NULL),
(3853, 2, 1, 2, 813.750000, 813.750000, 813.750000, 813.750000, NULL),
(3853, 3, 1, 2, 813.750000, 813.750000, 813.750000, 813.750000, NULL),
(3859, 0, 1, 2, 599.550000, 599.550000, 599.550000, 599.550000, NULL),
(3859, 1, 1, 2, 599.550000, 599.550000, 599.550000, 599.550000, NULL),
(3859, 2, 1, 2, 599.550000, 599.550000, 599.550000, 599.550000, NULL),
(3859, 3, 1, 2, 599.550000, 599.550000, 599.550000, 599.550000, NULL),
(3861, 0, 1, 2, 399.000000, 399.000000, 399.000000, 399.000000, NULL),
(3861, 1, 1, 2, 399.000000, 399.000000, 399.000000, 399.000000, NULL),
(3861, 2, 1, 2, 399.000000, 399.000000, 399.000000, 399.000000, NULL),
(3861, 3, 1, 2, 399.000000, 399.000000, 399.000000, 399.000000, NULL),
(3863, 0, 1, 2, 997.500000, 997.500000, 997.500000, 997.500000, NULL),
(3863, 1, 1, 2, 997.500000, 997.500000, 997.500000, 997.500000, NULL),
(3863, 2, 1, 2, 997.500000, 997.500000, 997.500000, 997.500000, NULL),
(3863, 3, 1, 2, 997.500000, 997.500000, 997.500000, 997.500000, NULL),
(3864, 0, 1, 2, 1942.500000, 1942.500000, 1942.500000, 1942.500000, NULL),
(3864, 1, 1, 2, 1942.500000, 1942.500000, 1942.500000, 1942.500000, NULL),
(3864, 2, 1, 2, 1942.500000, 1942.500000, 1942.500000, 1942.500000, NULL),
(3864, 3, 1, 2, 1942.500000, 1942.500000, 1942.500000, 1942.500000, NULL),
(3865, 0, 1, 2, 1659.000000, 1659.000000, 1659.000000, 1659.000000, NULL),
(3865, 1, 1, 2, 1659.000000, 1659.000000, 1659.000000, 1659.000000, NULL),
(3865, 2, 1, 2, 1659.000000, 1659.000000, 1659.000000, 1659.000000, NULL),
(3865, 3, 1, 2, 1659.000000, 1659.000000, 1659.000000, 1659.000000, NULL),
(3866, 0, 1, 2, 997.500000, 997.500000, 997.500000, 997.500000, NULL),
(3866, 1, 1, 2, 997.500000, 997.500000, 997.500000, 997.500000, NULL),
(3866, 2, 1, 2, 997.500000, 997.500000, 997.500000, 997.500000, NULL),
(3866, 3, 1, 2, 997.500000, 997.500000, 997.500000, 997.500000, NULL),
(3867, 0, 1, 2, 693.000000, 693.000000, 693.000000, 693.000000, NULL),
(3867, 1, 1, 2, 693.000000, 693.000000, 693.000000, 693.000000, NULL),
(3867, 2, 1, 2, 693.000000, 693.000000, 693.000000, 693.000000, NULL),
(3867, 3, 1, 2, 693.000000, 693.000000, 693.000000, 693.000000, NULL),
(3868, 0, 1, 2, 577.500000, 577.500000, 577.500000, 577.500000, NULL),
(3868, 1, 1, 2, 577.500000, 577.500000, 577.500000, 577.500000, NULL),
(3868, 2, 1, 2, 577.500000, 577.500000, 577.500000, 577.500000, NULL),
(3868, 3, 1, 2, 577.500000, 577.500000, 577.500000, 577.500000, NULL),
(3869, 0, 1, 2, 649.950000, 649.950000, 649.950000, 649.950000, NULL),
(3869, 1, 1, 2, 649.950000, 649.950000, 649.950000, 649.950000, NULL),
(3869, 2, 1, 2, 649.950000, 649.950000, 649.950000, 649.950000, NULL),
(3869, 3, 1, 2, 649.950000, 649.950000, 649.950000, 649.950000, NULL),
(3872, 0, 1, 2, 399.000000, 399.000000, 399.000000, 399.000000, NULL),
(3872, 1, 1, 2, 399.000000, 399.000000, 399.000000, 399.000000, NULL),
(3872, 2, 1, 2, 399.000000, 399.000000, 399.000000, 399.000000, NULL),
(3872, 3, 1, 2, 399.000000, 399.000000, 399.000000, 399.000000, NULL),
(3873, 0, 1, 2, 599.550000, 599.550000, 599.550000, 599.550000, NULL),
(3873, 1, 1, 2, 599.550000, 599.550000, 599.550000, 599.550000, NULL),
(3873, 2, 1, 2, 599.550000, 599.550000, 599.550000, 599.550000, NULL),
(3873, 3, 1, 2, 599.550000, 599.550000, 599.550000, 599.550000, NULL),
(3874, 0, 1, 2, 693.000000, 693.000000, 693.000000, 693.000000, NULL),
(3874, 1, 1, 2, 693.000000, 693.000000, 693.000000, 693.000000, NULL),
(3874, 2, 1, 2, 693.000000, 693.000000, 693.000000, 693.000000, NULL),
(3874, 3, 1, 2, 693.000000, 693.000000, 693.000000, 693.000000, NULL),
(3875, 0, 1, 2, 849.000000, 849.000000, 849.000000, 849.000000, NULL),
(3875, 1, 1, 2, 849.000000, 849.000000, 849.000000, 849.000000, NULL),
(3875, 2, 1, 2, 849.000000, 849.000000, 849.000000, 849.000000, NULL),
(3875, 3, 1, 2, 849.000000, 849.000000, 849.000000, 849.000000, NULL),
(3877, 0, 1, 2, 997.500000, 997.500000, 997.500000, 997.500000, NULL),
(3877, 1, 1, 2, 997.500000, 997.500000, 997.500000, 997.500000, NULL),
(3877, 2, 1, 2, 997.500000, 997.500000, 997.500000, 997.500000, NULL),
(3877, 3, 1, 2, 997.500000, 997.500000, 997.500000, 997.500000, NULL),
(3884, 0, 1, 2, 787.500000, 787.500000, 787.500000, 787.500000, NULL),
(3884, 1, 1, 2, 787.500000, 787.500000, 787.500000, 787.500000, NULL),
(3884, 2, 1, 2, 787.500000, 787.500000, 787.500000, 787.500000, NULL),
(3884, 3, 1, 2, 787.500000, 787.500000, 787.500000, 787.500000, NULL),
(3886, 0, 1, 2, 1260.000000, 1260.000000, 1260.000000, 1260.000000, NULL),
(3886, 1, 1, 2, 1260.000000, 1260.000000, 1260.000000, 1260.000000, NULL),
(3886, 2, 1, 2, 1260.000000, 1260.000000, 1260.000000, 1260.000000, NULL),
(3886, 3, 1, 2, 1260.000000, 1260.000000, 1260.000000, 1260.000000, NULL),
(3887, 0, 1, 2, 1417.500000, 1417.500000, 1417.500000, 1417.500000, NULL),
(3887, 1, 1, 2, 1417.500000, 1417.500000, 1417.500000, 1417.500000, NULL),
(3887, 2, 1, 2, 1417.500000, 1417.500000, 1417.500000, 1417.500000, NULL),
(3887, 3, 1, 2, 1417.500000, 1417.500000, 1417.500000, 1417.500000, NULL),
(3888, 0, 1, 2, 745.500000, 745.500000, 745.500000, 745.500000, NULL),
(3888, 1, 1, 2, 745.500000, 745.500000, 745.500000, 745.500000, NULL),
(3888, 2, 1, 2, 745.500000, 745.500000, 745.500000, 745.500000, NULL),
(3888, 3, 1, 2, 745.500000, 745.500000, 745.500000, 745.500000, NULL),
(3889, 0, 1, 2, 945.000000, 945.000000, 945.000000, 945.000000, NULL),
(3889, 1, 1, 2, 945.000000, 945.000000, 945.000000, 945.000000, NULL),
(3889, 2, 1, 2, 945.000000, 945.000000, 945.000000, 945.000000, NULL),
(3889, 3, 1, 2, 945.000000, 945.000000, 945.000000, 945.000000, NULL),
(3890, 0, 1, 2, 1496.250000, 1496.250000, 1496.250000, 1496.250000, NULL),
(3890, 1, 1, 2, 1496.250000, 1496.250000, 1496.250000, 1496.250000, NULL),
(3890, 2, 1, 2, 1496.250000, 1496.250000, 1496.250000, 1496.250000, NULL),
(3890, 3, 1, 2, 1496.250000, 1496.250000, 1496.250000, 1496.250000, NULL),
(3892, 0, 1, 2, 1412.250000, 1412.250000, 1412.250000, 1412.250000, NULL),
(3892, 1, 1, 2, 1412.250000, 1412.250000, 1412.250000, 1412.250000, NULL),
(3892, 2, 1, 2, 1412.250000, 1412.250000, 1412.250000, 1412.250000, NULL),
(3892, 3, 1, 2, 1412.250000, 1412.250000, 1412.250000, 1412.250000, NULL),
(3893, 0, 1, 2, 829.500000, 829.500000, 829.500000, 829.500000, NULL),
(3893, 1, 1, 2, 829.500000, 829.500000, 829.500000, 829.500000, NULL),
(3893, 2, 1, 2, 829.500000, 829.500000, 829.500000, 829.500000, NULL),
(3893, 3, 1, 2, 829.500000, 829.500000, 829.500000, 829.500000, NULL),
(3894, 0, 1, 2, 78.750000, 78.750000, 78.750000, 78.750000, NULL),
(3894, 1, 1, 2, 78.750000, 78.750000, 78.750000, 78.750000, NULL),
(3894, 2, 1, 2, 78.750000, 78.750000, 78.750000, 78.750000, NULL),
(3894, 3, 1, 2, 78.750000, 78.750000, 78.750000, 78.750000, NULL),
(3895, 0, 1, 2, 78.750000, 78.750000, 78.750000, 78.750000, NULL),
(3895, 1, 1, 2, 78.750000, 78.750000, 78.750000, 78.750000, NULL),
(3895, 2, 1, 2, 78.750000, 78.750000, 78.750000, 78.750000, NULL),
(3895, 3, 1, 2, 78.750000, 78.750000, 78.750000, 78.750000, NULL),
(3896, 0, 1, 2, 89.250000, 89.250000, 89.250000, 89.250000, NULL),
(3896, 1, 1, 2, 89.250000, 89.250000, 89.250000, 89.250000, NULL),
(3896, 2, 1, 2, 89.250000, 89.250000, 89.250000, 89.250000, NULL),
(3896, 3, 1, 2, 89.250000, 89.250000, 89.250000, 89.250000, NULL),
(3897, 0, 1, 2, 89.250000, 89.250000, 89.250000, 89.250000, NULL),
(3897, 1, 1, 2, 89.250000, 89.250000, 89.250000, 89.250000, NULL),
(3897, 2, 1, 2, 89.250000, 89.250000, 89.250000, 89.250000, NULL),
(3897, 3, 1, 2, 89.250000, 89.250000, 89.250000, 89.250000, NULL),
(3899, 0, 1, 2, 882.000000, 882.000000, 882.000000, 882.000000, NULL),
(3899, 1, 1, 2, 882.000000, 882.000000, 882.000000, 882.000000, NULL),
(3899, 2, 1, 2, 882.000000, 882.000000, 882.000000, 882.000000, NULL),
(3899, 3, 1, 2, 882.000000, 882.000000, 882.000000, 882.000000, NULL),
(3901, 0, 1, 2, 556.500000, 556.500000, 556.500000, 556.500000, NULL),
(3901, 1, 1, 2, 556.500000, 556.500000, 556.500000, 556.500000, NULL),
(3901, 2, 1, 2, 556.500000, 556.500000, 556.500000, 556.500000, NULL),
(3901, 3, 1, 2, 556.500000, 556.500000, 556.500000, 556.500000, NULL),
(3904, 0, 1, 2, 30.000000, 30.000000, 30.000000, 30.000000, NULL),
(3904, 1, 1, 2, 30.000000, 30.000000, 30.000000, 30.000000, NULL),
(3904, 2, 1, 2, 30.000000, 30.000000, 30.000000, 30.000000, NULL),
(3904, 3, 1, 2, 30.000000, 30.000000, 30.000000, 30.000000, NULL),
(3906, 0, 1, 2, 42.000000, 42.000000, 42.000000, 42.000000, NULL),
(3906, 1, 1, 2, 42.000000, 42.000000, 42.000000, 42.000000, NULL),
(3906, 2, 1, 2, 42.000000, 42.000000, 42.000000, 42.000000, NULL),
(3906, 3, 1, 2, 42.000000, 42.000000, 42.000000, 42.000000, NULL),
(3910, 0, 1, 2, 52.500000, 52.500000, 52.500000, 52.500000, NULL),
(3910, 1, 1, 2, 52.500000, 52.500000, 52.500000, 52.500000, NULL),
(3910, 2, 1, 2, 52.500000, 52.500000, 52.500000, 52.500000, NULL),
(3910, 3, 1, 2, 52.500000, 52.500000, 52.500000, 52.500000, NULL),
(3912, 0, 1, 2, 52.500000, 52.500000, 52.500000, 52.500000, NULL),
(3912, 1, 1, 2, 52.500000, 52.500000, 52.500000, 52.500000, NULL),
(3912, 2, 1, 2, 52.500000, 52.500000, 52.500000, 52.500000, NULL),
(3912, 3, 1, 2, 52.500000, 52.500000, 52.500000, 52.500000, NULL),
(3915, 0, 1, 2, 252.000000, 252.000000, 252.000000, 252.000000, NULL),
(3915, 1, 1, 2, 252.000000, 252.000000, 252.000000, 252.000000, NULL),
(3915, 2, 1, 2, 252.000000, 252.000000, 252.000000, 252.000000, NULL),
(3915, 3, 1, 2, 252.000000, 252.000000, 252.000000, 252.000000, NULL),
(3916, 0, 1, 2, 346.500000, 346.500000, 346.500000, 346.500000, NULL),
(3916, 1, 1, 2, 346.500000, 346.500000, 346.500000, 346.500000, NULL),
(3916, 2, 1, 2, 346.500000, 346.500000, 346.500000, 346.500000, NULL),
(3916, 3, 1, 2, 346.500000, 346.500000, 346.500000, 346.500000, NULL),
(3917, 0, 1, 2, 283.500000, 283.500000, 283.500000, 283.500000, NULL),
(3917, 1, 1, 2, 283.500000, 283.500000, 283.500000, 283.500000, NULL),
(3917, 2, 1, 2, 283.500000, 283.500000, 283.500000, 283.500000, NULL),
(3917, 3, 1, 2, 283.500000, 283.500000, 283.500000, 283.500000, NULL),
(3918, 0, 1, 2, 178.500000, 178.500000, 178.500000, 178.500000, NULL),
(3918, 1, 1, 2, 178.500000, 178.500000, 178.500000, 178.500000, NULL),
(3918, 2, 1, 2, 178.500000, 178.500000, 178.500000, 178.500000, NULL),
(3918, 3, 1, 2, 178.500000, 178.500000, 178.500000, 178.500000, NULL),
(3924, 0, 1, 2, 89.250000, 89.250000, 89.250000, 89.250000, NULL),
(3924, 1, 1, 2, 89.250000, 89.250000, 89.250000, 89.250000, NULL),
(3924, 2, 1, 2, 89.250000, 89.250000, 89.250000, 89.250000, NULL),
(3924, 3, 1, 2, 89.250000, 89.250000, 89.250000, 89.250000, NULL),
(3926, 0, 1, 2, 73.500000, 73.500000, 73.500000, 73.500000, NULL),
(3926, 1, 1, 2, 73.500000, 73.500000, 73.500000, 73.500000, NULL),
(3926, 2, 1, 2, 73.500000, 73.500000, 73.500000, 73.500000, NULL),
(3926, 3, 1, 2, 73.500000, 73.500000, 73.500000, 73.500000, NULL),
(3930, 0, 1, 2, 199.500000, 199.500000, 199.500000, 199.500000, NULL),
(3930, 1, 1, 2, 199.500000, 199.500000, 199.500000, 199.500000, NULL),
(3930, 2, 1, 2, 199.500000, 199.500000, 199.500000, 199.500000, NULL),
(3930, 3, 1, 2, 199.500000, 199.500000, 199.500000, 199.500000, NULL),
(3931, 0, 1, 2, 341.250000, 341.250000, 341.250000, 341.250000, NULL),
(3931, 1, 1, 2, 341.250000, 341.250000, 341.250000, 341.250000, NULL),
(3931, 2, 1, 2, 341.250000, 341.250000, 341.250000, 341.250000, NULL),
(3931, 3, 1, 2, 341.250000, 341.250000, 341.250000, 341.250000, NULL),
(3932, 0, 1, 2, 225.750000, 225.750000, 225.750000, 225.750000, NULL),
(3932, 1, 1, 2, 225.750000, 225.750000, 225.750000, 225.750000, NULL),
(3932, 2, 1, 2, 225.750000, 225.750000, 225.750000, 225.750000, NULL),
(3932, 3, 1, 2, 225.750000, 225.750000, 225.750000, 225.750000, NULL),
(3938, 0, 1, 2, 393.750000, 393.750000, 393.750000, 393.750000, NULL),
(3938, 1, 1, 2, 393.750000, 393.750000, 393.750000, 393.750000, NULL),
(3938, 2, 1, 2, 393.750000, 393.750000, 393.750000, 393.750000, NULL),
(3938, 3, 1, 2, 393.750000, 393.750000, 393.750000, 393.750000, NULL),
(3939, 0, 1, 2, 525.000000, 525.000000, 525.000000, 525.000000, NULL),
(3939, 1, 1, 2, 525.000000, 525.000000, 525.000000, 525.000000, NULL),
(3939, 2, 1, 2, 525.000000, 525.000000, 525.000000, 525.000000, NULL),
(3939, 3, 1, 2, 525.000000, 525.000000, 525.000000, 525.000000, NULL),
(3942, 0, 1, 2, 126.000000, 126.000000, 126.000000, 126.000000, NULL),
(3942, 1, 1, 2, 126.000000, 126.000000, 126.000000, 126.000000, NULL),
(3942, 2, 1, 2, 126.000000, 126.000000, 126.000000, 126.000000, NULL),
(3942, 3, 1, 2, 126.000000, 126.000000, 126.000000, 126.000000, NULL),
(3943, 0, 1, 2, 131.250000, 131.250000, 131.250000, 131.250000, NULL),
(3943, 1, 1, 2, 131.250000, 131.250000, 131.250000, 131.250000, NULL),
(3943, 2, 1, 2, 131.250000, 131.250000, 131.250000, 131.250000, NULL),
(3943, 3, 1, 2, 131.250000, 131.250000, 131.250000, 131.250000, NULL),
(3944, 0, 1, 2, 131.250000, 131.250000, 131.250000, 131.250000, NULL),
(3944, 1, 1, 2, 131.250000, 131.250000, 131.250000, 131.250000, NULL),
(3944, 2, 1, 2, 131.250000, 131.250000, 131.250000, 131.250000, NULL),
(3944, 3, 1, 2, 131.250000, 131.250000, 131.250000, 131.250000, NULL),
(3945, 0, 1, 2, 147.000000, 147.000000, 147.000000, 147.000000, NULL),
(3945, 1, 1, 2, 147.000000, 147.000000, 147.000000, 147.000000, NULL),
(3945, 2, 1, 2, 147.000000, 147.000000, 147.000000, 147.000000, NULL),
(3945, 3, 1, 2, 147.000000, 147.000000, 147.000000, 147.000000, NULL),
(3947, 0, 1, 2, 162.750000, 162.750000, 162.750000, 162.750000, NULL),
(3947, 1, 1, 2, 162.750000, 162.750000, 162.750000, 162.750000, NULL),
(3947, 2, 1, 2, 162.750000, 162.750000, 162.750000, 162.750000, NULL),
(3947, 3, 1, 2, 162.750000, 162.750000, 162.750000, 162.750000, NULL),
(3952, 0, 1, 2, 105.000000, 105.000000, 105.000000, 105.000000, NULL),
(3952, 1, 1, 2, 105.000000, 105.000000, 105.000000, 105.000000, NULL),
(3952, 2, 1, 2, 105.000000, 105.000000, 105.000000, 105.000000, NULL),
(3952, 3, 1, 2, 105.000000, 105.000000, 105.000000, 105.000000, NULL),
(3953, 0, 1, 2, 105.000000, 105.000000, 105.000000, 105.000000, NULL),
(3953, 1, 1, 2, 105.000000, 105.000000, 105.000000, 105.000000, NULL),
(3953, 2, 1, 2, 105.000000, 105.000000, 105.000000, 105.000000, NULL),
(3953, 3, 1, 2, 105.000000, 105.000000, 105.000000, 105.000000, NULL),
(3954, 0, 1, 2, 105.000000, 105.000000, 105.000000, 105.000000, NULL),
(3954, 1, 1, 2, 105.000000, 105.000000, 105.000000, 105.000000, NULL),
(3954, 2, 1, 2, 105.000000, 105.000000, 105.000000, 105.000000, NULL),
(3954, 3, 1, 2, 105.000000, 105.000000, 105.000000, 105.000000, NULL),
(3955, 0, 1, 2, 105.000000, 105.000000, 105.000000, 105.000000, NULL),
(3955, 1, 1, 2, 105.000000, 105.000000, 105.000000, 105.000000, NULL),
(3955, 2, 1, 2, 105.000000, 105.000000, 105.000000, 105.000000, NULL),
(3955, 3, 1, 2, 105.000000, 105.000000, 105.000000, 105.000000, NULL),
(3956, 0, 1, 2, 68.250000, 68.250000, 68.250000, 68.250000, NULL),
(3956, 1, 1, 2, 68.250000, 68.250000, 68.250000, 68.250000, NULL),
(3956, 2, 1, 2, 68.250000, 68.250000, 68.250000, 68.250000, NULL),
(3956, 3, 1, 2, 68.250000, 68.250000, 68.250000, 68.250000, NULL),
(3957, 0, 1, 2, 357.000000, 357.000000, 357.000000, 357.000000, NULL),
(3957, 1, 1, 2, 357.000000, 357.000000, 357.000000, 357.000000, NULL),
(3957, 2, 1, 2, 357.000000, 357.000000, 357.000000, 357.000000, NULL),
(3957, 3, 1, 2, 357.000000, 357.000000, 357.000000, 357.000000, NULL),
(3958, 0, 1, 2, 89.250000, 89.250000, 89.250000, 89.250000, NULL),
(3958, 1, 1, 2, 89.250000, 89.250000, 89.250000, 89.250000, NULL),
(3958, 2, 1, 2, 89.250000, 89.250000, 89.250000, 89.250000, NULL),
(3958, 3, 1, 2, 89.250000, 89.250000, 89.250000, 89.250000, NULL),
(3959, 0, 1, 2, 105.000000, 105.000000, 105.000000, 105.000000, NULL),
(3959, 1, 1, 2, 105.000000, 105.000000, 105.000000, 105.000000, NULL),
(3959, 2, 1, 2, 105.000000, 105.000000, 105.000000, 105.000000, NULL),
(3959, 3, 1, 2, 105.000000, 105.000000, 105.000000, 105.000000, NULL),
(3962, 0, 1, 2, 178.500000, 178.500000, 178.500000, 178.500000, NULL),
(3962, 1, 1, 2, 178.500000, 178.500000, 178.500000, 178.500000, NULL),
(3962, 2, 1, 2, 178.500000, 178.500000, 178.500000, 178.500000, NULL),
(3962, 3, 1, 2, 178.500000, 178.500000, 178.500000, 178.500000, NULL),
(3963, 0, 1, 2, 220.500000, 220.500000, 220.500000, 220.500000, NULL),
(3963, 1, 1, 2, 220.500000, 220.500000, 220.500000, 220.500000, NULL),
(3963, 2, 1, 2, 220.500000, 220.500000, 220.500000, 220.500000, NULL),
(3963, 3, 1, 2, 220.500000, 220.500000, 220.500000, 220.500000, NULL),
(3964, 0, 1, 2, 220.500000, 220.500000, 220.500000, 220.500000, NULL),
(3964, 1, 1, 2, 220.500000, 220.500000, 220.500000, 220.500000, NULL),
(3964, 2, 1, 2, 220.500000, 220.500000, 220.500000, 220.500000, NULL),
(3964, 3, 1, 2, 220.500000, 220.500000, 220.500000, 220.500000, NULL),
(3965, 0, 1, 2, 63.000000, 63.000000, 63.000000, 63.000000, NULL),
(3965, 1, 1, 2, 63.000000, 63.000000, 63.000000, 63.000000, NULL),
(3965, 2, 1, 2, 63.000000, 63.000000, 63.000000, 63.000000, NULL),
(3965, 3, 1, 2, 63.000000, 63.000000, 63.000000, 63.000000, NULL),
(3975, 0, 1, 2, 120.750000, 120.750000, 120.750000, 120.750000, NULL),
(3975, 1, 1, 2, 120.750000, 120.750000, 120.750000, 120.750000, NULL),
(3975, 2, 1, 2, 120.750000, 120.750000, 120.750000, 120.750000, NULL),
(3975, 3, 1, 2, 120.750000, 120.750000, 120.750000, 120.750000, NULL),
(3980, 0, 1, 2, 273.000000, 273.000000, 273.000000, 273.000000, NULL),
(3980, 1, 1, 2, 273.000000, 273.000000, 273.000000, 273.000000, NULL),
(3980, 2, 1, 2, 273.000000, 273.000000, 273.000000, 273.000000, NULL),
(3980, 3, 1, 2, 273.000000, 273.000000, 273.000000, 273.000000, NULL),
(3983, 0, 1, 2, 147.000000, 147.000000, 147.000000, 147.000000, NULL),
(3983, 1, 1, 2, 147.000000, 147.000000, 147.000000, 147.000000, NULL),
(3983, 2, 1, 2, 147.000000, 147.000000, 147.000000, 147.000000, NULL),
(3983, 3, 1, 2, 147.000000, 147.000000, 147.000000, 147.000000, NULL),
(3991, 0, 1, 2, 57.750000, 57.750000, 57.750000, 57.750000, NULL),
(3991, 1, 1, 2, 57.750000, 57.750000, 57.750000, 57.750000, NULL),
(3991, 2, 1, 2, 57.750000, 57.750000, 57.750000, 57.750000, NULL),
(3991, 3, 1, 2, 57.750000, 57.750000, 57.750000, 57.750000, NULL),
(3997, 0, 1, 2, 136.500000, 136.500000, 136.500000, 136.500000, NULL),
(3997, 1, 1, 2, 136.500000, 136.500000, 136.500000, 136.500000, NULL),
(3997, 2, 1, 2, 136.500000, 136.500000, 136.500000, 136.500000, NULL),
(3997, 3, 1, 2, 136.500000, 136.500000, 136.500000, 136.500000, NULL),
(3998, 0, 1, 2, 126.000000, 126.000000, 126.000000, 126.000000, NULL),
(3998, 1, 1, 2, 126.000000, 126.000000, 126.000000, 126.000000, NULL),
(3998, 2, 1, 2, 126.000000, 126.000000, 126.000000, 126.000000, NULL),
(3998, 3, 1, 2, 126.000000, 126.000000, 126.000000, 126.000000, NULL),
(3999, 0, 1, 2, 136.500000, 136.500000, 136.500000, 136.500000, NULL),
(3999, 1, 1, 2, 136.500000, 136.500000, 136.500000, 136.500000, NULL),
(3999, 2, 1, 2, 136.500000, 136.500000, 136.500000, 136.500000, NULL),
(3999, 3, 1, 2, 136.500000, 136.500000, 136.500000, 136.500000, NULL),
(4001, 0, 1, 2, 84.000000, 84.000000, 84.000000, 84.000000, NULL),
(4001, 1, 1, 2, 84.000000, 84.000000, 84.000000, 84.000000, NULL),
(4001, 2, 1, 2, 84.000000, 84.000000, 84.000000, 84.000000, NULL),
(4001, 3, 1, 2, 84.000000, 84.000000, 84.000000, 84.000000, NULL),
(4003, 0, 1, 2, 409.500000, 409.500000, 409.500000, 409.500000, NULL),
(4003, 1, 1, 2, 409.500000, 409.500000, 409.500000, 409.500000, NULL),
(4003, 2, 1, 2, 409.500000, 409.500000, 409.500000, 409.500000, NULL),
(4003, 3, 1, 2, 409.500000, 409.500000, 409.500000, 409.500000, NULL),
(4005, 0, 1, 2, 304.500000, 304.500000, 304.500000, 304.500000, NULL),
(4005, 1, 1, 2, 304.500000, 304.500000, 304.500000, 304.500000, NULL),
(4005, 2, 1, 2, 304.500000, 304.500000, 304.500000, 304.500000, NULL),
(4005, 3, 1, 2, 304.500000, 304.500000, 304.500000, 304.500000, NULL),
(4006, 0, 1, 2, 147.000000, 147.000000, 147.000000, 147.000000, NULL),
(4006, 1, 1, 2, 147.000000, 147.000000, 147.000000, 147.000000, NULL),
(4006, 2, 1, 2, 147.000000, 147.000000, 147.000000, 147.000000, NULL),
(4006, 3, 1, 2, 147.000000, 147.000000, 147.000000, 147.000000, NULL),
(4008, 0, 1, 2, 94.500000, 94.500000, 94.500000, 94.500000, NULL),
(4008, 1, 1, 2, 94.500000, 94.500000, 94.500000, 94.500000, NULL),
(4008, 2, 1, 2, 94.500000, 94.500000, 94.500000, 94.500000, NULL),
(4008, 3, 1, 2, 94.500000, 94.500000, 94.500000, 94.500000, NULL),
(4011, 0, 1, 2, 78.750000, 78.750000, 78.750000, 78.750000, NULL),
(4011, 1, 1, 2, 78.750000, 78.750000, 78.750000, 78.750000, NULL),
(4011, 2, 1, 2, 78.750000, 78.750000, 78.750000, 78.750000, NULL),
(4011, 3, 1, 2, 78.750000, 78.750000, 78.750000, 78.750000, NULL),
(4016, 0, 1, 2, 89.250000, 89.250000, 89.250000, 89.250000, NULL),
(4016, 1, 1, 2, 89.250000, 89.250000, 89.250000, 89.250000, NULL),
(4016, 2, 1, 2, 89.250000, 89.250000, 89.250000, 89.250000, NULL),
(4016, 3, 1, 2, 89.250000, 89.250000, 89.250000, 89.250000, NULL),
(4018, 0, 1, 2, 126.000000, 126.000000, 126.000000, 126.000000, NULL),
(4018, 1, 1, 2, 126.000000, 126.000000, 126.000000, 126.000000, NULL),
(4018, 2, 1, 2, 126.000000, 126.000000, 126.000000, 126.000000, NULL),
(4018, 3, 1, 2, 126.000000, 126.000000, 126.000000, 126.000000, NULL),
(4020, 0, 1, 2, 63.000000, 63.000000, 63.000000, 63.000000, NULL),
(4020, 1, 1, 2, 63.000000, 63.000000, 63.000000, 63.000000, NULL),
(4020, 2, 1, 2, 63.000000, 63.000000, 63.000000, 63.000000, NULL),
(4020, 3, 1, 2, 63.000000, 63.000000, 63.000000, 63.000000, NULL),
(4021, 0, 1, 2, 47.250000, 47.250000, 47.250000, 47.250000, NULL),
(4021, 1, 1, 2, 47.250000, 47.250000, 47.250000, 47.250000, NULL),
(4021, 2, 1, 2, 47.250000, 47.250000, 47.250000, 47.250000, NULL),
(4021, 3, 1, 2, 47.250000, 47.250000, 47.250000, 47.250000, NULL),
(4022, 0, 1, 2, 57.750000, 57.750000, 57.750000, 57.750000, NULL),
(4022, 1, 1, 2, 57.750000, 57.750000, 57.750000, 57.750000, NULL),
(4022, 2, 1, 2, 57.750000, 57.750000, 57.750000, 57.750000, NULL),
(4022, 3, 1, 2, 57.750000, 57.750000, 57.750000, 57.750000, NULL),
(4025, 0, 1, 2, 52.500000, 52.500000, 52.500000, 52.500000, NULL),
(4025, 1, 1, 2, 52.500000, 52.500000, 52.500000, 52.500000, NULL),
(4025, 2, 1, 2, 52.500000, 52.500000, 52.500000, 52.500000, NULL),
(4025, 3, 1, 2, 52.500000, 52.500000, 52.500000, 52.500000, NULL),
(4026, 0, 1, 2, 84.000000, 84.000000, 84.000000, 84.000000, NULL),
(4026, 1, 1, 2, 84.000000, 84.000000, 84.000000, 84.000000, NULL),
(4026, 2, 1, 2, 84.000000, 84.000000, 84.000000, 84.000000, NULL),
(4026, 3, 1, 2, 84.000000, 84.000000, 84.000000, 84.000000, NULL),
(4027, 0, 1, 2, 84.000000, 84.000000, 84.000000, 84.000000, NULL),
(4027, 1, 1, 2, 84.000000, 84.000000, 84.000000, 84.000000, NULL),
(4027, 2, 1, 2, 84.000000, 84.000000, 84.000000, 84.000000, NULL),
(4027, 3, 1, 2, 84.000000, 84.000000, 84.000000, 84.000000, NULL),
(4028, 0, 1, 2, 52.500000, 52.500000, 52.500000, 52.500000, NULL),
(4028, 1, 1, 2, 52.500000, 52.500000, 52.500000, 52.500000, NULL),
(4028, 2, 1, 2, 52.500000, 52.500000, 52.500000, 52.500000, NULL),
(4028, 3, 1, 2, 52.500000, 52.500000, 52.500000, 52.500000, NULL),
(4029, 0, 1, 2, 105.000000, 105.000000, 105.000000, 105.000000, NULL),
(4029, 1, 1, 2, 105.000000, 105.000000, 105.000000, 105.000000, NULL),
(4029, 2, 1, 2, 105.000000, 105.000000, 105.000000, 105.000000, NULL),
(4029, 3, 1, 2, 105.000000, 105.000000, 105.000000, 105.000000, NULL),
(4030, 0, 1, 2, 204.750000, 204.750000, 204.750000, 204.750000, NULL),
(4030, 1, 1, 2, 204.750000, 204.750000, 204.750000, 204.750000, NULL),
(4030, 2, 1, 2, 204.750000, 204.750000, 204.750000, 204.750000, NULL),
(4030, 3, 1, 2, 204.750000, 204.750000, 204.750000, 204.750000, NULL),
(4033, 0, 1, 2, 94.500000, 94.500000, 94.500000, 94.500000, NULL),
(4033, 1, 1, 2, 94.500000, 94.500000, 94.500000, 94.500000, NULL),
(4033, 2, 1, 2, 94.500000, 94.500000, 94.500000, 94.500000, NULL),
(4033, 3, 1, 2, 94.500000, 94.500000, 94.500000, 94.500000, NULL),
(4034, 0, 1, 2, 73.500000, 73.500000, 73.500000, 73.500000, NULL),
(4034, 1, 1, 2, 73.500000, 73.500000, 73.500000, 73.500000, NULL),
(4034, 2, 1, 2, 73.500000, 73.500000, 73.500000, 73.500000, NULL),
(4034, 3, 1, 2, 73.500000, 73.500000, 73.500000, 73.500000, NULL),
(4035, 0, 1, 2, 105.000000, 105.000000, 105.000000, 105.000000, NULL),
(4035, 1, 1, 2, 105.000000, 105.000000, 105.000000, 105.000000, NULL),
(4035, 2, 1, 2, 105.000000, 105.000000, 105.000000, 105.000000, NULL),
(4035, 3, 1, 2, 105.000000, 105.000000, 105.000000, 105.000000, NULL),
(4036, 0, 1, 2, 105.000000, 105.000000, 105.000000, 105.000000, NULL),
(4036, 1, 1, 2, 105.000000, 105.000000, 105.000000, 105.000000, NULL),
(4036, 2, 1, 2, 105.000000, 105.000000, 105.000000, 105.000000, NULL),
(4036, 3, 1, 2, 105.000000, 105.000000, 105.000000, 105.000000, NULL),
(4037, 0, 1, 2, 105.000000, 105.000000, 105.000000, 105.000000, NULL),
(4037, 1, 1, 2, 105.000000, 105.000000, 105.000000, 105.000000, NULL),
(4037, 2, 1, 2, 105.000000, 105.000000, 105.000000, 105.000000, NULL),
(4037, 3, 1, 2, 105.000000, 105.000000, 105.000000, 105.000000, NULL),
(4040, 0, 1, 2, 68.250000, 68.250000, 68.250000, 68.250000, NULL),
(4040, 1, 1, 2, 68.250000, 68.250000, 68.250000, 68.250000, NULL),
(4040, 2, 1, 2, 68.250000, 68.250000, 68.250000, 68.250000, NULL),
(4040, 3, 1, 2, 68.250000, 68.250000, 68.250000, 68.250000, NULL),
(4042, 0, 1, 2, 52.500000, 52.500000, 52.500000, 52.500000, NULL),
(4042, 1, 1, 2, 52.500000, 52.500000, 52.500000, 52.500000, NULL),
(4042, 2, 1, 2, 52.500000, 52.500000, 52.500000, 52.500000, NULL),
(4042, 3, 1, 2, 52.500000, 52.500000, 52.500000, 52.500000, NULL),
(4043, 0, 1, 2, 99.750000, 99.750000, 99.750000, 99.750000, NULL),
(4043, 1, 1, 2, 99.750000, 99.750000, 99.750000, 99.750000, NULL),
(4043, 2, 1, 2, 99.750000, 99.750000, 99.750000, 99.750000, NULL),
(4043, 3, 1, 2, 99.750000, 99.750000, 99.750000, 99.750000, NULL),
(4044, 0, 1, 2, 31.500000, 31.500000, 31.500000, 31.500000, NULL),
(4044, 1, 1, 2, 31.500000, 31.500000, 31.500000, 31.500000, NULL),
(4044, 2, 1, 2, 31.500000, 31.500000, 31.500000, 31.500000, NULL),
(4044, 3, 1, 2, 31.500000, 31.500000, 31.500000, 31.500000, NULL),
(4045, 0, 1, 2, 47.250000, 47.250000, 47.250000, 47.250000, NULL),
(4045, 1, 1, 2, 47.250000, 47.250000, 47.250000, 47.250000, NULL),
(4045, 2, 1, 2, 47.250000, 47.250000, 47.250000, 47.250000, NULL),
(4045, 3, 1, 2, 47.250000, 47.250000, 47.250000, 47.250000, NULL),
(4047, 0, 1, 2, 162.750000, 162.750000, 162.750000, 162.750000, NULL),
(4047, 1, 1, 2, 162.750000, 162.750000, 162.750000, 162.750000, NULL),
(4047, 2, 1, 2, 162.750000, 162.750000, 162.750000, 162.750000, NULL),
(4047, 3, 1, 2, 162.750000, 162.750000, 162.750000, 162.750000, NULL),
(4052, 0, 1, 2, 42.000000, 42.000000, 42.000000, 42.000000, NULL),
(4052, 1, 1, 2, 42.000000, 42.000000, 42.000000, 42.000000, NULL),
(4052, 2, 1, 2, 42.000000, 42.000000, 42.000000, 42.000000, NULL),
(4052, 3, 1, 2, 42.000000, 42.000000, 42.000000, 42.000000, NULL),
(4053, 0, 1, 2, 115.500000, 115.500000, 115.500000, 115.500000, NULL),
(4053, 1, 1, 2, 115.500000, 115.500000, 115.500000, 115.500000, NULL),
(4053, 2, 1, 2, 115.500000, 115.500000, 115.500000, 115.500000, NULL),
(4053, 3, 1, 2, 115.500000, 115.500000, 115.500000, 115.500000, NULL),
(4054, 0, 1, 2, 63.000000, 63.000000, 63.000000, 63.000000, NULL),
(4054, 1, 1, 2, 63.000000, 63.000000, 63.000000, 63.000000, NULL);
INSERT INTO `catalog_product_index_price_replica` (`entity_id`, `customer_group_id`, `website_id`, `tax_class_id`, `price`, `final_price`, `min_price`, `max_price`, `tier_price`) VALUES
(4054, 2, 1, 2, 63.000000, 63.000000, 63.000000, 63.000000, NULL),
(4054, 3, 1, 2, 63.000000, 63.000000, 63.000000, 63.000000, NULL),
(4055, 0, 1, 2, 57.750000, 57.750000, 57.750000, 57.750000, NULL),
(4055, 1, 1, 2, 57.750000, 57.750000, 57.750000, 57.750000, NULL),
(4055, 2, 1, 2, 57.750000, 57.750000, 57.750000, 57.750000, NULL),
(4055, 3, 1, 2, 57.750000, 57.750000, 57.750000, 57.750000, NULL),
(4056, 0, 1, 2, 63.000000, 63.000000, 63.000000, 63.000000, NULL),
(4056, 1, 1, 2, 63.000000, 63.000000, 63.000000, 63.000000, NULL),
(4056, 2, 1, 2, 63.000000, 63.000000, 63.000000, 63.000000, NULL),
(4056, 3, 1, 2, 63.000000, 63.000000, 63.000000, 63.000000, NULL),
(4065, 0, 1, 2, 393.750000, 393.750000, 393.750000, 393.750000, NULL),
(4065, 1, 1, 2, 393.750000, 393.750000, 393.750000, 393.750000, NULL),
(4065, 2, 1, 2, 393.750000, 393.750000, 393.750000, 393.750000, NULL),
(4065, 3, 1, 2, 393.750000, 393.750000, 393.750000, 393.750000, NULL),
(4066, 0, 1, 2, 126.000000, 126.000000, 126.000000, 126.000000, NULL),
(4066, 1, 1, 2, 126.000000, 126.000000, 126.000000, 126.000000, NULL),
(4066, 2, 1, 2, 126.000000, 126.000000, 126.000000, 126.000000, NULL),
(4066, 3, 1, 2, 126.000000, 126.000000, 126.000000, 126.000000, NULL),
(4067, 0, 1, 2, 99.750000, 99.750000, 99.750000, 99.750000, NULL),
(4067, 1, 1, 2, 99.750000, 99.750000, 99.750000, 99.750000, NULL),
(4067, 2, 1, 2, 99.750000, 99.750000, 99.750000, 99.750000, NULL),
(4067, 3, 1, 2, 99.750000, 99.750000, 99.750000, 99.750000, NULL),
(4068, 0, 1, 2, 63.000000, 63.000000, 63.000000, 63.000000, NULL),
(4068, 1, 1, 2, 63.000000, 63.000000, 63.000000, 63.000000, NULL),
(4068, 2, 1, 2, 63.000000, 63.000000, 63.000000, 63.000000, NULL),
(4068, 3, 1, 2, 63.000000, 63.000000, 63.000000, 63.000000, NULL),
(4070, 0, 1, 2, 194.250000, 194.250000, 194.250000, 194.250000, NULL),
(4070, 1, 1, 2, 194.250000, 194.250000, 194.250000, 194.250000, NULL),
(4070, 2, 1, 2, 194.250000, 194.250000, 194.250000, 194.250000, NULL),
(4070, 3, 1, 2, 194.250000, 194.250000, 194.250000, 194.250000, NULL),
(4072, 0, 1, 2, 63.000000, 63.000000, 63.000000, 63.000000, NULL),
(4072, 1, 1, 2, 63.000000, 63.000000, 63.000000, 63.000000, NULL),
(4072, 2, 1, 2, 63.000000, 63.000000, 63.000000, 63.000000, NULL),
(4072, 3, 1, 2, 63.000000, 63.000000, 63.000000, 63.000000, NULL),
(4073, 0, 1, 2, 52.500000, 52.500000, 52.500000, 52.500000, NULL),
(4073, 1, 1, 2, 52.500000, 52.500000, 52.500000, 52.500000, NULL),
(4073, 2, 1, 2, 52.500000, 52.500000, 52.500000, 52.500000, NULL),
(4073, 3, 1, 2, 52.500000, 52.500000, 52.500000, 52.500000, NULL),
(4074, 0, 1, 2, 147.000000, 147.000000, 147.000000, 147.000000, NULL),
(4074, 1, 1, 2, 147.000000, 147.000000, 147.000000, 147.000000, NULL),
(4074, 2, 1, 2, 147.000000, 147.000000, 147.000000, 147.000000, NULL),
(4074, 3, 1, 2, 147.000000, 147.000000, 147.000000, 147.000000, NULL),
(4078, 0, 1, 2, 36.750000, 36.750000, 36.750000, 36.750000, NULL),
(4078, 1, 1, 2, 36.750000, 36.750000, 36.750000, 36.750000, NULL),
(4078, 2, 1, 2, 36.750000, 36.750000, 36.750000, 36.750000, NULL),
(4078, 3, 1, 2, 36.750000, 36.750000, 36.750000, 36.750000, NULL),
(4079, 0, 1, 2, 57.750000, 57.750000, 57.750000, 57.750000, NULL),
(4079, 1, 1, 2, 57.750000, 57.750000, 57.750000, 57.750000, NULL),
(4079, 2, 1, 2, 57.750000, 57.750000, 57.750000, 57.750000, NULL),
(4079, 3, 1, 2, 57.750000, 57.750000, 57.750000, 57.750000, NULL),
(4083, 0, 1, 2, 29.400000, 29.400000, 29.400000, 29.400000, NULL),
(4083, 1, 1, 2, 29.400000, 29.400000, 29.400000, 29.400000, NULL),
(4083, 2, 1, 2, 29.400000, 29.400000, 29.400000, 29.400000, NULL),
(4083, 3, 1, 2, 29.400000, 29.400000, 29.400000, 29.400000, NULL),
(4084, 0, 1, 2, 49.350000, 49.350000, 49.350000, 49.350000, NULL),
(4084, 1, 1, 2, 49.350000, 49.350000, 49.350000, 49.350000, NULL),
(4084, 2, 1, 2, 49.350000, 49.350000, 49.350000, 49.350000, NULL),
(4084, 3, 1, 2, 49.350000, 49.350000, 49.350000, 49.350000, NULL),
(4085, 0, 1, 2, 42.000000, 42.000000, 42.000000, 42.000000, NULL),
(4085, 1, 1, 2, 42.000000, 42.000000, 42.000000, 42.000000, NULL),
(4085, 2, 1, 2, 42.000000, 42.000000, 42.000000, 42.000000, NULL),
(4085, 3, 1, 2, 42.000000, 42.000000, 42.000000, 42.000000, NULL),
(4086, 0, 1, 2, 99.750000, 99.750000, 99.750000, 99.750000, NULL),
(4086, 1, 1, 2, 99.750000, 99.750000, 99.750000, 99.750000, NULL),
(4086, 2, 1, 2, 99.750000, 99.750000, 99.750000, 99.750000, NULL),
(4086, 3, 1, 2, 99.750000, 99.750000, 99.750000, 99.750000, NULL),
(4087, 0, 1, 2, 49.350000, 49.350000, 49.350000, 49.350000, NULL),
(4087, 1, 1, 2, 49.350000, 49.350000, 49.350000, 49.350000, NULL),
(4087, 2, 1, 2, 49.350000, 49.350000, 49.350000, 49.350000, NULL),
(4087, 3, 1, 2, 49.350000, 49.350000, 49.350000, 49.350000, NULL),
(4092, 0, 1, 2, 47.250000, 47.250000, 47.250000, 47.250000, NULL),
(4092, 1, 1, 2, 47.250000, 47.250000, 47.250000, 47.250000, NULL),
(4092, 2, 1, 2, 47.250000, 47.250000, 47.250000, 47.250000, NULL),
(4092, 3, 1, 2, 47.250000, 47.250000, 47.250000, 47.250000, NULL),
(4093, 0, 1, 2, 29.400000, 29.400000, 29.400000, 29.400000, NULL),
(4093, 1, 1, 2, 29.400000, 29.400000, 29.400000, 29.400000, NULL),
(4093, 2, 1, 2, 29.400000, 29.400000, 29.400000, 29.400000, NULL),
(4093, 3, 1, 2, 29.400000, 29.400000, 29.400000, 29.400000, NULL),
(4094, 0, 1, 2, 89.250000, 89.250000, 89.250000, 89.250000, NULL),
(4094, 1, 1, 2, 89.250000, 89.250000, 89.250000, 89.250000, NULL),
(4094, 2, 1, 2, 89.250000, 89.250000, 89.250000, 89.250000, NULL),
(4094, 3, 1, 2, 89.250000, 89.250000, 89.250000, 89.250000, NULL),
(4095, 0, 1, 2, 89.250000, 89.250000, 89.250000, 89.250000, NULL),
(4095, 1, 1, 2, 89.250000, 89.250000, 89.250000, 89.250000, NULL),
(4095, 2, 1, 2, 89.250000, 89.250000, 89.250000, 89.250000, NULL),
(4095, 3, 1, 2, 89.250000, 89.250000, 89.250000, 89.250000, NULL),
(4096, 0, 1, 2, 99.750000, 99.750000, 99.750000, 99.750000, NULL),
(4096, 1, 1, 2, 99.750000, 99.750000, 99.750000, 99.750000, NULL),
(4096, 2, 1, 2, 99.750000, 99.750000, 99.750000, 99.750000, NULL),
(4096, 3, 1, 2, 99.750000, 99.750000, 99.750000, 99.750000, NULL),
(4097, 0, 1, 2, 49.350000, 49.350000, 49.350000, 49.350000, NULL),
(4097, 1, 1, 2, 49.350000, 49.350000, 49.350000, 49.350000, NULL),
(4097, 2, 1, 2, 49.350000, 49.350000, 49.350000, 49.350000, NULL),
(4097, 3, 1, 2, 49.350000, 49.350000, 49.350000, 49.350000, NULL),
(4098, 0, 1, 2, 36.750000, 36.750000, 36.750000, 36.750000, NULL),
(4098, 1, 1, 2, 36.750000, 36.750000, 36.750000, 36.750000, NULL),
(4098, 2, 1, 2, 36.750000, 36.750000, 36.750000, 36.750000, NULL),
(4098, 3, 1, 2, 36.750000, 36.750000, 36.750000, 36.750000, NULL),
(4099, 0, 1, 2, 35.700000, 35.700000, 35.700000, 35.700000, NULL),
(4099, 1, 1, 2, 35.700000, 35.700000, 35.700000, 35.700000, NULL),
(4099, 2, 1, 2, 35.700000, 35.700000, 35.700000, 35.700000, NULL),
(4099, 3, 1, 2, 35.700000, 35.700000, 35.700000, 35.700000, NULL),
(4100, 0, 1, 2, 42.000000, 42.000000, 42.000000, 42.000000, NULL),
(4100, 1, 1, 2, 42.000000, 42.000000, 42.000000, 42.000000, NULL),
(4100, 2, 1, 2, 42.000000, 42.000000, 42.000000, 42.000000, NULL),
(4100, 3, 1, 2, 42.000000, 42.000000, 42.000000, 42.000000, NULL),
(4101, 0, 1, 2, 29.400000, 29.400000, 29.400000, 29.400000, NULL),
(4101, 1, 1, 2, 29.400000, 29.400000, 29.400000, 29.400000, NULL),
(4101, 2, 1, 2, 29.400000, 29.400000, 29.400000, 29.400000, NULL),
(4101, 3, 1, 2, 29.400000, 29.400000, 29.400000, 29.400000, NULL),
(4102, 0, 1, 2, 26.250000, 26.250000, 26.250000, 26.250000, NULL),
(4102, 1, 1, 2, 26.250000, 26.250000, 26.250000, 26.250000, NULL),
(4102, 2, 1, 2, 26.250000, 26.250000, 26.250000, 26.250000, NULL),
(4102, 3, 1, 2, 26.250000, 26.250000, 26.250000, 26.250000, NULL),
(4103, 0, 1, 2, 99.750000, 99.750000, 99.750000, 99.750000, NULL),
(4103, 1, 1, 2, 99.750000, 99.750000, 99.750000, 99.750000, NULL),
(4103, 2, 1, 2, 99.750000, 99.750000, 99.750000, 99.750000, NULL),
(4103, 3, 1, 2, 99.750000, 99.750000, 99.750000, 99.750000, NULL),
(4104, 0, 1, 2, 78.750000, 78.750000, 78.750000, 78.750000, NULL),
(4104, 1, 1, 2, 78.750000, 78.750000, 78.750000, 78.750000, NULL),
(4104, 2, 1, 2, 78.750000, 78.750000, 78.750000, 78.750000, NULL),
(4104, 3, 1, 2, 78.750000, 78.750000, 78.750000, 78.750000, NULL),
(4105, 0, 1, 2, 45.150000, 45.150000, 45.150000, 45.150000, NULL),
(4105, 1, 1, 2, 45.150000, 45.150000, 45.150000, 45.150000, NULL),
(4105, 2, 1, 2, 45.150000, 45.150000, 45.150000, 45.150000, NULL),
(4105, 3, 1, 2, 45.150000, 45.150000, 45.150000, 45.150000, NULL),
(4106, 0, 1, 2, 99.750000, 99.750000, 99.750000, 99.750000, NULL),
(4106, 1, 1, 2, 99.750000, 99.750000, 99.750000, 99.750000, NULL),
(4106, 2, 1, 2, 99.750000, 99.750000, 99.750000, 99.750000, NULL),
(4106, 3, 1, 2, 99.750000, 99.750000, 99.750000, 99.750000, NULL),
(4107, 0, 1, 2, 129.150000, 129.150000, 129.150000, 129.150000, NULL),
(4107, 1, 1, 2, 129.150000, 129.150000, 129.150000, 129.150000, NULL),
(4107, 2, 1, 2, 129.150000, 129.150000, 129.150000, 129.150000, NULL),
(4107, 3, 1, 2, 129.150000, 129.150000, 129.150000, 129.150000, NULL),
(4108, 0, 1, 2, 49.350000, 49.350000, 49.350000, 49.350000, NULL),
(4108, 1, 1, 2, 49.350000, 49.350000, 49.350000, 49.350000, NULL),
(4108, 2, 1, 2, 49.350000, 49.350000, 49.350000, 49.350000, NULL),
(4108, 3, 1, 2, 49.350000, 49.350000, 49.350000, 49.350000, NULL),
(4109, 0, 1, 2, 99.750000, 99.750000, 99.750000, 99.750000, NULL),
(4109, 1, 1, 2, 99.750000, 99.750000, 99.750000, 99.750000, NULL),
(4109, 2, 1, 2, 99.750000, 99.750000, 99.750000, 99.750000, NULL),
(4109, 3, 1, 2, 99.750000, 99.750000, 99.750000, 99.750000, NULL),
(4110, 0, 1, 2, 44.100000, 44.100000, 44.100000, 44.100000, NULL),
(4110, 1, 1, 2, 44.100000, 44.100000, 44.100000, 44.100000, NULL),
(4110, 2, 1, 2, 44.100000, 44.100000, 44.100000, 44.100000, NULL),
(4110, 3, 1, 2, 44.100000, 44.100000, 44.100000, 44.100000, NULL),
(4111, 0, 1, 2, 84.000000, 84.000000, 84.000000, 84.000000, NULL),
(4111, 1, 1, 2, 84.000000, 84.000000, 84.000000, 84.000000, NULL),
(4111, 2, 1, 2, 84.000000, 84.000000, 84.000000, 84.000000, NULL),
(4111, 3, 1, 2, 84.000000, 84.000000, 84.000000, 84.000000, NULL),
(4112, 0, 1, 2, 3399.900000, 3199.000000, 3199.000000, 3199.000000, NULL),
(4112, 1, 1, 2, 3399.900000, 3199.000000, 3199.000000, 3199.000000, NULL),
(4112, 2, 1, 2, 3399.900000, 3199.000000, 3199.000000, 3199.000000, NULL),
(4112, 3, 1, 2, 3399.900000, 3199.000000, 3199.000000, 3199.000000, NULL),
(4114, 0, 1, 2, 499.000000, 499.000000, 499.000000, 499.000000, NULL),
(4114, 1, 1, 2, 499.000000, 499.000000, 499.000000, 499.000000, NULL),
(4114, 2, 1, 2, 499.000000, 499.000000, 499.000000, 499.000000, NULL),
(4114, 3, 1, 2, 499.000000, 499.000000, 499.000000, 499.000000, NULL),
(4115, 0, 1, 2, 588.000000, 588.000000, 588.000000, 588.000000, NULL),
(4115, 1, 1, 2, 588.000000, 588.000000, 588.000000, 588.000000, NULL),
(4115, 2, 1, 2, 588.000000, 588.000000, 588.000000, 588.000000, NULL),
(4115, 3, 1, 2, 588.000000, 588.000000, 588.000000, 588.000000, NULL),
(4116, 0, 1, 2, 399.000000, 399.000000, 399.000000, 399.000000, NULL),
(4116, 1, 1, 2, 399.000000, 399.000000, 399.000000, 399.000000, NULL),
(4116, 2, 1, 2, 399.000000, 399.000000, 399.000000, 399.000000, NULL),
(4116, 3, 1, 2, 399.000000, 399.000000, 399.000000, 399.000000, NULL);

-- --------------------------------------------------------

--
-- Table structure for table `catalog_product_index_price_tmp`
--

CREATE TABLE `catalog_product_index_price_tmp` (
  `entity_id` int(10) UNSIGNED NOT NULL COMMENT 'Entity ID',
  `customer_group_id` int(10) UNSIGNED NOT NULL DEFAULT 0 COMMENT 'Customer Group ID',
  `website_id` smallint(5) UNSIGNED NOT NULL COMMENT 'Website ID',
  `tax_class_id` smallint(5) UNSIGNED DEFAULT 0 COMMENT 'Tax Class ID',
  `price` decimal(20,6) DEFAULT NULL COMMENT 'Price',
  `final_price` decimal(20,6) DEFAULT NULL COMMENT 'Final Price',
  `min_price` decimal(20,6) DEFAULT NULL COMMENT 'Min Price',
  `max_price` decimal(20,6) DEFAULT NULL COMMENT 'Max Price',
  `tier_price` decimal(20,6) DEFAULT NULL COMMENT 'Tier Price'
) ENGINE=InnoDB DEFAULT CHARSET=utf8 COMMENT='Catalog Product Price Indexer Temp Table';

-- --------------------------------------------------------

--
-- Table structure for table `catalog_product_index_tier_price`
--

CREATE TABLE `catalog_product_index_tier_price` (
  `entity_id` int(10) UNSIGNED NOT NULL COMMENT 'Entity ID',
  `customer_group_id` int(10) UNSIGNED NOT NULL COMMENT 'Customer Group ID',
  `website_id` smallint(5) UNSIGNED NOT NULL COMMENT 'Website ID',
  `min_price` decimal(20,6) DEFAULT NULL COMMENT 'Min Price'
) ENGINE=InnoDB DEFAULT CHARSET=utf8 COMMENT='Catalog Product Tier Price Index Table';

--
-- Dumping data for table `catalog_product_index_tier_price`
--

INSERT INTO `catalog_product_index_tier_price` (`entity_id`, `customer_group_id`, `website_id`, `min_price`) VALUES
(4178, 0, 1, 0.000000),
(4178, 1, 1, 0.000000),
(4178, 2, 1, 0.000000),
(4178, 3, 1, 0.000000);

-- --------------------------------------------------------

--
-- Table structure for table `catalog_product_index_website`
--

CREATE TABLE `catalog_product_index_website` (
  `website_id` smallint(5) UNSIGNED NOT NULL COMMENT 'Website ID',
  `default_store_id` smallint(5) UNSIGNED NOT NULL COMMENT 'Default store ID for website',
  `website_date` date DEFAULT NULL COMMENT 'Website Date',
  `rate` float DEFAULT 1 COMMENT 'Rate'
) ENGINE=InnoDB DEFAULT CHARSET=utf8 COMMENT='Catalog Product Website Index Table';

--
-- Dumping data for table `catalog_product_index_website`
--

INSERT INTO `catalog_product_index_website` (`website_id`, `default_store_id`, `website_date`, `rate`) VALUES
(1, 1, '2020-11-09', 1);

-- --------------------------------------------------------

--
-- Table structure for table `catalog_product_link`
--

CREATE TABLE `catalog_product_link` (
  `link_id` int(10) UNSIGNED NOT NULL COMMENT 'Link ID',
  `product_id` int(10) UNSIGNED NOT NULL DEFAULT 0 COMMENT 'Product ID',
  `linked_product_id` int(10) UNSIGNED NOT NULL DEFAULT 0 COMMENT 'Linked Product ID',
  `link_type_id` smallint(5) UNSIGNED NOT NULL DEFAULT 0 COMMENT 'Link Type ID'
) ENGINE=InnoDB DEFAULT CHARSET=utf8 COMMENT='Catalog Product To Product Linkage Table';

--
-- Dumping data for table `catalog_product_link`
--

INSERT INTO `catalog_product_link` (`link_id`, `product_id`, `linked_product_id`, `link_type_id`) VALUES
(915, 3638, 4034, 1),
(916, 3638, 4035, 1),
(917, 3638, 4036, 1),
(918, 3638, 4037, 1),
(919, 3638, 4078, 1),
(542, 3720, 4114, 1),
(543, 3720, 4115, 1),
(544, 3720, 4116, 1),
(906, 3739, 4079, 1),
(775, 3774, 4067, 1),
(776, 3774, 4073, 1),
(777, 3774, 4169, 1),
(926, 3833, 3894, 1),
(927, 3833, 3895, 1),
(928, 3833, 3896, 1),
(929, 3833, 3897, 1),
(881, 3839, 3738, 1),
(882, 3839, 3924, 1),
(883, 3839, 3926, 1),
(884, 3839, 3956, 1),
(885, 3839, 3957, 1),
(886, 3839, 3958, 1),
(887, 3839, 3959, 1),
(888, 3839, 3962, 1),
(889, 3839, 3964, 1),
(773, 3859, 3983, 1),
(774, 3859, 3991, 1),
(867, 3864, 3738, 1),
(868, 3864, 3899, 1),
(869, 3864, 3952, 1),
(870, 3864, 3956, 1),
(912, 3866, 3894, 1),
(913, 3866, 3895, 1),
(914, 3866, 3897, 1),
(903, 3867, 4029, 1),
(904, 3867, 4055, 1),
(905, 3867, 4092, 1),
(450, 3872, 3906, 1),
(451, 3872, 4029, 1),
(452, 3872, 4042, 1),
(453, 3872, 4055, 1),
(518, 3884, 4006, 1),
(672, 4112, 4114, 1),
(673, 4112, 4115, 1),
(674, 4112, 4116, 1),
(854, 4122, 3924, 1),
(855, 4122, 3956, 1),
(856, 4122, 3959, 1),
(857, 4122, 3965, 1),
(858, 4122, 3975, 1),
(826, 4125, 3942, 1),
(827, 4125, 3945, 1),
(828, 4125, 3956, 1),
(829, 4125, 3959, 1),
(830, 4125, 3975, 1),
(840, 4126, 3952, 1),
(841, 4126, 3956, 1),
(842, 4126, 3959, 1),
(843, 4126, 3975, 1),
(545, 3720, 4112, 4),
(910, 3739, 4087, 4),
(911, 3739, 4107, 4),
(780, 3774, 4087, 4),
(781, 3774, 4107, 4),
(782, 3774, 4174, 4),
(783, 3774, 4176, 4),
(930, 3833, 4084, 4),
(931, 3833, 4102, 4),
(890, 3839, 4083, 4),
(891, 3839, 4084, 4),
(892, 3839, 4085, 4),
(893, 3839, 4086, 4),
(894, 3839, 4099, 4),
(895, 3839, 4100, 4),
(896, 3839, 4101, 4),
(897, 3839, 4104, 4),
(898, 3839, 4105, 4),
(899, 3839, 4106, 4),
(900, 3839, 4108, 4),
(901, 3839, 4109, 4),
(902, 3839, 4110, 4),
(876, 3864, 3953, 4),
(877, 3864, 3954, 4),
(878, 3864, 4085, 4),
(879, 3864, 4086, 4),
(880, 3864, 4108, 4),
(863, 4122, 3953, 4),
(864, 4122, 4085, 4),
(865, 4122, 4086, 4),
(866, 4122, 4104, 4),
(835, 4125, 3954, 4),
(836, 4125, 4083, 4),
(837, 4125, 4085, 4),
(838, 4125, 4086, 4),
(839, 4125, 4104, 4),
(849, 4126, 3953, 4),
(850, 4126, 4085, 4),
(851, 4126, 4086, 4),
(852, 4126, 4104, 4),
(853, 4126, 4108, 4),
(607, 3634, 3725, 5),
(608, 3634, 3726, 5),
(609, 3634, 3727, 5),
(610, 3634, 3815, 5),
(611, 3634, 3834, 5),
(907, 3739, 4079, 5),
(908, 3739, 4087, 5),
(909, 3739, 4107, 5),
(778, 3774, 4067, 5),
(779, 3774, 4087, 5),
(871, 3864, 3924, 5),
(872, 3864, 3926, 5),
(873, 3864, 3942, 5),
(874, 3864, 3945, 5),
(875, 3864, 3975, 5),
(454, 3872, 3868, 5),
(455, 3872, 3869, 5),
(456, 3872, 4053, 5),
(457, 3872, 4054, 5),
(458, 3872, 4093, 5),
(859, 4122, 3924, 5),
(860, 4122, 3952, 5),
(861, 4122, 3953, 5),
(862, 4122, 4086, 5),
(831, 4125, 3875, 5),
(832, 4125, 3953, 5),
(833, 4125, 4099, 5),
(834, 4125, 4123, 5),
(844, 4126, 3953, 5),
(845, 4126, 4085, 5),
(846, 4126, 4104, 5),
(847, 4126, 4108, 5),
(848, 4126, 4122, 5);

-- --------------------------------------------------------

--
-- Table structure for table `catalog_product_link_attribute`
--

CREATE TABLE `catalog_product_link_attribute` (
  `product_link_attribute_id` smallint(5) UNSIGNED NOT NULL COMMENT 'Product Link Attribute ID',
  `link_type_id` smallint(5) UNSIGNED NOT NULL DEFAULT 0 COMMENT 'Link Type ID',
  `product_link_attribute_code` varchar(32) DEFAULT NULL COMMENT 'Product Link Attribute Code',
  `data_type` varchar(32) DEFAULT NULL COMMENT 'Data Type'
) ENGINE=InnoDB DEFAULT CHARSET=utf8 COMMENT='Catalog Product Link Attribute Table';

--
-- Dumping data for table `catalog_product_link_attribute`
--

INSERT INTO `catalog_product_link_attribute` (`product_link_attribute_id`, `link_type_id`, `product_link_attribute_code`, `data_type`) VALUES
(1, 1, 'position', 'int'),
(2, 4, 'position', 'int'),
(3, 5, 'position', 'int'),
(4, 3, 'position', 'int'),
(5, 3, 'qty', 'decimal');

-- --------------------------------------------------------

--
-- Table structure for table `catalog_product_link_attribute_decimal`
--

CREATE TABLE `catalog_product_link_attribute_decimal` (
  `value_id` int(10) UNSIGNED NOT NULL COMMENT 'Value ID',
  `product_link_attribute_id` smallint(5) UNSIGNED DEFAULT NULL COMMENT 'Product Link Attribute ID',
  `link_id` int(10) UNSIGNED NOT NULL COMMENT 'Link ID',
  `value` decimal(20,6) NOT NULL DEFAULT 0.000000 COMMENT 'Value'
) ENGINE=InnoDB DEFAULT CHARSET=utf8 COMMENT='Catalog Product Link Decimal Attribute Table';

-- --------------------------------------------------------

--
-- Table structure for table `catalog_product_link_attribute_int`
--

CREATE TABLE `catalog_product_link_attribute_int` (
  `value_id` int(10) UNSIGNED NOT NULL COMMENT 'Value ID',
  `product_link_attribute_id` smallint(5) UNSIGNED DEFAULT NULL COMMENT 'Product Link Attribute ID',
  `link_id` int(10) UNSIGNED NOT NULL COMMENT 'Link ID',
  `value` int(11) NOT NULL DEFAULT 0 COMMENT 'Value'
) ENGINE=InnoDB DEFAULT CHARSET=utf8 COMMENT='Catalog Product Link Integer Attribute Table';

--
-- Dumping data for table `catalog_product_link_attribute_int`
--

INSERT INTO `catalog_product_link_attribute_int` (`value_id`, `product_link_attribute_id`, `link_id`, `value`) VALUES
(450, 1, 450, 1),
(451, 1, 451, 2),
(452, 1, 452, 3),
(453, 1, 453, 4),
(454, 3, 454, 4),
(455, 3, 455, 5),
(456, 3, 456, 3),
(457, 3, 457, 2),
(458, 3, 458, 1),
(518, 1, 518, 1),
(542, 1, 542, 1),
(543, 1, 543, 2),
(544, 1, 544, 3),
(545, 2, 545, 1),
(607, 3, 607, 4),
(608, 3, 608, 5),
(609, 3, 609, 6),
(610, 3, 610, 2),
(611, 3, 611, 3),
(672, 1, 672, 1),
(673, 1, 673, 2),
(674, 1, 674, 3),
(773, 1, 773, 2),
(774, 1, 774, 1),
(775, 1, 775, 1),
(776, 1, 776, 2),
(777, 1, 777, 3),
(778, 3, 778, 1),
(779, 3, 779, 2),
(780, 2, 780, 1),
(781, 2, 781, 2),
(782, 2, 782, 3),
(783, 2, 783, 4),
(826, 1, 826, 1),
(827, 1, 827, 2),
(828, 1, 828, 3),
(829, 1, 829, 4),
(830, 1, 830, 5),
(831, 3, 831, 1),
(832, 3, 832, 2),
(833, 3, 833, 3),
(834, 3, 834, 4),
(835, 2, 835, 1),
(836, 2, 836, 2),
(837, 2, 837, 3),
(838, 2, 838, 4),
(839, 2, 839, 5),
(840, 1, 840, 1),
(841, 1, 841, 2),
(842, 1, 842, 3),
(843, 1, 843, 4),
(844, 3, 844, 1),
(845, 3, 845, 2),
(846, 3, 846, 3),
(847, 3, 847, 4),
(848, 3, 848, 5),
(849, 2, 849, 1),
(850, 2, 850, 2),
(851, 2, 851, 3),
(852, 2, 852, 5),
(853, 2, 853, 6),
(854, 1, 854, 3),
(855, 1, 855, 4),
(856, 1, 856, 2),
(857, 1, 857, 5),
(858, 1, 858, 1),
(859, 3, 859, 4),
(860, 3, 860, 1),
(861, 3, 861, 2),
(862, 3, 862, 3),
(863, 2, 863, 1),
(864, 2, 864, 2),
(865, 2, 865, 3),
(866, 2, 866, 4),
(867, 1, 867, 1),
(868, 1, 868, 2),
(869, 1, 869, 4),
(870, 1, 870, 5),
(871, 3, 871, 1),
(872, 3, 872, 2),
(873, 3, 873, 3),
(874, 3, 874, 4),
(875, 3, 875, 5),
(876, 2, 876, 1),
(877, 2, 877, 2),
(878, 2, 878, 3),
(879, 2, 879, 4),
(880, 2, 880, 5),
(881, 1, 881, 9),
(882, 1, 882, 14),
(883, 1, 883, 12),
(884, 1, 884, 17),
(885, 1, 885, 18),
(886, 1, 886, 19),
(887, 1, 887, 20),
(888, 1, 888, 22),
(889, 1, 889, 23),
(890, 2, 890, 3),
(891, 2, 891, 4),
(892, 2, 892, 5),
(893, 2, 893, 6),
(894, 2, 894, 7),
(895, 2, 895, 8),
(896, 2, 896, 9),
(897, 2, 897, 10),
(898, 2, 898, 11),
(899, 2, 899, 12),
(900, 2, 900, 13),
(901, 2, 901, 14),
(902, 2, 902, 15),
(903, 1, 903, 2),
(904, 1, 904, 3),
(905, 1, 905, 1),
(906, 1, 906, 1),
(907, 3, 907, 1),
(908, 3, 908, 2),
(909, 3, 909, 3),
(910, 2, 910, 1),
(911, 2, 911, 2),
(912, 1, 912, 1),
(913, 1, 913, 2),
(914, 1, 914, 3),
(915, 1, 915, 1),
(916, 1, 916, 2),
(917, 1, 917, 3),
(918, 1, 918, 4),
(919, 1, 919, 5),
(926, 1, 926, 1),
(927, 1, 927, 2),
(928, 1, 928, 4),
(929, 1, 929, 3),
(930, 2, 930, 2),
(931, 2, 931, 1);

-- --------------------------------------------------------

--
-- Table structure for table `catalog_product_link_attribute_varchar`
--

CREATE TABLE `catalog_product_link_attribute_varchar` (
  `value_id` int(10) UNSIGNED NOT NULL COMMENT 'Value ID',
  `product_link_attribute_id` smallint(5) UNSIGNED NOT NULL DEFAULT 0 COMMENT 'Product Link Attribute ID',
  `link_id` int(10) UNSIGNED NOT NULL COMMENT 'Link ID',
  `value` varchar(255) DEFAULT NULL COMMENT 'Value'
) ENGINE=InnoDB DEFAULT CHARSET=utf8 COMMENT='Catalog Product Link Varchar Attribute Table';

-- --------------------------------------------------------

--
-- Table structure for table `catalog_product_link_type`
--

CREATE TABLE `catalog_product_link_type` (
  `link_type_id` smallint(5) UNSIGNED NOT NULL COMMENT 'Link Type ID',
  `code` varchar(32) DEFAULT NULL COMMENT 'Code'
) ENGINE=InnoDB DEFAULT CHARSET=utf8 COMMENT='Catalog Product Link Type Table';

--
-- Dumping data for table `catalog_product_link_type`
--

INSERT INTO `catalog_product_link_type` (`link_type_id`, `code`) VALUES
(1, 'relation'),
(3, 'super'),
(4, 'up_sell'),
(5, 'cross_sell');

-- --------------------------------------------------------

--
-- Table structure for table `catalog_product_option`
--

CREATE TABLE `catalog_product_option` (
  `option_id` int(10) UNSIGNED NOT NULL COMMENT 'Option ID',
  `product_id` int(10) UNSIGNED NOT NULL DEFAULT 0 COMMENT 'Product ID',
  `type` varchar(50) DEFAULT NULL COMMENT 'Type',
  `is_require` smallint(6) NOT NULL DEFAULT 1 COMMENT 'Is Required',
  `sku` varchar(64) DEFAULT NULL COMMENT 'SKU',
  `max_characters` int(10) UNSIGNED DEFAULT NULL COMMENT 'Max Characters',
  `file_extension` varchar(50) DEFAULT NULL COMMENT 'File Extension',
  `image_size_x` smallint(5) UNSIGNED DEFAULT NULL COMMENT 'Image Size X',
  `image_size_y` smallint(5) UNSIGNED DEFAULT NULL COMMENT 'Image Size Y',
  `sort_order` int(10) UNSIGNED NOT NULL DEFAULT 0 COMMENT 'Sort Order'
) ENGINE=InnoDB DEFAULT CHARSET=utf8 COMMENT='Catalog Product Option Table';

-- --------------------------------------------------------

--
-- Table structure for table `catalog_product_option_price`
--

CREATE TABLE `catalog_product_option_price` (
  `option_price_id` int(10) UNSIGNED NOT NULL COMMENT 'Option Price ID',
  `option_id` int(10) UNSIGNED NOT NULL DEFAULT 0 COMMENT 'Option ID',
  `store_id` smallint(5) UNSIGNED NOT NULL DEFAULT 0 COMMENT 'Store ID',
  `price` decimal(20,6) NOT NULL DEFAULT 0.000000 COMMENT 'Price',
  `price_type` varchar(7) NOT NULL DEFAULT 'fixed' COMMENT 'Price Type'
) ENGINE=InnoDB DEFAULT CHARSET=utf8 COMMENT='Catalog Product Option Price Table';

-- --------------------------------------------------------

--
-- Table structure for table `catalog_product_option_title`
--

CREATE TABLE `catalog_product_option_title` (
  `option_title_id` int(10) UNSIGNED NOT NULL COMMENT 'Option Title ID',
  `option_id` int(10) UNSIGNED NOT NULL DEFAULT 0 COMMENT 'Option ID',
  `store_id` smallint(5) UNSIGNED NOT NULL DEFAULT 0 COMMENT 'Store ID',
  `title` varchar(255) DEFAULT NULL COMMENT 'Title'
) ENGINE=InnoDB DEFAULT CHARSET=utf8 COMMENT='Catalog Product Option Title Table';

-- --------------------------------------------------------

--
-- Table structure for table `catalog_product_option_type_price`
--

CREATE TABLE `catalog_product_option_type_price` (
  `option_type_price_id` int(10) UNSIGNED NOT NULL COMMENT 'Option Type Price ID',
  `option_type_id` int(10) UNSIGNED NOT NULL DEFAULT 0 COMMENT 'Option Type ID',
  `store_id` smallint(5) UNSIGNED NOT NULL DEFAULT 0 COMMENT 'Store ID',
  `price` decimal(20,6) NOT NULL DEFAULT 0.000000 COMMENT 'Price',
  `price_type` varchar(7) NOT NULL DEFAULT 'fixed' COMMENT 'Price Type'
) ENGINE=InnoDB DEFAULT CHARSET=utf8 COMMENT='Catalog Product Option Type Price Table';

-- --------------------------------------------------------

--
-- Table structure for table `catalog_product_option_type_title`
--

CREATE TABLE `catalog_product_option_type_title` (
  `option_type_title_id` int(10) UNSIGNED NOT NULL COMMENT 'Option Type Title ID',
  `option_type_id` int(10) UNSIGNED NOT NULL DEFAULT 0 COMMENT 'Option Type ID',
  `store_id` smallint(5) UNSIGNED NOT NULL DEFAULT 0 COMMENT 'Store ID',
  `title` varchar(255) DEFAULT NULL COMMENT 'Title'
) ENGINE=InnoDB DEFAULT CHARSET=utf8 COMMENT='Catalog Product Option Type Title Table';

-- --------------------------------------------------------

--
-- Table structure for table `catalog_product_option_type_value`
--

CREATE TABLE `catalog_product_option_type_value` (
  `option_type_id` int(10) UNSIGNED NOT NULL COMMENT 'Option Type ID',
  `option_id` int(10) UNSIGNED NOT NULL DEFAULT 0 COMMENT 'Option ID',
  `sku` varchar(64) DEFAULT NULL COMMENT 'SKU',
  `sort_order` int(10) UNSIGNED NOT NULL DEFAULT 0 COMMENT 'Sort Order'
) ENGINE=InnoDB DEFAULT CHARSET=utf8 COMMENT='Catalog Product Option Type Value Table';

-- --------------------------------------------------------

--
-- Table structure for table `catalog_product_relation`
--

CREATE TABLE `catalog_product_relation` (
  `parent_id` int(10) UNSIGNED NOT NULL COMMENT 'Parent ID',
  `child_id` int(10) UNSIGNED NOT NULL COMMENT 'Child ID'
) ENGINE=InnoDB DEFAULT CHARSET=utf8 COMMENT='Catalog Product Relation Table';

--
-- Dumping data for table `catalog_product_relation`
--

INSERT INTO `catalog_product_relation` (`parent_id`, `child_id`) VALUES
(4178, 3638),
(4178, 3647),
(4178, 3648),
(4178, 3649),
(4178, 3660);

-- --------------------------------------------------------

--
-- Table structure for table `catalog_product_super_attribute`
--

CREATE TABLE `catalog_product_super_attribute` (
  `product_super_attribute_id` int(10) UNSIGNED NOT NULL COMMENT 'Product Super Attribute ID',
  `product_id` int(10) UNSIGNED NOT NULL DEFAULT 0 COMMENT 'Product ID',
  `attribute_id` smallint(5) UNSIGNED NOT NULL DEFAULT 0 COMMENT 'Attribute ID',
  `position` smallint(5) UNSIGNED NOT NULL DEFAULT 0 COMMENT 'Position'
) ENGINE=InnoDB DEFAULT CHARSET=utf8 COMMENT='Catalog Product Super Attribute Table';

-- --------------------------------------------------------

--
-- Table structure for table `catalog_product_super_attribute_label`
--

CREATE TABLE `catalog_product_super_attribute_label` (
  `value_id` int(10) UNSIGNED NOT NULL COMMENT 'Value ID',
  `product_super_attribute_id` int(10) UNSIGNED NOT NULL DEFAULT 0 COMMENT 'Product Super Attribute ID',
  `store_id` smallint(5) UNSIGNED NOT NULL DEFAULT 0 COMMENT 'Store ID',
  `use_default` smallint(5) UNSIGNED DEFAULT 0 COMMENT 'Use Default Value',
  `value` varchar(255) DEFAULT NULL COMMENT 'Value'
) ENGINE=InnoDB DEFAULT CHARSET=utf8 COMMENT='Catalog Product Super Attribute Label Table';

-- --------------------------------------------------------

--
-- Table structure for table `catalog_product_super_link`
--

CREATE TABLE `catalog_product_super_link` (
  `link_id` int(10) UNSIGNED NOT NULL COMMENT 'Link ID',
  `product_id` int(10) UNSIGNED NOT NULL DEFAULT 0 COMMENT 'Product ID',
  `parent_id` int(10) UNSIGNED NOT NULL DEFAULT 0 COMMENT 'Parent ID'
) ENGINE=InnoDB DEFAULT CHARSET=utf8 COMMENT='Catalog Product Super Link Table';

-- --------------------------------------------------------

--
-- Table structure for table `catalog_product_website`
--

CREATE TABLE `catalog_product_website` (
  `product_id` int(10) UNSIGNED NOT NULL COMMENT 'Product ID',
  `website_id` smallint(5) UNSIGNED NOT NULL COMMENT 'Website ID'
) ENGINE=InnoDB DEFAULT CHARSET=utf8 COMMENT='Catalog Product To Website Linkage Table';

--
-- Dumping data for table `catalog_product_website`
--

INSERT INTO `catalog_product_website` (`product_id`, `website_id`) VALUES
(3634, 1),
(3638, 1),
(3646, 1),
(3647, 1),
(3648, 1),
(3649, 1),
(3658, 1),
(3660, 1),
(3662, 1),
(3678, 1),
(3679, 1),
(3681, 1),
(3691, 1),
(3696, 1),
(3697, 1),
(3700, 1),
(3701, 1),
(3704, 1),
(3705, 1),
(3709, 1),
(3715, 1),
(3720, 1),
(3722, 1),
(3724, 1),
(3725, 1),
(3726, 1),
(3727, 1),
(3728, 1),
(3729, 1),
(3731, 1),
(3734, 1),
(3735, 1),
(3736, 1),
(3738, 1),
(3739, 1),
(3740, 1),
(3741, 1),
(3742, 1),
(3743, 1),
(3750, 1),
(3753, 1),
(3755, 1),
(3756, 1),
(3757, 1),
(3758, 1),
(3759, 1),
(3760, 1),
(3761, 1),
(3762, 1),
(3767, 1),
(3769, 1),
(3774, 1),
(3792, 1),
(3797, 1),
(3800, 1),
(3801, 1),
(3802, 1),
(3804, 1),
(3805, 1),
(3807, 1),
(3808, 1),
(3811, 1),
(3815, 1),
(3817, 1),
(3822, 1),
(3823, 1),
(3825, 1),
(3826, 1),
(3829, 1),
(3830, 1),
(3833, 1),
(3834, 1),
(3836, 1),
(3837, 1),
(3838, 1),
(3839, 1),
(3841, 1),
(3842, 1),
(3843, 1),
(3844, 1),
(3845, 1),
(3847, 1),
(3848, 1),
(3851, 1),
(3853, 1),
(3859, 1),
(3861, 1),
(3863, 1),
(3864, 1),
(3865, 1),
(3866, 1),
(3867, 1),
(3868, 1),
(3869, 1),
(3872, 1),
(3873, 1),
(3874, 1),
(3875, 1),
(3877, 1),
(3884, 1),
(3886, 1),
(3887, 1),
(3888, 1),
(3889, 1),
(3890, 1),
(3892, 1),
(3893, 1),
(3894, 1),
(3895, 1),
(3896, 1),
(3897, 1),
(3899, 1),
(3901, 1),
(3904, 1),
(3906, 1),
(3910, 1),
(3912, 1),
(3915, 1),
(3916, 1),
(3917, 1),
(3918, 1),
(3924, 1),
(3926, 1),
(3930, 1),
(3931, 1),
(3932, 1),
(3938, 1),
(3939, 1),
(3942, 1),
(3943, 1),
(3944, 1),
(3945, 1),
(3947, 1),
(3952, 1),
(3953, 1),
(3954, 1),
(3955, 1),
(3956, 1),
(3957, 1),
(3958, 1),
(3959, 1),
(3962, 1),
(3963, 1),
(3964, 1),
(3965, 1),
(3975, 1),
(3980, 1),
(3983, 1),
(3991, 1),
(3997, 1),
(3998, 1),
(3999, 1),
(4001, 1),
(4003, 1),
(4005, 1),
(4006, 1),
(4008, 1),
(4011, 1),
(4016, 1),
(4018, 1),
(4020, 1),
(4021, 1),
(4022, 1),
(4025, 1),
(4026, 1),
(4027, 1),
(4028, 1),
(4029, 1),
(4030, 1),
(4033, 1),
(4034, 1),
(4035, 1),
(4036, 1),
(4037, 1),
(4040, 1),
(4042, 1),
(4043, 1),
(4044, 1),
(4045, 1),
(4047, 1),
(4052, 1),
(4053, 1),
(4054, 1),
(4055, 1),
(4056, 1),
(4065, 1),
(4066, 1),
(4067, 1),
(4068, 1),
(4070, 1),
(4072, 1),
(4073, 1),
(4074, 1),
(4078, 1),
(4079, 1),
(4083, 1),
(4084, 1),
(4085, 1),
(4086, 1),
(4087, 1),
(4092, 1),
(4093, 1),
(4094, 1),
(4095, 1),
(4096, 1),
(4097, 1),
(4098, 1),
(4099, 1),
(4100, 1),
(4101, 1),
(4102, 1),
(4103, 1),
(4104, 1),
(4105, 1),
(4106, 1),
(4107, 1),
(4108, 1),
(4109, 1),
(4110, 1),
(4111, 1),
(4112, 1),
(4113, 1),
(4114, 1),
(4115, 1),
(4116, 1),
(4117, 1),
(4118, 1),
(4119, 1),
(4121, 1),
(4122, 1),
(4123, 1),
(4124, 1),
(4125, 1),
(4126, 1),
(4127, 1),
(4128, 1),
(4129, 1),
(4130, 1),
(4131, 1),
(4132, 1),
(4133, 1),
(4134, 1),
(4135, 1),
(4136, 1),
(4137, 1),
(4138, 1),
(4139, 1),
(4140, 1),
(4141, 1),
(4142, 1),
(4143, 1),
(4144, 1),
(4145, 1),
(4146, 1),
(4147, 1),
(4148, 1),
(4149, 1),
(4150, 1),
(4151, 1),
(4153, 1),
(4154, 1),
(4155, 1),
(4156, 1),
(4157, 1),
(4158, 1),
(4159, 1),
(4160, 1),
(4162, 1),
(4163, 1),
(4166, 1),
(4167, 1),
(4168, 1),
(4169, 1),
(4171, 1),
(4173, 1),
(4174, 1),
(4175, 1),
(4176, 1),
(4177, 1),
(4178, 1);

--
-- Triggers `catalog_product_website`
--
DELIMITER $$
CREATE TRIGGER `trg_catalog_product_website_after_delete` AFTER DELETE ON `catalog_product_website` FOR EACH ROW BEGIN
INSERT IGNORE INTO `scconnector_google_remove_cl` (`entity_id`) VALUES (OLD.`product_id`);
END
$$
DELIMITER ;
DELIMITER $$
CREATE TRIGGER `trg_catalog_product_website_after_insert` AFTER INSERT ON `catalog_product_website` FOR EACH ROW BEGIN
INSERT IGNORE INTO `scconnector_google_remove_cl` (`entity_id`) VALUES (NEW.`product_id`);
END
$$
DELIMITER ;
DELIMITER $$
CREATE TRIGGER `trg_catalog_product_website_after_update` AFTER UPDATE ON `catalog_product_website` FOR EACH ROW BEGIN
IF (NOT(NEW.`product_id` <=> OLD.`product_id`) OR NOT(NEW.`website_id` <=> OLD.`website_id`)) THEN INSERT IGNORE INTO `scconnector_google_remove_cl` (`entity_id`) VALUES (NEW.`product_id`); END IF;
END
$$
DELIMITER ;

-- --------------------------------------------------------

--
-- Table structure for table `catalog_url_rewrite_product_category`
--

CREATE TABLE `catalog_url_rewrite_product_category` (
  `url_rewrite_id` int(10) UNSIGNED NOT NULL COMMENT 'url_rewrite_id',
  `category_id` int(10) UNSIGNED NOT NULL COMMENT 'category_id',
  `product_id` int(10) UNSIGNED NOT NULL COMMENT 'product_id'
) ENGINE=InnoDB DEFAULT CHARSET=utf8 COMMENT='url_rewrite_relation';

--
-- Dumping data for table `catalog_url_rewrite_product_category`
--

INSERT INTO `catalog_url_rewrite_product_category` (`url_rewrite_id`, `category_id`, `product_id`) VALUES
(24670, 58, 3725),
(24671, 1, 3725),
(24672, 71, 3725),
(24674, 58, 3726),
(24675, 1, 3726),
(24676, 71, 3726),
(24726, 58, 3736),
(24727, 1, 3736),
(24728, 71, 3736),
(24930, 59, 3646),
(24931, 1, 3646),
(24932, 71, 3646),
(24934, 59, 3647),
(24935, 1, 3647),
(24936, 71, 3647),
(24938, 59, 3648),
(24939, 1, 3648),
(24940, 71, 3648),
(24942, 59, 3649),
(24943, 1, 3649),
(24944, 71, 3649),
(24978, 59, 3658),
(24979, 1, 3658),
(24980, 71, 3658),
(24986, 59, 3660),
(24987, 1, 3660),
(24988, 71, 3660),
(24994, 59, 3662),
(24995, 1, 3662),
(24996, 71, 3662),
(25058, 59, 3678),
(25059, 1, 3678),
(25060, 71, 3678),
(25062, 59, 3679),
(25063, 1, 3679),
(25064, 71, 3679),
(25070, 59, 3681),
(25071, 1, 3681),
(25072, 71, 3681),
(25110, 59, 3691),
(25111, 1, 3691),
(25112, 71, 3691),
(25130, 59, 3696),
(25131, 69, 3696),
(25132, 1, 3696),
(25133, 71, 3696),
(25135, 59, 3697),
(25136, 69, 3697),
(25137, 1, 3697),
(25138, 71, 3697),
(25150, 59, 3700),
(25151, 1, 3700),
(25152, 71, 3700),
(25154, 59, 3701),
(25155, 1, 3701),
(25156, 71, 3701),
(25167, 59, 3704),
(25168, 1, 3704),
(25169, 71, 3704),
(25171, 59, 3705),
(25172, 1, 3705),
(25173, 71, 3705),
(25187, 59, 3709),
(25188, 1, 3709),
(25189, 71, 3709),
(25211, 59, 3715),
(25212, 1, 3715),
(25213, 71, 3715),
(25231, 59, 3738),
(25232, 1, 3738),
(25233, 71, 3738),
(25235, 59, 3740),
(25236, 1, 3740),
(25237, 71, 3740),
(25239, 59, 3741),
(25240, 1, 3741),
(25241, 71, 3741),
(25243, 59, 3743),
(25244, 1, 3743),
(25245, 71, 3743),
(25271, 59, 3750),
(25272, 1, 3750),
(25273, 71, 3750),
(25287, 59, 3756),
(25288, 1, 3756),
(25289, 71, 3756),
(25291, 59, 3757),
(25292, 1, 3757),
(25293, 71, 3757),
(25295, 59, 3758),
(25296, 1, 3758),
(25297, 71, 3758),
(25299, 59, 3759),
(25300, 1, 3759),
(25301, 71, 3759),
(25303, 59, 3760),
(25304, 1, 3760),
(25305, 71, 3760),
(25307, 59, 3761),
(25308, 1, 3761),
(25309, 71, 3761),
(25311, 59, 3762),
(25312, 1, 3762),
(25313, 71, 3762),
(25371, 59, 3792),
(25372, 1, 3792),
(25373, 71, 3792),
(25395, 59, 3811),
(25396, 1, 3811),
(25397, 71, 3811),
(25403, 59, 3825),
(25404, 1, 3825),
(25405, 71, 3825),
(25407, 59, 3826),
(25408, 1, 3826),
(25409, 71, 3826),
(25411, 59, 3829),
(25412, 1, 3829),
(25413, 71, 3829),
(25415, 59, 3830),
(25416, 1, 3830),
(25417, 71, 3830),
(25419, 59, 3847),
(25420, 1, 3847),
(25421, 71, 3847),
(25423, 59, 3848),
(25424, 1, 3848),
(25425, 71, 3848),
(25444, 59, 3884),
(25445, 1, 3884),
(25446, 71, 3884),
(25787, 69, 3894),
(25788, 1, 3894),
(25789, 71, 3894),
(25791, 69, 3895),
(25792, 1, 3895),
(25793, 71, 3895),
(25795, 69, 3896),
(25796, 1, 3896),
(25797, 71, 3896),
(25799, 69, 3897),
(25800, 1, 3897),
(25801, 71, 3897),
(25827, 69, 3904),
(25828, 1, 3904),
(25829, 71, 3904),
(25835, 69, 3906),
(25836, 1, 3906),
(25837, 71, 3906),
(25851, 69, 3910),
(25852, 1, 3910),
(25853, 71, 3910),
(25859, 69, 3912),
(25860, 1, 3912),
(25861, 71, 3912),
(25871, 69, 3915),
(25872, 1, 3915),
(25873, 71, 3915),
(25875, 69, 3916),
(25876, 1, 3916),
(25877, 71, 3916),
(25879, 69, 3917),
(25880, 1, 3917),
(25881, 71, 3917),
(25883, 69, 3918),
(25884, 1, 3918),
(25885, 71, 3918),
(25907, 69, 3924),
(25908, 1, 3924),
(25909, 71, 3924),
(25915, 69, 3926),
(25916, 1, 3926),
(25917, 71, 3926),
(25931, 69, 3930),
(25932, 1, 3930),
(25933, 71, 3930),
(25935, 69, 3931),
(25936, 1, 3931),
(25937, 71, 3931),
(25939, 69, 3932),
(25940, 1, 3932),
(25941, 71, 3932),
(25963, 69, 3938),
(25964, 1, 3938),
(25965, 71, 3938),
(25967, 69, 3939),
(25968, 1, 3939),
(25969, 71, 3939),
(25979, 69, 3942),
(25980, 1, 3942),
(25981, 71, 3942),
(25983, 69, 3943),
(25984, 1, 3943),
(25985, 71, 3943),
(25987, 69, 3944),
(25988, 1, 3944),
(25989, 71, 3944),
(25991, 69, 3945),
(25992, 1, 3945),
(25993, 71, 3945),
(25999, 69, 3947),
(26000, 1, 3947),
(26001, 71, 3947),
(26019, 69, 3952),
(26020, 1, 3952),
(26021, 71, 3952),
(26023, 69, 3953),
(26024, 1, 3953),
(26025, 71, 3953),
(26027, 69, 3954),
(26028, 1, 3954),
(26029, 71, 3954),
(26031, 69, 3955),
(26032, 1, 3955),
(26033, 71, 3955),
(26035, 69, 3956),
(26036, 1, 3956),
(26037, 71, 3956),
(26039, 69, 3957),
(26040, 1, 3957),
(26041, 71, 3957),
(26043, 69, 3958),
(26044, 1, 3958),
(26045, 71, 3958),
(26047, 69, 3959),
(26048, 1, 3959),
(26049, 71, 3959),
(26059, 69, 3962),
(26060, 1, 3962),
(26061, 71, 3962),
(26063, 69, 3963),
(26064, 1, 3963),
(26065, 71, 3963),
(26067, 69, 3964),
(26068, 1, 3964),
(26069, 71, 3964),
(26071, 69, 3965),
(26072, 1, 3965),
(26073, 71, 3965),
(26111, 69, 3975),
(26112, 1, 3975),
(26113, 71, 3975),
(26131, 69, 3980),
(26132, 1, 3980),
(26133, 71, 3980),
(26175, 69, 3991),
(26176, 1, 3991),
(26177, 71, 3991),
(26199, 69, 3997),
(26200, 1, 3997),
(26201, 71, 3997),
(26203, 69, 3998),
(26204, 1, 3998),
(26205, 71, 3998),
(26207, 69, 3999),
(26208, 1, 3999),
(26209, 71, 3999),
(26215, 69, 4001),
(26216, 1, 4001),
(26217, 71, 4001),
(26223, 69, 4003),
(26224, 1, 4003),
(26225, 71, 4003),
(26231, 69, 4005),
(26232, 1, 4005),
(26233, 71, 4005),
(26239, 69, 4008),
(26240, 1, 4008),
(26241, 71, 4008),
(26251, 69, 4011),
(26252, 1, 4011),
(26253, 71, 4011),
(26271, 69, 4016),
(26272, 1, 4016),
(26273, 71, 4016),
(26279, 69, 4018),
(26280, 1, 4018),
(26281, 71, 4018),
(26287, 69, 4020),
(26288, 1, 4020),
(26289, 71, 4020),
(26291, 69, 4021),
(26292, 1, 4021),
(26293, 71, 4021),
(26295, 69, 4022),
(26296, 1, 4022),
(26297, 71, 4022),
(26307, 69, 4025),
(26308, 1, 4025),
(26309, 71, 4025),
(26311, 69, 4026),
(26312, 1, 4026),
(26313, 71, 4026),
(26315, 69, 4027),
(26316, 1, 4027),
(26317, 71, 4027),
(26319, 69, 4028),
(26320, 1, 4028),
(26321, 71, 4028),
(26323, 69, 4029),
(26324, 1, 4029),
(26325, 71, 4029),
(26327, 69, 4030),
(26328, 1, 4030),
(26329, 71, 4030),
(26339, 69, 4033),
(26340, 1, 4033),
(26341, 71, 4033),
(26343, 69, 4034),
(26344, 1, 4034),
(26345, 71, 4034),
(26347, 69, 4035),
(26348, 1, 4035),
(26349, 71, 4035),
(26351, 69, 4036),
(26352, 1, 4036),
(26353, 71, 4036),
(26367, 69, 4040),
(26368, 1, 4040),
(26369, 71, 4040),
(26375, 69, 4042),
(26376, 1, 4042),
(26377, 71, 4042),
(26379, 69, 4043),
(26380, 1, 4043),
(26381, 71, 4043),
(26383, 69, 4044),
(26384, 1, 4044),
(26385, 71, 4044),
(26387, 69, 4045),
(26388, 1, 4045),
(26389, 71, 4045),
(26395, 69, 4047),
(26396, 1, 4047),
(26397, 71, 4047),
(26415, 69, 4052),
(26416, 1, 4052),
(26417, 71, 4052),
(26419, 69, 4053),
(26420, 1, 4053),
(26421, 71, 4053),
(26423, 69, 4054),
(26424, 1, 4054),
(26425, 71, 4054),
(26427, 69, 4055),
(26428, 1, 4055),
(26429, 71, 4055),
(26431, 69, 4056),
(26432, 1, 4056),
(26433, 71, 4056),
(26467, 69, 4065),
(26468, 1, 4065),
(26469, 71, 4065),
(26471, 69, 4066),
(26472, 1, 4066),
(26473, 71, 4066),
(26475, 69, 4067),
(26476, 1, 4067),
(26477, 71, 4067),
(26479, 69, 4068),
(26480, 1, 4068),
(26481, 71, 4068),
(26487, 69, 4070),
(26488, 1, 4070),
(26489, 71, 4070),
(26495, 69, 4072),
(26496, 1, 4072),
(26497, 71, 4072),
(26499, 69, 4073),
(26500, 1, 4073),
(26501, 71, 4073),
(26503, 69, 4074),
(26504, 1, 4074),
(26505, 71, 4074),
(26519, 69, 4078),
(26520, 1, 4078),
(26521, 71, 4078),
(26523, 69, 4079),
(26524, 1, 4079),
(26525, 71, 4079),
(26543, 1, 4037),
(26541, 69, 4037),
(26544, 71, 4037),
(26542, 73, 4037),
(26678, 1, 4093),
(26642, 1, 4084),
(26646, 1, 4085),
(26650, 1, 4086),
(26654, 1, 4087),
(26682, 1, 4094),
(26686, 1, 4095),
(26690, 1, 4096),
(26694, 1, 4097),
(26698, 1, 4098),
(26702, 1, 4099),
(26706, 1, 4100),
(26710, 1, 4101),
(26714, 1, 4102),
(26718, 1, 4103),
(26722, 1, 4104),
(26726, 1, 4105),
(26730, 1, 4106),
(26734, 1, 4107),
(26679, 71, 4093),
(26643, 71, 4084),
(26647, 71, 4085),
(26651, 71, 4086),
(26655, 71, 4087),
(26677, 75, 4093),
(26641, 75, 4084),
(26645, 75, 4085),
(26649, 75, 4086),
(26653, 75, 4087),
(26681, 75, 4094),
(26685, 75, 4095),
(26689, 75, 4096),
(26693, 75, 4097),
(26697, 75, 4098),
(26701, 75, 4099),
(26705, 75, 4100),
(26709, 75, 4101),
(26713, 75, 4102),
(26717, 75, 4103),
(26721, 75, 4104),
(26725, 75, 4105),
(26729, 75, 4106),
(26733, 75, 4107),
(26683, 71, 4094),
(26687, 71, 4095),
(26691, 71, 4096),
(26695, 71, 4097),
(26699, 71, 4098),
(26703, 71, 4099),
(26707, 71, 4100),
(26711, 71, 4101),
(26715, 71, 4102),
(26719, 71, 4103),
(26723, 71, 4104),
(26727, 71, 4105),
(26731, 71, 4106),
(26735, 71, 4107),
(26761, 1, 3839),
(26760, 61, 3839),
(26762, 71, 3839),
(26758, 63, 3839),
(26759, 73, 3839),
(26802, 1, 4108),
(26807, 1, 4109),
(26812, 1, 4110),
(26817, 1, 4111),
(26800, 75, 4108),
(26805, 75, 4109),
(26810, 75, 4110),
(26815, 75, 4111),
(26803, 71, 4108),
(26808, 71, 4109),
(26813, 71, 4110),
(26818, 71, 4111),
(26801, 73, 4108),
(26806, 73, 4109),
(26811, 73, 4110),
(26816, 73, 4111),
(26821, 1, 4083),
(26822, 71, 4083),
(26820, 75, 4083),
(26861, 1, 3872),
(26846, 1, 3869),
(26841, 1, 3868),
(26836, 1, 3867),
(26831, 1, 3865),
(26826, 1, 3823),
(26862, 71, 3872),
(26847, 71, 3869),
(26842, 71, 3868),
(26837, 71, 3867),
(26832, 71, 3865),
(26827, 71, 3823),
(26859, 64, 3872),
(26844, 64, 3869),
(26839, 64, 3868),
(26834, 64, 3867),
(26829, 64, 3865),
(26824, 64, 3823),
(26860, 73, 3872),
(26845, 73, 3869),
(26840, 73, 3868),
(26835, 73, 3867),
(26830, 73, 3865),
(26825, 73, 3823),
(26866, 1, 3875),
(26867, 71, 3875),
(26864, 63, 3875),
(26865, 73, 3875),
(26871, 1, 3837),
(26872, 71, 3837),
(26869, 63, 3837),
(26870, 73, 3837),
(26876, 1, 3822),
(26877, 71, 3822),
(26874, 64, 3822),
(26875, 73, 3822),
(26881, 1, 3808),
(26879, 64, 3808),
(26882, 71, 3808),
(26880, 73, 3808),
(26886, 1, 3864),
(26887, 71, 3864),
(26884, 63, 3864),
(26885, 73, 3864),
(26898, 1, 3841),
(26895, 61, 3841),
(26896, 58, 3841),
(26899, 71, 3841),
(26894, 64, 3841),
(26897, 74, 3841),
(26905, 1, 3843),
(26902, 61, 3843),
(26903, 58, 3843),
(26901, 64, 3843),
(26906, 71, 3843),
(26904, 74, 3843),
(26910, 1, 3901),
(26908, 69, 3901),
(26911, 71, 3901),
(26909, 60, 3901),
(26915, 1, 3873),
(26916, 71, 3873),
(26913, 65, 3873),
(26914, 73, 3873),
(26922, 1, 3722),
(26923, 71, 3722),
(26919, 60, 3722),
(26920, 61, 3722),
(26918, 65, 3722),
(26921, 74, 3722),
(26934, 1, 3983),
(26932, 69, 3983),
(26935, 71, 3983),
(26933, 60, 3983),
(26941, 1, 3724),
(26942, 71, 3724),
(26938, 60, 3724),
(26939, 61, 3724),
(26937, 65, 3724),
(26940, 74, 3724),
(26966, 1, 3729),
(26967, 71, 3729),
(26964, 61, 3729),
(26963, 58, 3729),
(26962, 65, 3729),
(26965, 74, 3729),
(26980, 1, 3731),
(26981, 71, 3731),
(26978, 61, 3731),
(26977, 58, 3731),
(26976, 65, 3731),
(26979, 74, 3731),
(27001, 1, 3734),
(27002, 71, 3734),
(26999, 61, 3734),
(26998, 58, 3734),
(26997, 65, 3734),
(27000, 74, 3734),
(27026, 1, 3899),
(27024, 69, 3899),
(27027, 71, 3899),
(27025, 60, 3899),
(27031, 1, 3755),
(27032, 71, 3755),
(27029, 65, 3755),
(27030, 73, 3755),
(27036, 1, 3800),
(27037, 71, 3800),
(27034, 65, 3800),
(27035, 73, 3800),
(27041, 1, 3805),
(27042, 71, 3805),
(27039, 65, 3805),
(27040, 73, 3805),
(27046, 1, 3807),
(27047, 71, 3807),
(27044, 65, 3807),
(27045, 73, 3807),
(27051, 1, 3735),
(27052, 71, 3735),
(27049, 58, 3735),
(27050, 74, 3735),
(27056, 1, 3802),
(27057, 71, 3802),
(27054, 65, 3802),
(27055, 73, 3802),
(27078, 1, 3801),
(27079, 71, 3801),
(27076, 65, 3801),
(27077, 73, 3801),
(27085, 1, 3815),
(27082, 61, 3815),
(27083, 58, 3815),
(27086, 71, 3815),
(27081, 65, 3815),
(27084, 74, 3815),
(27106, 1, 3834),
(27103, 61, 3834),
(27104, 58, 3834),
(27107, 71, 3834),
(27102, 65, 3834),
(27105, 74, 3834),
(27118, 1, 3836),
(27119, 71, 3836),
(27116, 65, 3836),
(27117, 73, 3836),
(27128, 1, 3861),
(27129, 71, 3861),
(27126, 65, 3861),
(27127, 73, 3861),
(27143, 1, 3817),
(27144, 71, 3817),
(27141, 65, 3817),
(27142, 73, 3817),
(27169, 1, 3853),
(27167, 61, 3853),
(27166, 58, 3853),
(27165, 65, 3853),
(27170, 71, 3853),
(27168, 74, 3853),
(27197, 1, 3892),
(27195, 61, 3892),
(27194, 58, 3892),
(27193, 65, 3892),
(27198, 71, 3892),
(27196, 74, 3892),
(27204, 1, 3893),
(27201, 60, 3893),
(27202, 61, 3893),
(27200, 65, 3893),
(27205, 71, 3893),
(27203, 74, 3893),
(27255, 1, 3767),
(27256, 71, 3767),
(27253, 63, 3767),
(27254, 73, 3767),
(27260, 1, 3877),
(27261, 71, 3877),
(27258, 63, 3877),
(27259, 73, 3877),
(27275, 1, 3859),
(27276, 71, 3859),
(27273, 63, 3859),
(27274, 73, 3859),
(27281, 1, 3638),
(27278, 62, 3638),
(27282, 71, 3638),
(27279, 61, 3638),
(27280, 73, 3638),
(27286, 1, 3753),
(27284, 62, 3753),
(27287, 71, 3753),
(27285, 74, 3753),
(27292, 1, 3866),
(27290, 60, 3866),
(27289, 62, 3866),
(27293, 71, 3866),
(27291, 73, 3866),
(27297, 1, 3833),
(27295, 62, 3833),
(27298, 71, 3833),
(27296, 73, 3833),
(27315, 1, 3797),
(27316, 71, 3797),
(27314, 65, 3797),
(27313, 73, 3797),
(27339, 1, 3804),
(27336, 62, 3804),
(27337, 58, 3804),
(27340, 71, 3804),
(27338, 74, 3804),
(27363, 1, 3886),
(27361, 60, 3886),
(27360, 59, 3886),
(27364, 71, 3886),
(27362, 73, 3886),
(27369, 1, 3889),
(27367, 60, 3889),
(27366, 59, 3889),
(27370, 71, 3889),
(27368, 73, 3889),
(27375, 1, 3890),
(27373, 60, 3890),
(27372, 59, 3890),
(27376, 71, 3890),
(27374, 73, 3890),
(27385, 1, 3863),
(27383, 60, 3863),
(27386, 71, 3863),
(27384, 73, 3863),
(27391, 1, 3888),
(27389, 60, 3888),
(27388, 59, 3888),
(27392, 71, 3888),
(27390, 73, 3888),
(27397, 1, 3874),
(27395, 60, 3874),
(27394, 59, 3874),
(27398, 71, 3874),
(27396, 73, 3874),
(27403, 1, 3887),
(27401, 60, 3887),
(27400, 59, 3887),
(27404, 71, 3887),
(27402, 73, 3887),
(27424, 1, 3844),
(27420, 60, 3844),
(27421, 61, 3844),
(27422, 58, 3844),
(27425, 71, 3844),
(27423, 74, 3844),
(27431, 1, 3845),
(27427, 60, 3845),
(27428, 61, 3845),
(27429, 58, 3845),
(27432, 71, 3845),
(27430, 74, 3845),
(27452, 1, 3769),
(27450, 58, 3769),
(27453, 71, 3769),
(27451, 74, 3769),
(27469, 1, 3842),
(27466, 61, 3842),
(27467, 58, 3842),
(27465, 64, 3842),
(27470, 71, 3842),
(27468, 74, 3842),
(27512, 1, 3720),
(27509, 57, 3720),
(27513, 71, 3720),
(27510, 61, 3720),
(27511, 73, 3720),
(27521, 1, 4112),
(27517, 57, 4112),
(27520, 71, 4112),
(27519, 61, 4112),
(27518, 58, 4112),
(27515, 73, 4112),
(27516, 74, 4112),
(27524, 1, 4113),
(27523, 75, 4113),
(27525, 71, 4113),
(27539, 1, 4114),
(27538, 69, 4114),
(27540, 71, 4114),
(27543, 1, 4115),
(27542, 69, 4115),
(27544, 71, 4115),
(27547, 1, 4116),
(27546, 69, 4116),
(27548, 71, 4116),
(27553, 1, 4117),
(27551, 61, 4117),
(27554, 71, 4117),
(27552, 63, 4117),
(27550, 73, 4117),
(27560, 1, 4119),
(27558, 61, 4119),
(27561, 71, 4119),
(27559, 63, 4119),
(27557, 73, 4119),
(27572, 1, 4118),
(27570, 61, 4118),
(27573, 71, 4118),
(27571, 63, 4118),
(27569, 73, 4118),
(27578, 1, 4121),
(27576, 61, 4121),
(27579, 71, 4121),
(27577, 63, 4121),
(27575, 73, 4121),
(27584, 1, 4122),
(27582, 61, 4122),
(27585, 71, 4122),
(27583, 63, 4122),
(27581, 73, 4122),
(27589, 1, 4123),
(27590, 71, 4123),
(27588, 63, 4123),
(27587, 73, 4123),
(27595, 1, 4124),
(27593, 61, 4124),
(27596, 71, 4124),
(27594, 63, 4124),
(27592, 73, 4124),
(27600, 1, 4125),
(27601, 71, 4125),
(27599, 63, 4125),
(27598, 73, 4125),
(27605, 1, 4126),
(27606, 71, 4126),
(27604, 63, 4126),
(27603, 73, 4126),
(27610, 1, 4127),
(27611, 71, 4127),
(27609, 63, 4127),
(27608, 73, 4127),
(27615, 1, 4128),
(27616, 71, 4128),
(27614, 64, 4128),
(27613, 73, 4128),
(27621, 1, 4129),
(27620, 69, 4129),
(27619, 64, 4129),
(27622, 71, 4129),
(27618, 73, 4129),
(27626, 1, 4130),
(27625, 65, 4130),
(27627, 71, 4130),
(27624, 73, 4130),
(27631, 1, 4131),
(27632, 71, 4131),
(27630, 65, 4131),
(27629, 73, 4131),
(27647, 1, 4132),
(27646, 60, 4132),
(27648, 71, 4132),
(27645, 65, 4132),
(27644, 73, 4132),
(27653, 1, 4134),
(27651, 60, 4134),
(27654, 71, 4134),
(27652, 65, 4134),
(27650, 73, 4134),
(27659, 1, 4135),
(27657, 60, 4135),
(27660, 71, 4135),
(27658, 65, 4135),
(27656, 73, 4135),
(27678, 1, 4136),
(27677, 61, 4136),
(27679, 71, 4136),
(27676, 65, 4136),
(27675, 73, 4136),
(27684, 1, 4137),
(27682, 61, 4137),
(27685, 71, 4137),
(27683, 65, 4137),
(27681, 73, 4137),
(27696, 1, 4139),
(27695, 60, 4139),
(27694, 59, 4139),
(27697, 71, 4139),
(27693, 73, 4139),
(27709, 1, 4138),
(27707, 60, 4138),
(27708, 59, 4138),
(27710, 71, 4138),
(27706, 73, 4138),
(27716, 1, 4140),
(27715, 60, 4140),
(27714, 59, 4140),
(27717, 71, 4140),
(27713, 73, 4140),
(27722, 1, 4141),
(27721, 60, 4141),
(27720, 59, 4141),
(27723, 71, 4141),
(27719, 73, 4141),
(27727, 1, 4142),
(27726, 60, 4142),
(27728, 71, 4142),
(27725, 73, 4142),
(27733, 1, 4143),
(27731, 60, 4143),
(27734, 71, 4143),
(27732, 63, 4143),
(27730, 73, 4143),
(27756, 1, 4147),
(27755, 60, 4147),
(27757, 71, 4147),
(27754, 73, 4147),
(27761, 1, 4148),
(27760, 60, 4148),
(27762, 71, 4148),
(27759, 73, 4148),
(27766, 1, 4149),
(27765, 60, 4149),
(27767, 71, 4149),
(27764, 73, 4149),
(27771, 1, 4150),
(27770, 60, 4150),
(27772, 71, 4150),
(27769, 73, 4150),
(27776, 1, 4151),
(27775, 60, 4151),
(27777, 71, 4151),
(27774, 73, 4151),
(27786, 1, 4153),
(27787, 71, 4153),
(27785, 59, 4153),
(27784, 73, 4153),
(27791, 1, 4154),
(27790, 59, 4154),
(27792, 71, 4154),
(27789, 73, 4154),
(27796, 1, 4155),
(27797, 71, 4155),
(27795, 59, 4155),
(27794, 73, 4155),
(27801, 1, 4156),
(27802, 71, 4156),
(27800, 59, 4156),
(27799, 73, 4156),
(27806, 1, 4157),
(27807, 71, 4157),
(27805, 59, 4157),
(27804, 73, 4157),
(27811, 1, 4158),
(27810, 59, 4158),
(27812, 71, 4158),
(27809, 73, 4158),
(27816, 1, 4159),
(27815, 59, 4159),
(27817, 71, 4159),
(27814, 73, 4159),
(27821, 1, 4160),
(27822, 71, 4160),
(27820, 59, 4160),
(27819, 73, 4160),
(27831, 1, 4162),
(27830, 59, 4162),
(27832, 71, 4162),
(27829, 73, 4162),
(27835, 1, 4163),
(27834, 69, 4163),
(27836, 71, 4163),
(27860, 1, 4166),
(27858, 69, 4166),
(27861, 71, 4166),
(27864, 1, 4167),
(27863, 69, 4167),
(27865, 71, 4167),
(27868, 1, 4168),
(27867, 69, 4168),
(27869, 71, 4168),
(27872, 1, 4169),
(27871, 69, 4169),
(27873, 71, 4169),
(27885, 1, 4092),
(27884, 69, 4092),
(27886, 71, 4092),
(27890, 1, 4171),
(27889, 69, 4171),
(27891, 71, 4171),
(27899, 1, 4173),
(27897, 62, 4173),
(27900, 71, 4173),
(27898, 73, 4173),
(27914, 1, 3728),
(27915, 71, 3728),
(27913, 77, 3728),
(27911, 58, 3728),
(27912, 74, 3728),
(27920, 1, 3727),
(27921, 71, 3727),
(27919, 77, 3727),
(27917, 58, 3727),
(27918, 74, 3727),
(27927, 1, 3634),
(27928, 71, 3634),
(27926, 77, 3634),
(27925, 61, 3634),
(27923, 58, 3634),
(27924, 74, 3634),
(27933, 1, 3774),
(27934, 71, 3774),
(27932, 77, 3774),
(27930, 65, 3774),
(27931, 73, 3774),
(27939, 1, 4133),
(27940, 71, 4133),
(27938, 77, 4133),
(27937, 65, 4133),
(27936, 73, 4133),
(27945, 1, 3739),
(27946, 71, 3739),
(27944, 77, 3739),
(27942, 65, 3739),
(27943, 73, 3739),
(27952, 1, 3851),
(27951, 77, 3851),
(27953, 71, 3851),
(27949, 60, 3851),
(27948, 62, 3851),
(27950, 73, 3851),
(27959, 1, 4174),
(27958, 77, 4174),
(27960, 71, 4174),
(27957, 75, 4174),
(27955, 73, 4174),
(27956, 74, 4174),
(27966, 1, 3742),
(27965, 77, 3742),
(27967, 71, 3742),
(27963, 60, 3742),
(27962, 62, 3742),
(27964, 73, 3742),
(27972, 1, 4175),
(27971, 77, 4175),
(27973, 71, 4175),
(27970, 75, 4175),
(27969, 74, 4175),
(27978, 1, 3838),
(27977, 61, 3838),
(27979, 71, 3838),
(27975, 63, 3838),
(27976, 73, 3838),
(27985, 1, 4176),
(27984, 77, 4176),
(27986, 71, 4176),
(27983, 75, 4176),
(27981, 73, 4176),
(27982, 74, 4176),
(27991, 1, 4177),
(27990, 77, 4177),
(27992, 71, 4177),
(27989, 75, 4177),
(27988, 74, 4177),
(27996, 1, 4144),
(27995, 60, 4144),
(27997, 71, 4144),
(27994, 73, 4144),
(28001, 1, 4145),
(28000, 60, 4145),
(28002, 71, 4145),
(27999, 73, 4145),
(28006, 1, 4146),
(28005, 60, 4146),
(28007, 71, 4146),
(28004, 73, 4146),
(28011, 1, 4178),
(28012, 71, 4178);

-- --------------------------------------------------------

--
-- Table structure for table `checkout_agreement`
--

CREATE TABLE `checkout_agreement` (
  `agreement_id` int(10) UNSIGNED NOT NULL COMMENT 'Agreement ID',
  `name` varchar(255) DEFAULT NULL COMMENT 'Name',
  `content` text DEFAULT NULL COMMENT 'Content',
  `content_height` varchar(25) DEFAULT NULL COMMENT 'Content Height',
  `checkbox_text` text DEFAULT NULL COMMENT 'Checkbox Text',
  `is_active` smallint(6) NOT NULL DEFAULT 0 COMMENT 'Is Active',
  `is_html` smallint(6) NOT NULL DEFAULT 0 COMMENT 'Is Html',
  `mode` smallint(6) NOT NULL DEFAULT 0 COMMENT 'Applied mode'
) ENGINE=InnoDB DEFAULT CHARSET=utf8 COMMENT='Checkout Agreement';

-- --------------------------------------------------------

--
-- Table structure for table `checkout_agreement_store`
--

CREATE TABLE `checkout_agreement_store` (
  `agreement_id` int(10) UNSIGNED NOT NULL COMMENT 'Agreement ID',
  `store_id` smallint(5) UNSIGNED NOT NULL COMMENT 'Store ID'
) ENGINE=InnoDB DEFAULT CHARSET=utf8 COMMENT='Checkout Agreement Store';

-- --------------------------------------------------------

--
-- Table structure for table `cms_block`
--

CREATE TABLE `cms_block` (
  `block_id` smallint(6) NOT NULL COMMENT 'Entity ID',
  `title` varchar(255) NOT NULL COMMENT 'Block Title',
  `identifier` varchar(255) NOT NULL COMMENT 'Block String Identifier',
  `content` mediumtext DEFAULT NULL COMMENT 'Block Content',
  `creation_time` timestamp NOT NULL DEFAULT current_timestamp() COMMENT 'Block Creation Time',
  `update_time` timestamp NOT NULL DEFAULT current_timestamp() ON UPDATE current_timestamp() COMMENT 'Block Modification Time',
  `is_active` smallint(6) NOT NULL DEFAULT 1 COMMENT 'Is Block Active'
) ENGINE=InnoDB DEFAULT CHARSET=utf8 COMMENT='CMS Block Table';

--
-- Dumping data for table `cms_block`
--

INSERT INTO `cms_block` (`block_id`, `title`, `identifier`, `content`, `creation_time`, `update_time`, `is_active`) VALUES
(1, 'Best seller product', 'best_seller_product', '', '2020-07-20 07:40:24', '2020-07-20 07:40:24', 1),
(2, 'Footer Block 1', 'footer_block_first', '<div class=\"block-title\"><strong>Online Shop Information</strong></div>\r\n<ul>\r\n<li><a href=\"/terms-and-conditions\" target=\"_self\">General terms &amp; conditions</a></li>\r\n<li><a href=\"/click-and-collect\">Click &amp; Collect</a></li>\r\n<li><a href=\"/delivery-information\" target=\"_self\">Delivery</a></li>\r\n<li><a href=\"/cancellation-and-returns\" target=\"_self\">Returns &amp; cancellation policy</a></li>\r\n<li><a href=\"/payment-methods\" target=\"_self\">Payment methods</a></li>\r\n<li><a href=\"/privacy-policy\" target=\"_self\">Privacy policy</a></li>\r\n</ul>', '2020-07-21 05:39:34', '2020-10-27 13:37:53', 1),
(3, 'Footer Block 2', 'footer_block_second', '<div class=\"block-title\"><strong>Legal Information</strong></div>\r\n<ul>\r\n<li><a href=\"/imprint\" target=\"_self\">Imprint</a></li>\r\n<li><a href=\"/order-status\">Order Status</a></li>\r\n<li><a href=\"/account-information\">Account Information</a></li>\r\n</ul>', '2020-07-21 06:18:12', '2020-10-27 13:38:08', 1),
(4, 'Footer Block 3', 'footer_block_third', '<div class=\"block-title\"><strong>contacts</strong></div>\r\n<h4><strong>Kärcher Center Dubai</strong></h4>\r\n<p>Umm Ramool, Rashidiya<br>Marakech Street<br>Dubai, UAE<br>Saturday to Thursday (9:00am to 8:00pm)<br>Friday (11:00am to 8:00pm)&nbsp;</p>\r\n<p>T: <a href=\"tel:+971 204 202591112\">+971 4 2591112</a><br>WhatsApp: <a href=\"tel:+971 2050 20656 205945\">+971 50 656 5945</a><br>E: <a href=\"mailto:customercare@ae.kaercher.com\">customercare@ae.kaercher.com</a><br>E: <a href=\"mailto:Karcher.Center.Dubai@ae.kaercher.com\">Karcher.Center.Dubai@ae.kaercher.com</a></p>', '2020-07-21 06:21:02', '2020-11-05 08:25:56', 1),
(5, 'Service Block', 'service_block', '<ul class=\"level0\">\r\n<li class=\"level1 nav-3-1 first parent\">\r\n<div class=\"list-menu-item\">\r\n<div class=\"accentuated image-fit\"><a href=\"/contacts\" target=\"_self\"> <img src=\"https://d2xqihocum7frr.cloudfront.net/media/catalog/category/Support.jpg\" alt=\"Contact\"> </a>\r\n<div class=\"headline\"><a href=\"/contacts\" target=\"_self\"> Contact </a></div>\r\n<ul class=\"list-no-bullets\">\r\n<li class=\"primarylink arrow-left-right\"><a href=\"/faqs\">FAQs</a></li>\r\n<li class=\"primarylink arrow-left-right\"><a href=\"/contact\">Contact</a></li>\r\n</ul>\r\n</div>\r\n</div>\r\n</li>\r\n<li class=\"level1 nav-3-2 last parent\">\r\n<div class=\"list-menu-item\">\r\n<div class=\"accentuated image-fit\"><a href=\"#\" target=\"_self\"> <img src=\"https://d2xqihocum7frr.cloudfront.net/media/catalog/category/legal_1.jpg\" alt=\"Legal\"> </a>\r\n<div class=\"headline\"><a href=\"#\" target=\"_self\"> Legal </a></div>\r\n<ul class=\"list-no-bullets\">\r\n<li class=\"primarylink arrow-left-right\"><a href=\"/imprint\">Imprint</a></li>\r\n<li class=\"primarylink arrow-left-right\"><a href=\"/privacy-policy\">Privacy Policy</a></li>\r\n<li class=\"primarylink arrow-left-right\"><a href=\"/terms-and-conditions\">General Terms &amp; Conditions</a></li>\r\n</ul>\r\n</div>\r\n</div>\r\n</li>\r\n</ul>', '2020-07-31 05:39:03', '2020-10-27 12:49:22', 1),
(6, 'About Block', 'about_block', '<ul class=\"level0\">\r\n<li class=\"level1 nav-3-1 first parent\">\r\n<div class=\"list-menu-item\">\r\n<div class=\"accentuated image-fit\"><a href=\"/about-kaercher\" target=\"_self\"> <img src=\"{{media url=\"rushmore_2_1.jpg\"}}\" alt=\"About Kärcher\"></a>\r\n<div class=\"headline\"><a href=\"/about-kaercher\" target=\"_self\"> About Kärcher </a></div>\r\n<ul class=\"list-no-bullets\">\r\n<li class=\"primarylink arrow-left-right\"><a href=\"/about-kaercher\">About Kärcher Dubai</a></li>\r\n</ul>\r\n</div>\r\n</div>\r\n</li>\r\n<li class=\"level1 nav-3-2 last parent\">\r\n<div class=\"list-menu-item\">\r\n<div class=\"accentuated image-fit\"><a href=\"/place\" target=\"_self\"> <img src=\"{{media url=\"place.jpg\"}}\" alt=\"Your way to us\"></a>\r\n<div class=\"headline\"><a href=\"/place\" target=\"_self\"> Your way to us</a></div>\r\n<ul class=\"list-no-bullets\">\r\n<li class=\"primarylink arrow-left-right\"><a href=\"/place\">Getting to us</a></li>\r\n</ul>\r\n</div>\r\n</div>\r\n</li>\r\n</ul>', '2020-07-31 06:07:33', '2020-10-27 12:50:16', 1);

-- --------------------------------------------------------

--
-- Table structure for table `cms_block_store`
--

CREATE TABLE `cms_block_store` (
  `block_id` smallint(6) NOT NULL,
  `store_id` smallint(5) UNSIGNED NOT NULL COMMENT 'Store ID'
) ENGINE=InnoDB DEFAULT CHARSET=utf8 COMMENT='CMS Block To Store Linkage Table';

--
-- Dumping data for table `cms_block_store`
--

INSERT INTO `cms_block_store` (`block_id`, `store_id`) VALUES
(1, 0),
(1, 1),
(2, 0),
(2, 1),
(3, 0),
(3, 1),
(4, 0),
(4, 1),
(5, 0),
(5, 1),
(6, 0),
(6, 1);

-- --------------------------------------------------------

--
-- Table structure for table `cms_page`
--

CREATE TABLE `cms_page` (
  `page_id` smallint(6) NOT NULL COMMENT 'Entity ID',
  `title` varchar(255) DEFAULT NULL COMMENT 'Page Title',
  `page_layout` varchar(255) DEFAULT NULL COMMENT 'Page Layout',
  `meta_keywords` text DEFAULT NULL COMMENT 'Page Meta Keywords',
  `meta_description` text DEFAULT NULL COMMENT 'Page Meta Description',
  `identifier` varchar(100) DEFAULT NULL COMMENT 'Page String Identifier',
  `content_heading` varchar(255) DEFAULT NULL COMMENT 'Page Content Heading',
  `content` mediumtext DEFAULT NULL COMMENT 'Page Content',
  `creation_time` timestamp NOT NULL DEFAULT current_timestamp() COMMENT 'Page Creation Time',
  `update_time` timestamp NOT NULL DEFAULT current_timestamp() ON UPDATE current_timestamp() COMMENT 'Page Modification Time',
  `is_active` smallint(6) NOT NULL DEFAULT 1 COMMENT 'Is Page Active',
  `sort_order` smallint(6) NOT NULL DEFAULT 0 COMMENT 'Page Sort Order',
  `layout_update_xml` text DEFAULT NULL COMMENT 'Page Layout Update Content',
  `custom_theme` varchar(100) DEFAULT NULL COMMENT 'Page Custom Theme',
  `custom_root_template` varchar(255) DEFAULT NULL COMMENT 'Page Custom Template',
  `custom_layout_update_xml` text DEFAULT NULL COMMENT 'Page Custom Layout Update Content',
  `layout_update_selected` varchar(128) DEFAULT NULL COMMENT 'Page Custom Layout File',
  `custom_theme_from` date DEFAULT NULL COMMENT 'Page Custom Theme Active From Date',
  `custom_theme_to` date DEFAULT NULL COMMENT 'Page Custom Theme Active To Date',
  `meta_title` varchar(255) DEFAULT NULL COMMENT 'Page Meta Title'
) ENGINE=InnoDB DEFAULT CHARSET=utf8 COMMENT='CMS Page Table';

--
-- Dumping data for table `cms_page`
--

INSERT INTO `cms_page` (`page_id`, `title`, `page_layout`, `meta_keywords`, `meta_description`, `identifier`, `content_heading`, `content`, `creation_time`, `update_time`, `is_active`, `sort_order`, `layout_update_xml`, `custom_theme`, `custom_root_template`, `custom_layout_update_xml`, `layout_update_selected`, `custom_theme_from`, `custom_theme_to`, `meta_title`) VALUES
(1, '404 Not Found', '1column', 'Page keywords', 'Page description', 'no-route', 'Whoops, our bad...', '<dl>\r\n<dt>The page you requested was not found, and we have a fine guess why.</dt>\r\n<dd>\r\n<ul class=\"disc\">\r\n<li>If you typed the URL directly, please make sure the spelling is correct.</li>\r\n<li>If you clicked on a link to get here, the link is outdated.</li>\r\n</ul></dd>\r\n</dl>\r\n<dl>\r\n<dt>What can you do?</dt>\r\n<dd>Have no fear, help is near! There are many ways you can get back on track with Magento Store.</dd>\r\n<dd>\r\n<ul class=\"disc\">\r\n<li><a href=\"#\" onclick=\"history.go(-1); return false;\">Go back</a> to the previous page.</li>\r\n<li>Use the search bar at the top of the page to search for your products.</li>\r\n<li>Follow these links to get you back on track!<br /><a href=\"{{store url=\"\"}}\">Store Home</a> <span class=\"separator\">|</span> <a href=\"{{store url=\"customer/account\"}}\">My Account</a></li></ul></dd></dl>\r\n', '2020-07-01 07:02:18', '2020-09-15 05:30:04', 1, 0, NULL, '', '', NULL, NULL, NULL, NULL, ''),
(2, 'Home page', '1column', '', '', 'home', '', '<p>{{block class=\"Magestore\\Bannerslider\\Block\\SliderItem\" name=\"bannerslider.slidercustom\" slider_id=\"1\"}}</p>\r\n<div class=\"our-services-section\">\r\n<div class=\"row\">\r\n<div class=\"col-sm-4\">\r\n<figure><img src=\"{{media url=\"expert-icon.png\"}}\" alt=\"\"></figure>\r\n<h3>Expert advice &amp; support</h3>\r\n</div>\r\n<div class=\"col-sm-4\">\r\n<figure><img src=\"{{media url=\"delivery-icon.png\"}}\" alt=\"\"></figure>\r\n<h3>Free delivery</h3>\r\n</div>\r\n<div class=\"col-sm-4\">\r\n<figure><img src=\"{{media url=\"location-icon.png\"}}\" alt=\"\"></figure>\r\n<h3>Find our showroom</h3>\r\n</div>\r\n</div>\r\n</div>\r\n<p>{{block class=\"Magento\\Framework\\View\\Element\\Template\" template=\"Magento_Catalog::homepagesearch.phtml\"}}</p>\r\n<div class=\"cstm-title\"><hr>{{widget type=\"Magento\\CatalogWidget\\Block\\Product\\ProductsList\" title=\"Bestseller Products\" show_pager=\"0\" products_per_page=\"5\" products_count=\"5\" template=\"Magento_CatalogWidget::product/widget/content/grid.phtml\" conditions_encoded=\"^[`1`:^[`type`:`Magento||CatalogWidget||Model||Rule||Condition||Combine`,`aggregator`:`all`,`value`:`1`,`new_child`:``^],`1--1`:^[`type`:`Magento||CatalogWidget||Model||Rule||Condition||Product`,`attribute`:`bestseller_products`,`operator`:`==`,`value`:`1`^]^]\" page_var_name=\"pxwlyp\"}}</div>\r\n<div class=\"cstm-title\"><hr>{{widget type=\"Magento\\CatalogWidget\\Block\\Product\\ProductsList\" title=\"Deals\" show_pager=\"0\" products_per_page=\"5\" products_count=\"5\" template=\"Magento_CatalogWidget::product/widget/content/grid.phtml\" conditions_encoded=\"^[`1`:^[`type`:`Magento||CatalogWidget||Model||Rule||Condition||Combine`,`aggregator`:`all`,`value`:`1`,`new_child`:``^],`1--1`:^[`type`:`Magento||CatalogWidget||Model||Rule||Condition||Product`,`attribute`:`deals`,`operator`:`==`,`value`:`1`^]^]\" page_var_name=\"pdgfsj\"}}<hr></div>\r\n<div class=\"cstm-title\">\r\n<p>{{widget type=\"Magento\\CatalogWidget\\Block\\Product\\ProductsList\" title=\"Spotlight\" show_pager=\"0\" products_per_page=\"5\" products_count=\"5\" template=\"Magento_CatalogWidget::product/widget/content/grid.phtml\" conditions_encoded=\"^[`1`:^[`type`:`Magento||CatalogWidget||Model||Rule||Condition||Combine`,`aggregator`:`all`,`value`:`1`,`new_child`:``^],`1--1`:^[`type`:`Magento||CatalogWidget||Model||Rule||Condition||Product`,`attribute`:`spotlight`,`operator`:`==`,`value`:`1`^]^]\" page_var_name=\"pxbwfw\"}}</p>\r\n</div>\r\n', '2020-07-01 07:02:18', '2020-10-01 11:32:08', 1, 0, '<!--\n    <referenceContainer name=\"right\">\n        <referenceBlock name=\"catalog.compare.sidebar\" remove=\"true\" />\n    </referenceContainer>-->', '', '', NULL, NULL, NULL, NULL, ''),
(3, 'Enable Cookies', '1column', NULL, NULL, 'enable-cookies', 'What are Cookies?', '<div class=\"enable-cookies cms-content\">\r\n<p>\"Cookies\" are little pieces of data we send when you visit our store. Cookies help us get to know you better and personalize your experience. Plus they help protect you and other shoppers from fraud.</p>\r\n<p style=\"margin-bottom: 20px;\">Set your browser to accept cookies so you can buy items, save items, and receive customized recommendations. Here’s how:</p>\r\n<ul>\r\n<li><a href=\"https://support.google.com/accounts/answer/61416?hl=en\" target=\"_blank\">Google Chrome</a></li>\r\n<li><a href=\"http://windows.microsoft.com/en-us/internet-explorer/delete-manage-cookies\" target=\"_blank\">Internet Explorer</a></li>\r\n<li><a href=\"http://support.apple.com/kb/PH19214\" target=\"_blank\">Safari</a></li>\r\n<li><a href=\"https://support.mozilla.org/en-US/kb/enable-and-disable-cookies-website-preferences\" target=\"_blank\">Mozilla/Firefox</a></li>\r\n</ul>\r\n</div>', '2020-07-01 07:02:18', '2020-07-01 07:02:18', 1, 0, NULL, NULL, NULL, NULL, NULL, NULL, NULL, NULL),
(4, 'Privacy and Cookie Policy', '1column', NULL, NULL, 'privacy-policy-cookie-restriction-mode', 'Privacy and Cookie Policy', '<div class=\"privacy-policy cms-content\">\n    <div class=\"message info\">\n        <span>\n            Please replace this text with you Privacy Policy.\n            Please add any additional cookies your website uses below (e.g. Google Analytics).\n        </span>\n    </div>\n    <p>\n        This privacy policy sets out how this website (hereafter \"the Store\") uses and protects any information that\n        you give the Store while using this website. The Store is committed to ensuring that your privacy is protected.\n        Should we ask you to provide certain information by which you can be identified when using this website, then\n        you can be assured that it will only be used in accordance with this privacy statement. The Store may change\n        this policy from time to time by updating this page. You should check this page from time to time to ensure\n        that you are happy with any changes.\n    </p>\n    <h2>What we collect</h2>\n    <p>We may collect the following information:</p>\n    <ul>\n        <li>name</li>\n        <li>contact information including email address</li>\n        <li>demographic information such as postcode, preferences and interests</li>\n        <li>other information relevant to customer surveys and/or offers</li>\n    </ul>\n    <p>\n        For the exhaustive list of cookies we collect see the <a href=\"#list\">List of cookies we collect</a> section.\n    </p>\n    <h2>What we do with the information we gather</h2>\n    <p>\n        We require this information to understand your needs and provide you with a better service,\n        and in particular for the following reasons:\n    </p>\n    <ul>\n        <li>Internal record keeping.</li>\n        <li>We may use the information to improve our products and services.</li>\n        <li>\n            We may periodically send promotional emails about new products, special offers or other information which we\n            think you may find interesting using the email address which you have provided.\n        </li>\n        <li>\n            From time to time, we may also use your information to contact you for market research purposes.\n            We may contact you by email, phone, fax or mail. We may use the information to customise the website\n            according to your interests.\n        </li>\n    </ul>\n    <h2>Security</h2>\n    <p>\n        We are committed to ensuring that your information is secure. In order to prevent unauthorised access or\n        disclosure, we have put in place suitable physical, electronic and managerial procedures to safeguard and\n        secure the information we collect online.\n    </p>\n    <h2>How we use cookies</h2>\n    <p>\n        A cookie is a small file which asks permission to be placed on your computer\'s hard drive.\n        Once you agree, the file is added and the cookie helps analyse web traffic or lets you know when you visit\n        a particular site. Cookies allow web applications to respond to you as an individual. The web application\n        can tailor its operations to your needs, likes and dislikes by gathering and remembering information about\n        your preferences.\n    </p>\n    <p>\n        We use traffic log cookies to identify which pages are being used. This helps us analyse data about web page\n        traffic and improve our website in order to tailor it to customer needs. We only use this information for\n        statistical analysis purposes and then the data is removed from the system.\n    </p>\n    <p>\n        Overall, cookies help us provide you with a better website, by enabling us to monitor which pages you find\n        useful and which you do not. A cookie in no way gives us access to your computer or any information about you,\n        other than the data you choose to share with us. You can choose to accept or decline cookies.\n        Most web browsers automatically accept cookies, but you can usually modify your browser setting\n        to decline cookies if you prefer. This may prevent you from taking full advantage of the website.\n    </p>\n    <h2>Links to other websites</h2>\n    <p>\n        Our website may contain links to other websites of interest. However, once you have used these links\n        to leave our site, you should note that we do not have any control over that other website.\n        Therefore, we cannot be responsible for the protection and privacy of any information which you provide whilst\n        visiting such sites and such sites are not governed by this privacy statement.\n        You should exercise caution and look at the privacy statement applicable to the website in question.\n    </p>\n    <h2>Controlling your personal information</h2>\n    <p>You may choose to restrict the collection or use of your personal information in the following ways:</p>\n    <ul>\n        <li>\n            whenever you are asked to fill in a form on the website, look for the box that you can click to indicate\n            that you do not want the information to be used by anybody for direct marketing purposes\n        </li>\n        <li>\n            if you have previously agreed to us using your personal information for direct marketing purposes,\n            you may change your mind at any time by letting us know using our Contact Us information\n        </li>\n    </ul>\n    <p>\n        We will not sell, distribute or lease your personal information to third parties unless we have your permission\n        or are required by law to do so. We may use your personal information to send you promotional information\n        about third parties which we think you may find interesting if you tell us that you wish this to happen.\n    </p>\n    <p>\n        You may request details of personal information which we hold about you under the Data Protection Act 1998.\n        A small fee will be payable. If you would like a copy of the information held on you please email us this\n        request using our Contact Us information.\n    </p>\n    <p>\n        If you believe that any information we are holding on you is incorrect or incomplete,\n        please write to or email us as soon as possible, at the above address.\n        We will promptly correct any information found to be incorrect.\n    </p>\n    <h2><a name=\"list\"></a>List of cookies we collect</h2>\n    <p>The table below lists the cookies we collect and what information they store.</p>\n    <table class=\"data-table data-table-definition-list\">\n        <thead>\n        <tr>\n            <th>Cookie Name</th>\n            <th>Cookie Description</th>\n        </tr>\n        </thead>\n        <tbody>\n            <tr>\n                <th>FORM_KEY</th>\n                <td>Stores randomly generated key used to prevent forged requests.</td>\n            </tr>\n            <tr>\n                <th>PHPSESSID</th>\n                <td>Your session ID on the server.</td>\n            </tr>\n            <tr>\n                <th>GUEST-VIEW</th>\n                <td>Allows guests to view and edit their orders.</td>\n            </tr>\n            <tr>\n                <th>PERSISTENT_SHOPPING_CART</th>\n                <td>A link to information about your cart and viewing history, if you have asked for this.</td>\n            </tr>\n            <tr>\n                <th>STF</th>\n                <td>Information on products you have emailed to friends.</td>\n            </tr>\n            <tr>\n                <th>STORE</th>\n                <td>The store view or language you have selected.</td>\n            </tr>\n            <tr>\n                <th>USER_ALLOWED_SAVE_COOKIE</th>\n                <td>Indicates whether a customer allowed to use cookies.</td>\n            </tr>\n            <tr>\n                <th>MAGE-CACHE-SESSID</th>\n                <td>Facilitates caching of content on the browser to make pages load faster.</td>\n            </tr>\n            <tr>\n                <th>MAGE-CACHE-STORAGE</th>\n                <td>Facilitates caching of content on the browser to make pages load faster.</td>\n            </tr>\n            <tr>\n                <th>MAGE-CACHE-STORAGE-SECTION-INVALIDATION</th>\n                <td>Facilitates caching of content on the browser to make pages load faster.</td>\n            </tr>\n            <tr>\n                <th>MAGE-CACHE-TIMEOUT</th>\n                <td>Facilitates caching of content on the browser to make pages load faster.</td>\n            </tr>\n            <tr>\n                <th>SECTION-DATA-IDS</th>\n                <td>Facilitates caching of content on the browser to make pages load faster.</td>\n            </tr>\n            <tr>\n                <th>PRIVATE_CONTENT_VERSION</th>\n                <td>Facilitates caching of content on the browser to make pages load faster.</td>\n            </tr>\n            <tr>\n                <th>X-MAGENTO-VARY</th>\n                <td>Facilitates caching of content on the server to make pages load faster.</td>\n            </tr>\n            <tr>\n                <th>MAGE-TRANSLATION-FILE-VERSION</th>\n                <td>Facilitates translation of content to other languages.</td>\n            </tr>\n            <tr>\n                <th>MAGE-TRANSLATION-STORAGE</th>\n                <td>Facilitates translation of content to other languages.</td>\n            </tr>\n        </tbody>\n    </table>\n</div>', '2020-07-01 07:02:18', '2020-07-01 07:02:18', 1, 0, NULL, NULL, NULL, NULL, NULL, NULL, NULL, NULL),
(5, 'GENERAL TERMS AND CONDITIONS', '1column', '', '', 'terms-and-conditions', 'GENERAL TERMS AND CONDITIONS', '<div class=\"category-description std\">GENERAL TERMS AND CONDITIONS</div>\r\n<div class=\"main\">\r\n<div class=\"col-main\">\r\n<div class=\"std\">\r\n<h3><strong>PLEASE READ THESE TERMS OF USE CAREFULLY BEFORE USING THE SITE.</strong></h3>\r\n<p>Karcher Store Middle East Electronical Trading (L.L.C), trading as Karcher Center Dubai – Branch of Karcher (FZE), a company incorporated in United Arab Emirates, having its registered office in PO Box 17416 Dubai, UAE or any subsidiaries or affiliates thereto, as the case may be (Karcher), operates and maintains this Website and other Karcher Websites that are linked to this site (collectively \'the Websites\') and all the information, communications, software, scripting, photos, text, video, graphics, music, sounds, images and other materials and services found on the Website (collectively \'Content\'), for the use of its customers, employees and members of the general public but only for the lawful purposes described below. Such content is provided by Karcher as a convenience to its customers and to the general public.</p>\r\n<p>We also occasionally have links to third party sites. Kindly note that the content of such third party sites are not under our responsibility and we are not responsible with regards to the content or accuracy of material on such sites. Please note that you follow such links entirely at your own risk.</p>\r\n<p>&nbsp;</p>\r\n<h4><strong>1. ACCEPTANCE OF CONTRACT TERMS: JURISDICTION</strong></h4>\r\n<p>In exchange for accessing, browsing and/or using the Website, you agree to be bound by these terms and to comply with all applicable laws and regulations, including without limitation UAE Federal Law No. 40 of 1992 concerning the Protection of the Intellectual Work and Rights of the Author and the Implementing Regulations thereof. The Website can only be used by persons who can form legally binding contracts under applicable law. Persons who are incompetent to contract or [under the age of 18 years are not eligible to use the Website. [if your age is below that of 18 years, your parents or legal guardians can contract on your behalf provided such transactions do not relate to the purchase of unsuitable content. Karcher Store Middle East Electronical Trading LLC reserves the right to terminate your registration and refuse to provide you with access to the Website if Karcher Store Middle East Electronical Trading LLC discovers that you are under the age of 18 years. The Website cannot be accessed by persons whose registration has been suspended or terminated by Karcher Store Middle East Electronical Trading LLC for any reason whatsoever. Those who choose to access this Website from outside the United Arab Emirates are responsible for compliance with local laws if and to the extent local laws are applicable. Karcher Store Middle East Electronical Trading LLC will deliver the products only within the jurisdictions where the Product is legally sold by Karcher Store Middle East Electronical Trading LLC and will not be liable for any claims relating to any products ordered from outside those jurisdictions]. You represent that you have the legal authority to accept these Website Terms of Use on behalf of yourself or any party you represent. Use of the Website is unauthorized in any jurisdiction that does not give effect to these Website Terms of Use, including without limitation this paragraph.</p>\r\n<p>&nbsp;</p>\r\n<h4><strong>2. IF YOU DO NOT AGREE TO THESE TERMS, DO NOT USE THE SITE.</strong></h4>\r\n<p>The Website is controlled and operated in whole or in part by Karcher from its offices within the UAE. By accessing the Website you agree that the laws and regulations of the UAE and the Emirate of Dubai without regard to conflicts of laws principles, will apply to all matters relating to use of the Website, and you agree that any litigation shall be subject to the exclusive jurisdiction of the Courts of Dubai, UAE. Those who access the Website from other locations do so at their own risk and are responsible for compliance with applicable local laws. Karcher makes no representations as to the appropriateness or availability of the Website Content for use in any jurisdiction other than were the Product is legally sold, as a result of the applicable laws or norms therein. Karcher disclaims any liability in relation thereto and reserves the right to amend or remove any Content that it may deem at its sole discretion as being contrary to local norms, culture, morality or violates any prevailing rules or regulations and to suspend or terminate your use of the Website if it deems appropriate. In using the Website, the confidentiality of the account details including password is solely your responsibility. Karcher shall not be liable to any person for any loss or damage which may arise as a result of any failure by you to protect your password or account.</p>\r\n<p>&nbsp;</p>\r\n<h4><strong>3 COPYRIGHT AND RESTRICTIONS ON USE OF CONTENT</strong></h4>\r\n<p>While Karcher provides the information on this Website to anyone, we retain copyright on all text and graphic images. You acknowledge, having been advised by Karcher, that the Content is protected in the UAE and internationally by a variety of laws, including but not limited to, copyright laws and treaty provisions, trademark laws and other proprietary rights laws (collectively \'Rights\'). In addition to Karcher’s Rights in individual elements of the Content, Karcher or its licensors own a copyright in the selection, coordination and arrangement of the Content.</p>\r\n<p>You are hereby granted permission to access the Content from the Website in whole or in part, (and except where otherwise specified or provided by Karcher , print a single copy of the information for your own personal use) but only for purposes of viewing and browsing through the Website or ordering products or services from the Website if applicable. You are also hereby granted permission to store files on your computer for your own personal use; reference hypertext documents on the Website from your own documents. However, these permissions terminate automatically if you breach any of the Website Terms of Use.</p>\r\n<p>&nbsp;</p>\r\n<p>Karcher is not granting you any permission to use the Content other than the permission expressly stated in these Website Terms of Use. All other use of Content from the Website, including, but not limited to modification, publication, transmission, participation in the transfer of sale of, reproduction, creation of derivative works from, distribution, performance, display, incorporation into another Website, reproducing the Website (whether by linking, framing or any other method), \'mirroring\' the Website or in any other way exploiting any of the Content, in whole or in part, or downloading and using software repeatedly for uses other than those expressly permitted may not be made without Karcher\'s prior express written consent.</p>\r\n<p>&nbsp;</p>\r\n<p>The Website may at times provide opportunities for users to post reviews and other comments, questions, suggestions or other information (“User Content”) on or through this Website by e-mail or telephone, or otherwise disclosed, submitted or offered in connection with your use of this Website. You warrant that any such User Content submitted by you to the Website is original (and does not infringe the intellectual property rights of others), and you hereby grant Karcher a perpetual, irrevocable, non-exclusive, royalty-free, transferable right and licence to use such User Content however Karcher desires, including without limitation, to copy, modify, delete in its entirety, adapt, publish, translate, create derivative works from and/or sell and/or distribute such User Content and/or incorporate such User Content into any form, medium or technology throughout the world, without any further recourse to you, and you hereby waive any moral rights in such User Content. You agree that you will not post any content that is contrary to morality, defamatory, inflammatory, that infringes intellectual property rights, or that may otherwise breach common decency or be contrary to law.</p>\r\n<p>&nbsp;</p>\r\n<p>Karcher will be entitled to use, reproduce, disclose, modify, adapt, create derivative works from, publish, display and distribute any User Content you submit for any purpose whatsoever, without restriction and without compensating you in any way. Karcher is and shall be under no obligation (1) to maintain any User Content in confidence; (2) to pay to user any compensation for any User Content; or (3) to respond to any User Content. You agree that any User Content submitted by you to the Website will not violate the Terms or any right of any third party, including without limitation, copyright, trademark, privacy or other personal or proprietary right/s, and will not cause injury to any person or entity. You further agree that no User Content submitted by you to the Website will be or contain libellous or otherwise unlawful, threatening, abusive or obscene material, or contain software viruses, political campaigning, commercial solicitation, chain letters, mass mailings or any form of \"spam\".</p>\r\n<p>&nbsp;</p>\r\n<p>Karcher does not regularly review posted User Content, but does reserve the right (but not the obligation) to monitor and edit or remove any User Content submitted to the Website. You grant Karcher the right to use the name that you submit in connection with any User Content. You agree not to use a false email address, impersonate any person or entity, or otherwise mislead as to the origin of any User Content you submit. You are and shall remain solely responsible for the content of any User Content you make and you agree to indemnify Karcher and its affiliates for all claims resulting from any User Content you submit. Karcher and its affiliates take no responsibility and assume no liability for any User Content submitted by you or any third party.</p>\r\n<p>&nbsp;</p>\r\n<h4><strong>4. PRICING AND LIMITATION ON SCOPE OF CONTENT</strong></h4>\r\n<p>The Website contains information and promotional programs. The products described in this Website contain market specific specifications and are offered for sale in that particular Market. The promotional programs if any described in this site are available only in the markets where they are conducted as specifically referred to within the description of the program.</p>\r\n<p>&nbsp;</p>\r\n<p>Please&nbsp;<a href=\"/terms-and-conditions.html\" target=\"_blank\" rel=\"noopener\"><strong><span style=\"text-decoration: underline;\">Click here</span></strong></a>&nbsp;to read the current promotions terms and conditions.</p>\r\n<p>&nbsp;</p>\r\n<p>The price information contained in or provided through the Website is for information purposes only and does not constitute any offer to sell the products concerned. Your order via the website shall constitute an offer, which shall remain subject to the acceptance of Karcher. Prices and availability are subject to change without prior notice. For dealers’ products, the actual prices and terms and conditions of sale will be determined by the authorized distributor/dealer of the Products concerned.</p>\r\n<p>Karcher reserves the right, at its sole discretion, to limit the quantity of products purchased, per person per household or per order. These restrictions may be applicable to order placed by same account, the same credit card and also to orders that use the same billing and/or shipping address.</p>\r\n<p>&nbsp;</p>\r\n<h4><strong>5. CONTRACT TERMS</strong></h4>\r\n<p>All products/services and information displayed on this site or any Karcher websites, constitute an \"invitation to offer\". Our “acceptance” of your order will take place upon dispatch of the product(s) ordered for home delivery orders and after picking the product(s) for&nbsp;<a href=\"/click-and-collect.html\" target=\"_blank\" rel=\"noopener\"><strong><span style=\"text-decoration: underline;\">Click &amp; Collect</span></strong>&nbsp;</a>orders. We strive to ensure the accuracy of the product and pricing information within the website, however there may be pricing or typographical errors. In such an event where a product is listed at an incorrect price or with incorrect information, Karcher has the right, at our sole discretion, to refuse or cancel any orders placed for that product up until dispatch for any reason. You agree to pay the full amount payable for the Product as indicated during the order process, including any shipping costs or charges incurred with that order. In the event that a non-delivery occurs on account of wrong name or address or any other wrong information entered by you, the extra cost incurred for redelivery shall be claimed from you.</p>\r\n<p>All transactions are conducted in local currency to the markets where products are sold. When using a credit card supplied by banks other than those in that local market, the amount on the credit card (or debit card) bill may differ due to exchange rate fluctuations and any charges that the card issuer/bank may have debited. Please<a href=\"/payment-methods.htmls\" target=\"_blank\" rel=\"noopener\">&nbsp;</a><a href=\"/payment-methods.html\" target=\"_blank\" rel=\"noopener\"><strong><span style=\"text-decoration: underline;\">click here</span></strong></a>&nbsp;to check the website’s payment information under FAQ.</p>\r\n<p>The Parties agree that that in the event of Value Added Tax (VAT) being levied or introduced by the Government Authorities in the jurisdiction where the Vendor is incorporated and/or Tax Resident, the Vendor reserves the right to charge VAT at the prevailing VAT rate (as applicable) in respect of any supply as mentioned in this Agreement. The Purchaser shall pay the amount of any such VAT as an addition to the invoice value. The Vendor shall provide to the Purchaser the documentation as required by the VAT Legislation to permit the Purchaser to claim an input VAT deduction on their VAT Return.</p>\r\n<p>&nbsp;</p>\r\n<h4><strong>6. TRADEMARKS AND SERVICES MARKS</strong></h4>\r\n<p>Karcher and other trademarks, such as products and service names found on the Website (collectively the \'Trade Marks\') are owned by Karcher, its associate companies, suppliers, business associates or third parties and registered in the UAE and/or elsewhere or unregistered. Nothing on the Website should be construed as granting, by implication, estoppel, or otherwise, any license or right to use any Trademarks displayed on the Website, without the written permission of the Trademark owner concerned. The Trademarks may not be used in any way, including in advertising or publicity pertaining to distribution of Products on the Website, without prior, written permission of Karcher.</p>\r\n<p>&nbsp;</p>\r\n<h4><strong>7. PRIVACY, SUBMISSION AND COLLECTION OF INFORMATION</strong></h4>\r\n<p>There are instances where Karcher requests personally identifiable “information” from the Website users to provide them with a service or correspondence (promotions and mailed brochures). This information, such as name, mailing address, e-mail address, type of request and possibly additional information, is collected and stored in a manner appropriate to the nature of the data by Karcher and is used to fulfil your request. Although Karcher makes every effort to ensure the secure collection and transmission of sensitive user information using industry accepted data collection and encryption methodologies. Karcher does not guarantee the security of any information transmitted to or from the Website or data gathered from the usage of the Website. The information you provide and the data gathered is used by Karcher to improve the services we provide you. You hereby grant Karcher an unrestricted, royalty-free, irrevocable license to use, reproduce, display, perform, modify, transmit and distribute any information you send, and agree that Karcher is free to use any ideas, concepts, know-how or techniques that you send Karcher for any purpose.</p>\r\n<p>The “Information” will be dealt in accordance with the&nbsp;Privacy Policy. Please go through the&nbsp;<a href=\"/privacy-policy.html\" target=\"_blank\" rel=\"noopener\"><strong><span style=\"text-decoration: underline;\">Privacy Policy</span></strong>&nbsp;</a>available on the Website.</p>\r\n<p>&nbsp;</p>\r\n<h4><strong>8. PROHIBITED CONDUCT</strong></h4>\r\n<p>You are prohibited from posting or transmitting to or from the Website any unlawful, threatening, libellous, defamatory, obscene, scandalous, inflammatory, pornographic, or profane material, or any other material that could give rise to any civil or criminal liability under the law. You agree (i) not to use the Website to upload or distribute in any way files that contain viruses, corrupted files, or any other similar software or programs that may damage the operation of another\'s computer; (ii) not to interfere or disrupt the Website or any networks connected to the Website; (iii) not to use any device, software or routine or attempt to interfere with the proper functioning of the Website or any transactions being offered at the Website; (iv) not to use the Website to collect or export personal information, including, without limitation, financial information, about other participants at the Website; (v) not to use the services, products associated with the Website for illegal purposes, and (vi) to comply with all regulations, policies and procedures or networks connected to the Website.</p>\r\n<p>&nbsp;</p>\r\n<h4><strong>9. DISCLAIMER OF WARRANTY</strong></h4>\r\n<p>Karcher does not warrant or make any representations regarding the use, validity, accuracy, or reliability of, or the results of the use of, or otherwise respecting, the content of the site or any other Websites linked to or from the site. The content of the site is provided \"as is\" without warranties of any kind either express or implied. To the fullest extent possible pursuant to applicable law, Karcher disclaims all warranties, express or implied, including, but not limited to implied warranties of merchantability, fitness for a particular purpose, non-infringement or other violation of third party rights revisions.</p>\r\n<p>Karcher may revise or withdraw the Content, in whole or in part, at any time without notice. Karcher may at any time revise these Website Terms of Use by updating this posting. By using the Website, you agree to be bound by any such revisions and you explicitly agree to periodically visit this page to determine the then current Website Terms of Use to which you are bound. In case you do not agree with these terms of use or any part thereof, you should not use this Website.</p>\r\n<p>&nbsp;</p>\r\n<h4><strong>10. APPLICABLE LAW</strong></h4>\r\n<p>These Terms of Use and the relationship between you and Karcher will be governed by the laws of the United Arab Emirates, Karcher and You hereby agree to submit to the jurisdiction of the courts of Dubai and to waive any objections based upon venue.</p>\r\n<p>&nbsp;</p>\r\n<p><strong><em>11. VAT TERMS</em></strong></p>\r\n<p>Effective 1 Jan, 2018, the UAE Government has introduced Value Added Tax (VAT) at a standard rate of 5%. Karcher complies with this mandate and VAT is applicable to most goods and services, including our delivery, installation and warranty charges.</p>\r\n<p>All prices and services on the website are inclusive of VAT.</p>\r\n<p>For all orders, customers are provided with tax invoices. Customers can also request for their tax invoice by calling Customer Support. For more information on the VAT regulation, you can visit the UAE Government Federal Tax Authority website:&nbsp;<a href=\"https://www.tax.gov.ae/\" target=\"_blank\" rel=\"noopener\">https://www.tax.gov.ae</a></p>\r\n<p>&nbsp;</p>\r\n<p>Last updated: August 28, 2019</p>\r\n<p>&nbsp;</p>\r\n</div>\r\n</div>\r\n</div>', '2020-07-21 09:43:28', '2020-08-06 11:28:23', 1, 0, NULL, '', '', NULL, NULL, NULL, NULL, ''),
(6, 'Click and Collect', '1column', '', '', 'click-and-collect', 'Click and Collect', '<div class=\"std\"><!-- ESI START DUMMY COMMENT [] -->\r\n<!-- ESI URL DUMMY COMMENT -->\r\n\r\n  \r\n<!-- ESI END DUMMY COMMENT [] -->\r\n<ol>\r\n<li><span style=\"color: #000000; text-decoration: underline;\">What is Click &amp; Collect?</span></li>\r\n<li><span style=\"color: #000000; text-decoration: underline;\">How do I place an order using Click &amp; Collect?</span></li>\r\n<li><span style=\"color: #000000; text-decoration: underline;\">How much does it cost and when will I be able to collect?</span></li>\r\n<li><span style=\"color: #000000; text-decoration: underline;\">How can I pay for my Click &amp; Collect order?</span></li>\r\n<li><span style=\"text-decoration: underline;\"><span style=\"color: #000000;\"><span style=\"color: #000000; text-decoration: underline;\">Can I pay in cash or card when collecting my order?</span></span></span></li>\r\n<li><span style=\"color: #000000; text-decoration: underline;\">Can you cancel a Click &amp; Collect order?</span></li>\r\n<li><span style=\"color: #000000; text-decoration: underline;\">How do I collect my order?</span></li>\r\n<li><span style=\"color: #000000; text-decoration: underline;\">What do I need to bring to collect my order?</span></li>\r\n<li><span style=\"color: #000000; text-decoration: underline;\">Can I nominate or send someone to collect my Click &amp; Collect order?</span></li>\r\n<li><span style=\"color: #000000; text-decoration: underline;\">How long will you hold my order?</span></li>\r\n<li><span style=\"color: #000000; text-decoration: underline;\">What if I do not collect my Click &amp; Collect order within 14 days?</span></li>\r\n<li><span style=\"color: #000000; text-decoration: underline;\">Where do I collect my order in store?</span></li>\r\n<li><span style=\"color: #000000; text-decoration: underline;\">Are all of your products available for Click &amp; Collect?</span></li>\r\n<li><span style=\"color: #000000; text-decoration: underline;\">What if I want to return my Click &amp; Collect order?</span></li>\r\n</ol>\r\n<p><span style=\"color: #000000;\">&nbsp;</span></p>\r\n<p><b>What is Click &amp; Collect?</b></p>\r\n<p>Click &amp; Collect is a convenient service which allows you to place an order on our website and collect it at the Karcher Center Dubai at your convenience.</p>\r\n<p>&nbsp;</p>\r\n<p><b>How do I place an order using Click &amp; Collect?</b></p>\r\n<ol>\r\n<li>Shop for your favorite products on&nbsp;<a href=\"http://www.karcher-center-dubai.ae/\">www.karcher-center-dubai.ae</a> <a href=\"http://aceuae.com/\"></a></li>\r\n<li>Add these products to your basket.</li>\r\n<li>Click the mini-basket from the top right of the screen and select the ‘View Cart\' button.</li>\r\n<li>Select ‘Secure Checkout’ and then select ‘Collect’ from the drop down menu.</li>\r\n<li>Sign in or checkout as a guest and enter your personal information.</li>\r\n<li>Select `Go to Payment Details’ where you review and pay for your order using the \'Place Your Order\' button.</li>\r\n</ol>\r\n<p><b>How much does it cost and when will I be able to collect?</b></p>\r\n<p>Click &amp; Collect is a free service offered by Karcher Center Dubai.</p>\r\n<p>If you place your order by 6pm, we will endeavor to have your order ready for you the following day. However, if we are shipping your product(s) from our warehouse, it might need additional time.</p>\r\n<p>&nbsp;</p>\r\n<p><b>How can I pay for my Click &amp; Collect order?</b></p>\r\n<p>Click &amp; Collect is a prepaid service, which means you can only pay online using your credit or debit card</p>\r\n<p>&nbsp;</p>\r\n<p><b>Can I pay in cash or card when collecting my order?</b></p>\r\n<p>Unfortunately no. If you would like to pay in cash you can have your order delivered to your home or office by selecting our ‘Cash on Delivery’ service at checkout.</p>\r\n<p>&nbsp;</p>\r\n<p><b>Can you cancel a Click &amp; Collect order?</b></p>\r\n<p>Yes, you can. Once a Click and Collect order has been placed, you can cancel it up until it is collected.</p>\r\n<p>To cancel your order, you can contact our Customer Service Centre <a href=\"mailto:customercare@ae.kaercher.com\">customercare@ae.kaercher.com</a> or call on&nbsp;800 KARCHER (5272437)&nbsp;between 8am and 5pm, Sunday to Thursday (excluding week ends and public holidays).</p>\r\n<p>&nbsp;</p>\r\n<p>A cancellation will result in a refund via your original payment method.</p>\r\n<p>&nbsp;</p>\r\n<p><b>How do I collect my order?</b></p>\r\n<ol>\r\n<li>Once you place your order, you will be notified by email and SMS when it is ready for collection</li>\r\n<li>All products will be held in the store for 14 days, from the time of notification</li>\r\n<li>When you visit the store to collect your products, please bring a copy of your order confirmation details with you, either printed or electronic.</li>\r\n<li>You will also need to provide a form of identification, so we can ensure we are releasing the order to the right person</li>\r\n</ol>\r\n<p><b>What do I need to bring to collect my order?</b></p>\r\n<p>You need to either present the SMS you’ve receive or your email confirmation. This can either be printed or on your smart phone or tablet.</p>\r\n<p>We will also need to see a form of identification to make sure that we are giving your order to the right person.</p>\r\n<p>&nbsp;</p>\r\n<p>This needs to be either:</p>\r\n<ol>\r\n<li>Valid Emirates ID</li>\r\n<li>Valid driver\'s license or passport featuring a current photograph</li>\r\n</ol>\r\n<p><b>Can I nominate or send someone to collect my Click &amp; Collect order?</b></p>\r\n<p>Of course you can.</p>\r\n<p>To make sure the right person collects it, we would need an authorization letter written and signed by you, their valid photographic identification (Emirates ID, passport or driving license) along with the order details to ensure that we are releasing the order to the right person.</p>\r\n<p>&nbsp;</p>\r\n<p><b>How long will you hold my order?</b></p>\r\n<p>We’ll hold your order in store for 14 days, after which we’ll return the order to the warehouse and process a refund.</p>\r\n<p>Please note, it may take up to 14 days for you to receive your refund.</p>\r\n<p>&nbsp;</p>\r\n<p><b>What if I do not collect my Click &amp; Collect order within 14 days?</b></p>\r\n<p>If you do not collect your order within 14 days, your order will be cancelled.</p>\r\n<p>We will refund you on the original payment method used to place your order.</p>\r\n<p>&nbsp;&nbsp;</p>\r\n<p><b>Are all of your products available for Click &amp; Collect?</b></p>\r\n<p>Unfortunately, not all of our products are available for Click &amp; Collect. This tends to be our larger items.</p>\r\n<p>&nbsp;</p>\r\n<p><b>What if I want to return my Click &amp; Collect order?</b></p>\r\n<p>Click and Collect orders can be returned directly to the Karcher Center Dubai. For more details on our returns policy, please click here:&nbsp;<a href=\"/cancellation-and-returns\" target=\"_blank\"><span style=\"text-decoration: underline;\">Returns &amp; Refunds Policy</span></a></p>\r\n<p>&nbsp;</p></div>', '2020-07-21 09:54:07', '2020-07-21 09:54:49', 1, 0, NULL, '', '', NULL, NULL, NULL, NULL, ''),
(7, 'Delivery Information', '1column', '', '', 'delivery-information', 'Delivery Information', '<div class=\"std\"><!-- ESI START DUMMY COMMENT [] -->\r\n<!-- ESI URL DUMMY COMMENT -->\r\n\r\n  \r\n<!-- ESI END DUMMY COMMENT [] -->\r\n<p><span style=\"color: #ff0000;\"><strong>Important notification to our customers: </strong>Due to the current situation in Dubai, our operating hours are restricted from 09:00 AM to 02:00 PM Saturday to Thursday. This may result in some delays in delivery. However, we are trying to adapt our processes to the situation to maintain our delivery services.</span></p>\r\n<p><b>How much does </b><b>Karcher Center Dubai</b> <b>charge for delivery?</b></p>\r\n<p>Delivery charges vary based on location, weight and delivery service. For more information on delivery charges, please&nbsp;<a href=\"/online-shop-delivery.html\"><span style=\"text-decoration: underline;\">click Here.</span></a></p>\r\n<p><b>Tell me more about delivery time?</b></p>\r\n<p>All deliveries are handled by our trusted logistics partner. You can check your order status by logging in and checking ‘My Account’. Delivery times change depending on product availability, customer location and public holidays. Standard delivery within the UAE is usually between two to five working days.</p>\r\n<p><b>How are products packaged, i.e. will they reach me safely?</b></p>\r\n<p>In addition to retaining the original packing by the manufacturer, where needed, we then secure your purchases with additional packaging to ensure it reaches you in perfect condition.</p>\r\n<p><b>What if something happens to an in-transit product?</b></p>\r\n<p>You can relax knowing we will deliver the goods safely and on time. If you experience any issues please email our Customer Service Centre <a href=\"mailto:customercare@ae.kaercher.com\">customercare@ae.kaercher.com</a> or call&nbsp;800 KARCHER (5272437)<a href=\"tel:800%20275%20223\"></a>&nbsp;between 8am and 5pm, Sunday to Thursday (excluding week ends and public holidays).</p>\r\n<p>&nbsp;</p>\r\n<p>Karcher Center Dubai delivery charges are calculated based on the delivery service chosen.</p>\r\n<p>&nbsp;</p>\r\n<table style=\"width: 645px;\" border=\"1\">\r\n<thead>\r\n<tr>\r\n<td width=\"199\" valign=\"bottom\">\r\n<p><b>Delivery Services</b></p>\r\n</td>\r\n<td width=\"165\" valign=\"bottom\">\r\n<p><b>Delivery charges</b></p>\r\n</td>\r\n<td valign=\"bottom\">\r\n<p><b>Conditions</b></p>\r\n</td>\r\n</tr>\r\n</thead>\r\n<tbody>\r\n<tr>\r\n<td width=\"199\">\r\n<p><b>Standard Delivery (Delivery in 2 - 5 days)</b></p>\r\n</td>\r\n<td width=\"165\">\r\n<p>AED 20</p>\r\n</td>\r\n<td>\r\n<p>Free standard delivery on orders above AED 200</p>\r\n</td>\r\n</tr>\r\n</tbody>\r\n</table>\r\n<p>&nbsp;</p>\r\n<p>Notes:</p>\r\n<ol>\r\n<li>There are no deliveries on Fridays or UAE public holidays.</li>\r\n<li>All orders will be delivered between 9am and 7pm.</li>\r\n</ol>\r\n<p>There are restrictions on certain areas for Next Day and Same Day services. For more details, you can contact our Customer Service Centre <a href=\"mailto:customercare@ae.kaercher.com\">customercare@ae.kaercher.com</a> or call on&nbsp;800 KARCHER (5272437)&nbsp;between 8am and 5pm, Sunday to Thursday (excluding week ends and public holidays).</p></div>', '2020-07-21 09:55:49', '2020-07-21 09:55:49', 1, 0, NULL, '', '', NULL, NULL, NULL, NULL, '');
INSERT INTO `cms_page` (`page_id`, `title`, `page_layout`, `meta_keywords`, `meta_description`, `identifier`, `content_heading`, `content`, `creation_time`, `update_time`, `is_active`, `sort_order`, `layout_update_xml`, `custom_theme`, `custom_root_template`, `custom_layout_update_xml`, `layout_update_selected`, `custom_theme_from`, `custom_theme_to`, `meta_title`) VALUES
(8, 'Cancellation and Returns', '1column', '', '', 'cancellation-and-returns', 'Cancellation and Returns', '<div class=\"std\"><!-- ESI START DUMMY COMMENT [] -->\r\n<!-- ESI URL DUMMY COMMENT -->\r\n\r\n  \r\n<!-- ESI END DUMMY COMMENT [] -->\r\n<p><b>I am not happy with my purchase. What do I do?</b></p>\r\n<p>We want you to be absolutely satisfied with your purchase. If you are not, just email our Customer Service Centre <a href=\"mailto:customercare@ae.kaercher.com\">customercare@ae.kaercher.com</a> or call on&nbsp;800 KARCHER (5272437)&nbsp;between 8am and 5pm, Sunday to Thursday (excluding week ends and public holidays) and the Customer Services representative will lead you through the returns process in more detail. Please return the product to us in the original condition within 14 days of delivery.</p>\r\n<p><br> <b>What documents do I need for returns or refund?</b></p>\r\n<p>You will need the original receipt (bill or invoice), gift or voucher receipt.</p>\r\n<p><br> <b>What is your return and exchange period?</b></p>\r\n<p>It is 14 days from the date of delivery or collection.</p>\r\n<p><br> <b>How does the return method work?</b></p>\r\n<p>You can return your products using one of the following easy return options:</p>\r\n<p>&nbsp;</p>\r\n<p><b>Free return to the store:</b></p>\r\n<ol>\r\n<li>Simply take the products to Karcher Center, on Marrakesh Street, Dubai, along with your proof of purchase.</li>\r\n<li>Just make sure you take a printout of your receipt or delivery note and the product you wish to return in all of the original packing materials, manuals and accessories, with a valid photographic identification: driver’s license, original passport or your Emirates ID Card.</li>\r\n<li>Your refund will be made in the same way as the original payment method.</li>\r\n<li>A restocking fee*, of 5% of the product value, if applicable, may be charged.</li>\r\n<li>If you have paid by Karcher gift vouchers, you will be given a gift voucher of equivalent value.</li>\r\n<li>Please refer to our&nbsp;<a href=\"/cancellation-and-returns\" target=\"_blank\"><span style=\"text-decoration: underline;\">Return &amp; Refunds Policy</span></a></li>\r\n</ol>\r\n<p>&nbsp;</p>\r\n<p><b>Collection of your Products:</b>&nbsp;To arrange a collection, contact our Customer Service Centre <a href=\"mailto:customercare@ae.kaercher.com\">customercare@ae.kaercher.com</a> or call on&nbsp;800 KARCHER (5272437)&nbsp;between 8am and 5pm, Sunday to Thursday (excluding week ends and public holidays).</p>\r\n<ol start=\"1\">\r\n<li>Collection can be arranged with a third party courier service providers (note: the courier charges will be applicable)</li>\r\n<li>Your refund will be made in the same way as the original payment method. If you originally paid by cash, we will refund you via bank transfer and you will be required to provide us with your bank account details</li>\r\n<li>Please refer to our <a href=\"/cancellation-and-returns\" target=\"_blank\"><span style=\"text-decoration: underline;\">Return &amp; Refunds Policy</span></a></li>\r\n</ol>&nbsp;\r\n<p><b>How does the refund method work?</b></p>\r\n<p>For both online and in store purchases, all refunds are made to the original method of payment used, similarly, any amount deducted from a gift card will be credited back.</p>\r\n<p>&nbsp;</p>\r\n<p><b>Help! I have a question or issue that is not answered here.</b></p>\r\n<p>Questions are always welcome! Just call our toll free number&nbsp;800 KARCHER (5272437)&nbsp;between 9am and 5pm, Sunday to Thursday (excluding public holidays), or email us at <a href=\"mailto:customercare@ae.kaercher.com\">customercare@ae.kaercher.com</a></p>\r\n<p>&nbsp;</p>\r\n<p><b>How many days will it take to process my cancellation request?</b></p>\r\n<p>We will do our best to handle your request as quickly as possible. If you have already paid for your order, we will refund you within five business days. It may take longer for the refund to be processed by your bank.</p>\r\n<p>&nbsp;</p>\r\n<p><b>What should I do if my order arrives damaged, defective or if the wrong product was shipped?</b></p>\r\n<p>If you notice any visible damage to the product upon delivery, then refuse the delivery and immediately contact our Customer Service Centre <a href=\"mailto:customercare@ae.kaercher.com\">customercare@ae.kaercher.com</a> or call on&nbsp;800 KARCHER (5272437)&nbsp;between 8am and 5pm, Sunday to Thursday (excluding week ends and public holidays).</p>\r\n<p>If any damage is identified post-delivery, please call us on&nbsp;800 KARCHER (5272437), our customer service representative will assist you further.</p></div>', '2020-07-21 09:57:10', '2020-07-21 09:57:10', 1, 0, NULL, '', '', NULL, NULL, NULL, NULL, ''),
(9, 'Payment', '1column', '', '', 'payment-methods', 'Payment', '<div class=\"std\"><!-- ESI START DUMMY COMMENT [] -->\r\n<!-- ESI URL DUMMY COMMENT -->\r\n\r\n  \r\n<!-- ESI END DUMMY COMMENT [] -->\r\n<p><b>What choice do I have when it comes to payment?</b></p>\r\n<p>Karcher is known for its wide choice of products, but we also empower you with choice when it comes to how you want to pay.</p>\r\n<ol>\r\n<li>Online Payment via Debit and Credit Cards (Visa and MasterCard)</li>\r\n<li>Click and Collect. Book your machine online, and pay at the store at your convenience.</li>\r\n<li>Karcher Gift Cards or Vouchers*</li>\r\n</ol>\r\n<p>* Karcher Gift Cards or vouchers can only be used to make a payment in-store when Click and Collect is chosen. Gift Cards or vouchers cannot be redeemed online.</p>\r\n<p>&nbsp;</p>\r\n<p><b>Are there any hidden charges?</b></p>\r\n<p>We have made sure that you do not pay anything extra! Prices listed for all products are transparent at the time of checkout. You will be notified of any delivery or service charges before you pay for your order.</p>\r\n<p>&nbsp;</p>\r\n<p><b>How do I pay using a credit card?</b></p>\r\n<p>It is a simple process, with a few ground rules:</p>\r\n<ol>\r\n<li>You must be 18yrs or older.</li>\r\n<li>You must be the authorized user of the card.</li>\r\n<li>Have sufficient credit.</li>\r\n<li>Know your personal details.</li>\r\n</ol>\r\n<p>Once you enter these details, you will be redirected to&nbsp;our secure payment gateway page.</p>\r\n<p>&nbsp;</p>\r\n<p><b>How safe is it to use my credit card?</b></p>\r\n<p>We adhere to the highest security standards online. Every transaction passes through an encrypted secured payment gateway. If you have 3d secure credit card, an advanced secure password service for online transactions, provide an additional layer of security. Meaning? You are in safe hands!</p>\r\n<p>&nbsp;</p>\r\n<p><b>Can I make a payment via my smartphone or tablet device?</b></p>\r\n<p>Yes! The Karcher Center Dubai website supports browsing and purchasing on smartphones and tablets.</p>\r\n<p>&nbsp;</p>\r\n<p><b>Does </b><b>Karcher Center Dubai</b> <b>offer flexible payment options such as monthly instalments?</b></p>\r\n<p>No, Karcher Center Dubai does not offer flexible payment at this time.</p>\r\n<p>&nbsp;</p>\r\n<p><b>Do you store my credit card information?</b></p>\r\n<p>No, Karcher Center Dubai does not have access to your card information and our website does not store your card details or information. The Karcher Customer Service Centre will never ask you for any sensitive information such as credit card details or passwords via email or by phone.</p></div>', '2020-07-21 09:58:09', '2020-07-21 09:59:27', 1, 0, NULL, '', '', NULL, NULL, NULL, NULL, ''),
(10, 'Privacy Policy', '1column', '', '', 'privacy-policy', 'Privacy Policy', '<div class=\"category-description std\">Kärcher Center Dubai</div>\r\n<div class=\"std\"><!-- ESI START DUMMY COMMENT [] -->\r\n<!-- ESI URL DUMMY COMMENT -->\r\n\r\n  \r\n<!-- ESI END DUMMY COMMENT [] -->\r\n<p>We have adopted this Privacy &amp; Security Policy to inform our users how and why we collect, store and use personal information.</p>\r\n<p><strong>WHAT PERSONAL INFORMATION DO WE COLLECT FROM YOU AND HOW?</strong></p>\r\n<p>Karcher Center Dubai collects users’ personal information; this excludes storing the user’s payment details when the user visits our Platform, or places an online order with us.</p>\r\n<p>We may ask you for personal information at other times, including by way of example:</p>\r\n<ul>\r\n<li>When you enter a sweepstake, content or promotion sponsored by us</li>\r\n<li>When you complete surveys or other questionnaires</li>\r\n<li>When you send an email to us</li>\r\n</ul>\r\n<p>Our web servers also collect the domain names of users on our Platform. This information aggregated is to measure number of visits, average time spent on our Platform, pages viewed, etc.</p>\r\n<p><strong>WHAT WE DO &amp; DON’T DO WITH YOUR PERSONAL INFORMATION</strong></p>\r\n<p>Karcher Center Dubai uses your personal information for the following:</p>\r\n<ul>\r\n<li>To facilitate order processing</li>\r\n<li>To develop enhancements on our Platform</li>\r\n<li>For marketing and promotional purposes, for example, offering users the opportunity to take advantage of special promotions and to acquire Karcher products</li>\r\n<li>To customize your shopping experience and to provide advice and purchase recommendations</li>\r\n<li>To help target valuable marketing, remarketing, and advertising offers, executed through banner ads or promotional emails, which may be sent by third parties under contract with Karcher</li>\r\n<li>To do research on users’ demographics, interests and behavior, so as to better understand and measure the use of our Platform, and to improve our Content</li>\r\n</ul>\r\n<p>Karcher does not share your personal information with third parties without your consent. We may share your personal information through the following:</p>\r\n<ul>\r\n<li>With our related companies</li>\r\n<li>If you purchase a product requiring service, your personal information will be shared with the service department of Karcher</li>\r\n<li>With Karcher’s third-party business partners, so that they may provide services that are consistent with the terms of this Privacy &amp; Security Policy and our Platform</li>\r\n<li>In special cases where we have reason to believe that disclosing this information is necessary, particularly when identifying, contacting or bringing legal action against someone who may be violating the Platform’s&nbsp;<a href=\"terms-and-conditions.html\"><span style=\"text-decoration: underline;\">Terms &amp; Conditions</span></a>; Karcher’s or others’ rights; causing injury; or to interfere with Karcher’s or others’ property</li>\r\n<li>When we believe in good faith that the law requires it</li>\r\n</ul>\r\n<p>By using our Platform, you hereby consent to the collection and use of your personal information as set forth in the policy currently in effect.</p>\r\n<p><b>WE CARE ABOUT YOUR SECURITY</b></p>\r\n<p>We only collect your personal information to the extent deemed necessary to serve our legitimate business purposes, and we use appropriate security technology to ensure the security, integrity and privacy of your personal information, as it deems appropriate. Nonetheless, we are not responsible for any breach of your security or for the actions of any third party, who may have obtained any personal information.</p>\r\n<p><b>WHAT YOU NEED TO KNOW ABOUT OUR COOKIES</b></p>\r\n<p>“Cookies” are pieces of information that we transfer to your hard drives solely for record-keeping purposes. This could involve cookies, pixel tags and similar technologies used to track users visiting our advertising banners and hyperlinks on other websites, to cookies that store usernames and passwords, giving users a seamless access to our Platform. By using our Platform, you hereby consent that Karcher may place cookies on your device.</p>\r\n<p><b>WHAT ABOUT POLICY CHANGES?</b></p>\r\n<p>Karcher reserves the right to change this Privacy &amp; Security Policy at any time by posting an updated on our Platform, so please check back periodically to ensure you are aware of the most current policy.</p>\r\n<p><b>ARE YOU LOOKING FOR MORE INFORMATION?</b></p>\r\n<p>Any questions regarding this Privacy &amp; Security Policy can be directed to our&nbsp;<a href=\"/contacts\"><span style=\"text-decoration: underline;\">Contact Us</span></a>&nbsp;page.</p>\r\n<p>&nbsp;</p>\r\n<h2>To protect your data is important</h2>\r\n<p>1. Use of this Website</p>\r\n<p>1.1 Karcher Limited (We or Karcher) is committed to protecting and respecting your privacy.</p>\r\n<p>1.2 Your access to and use of this Website (www.karcher.ae) and its contents (Website) is subject to the terms and conditions of this Privacy Policy (Privacy Policy), Karcher\'s Terms of Trade posted on this Website (Terms of Trade), any documents referred to in the Terms of Trade or otherwise on this Website and all applicable laws.</p>\r\n<p>1.3 By accessing and using this Website, you (User or you) accept and agree without limitation or qualification, to the terms and conditions contained in this Privacy Policy, the Terms of Trade, any other relevant documents referred to in the Terms of Trade or otherwise on this Website and all applicable laws. For the avoidance of doubt, \'using this Website\' includes access to, browsing of, reviewing, posting of, transmitting, downloading, and any other means of using the Website or any material on the Website.</p>\r\n<p>2. Collection of your personal information</p>\r\n<p>2.1 We may collect, process and hold personal information about you or others (i.e. information which may identify you in some way, such as your name, address or contact details) through this Website.</p>\r\n<p>2.2 This personal information may be collected from you when you register or operate our Website, purchase or enquiry about goods on the Website, make any request for further information or subscribe for other services.</p>\r\n<p>2.3 Providing personal information about yourself or others is voluntary, however we may not be able to provide you with access to some or all of the pages on this Website or our other products and services (including the processing of orders) if you choose not to provide us with the requested personal information.</p>\r\n<p>2.4 Occasionally, we may ask you for personal information about other people (for example, your family or other authorised representatives). If you give us this information, you will need to have obtained consent from the relevant people to pass their personal information onto us and to make them aware of this Privacy Policy.</p>\r\n<p>3. Use of your personal information</p>\r\n<p>3.1 We may use your personal information as follows:</p>\r\n<p>3.1.1 To provide you with Karcher goods as ordered from the Website</p>\r\n<p>3.1.2 To provide you with information on Karcher or its products or services which we feel may interest you.</p>\r\n<p>3.1.3 To respond to your questions and requests, to provide you with access to certain areas and features and to communicate with you about your activities on this Website.</p>\r\n<p>3.1.4 To ensure that content from the Website is presented in the most effective manner for you and your computer.</p>\r\n<p>3.1.5 To carry out our obligations arising from any contracts entered into between you and us.</p>\r\n<p>3.1.6 To share it with our Related Parties as required to perform functions on our behalf in connection with the Website (such as delivery of merchandise, administration of the Website or promotions or other features on it, marketing, data analysis or customer services). To do so, it may be necessary for us to transmit your personal information to outside the above Jurisdiction and you agree to this transfer.</p>\r\n<p>4. Disclosure of personal information</p>\r\n<p>4.1 We may disclose your personal information to any member of our group, including any related company of Karcher, as that term is defined in section 2(3) of the Companies Act 1993.</p>\r\n<p>4.2 We may disclose your personal information to third parties in the following circumstances:</p>\r\n<p>4.2.1 In the event that we buy or sell any business or assets, we may disclose your personal information to the prospective seller or buyer of such business or assets.</p>\r\n<p>4.2.2 If Karcher or substantially all of its assets are acquired by a third party, in which case personal information held by it about its customers will be one of the transferred assets.</p>\r\n<p>4.2.3 If we are under a duty to disclose or share your personal information in order to comply with any legal obligation, or in order to enforce or apply our Terms of Trade and other agreements, or to protect the rights, property or safety of Karcher, our customers or others. This includes exchanging information with other companies and organisations for the purposes of fraud protection and credit risk reduction.</p>\r\n<p>4.3 We may also use your personal information or permit selected third parties to use your personal information to provide you with information about goods and services which may be of interest to you and we or they may contact you about these goods or services.</p>\r\n<p>4.4 If you do not wish to be contacted by us or selected third parties with information about goods and services which may be of interest to you, please select the relevant \"opt out\" mechanism on the Website when providing us with your personal information.</p>\r\n<p>5. Storage and security of your personal information</p>\r\n<p>5.1 Karcher controls and operates the Website from its location at Jebel Ali Free Zone, Dubai (regardless of where hosting servers are located). You can contact us by telephone on 800 KARCHER (800 5272437) or by email at customercare@ae.kaercher.com</p>\r\n<p>5.2 We use certain reasonable security measures to help protect information you send to this Website. However, we cannot guarantee the security of such information. To the fullest extent permitted by law, we disclaim all liability and responsibility for any Damages you may suffer due to any loss, unauthorized access, misuse or alteration of any information you submit to this Website.</p>\r\n<p>6. Access to and correction of your personal information</p>\r\n<p>6.1 If you wish to verify, correct, access or update any of your personal information collected through this Website, please contact us by using the contact information provided in clause 5.1 of this Privacy Policy.</p>\r\n<p>7. Collection of Additional information</p>\r\n<p>7.1 Occasionally, when you connect to our Website we may collect information about your computer, including where available your IP address, operating system and browser type, for system administration and to report aggregate information to our advertisers. This is statistical data about our users\' browsing actions and patterns, and does not identify any individual.</p>\r\n<p>7.2 For the same reason, we may obtain information about your general internet usage by using a cookie file which is stored on the hard drive of your computer. Cookies contain information that is transferred to your computer\'s hard drive. They help us to improve our Website and to deliver a better and more personalised service. They enable us to estimate our audience size and usage pattern, store information about your preferences and so allow us to customise our Website according to your individual needs, speed up your searches and recognise you when you return to our Website.</p>\r\n<p>7.3 You may refuse to accept cookies by activating the setting on your browser which allows you to refuse the setting of cookies. However, if you select this setting you may be unable to access certain parts of our Website. Unless you have adjusted your browser setting so that it will refuse cookies, our system will issue cookies when you log onto our Website.</p>\r\n<p>8. Other sites</p>\r\n<p>8.1 This Website may, from time to time, contain links to and from the websites of our Related Parties, partner networks, advertisers and affiliates which we do not control, recommend or endorse and are not responsible for these websites or their content, products, services or privacy policies.</p>\r\n<p>8.2 In addition, downloading material from any of these websites may risk infringing intellectual property rights or introducing viruses into your computer system.</p>\r\n<p>9. Changes</p>\r\n<p>9.1 Please note, we may change information on this Website and/or this Privacy Policy, at any time without notice. You should regularly review this Privacy Policy for any changes. Any changes will be effective immediately upon the posting of the revised Privacy Policy on this Website. By continuing to use the Website, you agree to any changes, and by providing continued access to the Website we are providing you consideration for agreement to such changes.</p>\r\n<p>10. Other</p>\r\n<p>Jurisdiction</p>\r\n<p>10.1 This Privacy Policy is governed by UAE laws.</p>\r\n<p>Severability</p>\r\n<p>10.2 If for any reason, any provision in this Privacy Policy is found void or unenforceable, it will be severed to the extent void or unenforceable and the remaining provisions will continue in full force and effect.</p>\r\n<p>Definitions/Interpretation</p>\r\n<p>10.3 As used herein:</p>\r\n<p>Damages means any and all direct, special, indirect, consequential or punitive loss or other damages of any kind (whether in contract, including fundamental breach, tort, including negligence, or otherwise).</p>\r\n<p>Related Parties means all of our parent, subsidiary and affiliated companies, Website Developers and other promotional partners.</p>\r\n<p>Website Developer means any party involved in creating, producing, delivering or maintaining the Website.</p></div>', '2020-07-21 10:01:03', '2020-07-21 10:01:03', 1, 0, NULL, '', '', NULL, NULL, NULL, NULL, ''),
(11, 'Imprint', '1column', '', '', 'imprint', 'Imprint', '<div class=\"category-description std\">Imprint</div>\r\n<div class=\"std\">\r\n<p>Kärcher Center Dubai</p>\r\n<p>P.O. Box 17416<br>Marrakech Street, Dubai, U.A.E.</p>\r\n<p>Tool Free: 800 5272437</p>\r\n<p>Phone +971 4 2591112</p>\r\n<p>customercare@ae.kaercher.com</p>\r\n<p>Commercial Licence: 698945<br>Karcher Store Middle East Electronical Trading LLC</p></div>', '2020-07-21 10:02:58', '2020-07-21 10:02:58', 1, 0, NULL, '', '', NULL, NULL, NULL, NULL, ''),
(12, 'Order Status', '1column', '', '', 'order-status', 'Order Status', '<div class=\"std\"><!-- ESI START DUMMY COMMENT [] -->\r\n<!-- ESI URL DUMMY COMMENT -->\r\n\r\n  \r\n<!-- ESI END DUMMY COMMENT [] -->\r\n<p><b>I made a purchase online. How do I check my order status?</b></p>\r\n<p>Just log in to your Karcher Center Dubai account to review the status of your orders and other related information in the \'My Account\' section.</p>\r\n<p><b>What do these different ‘order status’ terms mean?</b></p>\r\n<p><b>Accepted:</b>&nbsp;Great! We have received your order. It will now be picked, packed and dispatched.</p>\r\n<p><b>Processing:</b>&nbsp;We have received your order and your order is being processed.</p>\r\n<p><b>In Progress:</b>&nbsp;We are currently preparing your order for dispatch.</p>\r\n<p><b>Completed:</b>&nbsp;You have either received or collected your order. Thank you for shopping with us.</p>\r\n<p><b>Declined:&nbsp;</b>Unfortunately, we were unable to process your order and your order has been cancelled Please place your order using an alternative payment method or take advantage of our Click and Collect service and pay in store.</p>\r\n<p><b>Cancelled:</b>&nbsp;Your order has been cancelled for one of the following reasons:</p>\r\n<ol>\r\n<li>You have requested an order cancellation.</li>\r\n<li>One or more of the products in your order are unavailable.</li>\r\n<li>Your Click and Collect order was not picked up within the allocated collection time frame.</li>\r\n<li>Only part of your Click and Collect order was collected in store.</li>\r\n<li></li>\r\n</ol>\r\n<p><span style=\"color: #ff0000;\"><strong>If you have already paid for your order, we will refund you on the original payment method used.</strong></span></p>\r\n<p><span style=\"color: #ff0000;\"><strong><span style=\"text-decoration: underline;\">Completed:</span>&nbsp;You have either received or collected your order. Thank you for shopping with us.</strong></span></p>\r\n<p><span style=\"color: #ff0000;\"><strong><span style=\"text-decoration: underline;\">Returned:</span>&nbsp;One or more of your products have been successfully returned. We will refund you through the payment method originally used to place your order.</strong></span></p></div>', '2020-07-21 10:04:15', '2020-07-21 10:04:15', 1, 0, NULL, '', '', NULL, NULL, NULL, NULL, ''),
(13, 'Account information', '1column', '', '', 'account-information', 'Account information', '<div class=\"std\"><!-- ESI START DUMMY COMMENT [] -->\r\n<!-- ESI URL DUMMY COMMENT -->\r\n\r\n  \r\n<!-- ESI END DUMMY COMMENT [] -->\r\n<p><b>I made a purchase. When can I see information online about the status of my order?</b></p>\r\n<p>You should receive an order confirmation email within 48 hours after placing your order. If not, then check your spam filters, or contact our Customer Service Centre on&nbsp;800 KARCHER (5272437)&nbsp;between 8am and 5pm, Sunday to Thursday (excluding week ends and public holidays).</p>\r\n<p>&nbsp;</p>\r\n<p><b>You can review the status of your orders and other related information in the \'My Account\' section.</b></p>\r\n<p>We will contact you via email or phone if we need to make changes (e.g. availability dates, product upgrades) or if we encounter problems during delivery.</p>\r\n<p>&nbsp;</p>\r\n<p><b>How will I know if my order has been accepted?</b></p>\r\n<p>Once your order has reached Karcher Center Dubai, you will receive an email notification confirming your order details. However, final acceptance of your order is subject to dispatch / collection confirmation.</p>\r\n<p>&nbsp;</p>\r\n<p><b>What can I do with my online Karcher Center Dubai account after I register?</b></p>\r\n<p>You can:</p>\r\n<ul>\r\n<li>Change your email address.</li>\r\n<li>Change your delivery or billing address.</li>\r\n<li>View the status of your order including estimated availability and delivery times.</li>\r\n<li>Track your order.</li>\r\n<li>View a list of products you have previously ordered.</li>\r\n<li>View descriptions of each product ordered.</li>\r\n<li>Create a Wishlist.</li>\r\n<li>Get your questions answered quickly!</li>\r\n</ul>\r\n<p><b>I have not received my order confirmation. What do I do now?</b></p>\r\n<p>Just ensure that the email address on your order is correct or check your spam folder. Alternatively, you can contact our Customer Service Centre on&nbsp;800 KARCHER (5272437)&nbsp;between 8am and 5pm, Sunday to Thursday (excluding week ends and public holidays).</p>\r\n<p>&nbsp;</p>\r\n<p><b>How much time does delivery take?</b></p>\r\n<p>Delivery times vary based on product availability, customer location, public holidays and time of order. We will let you know the estimated delivery date at the time you place your order. You will see the delivery options available in each individual product page. Within the UAE, standard delivery is usually between two to five business days.&nbsp;<span style=\"text-decoration: underline;\">Click here</span>&nbsp;to see our delivery charges table.</p>\r\n<p>&nbsp;</p>\r\n<p><b>Does Karcher Center Dubai ship to other countries?</b></p>\r\n<p>Karcher Center Dubai currently ships only within the UAE.</p>\r\n<p>&nbsp;</p>\r\n<p><b>How does the delivery process work?</b></p>\r\n<p>All deliveries are made by our trusted logistics partners. We may provide you with a tracking number once your order has been dispatched and is on its way.</p></div>', '2020-07-21 10:06:13', '2020-07-21 10:06:13', 1, 0, NULL, '', '', NULL, NULL, NULL, NULL, ''),
(14, 'Contact', '1column', '', '', 'contact', 'Contact', '<div class=\"category-description std\">Do you have any questions, suggestions or problems? We are always happy to help you.</div>\r\n<div class=\"\"><img src=\"{{media url=\"header_contact.jpg\"}}\" alt=\"\"></div>\r\n<div class=\"our_details\">\r\n<h2>Do you have questions, suggestions or problems? We are glad to be here for you.</h2>\r\n<h3>Our hotline is open from Saturday to Thursday 9:00 am to 7:00 pm. Closed on Friday</h3>\r\n<h3>Kärcher Center Dubai</h3>\r\n<p>Phone: <a href=\"tel:+971 4 2591112\">+971 4 2591112</a></p>\r\n<p>E-Mail: customercare@ae.kaercher.com</p>\r\n</div>\r\n<p>{{block class=\"Magento\\Contact\\Block\\ContactForm\" name=\"contactForm\" template=\"Magento_Contact::form.phtml\"}}</p>\r\n<section class=\"address-field\">\r\n<div class=\"row\">\r\n<div class=\"col-sm-12\">\r\n<h3 class=\"mobile\">Address</h3>\r\n</div>\r\n</div>\r\n</section>\r\n<section id=\"article61660\" class=\"address-below\" data-anchor=\"Address\">\r\n<div class=\"row\">\r\n<div class=\"col-sm-6\">\r\n<h2>We are happy to help</h2>\r\n<p><strong>Kärcher Center Dubai</strong></p>\r\n<p>Marrakech Street<br>Dubai<br>PO Box 17419</p>\r\n<p>+971 4 2591112</p>\r\n</div>\r\n<div class=\"col-sm-6\">&nbsp;</div>\r\n</div>\r\n</section>', '2020-07-31 05:24:35', '2020-08-13 06:37:35', 1, 0, NULL, '', '', NULL, NULL, NULL, NULL, ''),
(15, 'FAQs', '1column', '', '', 'faqs', '', '<div class=\"faq_section\">\r\n<div class=\"main-container col1-layout\">\r\n<div class=\"main\">\r\n<div class=\"col-main\">\r\n<section class=\"ribbon\">\r\n<div class=\"page-title category-title\">\r\n<h1>FAQ</h1>\r\n</div>\r\n<div class=\"category-description std\">Here you will find answers to frequently asked questions about our products, repair and warranty. If you can not find what you are looking for on the following page, please feel free to contact us.</div>\r\n</section>\r\n<div class=\"std\"><nav id=\"sub-nav\" class=\"hidden-xs hidden-sm\" style=\"top: 150px;\">\r\n<section>\r\n<div class=\"row\">\r\n<div class=\"col-sm-12\">\r\n<ul class=\"nav\">\r\n<li class=\"\"><a href=\"#Electric-Broom\">Electric Brooms</a></li>\r\n<li class=\"\"><a href=\"#Window-Washer\">Window Washer</a></li>\r\n<li class=\"\"><a href=\"#Vacuums\">Vacuums</a></li>\r\n<li class=\"\"><a href=\"#Steam-Cleaners\">Steam Cleaners</a></li>\r\n</ul>\r\n</div>\r\n</div>\r\n</section>\r\n</nav>\r\n<div class=\"kaercher-faq\" id=\"kaercher-faq\">\r\n                                                                                                        <section data-anchor=\"Electric Brooms\" id=\"Electric-Broom\">\r\n                    <div>\r\n                        <h2>Electric Brooms</h2>\r\n                    </div>\r\n                </section>\r\n                <section class=\"extramargin hidden-print\">\r\n                                                                        <div class=\"accordion-wrapper\">\r\n                                <div class=\"accordion\" id=\"accordion-894\">\r\n                                    <div class=\"accordion-header\" id=\"accordion-header-894\">\r\n                                        <div class=\"accordion-icon-wrapper\">\r\n                                            <span class=\"accordion-icon\" id=\"accordion-icon-894\"></span>\r\n                                        </div>\r\n                                        <h3>How to clean the electric broom</h3>\r\n                                    </div>\r\n                                    <div class=\"accordion-content\" id=\"accordion-content-894\">\r\n                                        <p>\r\n                                            </p><ul>\r\n<li>123456789</li>\r\n</ul>                                                                                    <p></p>\r\n                                    </div>\r\n                                </div>\r\n                            </div>\r\n                                                            </section>\r\n                                                                                                <section>\r\n                        <hr class=\"hrbold hidden-xs hidden-sm\">\r\n                    </section>\r\n                                <section data-anchor=\"Window Washer\" id=\"Window-Washer\">\r\n                    <div>\r\n                        <h2>Window Washer</h2>\r\n                    </div>\r\n                </section>\r\n                <section class=\"extramargin hidden-print\">\r\n                                                                        <div class=\"accordion-wrapper\">\r\n                                <div class=\"accordion\" id=\"accordion-762\">\r\n                                    <div class=\"accordion-header\" id=\"accordion-header-762\">\r\n                                        <div class=\"accordion-icon-wrapper\">\r\n                                            <span class=\"accordion-icon\" id=\"accordion-icon-762\"></span>\r\n                                        </div>\r\n                                        <h3> Why are smears left on the window after being cleaned with window vac?</h3>\r\n                                    </div>\r\n                                    <div class=\"accordion-content\" id=\"accordion-content-762\">\r\n                                        <p>\r\n                                            </p><p>Cause:</p>\r\n<ul>\r\n<li>Very dirty window, dirt has not been properly dissolved.</li>\r\n<li>Rubber wiper worn.</li>\r\n</ul>\r\n<p>Solution:</p>\r\n<ul>\r\n<li>Properly soak and soften the dirt in several stages so that it can be wiped away.</li>\r\n<li>Fit new rubber wiper.</li>\r\n</ul>                                                                                    <p></p>\r\n                                    </div>\r\n                                </div>\r\n                            </div>\r\n                                                            </section>\r\n                                                                                                <section>\r\n                        <hr class=\"hrbold hidden-xs hidden-sm\">\r\n                    </section>\r\n                                <section data-anchor=\"Vacuums\" id=\"Vacuums\">\r\n                    <div>\r\n                        <h2>Vacuums</h2>\r\n                    </div>\r\n                </section>\r\n                <section class=\"extramargin hidden-print\">\r\n                                                                        <div class=\"accordion-wrapper\">\r\n                                <div class=\"accordion\" id=\"accordion-763\">\r\n                                    <div class=\"accordion-header\" id=\"accordion-header-763\">\r\n                                        <div class=\"accordion-icon-wrapper\">\r\n                                            <span class=\"accordion-icon\" id=\"accordion-icon-763\"></span>\r\n                                        </div>\r\n                                        <h3> Why does the main filter clog up quickly when picking up fine dust (e.g when working with electric power tools)?</h3>\r\n                                    </div>\r\n                                    <div class=\"accordion-content\" id=\"accordion-content-763\">\r\n                                        <p>\r\n                                            </p><p>Cause:</p>\r\n<ul>\r\n<li>Filter bag has been forgotten. (Suitability for picking up fine dust is limited when filter bag is not fitted)</li>\r\n</ul>\r\n<p>Solution:</p>\r\n<ul>\r\n<li>Always fit a filter bag.</li>\r\n</ul>                                                                                    <p></p>\r\n                                    </div>\r\n                                </div>\r\n                            </div>\r\n                                                                                                <div class=\"accordion-wrapper\">\r\n                                <div class=\"accordion\" id=\"accordion-764\">\r\n                                    <div class=\"accordion-header\" id=\"accordion-header-764\">\r\n                                        <div class=\"accordion-icon-wrapper\">\r\n                                            <span class=\"accordion-icon\" id=\"accordion-icon-764\"></span>\r\n                                        </div>\r\n                                        <h3> Dust is expelled from the vacuum. Why?</h3>\r\n                                    </div>\r\n                                    <div class=\"accordion-content\" id=\"accordion-content-764\">\r\n                                        <p>\r\n                                            </p><p>Cause:</p>\r\n<ul>\r\n<li>Suction hose is faulty or not properly engaged.</li>\r\n<li>Filter missing or faulty.</li>\r\n<li>Filter bag has not been fitted.</li>\r\n</ul>\r\n<p>Solution:</p>\r\n<ul>\r\n<li>Check suction hose and filter, engage properly or replace if necessary.</li>\r\n<li>Fit a filter bag.</li>\r\n</ul>                                                                                    <p></p>\r\n                                    </div>\r\n                                </div>\r\n                            </div>\r\n                                                                                                <div class=\"accordion-wrapper\">\r\n                                <div class=\"accordion\" id=\"accordion-765\">\r\n                                    <div class=\"accordion-header\" id=\"accordion-header-765\">\r\n                                        <div class=\"accordion-icon-wrapper\">\r\n                                            <span class=\"accordion-icon\" id=\"accordion-icon-765\"></span>\r\n                                        </div>\r\n                                        <h3> Vacuum cannot be set to stage 2 (automatic on/off facility for electric power tools)</h3>\r\n                                    </div>\r\n                                    <div class=\"accordion-content\" id=\"accordion-content-765\">\r\n                                        <p>\r\n                                            </p><p>Cause:</p>\r\n<ul>\r\n<li>Stage 2 is designed for operation with electric power tools only.</li>\r\n</ul>\r\n<p>Solution:</p>\r\n<ul>\r\n<li>The vacuum starts when the electric power tool is switched on. Vacuum continues running for about 15-20 seconds after the electric power tool is switched off and then shuts down.</li>\r\n</ul>                                                                                    <p></p>\r\n                                    </div>\r\n                                </div>\r\n                            </div>\r\n                                                                                                                                            <div class=\"accordion-wrapper\">\r\n                                <div class=\"accordion\" id=\"accordion-767\">\r\n                                    <div class=\"accordion-header\" id=\"accordion-header-767\">\r\n                                        <div class=\"accordion-icon-wrapper\">\r\n                                            <span class=\"accordion-icon\" id=\"accordion-icon-767\"></span>\r\n                                        </div>\r\n                                        <h3> The vacuum keeps switching itself off.</h3>\r\n                                    </div>\r\n                                    <div class=\"accordion-content\" id=\"accordion-content-767\">\r\n                                        <p>\r\n                                            </p><p>Cause:</p>\r\n<ul>\r\n<li>Waste container is full.</li>\r\n<li>Level sensors and the housing are wet. This can create a damp bridge.</li>\r\n</ul>\r\n<p>Solution:</p>\r\n<ul>\r\n<li>Empty the waste container.</li>\r\n<li>Allow the unit to dry.</li>\r\n<li>Clean the level sensors.</li>\r\n</ul>                                                                                    <p></p>\r\n                                    </div>\r\n                                </div>\r\n                            </div>\r\n                                                            </section>\r\n                                                                                                <section>\r\n                        <hr class=\"hrbold hidden-xs hidden-sm\">\r\n                    </section>\r\n                                <section data-anchor=\"Steam Cleaners\" id=\"Steam-Cleaners\">\r\n                    <div>\r\n                        <h2>Steam Cleaners</h2>\r\n                    </div>\r\n                </section>\r\n                <section class=\"extramargin hidden-print\">\r\n                                                                        <div class=\"accordion-wrapper\">\r\n                                <div class=\"accordion\" id=\"accordion-768\">\r\n                                    <div class=\"accordion-header\" id=\"accordion-header-768\">\r\n                                        <div class=\"accordion-icon-wrapper\">\r\n                                            <span class=\"accordion-icon\" id=\"accordion-icon-768\"></span>\r\n                                        </div>\r\n                                        <h3> Tank cap cannot be opened?</h3>\r\n                                    </div>\r\n                                    <div class=\"accordion-content\" id=\"accordion-content-768\">\r\n                                        <p>\r\n                                            </p><p>Cause:</p>\r\n<ul>\r\n<li>The boiler is still under pressure.</li>\r\n</ul>\r\n<p>Solution:</p>\r\n<ul>\r\n<li>The pressure must be released:</li>\r\n<li>First switch off the heater, then switch on steam feed (on max), operate the switch on the handle until the cap can be opened.</li>\r\n<li>If the tank cap still cannot be opened, please contact your Kärcher dealer for assistance</li>\r\n</ul>                                                                                    <p></p>\r\n                                    </div>\r\n                                </div>\r\n                            </div>\r\n                                                                                                <div class=\"accordion-wrapper\">\r\n                                <div class=\"accordion\" id=\"accordion-769\">\r\n                                    <div class=\"accordion-header\" id=\"accordion-header-769\">\r\n                                        <div class=\"accordion-icon-wrapper\">\r\n                                            <span class=\"accordion-icon\" id=\"accordion-icon-769\"></span>\r\n                                        </div>\r\n                                        <h3> Too much water instead of steam?</h3>\r\n                                    </div>\r\n                                    <div class=\"accordion-content\" id=\"accordion-content-769\">\r\n                                        <p>\r\n                                            </p><p>Cause:</p>\r\n<ul>\r\n<li>Water tank overfilled.</li>\r\n<li>Unit has not yet reached full temperature.</li>\r\n<li>Controller is not set to steam mode.</li>\r\n</ul>\r\n<p>Solution:</p>\r\n<ul>\r\n<li>Water tank must not be more than 3/4 full.</li>\r\n<li>Wait until unit has reached operating temperature.</li>\r\n<li>Set the controller to steam mode.</li>\r\n</ul>                                                                                    <p></p>\r\n                                    </div>\r\n                                </div>\r\n                            </div>\r\n                                                                                                <div class=\"accordion-wrapper\">\r\n                                <div class=\"accordion\" id=\"accordion-770\">\r\n                                    <div class=\"accordion-header\" id=\"accordion-header-770\">\r\n                                        <div class=\"accordion-icon-wrapper\">\r\n                                            <span class=\"accordion-icon\" id=\"accordion-icon-770\"></span>\r\n                                        </div>\r\n                                        <h3> Steam cleaners require too long to heat up?</h3>\r\n                                    </div>\r\n                                    <div class=\"accordion-content\" id=\"accordion-content-770\">\r\n                                        <p>\r\n                                            </p><p>Cause:</p>\r\n<ul>\r\n<li>Scale build-up in unit.</li>\r\n</ul>\r\n<p>Solution:</p>\r\n<ul>\r\n<li>Descale unit with RM 511.</li>\r\n</ul>                                                                                    <p></p>\r\n                                    </div>\r\n                                </div>\r\n                            </div>\r\n                                                                                                <div class=\"accordion-wrapper\">\r\n                                <div class=\"accordion\" id=\"accordion-772\">\r\n                                    <div class=\"accordion-header\" id=\"accordion-header-772\">\r\n                                        <div class=\"accordion-icon-wrapper\">\r\n                                            <span class=\"accordion-icon\" id=\"accordion-icon-772\"></span>\r\n                                        </div>\r\n                                        <h3>Steam cleaner lets off steam?</h3>\r\n                                    </div>\r\n                                    <div class=\"accordion-content\" id=\"accordion-content-772\">\r\n                                        <p>\r\n                                            </p><p>Cause:</p>\r\n<ul>\r\n<li>Steam flows through relief valve, all downstream systems fail.</li>\r\n</ul>\r\n<p>Solution:</p>\r\n<ul>\r\n<li>This problem can only be remedied by customer service.</li>\r\n</ul>                                                                                    <p></p>\r\n                                    </div>\r\n                                </div>\r\n                            </div>\r\n                                                            </section>\r\n</div>\r\n</div>\r\n</div>\r\n</div>\r\n</div>\r\n</div>', '2020-07-31 05:25:18', '2020-07-31 11:08:52', 1, 0, NULL, '', '', NULL, NULL, NULL, NULL, '');
INSERT INTO `cms_page` (`page_id`, `title`, `page_layout`, `meta_keywords`, `meta_description`, `identifier`, `content_heading`, `content`, `creation_time`, `update_time`, `is_active`, `sort_order`, `layout_update_xml`, `custom_theme`, `custom_root_template`, `custom_layout_update_xml`, `layout_update_selected`, `custom_theme_from`, `custom_theme_to`, `meta_title`) VALUES
(16, 'About Kaercher', '1column', '', '', 'about-kaercher', '', '<div class=\"main-container col1-layout about-us_content\">\r\n<div class=\"main\">\r\n<div class=\"col-main\">\r\n<section class=\"ribbon\">\r\n<div class=\"page-title category-title\">\r\n<h1>About Kärcher</h1>\r\n</div>\r\n<div class=\"category-description std\">KÄRCHER - GLOBAL SUPPLIER OF CLEANING TECHNOLOGY</div>\r\n</section>\r\n<div class=\"std\">\r\n<h1 class=\"mobile\">We are working on new solutions – full steam ahead. Today as we always have.</h1>\r\n<h4>Facts and Figures 2017</h4>\r\n<p>Kärcher is a leading worldwide provider of cleaning technology. In 2017 the family company achieved the highest turnover in its history of EUR 2.5 billion. With high pressure cleaner and ultra-high pressure cleaners, vacuum and steam cleaners, pumps for the home and garden, sweepers and scrubber-driers, car washes, cleaning products, dry ice shot-blast machines, drinking and waste water treatment plants, water dispensers and electronic data transmission based fleet management, Kärcher offers innovative solutions to problems. They include coordinated products and accessories together with advice and service.</p>\r\n<p>Alfred Kärcher SE &amp; Co. KG employs over 12,300 employees in 67 countries in more than 110 companies. There are more than 50,000 service offices throughout the world to provide a consistent level of support. Innovation is the most important growth factor for the company: Approximately 90 percent of all the products are five years old or less. Overall, more than 1,000 employees work in research and development at the cleaning machines manufacturer.</p>\r\n<p>Innovation has been a major part of the company’s culture since it was founded in 1935. The engineer and passionate inventor Alfred Kärcher looked for solutions to technical problems with creativity and a spirit of innovation. However, in doing so he never overlooked responsibility for the needs of his employees.</p>\r\n<p>To this day, business success for Kärcher means: above-average investment in research and development, the latest production methods, and both high-quality and advanced training for its employees. At the same time, Kärcher participates in the community outside its everyday work by supporting cultural events or social facilities. For more than eight years it has been equipping SOS children’s villages with cleaning equipment and building green filter plants together with the Global Nature Fund in developing and emerging nations.</p>\r\n<p>As part of its cultural sponsorship programme, Kärcher has cleaned over 140 monuments worldwide since 1980. These include the colonnades in St. Peter’s Square in Rome, the Brandenburg Gate in Berlin, the statue of Christ in Rio de Janeiro, the Colossi of Memnon in Luxor, Upper Egypt, which are over 3,300 years old, and the sculptures of the heads of presidents at Mount Rushmore. The cleaning work always takes place in close collaboration with monument protection officials restorers and art historians.</p>\r\n<hr>\r\n<p>&nbsp;</p>\r\n<p><img src=\"{{media url=&quot;weltkarte_2018.jpg&quot;}}\" alt=\"\" /></p>\r\n<hr>\r\n<p>&nbsp;</p>\r\n<p><img src=\"{{media url=&quot;f1.jpg&quot;}}\" alt=\"\" /></p>\r\n<p><img src=\"{{media url=&quot;f2.jpg&quot;}}\" alt=\"\" /></p>\r\n<p><img src=\"{{media url=&quot;f3.jpg&quot;}}\" alt=\"\" /></p>\r\n<hr>\r\n<h4>&nbsp;</h4>\r\n<h4>About us</h4>\r\n<p>Kärcher is a global company and sees itself as a benchmark. We want to occupy a leading position in market share, innovation, quality and image, and we aim to be global market leaders in all areas of our business.</p>\r\n<hr>\r\n<h4>Working together</h4>\r\n<p>Trust, loyalty, transparency, fairness, reliability and respect characterise Kärcher\'s relationships with others, both inside and outside the company. Through teamwork and by actively exchanging information, we make the most of all of the experience and expertise our company has to offer in order to achieve our goals.</p>\r\n<hr>\r\n<h4>Customer focus</h4>\r\n<p>We foster open dialogue with our customers based on partnership. Our products and services offer ideal solutions which have real benefits for customers. Our customers\' cleaning problems can be solved quickly and flexibly.</p>\r\n<hr>\r\n<p>&nbsp;</p>\r\n<section>\r\n<div class=\"row\">\r\n<div class=\"image-fit  col-sm-4\">\r\n<div class=\"widget-cms-widget-text\">\r\n<div class=\"card\"><img src=\"{{media url=&quot;alfred-irene-kaercher.jpg&quot;}}\" alt=\"Alfred Kärcher – inventor and entrepreneur\" />\r\n<div class=\"card-overlay-alternate\" style=\"display: none; opacity: 0.98;\">\r\n<div class=\"card-text\" style=\"margin-top: 81.071px; opacity: 0;\">Alfred &amp; Irene Kärcher &gt;</div>\r\n</div>\r\n</div>\r\n<div>\r\n<h6 class=\"mobileheadline headlinebottom\">Alfred Kärcher – inventor and entrepreneur</h6>\r\n<p>Alfred KärcherAlfred Kärcher, like Robert Bosch, Gottlieb Daimler and Graf Zeppelin, was one of the inventors and entrepreneurs that Württemberg produced in such great number since the beginning of the industrial era. In 1935 he founded his own company in Bad Cannstatt, Stuttgart so that he could produce and market his own products in the field of heating technology. In 1939, the family-owned company relocated to Winnenden, where it still has its headquarters.</p>\r\n</div>\r\n</div>\r\n<div class=\"hidden-md hidden-lg\"><hr></div>\r\n</div>\r\n<div class=\"image-fit col-sm-4\">\r\n<div class=\"widget-cms-widget-text\">\r\n<div class=\"card\"><img src=\"{{media url=&quot;history.jpg&quot;}}\" alt=\"Move into cleaning technology\" />\r\n<div class=\"card-overlay-alternate\" style=\"display: none; opacity: 0.98;\">\r\n<div class=\"card-text\" style=\"margin-top: 87px; opacity: 0;\">hot water high-pressure cleaner &gt;</div>\r\n</div>\r\n</div>\r\n<div>\r\n<h6 class=\"mobileheadline headlinebottom\">Move into cleaning technology</h6>\r\n<p>Alfred Kärcher made his breakthrough into the cleaning technology industry in 1950 with the development of the first European hot water high-pressure cleaner (the DS 350 steam jet). The design of the water heater proved to be so pioneering that it still forms the basis of all burners today.</p>\r\n</div>\r\n</div>\r\n<div class=\"hidden-md hidden-lg\"><hr></div>\r\n</div>\r\n<div class=\"image-fit col-sm-4\">\r\n<div class=\"widget-cms-widget-text\">\r\n<div class=\"card\"><img src=\"{{media url=&quot;company-winnenden.jpg&quot;}}\" alt=\"Internationalisation\" />\r\n<div class=\"card-overlay-alternate\" style=\"display: none;\">\r\n<div class=\"card-text\" style=\"margin-top: 86.7178px; opacity: 0;\">Company in Winnenden &gt;</div>\r\n</div>\r\n</div>\r\n<div>\r\n<h6 class=\"mobileheadline headlinebottom\">Internationalisation</h6>\r\n<p>In 1962, Kärcher founded its first foreign subsidiary in France, followed by Austria and Switzerland. Internationalisation continued apace.</p>\r\n</div>\r\n</div>\r\n<div class=\"hidden-md hidden-lg\"><hr></div>\r\n</div>\r\n</div>\r\n</section>\r\n<p>&nbsp;</p>\r\n<hr>\r\n<h4><strong>Growth through innovation</strong></h4>\r\n<p>After a phase of diversification, Kärcher turned its attention to high-pressure cleaning in 1974. During this period, the colour of the machines was changed from blue to the now world-famous Kärcher yellow. In 1980, the company expanded its product range to cover basic cleaning requirements, initially in the areas of transport and buildings. Step by step, the range was expanded with the addition of wet and dry vacuum cleaners, sweeper vacuums and scrubber driers, vehicle washing bays, steam cleaners, cleaning agents and drinking water and wastewater treatment systems.</p>\r\n<hr>\r\n<h4>Kärcher becomes a global market leader</h4>\r\n<p>Innovation has been and continues to be the most important growth factor. In 2011 alone, Kärcher launched over 100 new products. The global market leader in cleaning technology will continue to be characterised by its ingenuity, top performance and innovative problem solving.</p>\r\n<p>&nbsp;</p>\r\n<h2>Top performance for cleanliness and value</h2>\r\n<p>We foster open dialogue with our customers based on partnership. Our products and services offer ideal solutions which have real benefits for customers. Our customers\' cleaning problems can be solved quickly and flexibly.</p>\r\n<p>&nbsp;</p>\r\n<section>\r\n<div class=\"row\">\r\n<div class=\"widget-cms-widget-text image-fit  col-sm-4\"><img src=\"{{media url=&quot;production-and-procurement.jpg&quot;}}\" alt=\"Production and procurement\" />\r\n<h6 class=\"headlinebottom\">Production and procurement</h6>\r\n<div class=\"block-content\">Our suppliers are part of our value chain. Together with them, we work continuously to optimise production intensity and process design. We ensure competitiveness in quality and costs through our responsiveness, speed and flexibility.</div>\r\n</div>\r\n<div class=\"widget-cms-widget-text image-fit col-sm-4\"><img src=\"{{media url=&quot;corporate-social-responsibility.jpg&quot;}}\" alt=\"Corporate social responsibility\" />\r\n<h6 class=\"headlinebottom\">Corporate social responsibility</h6>\r\n<div class=\"block-content\">Kärcher stands by its responsibility to society: we respect the values and standards, human rights, and legal and social systems of all countries in the spirit of good citizenship.</div>\r\n</div>\r\n<div class=\"widget-cms-widget-text image-fit col-sm-4\"><img src=\"{{media url=&quot;solar.jpg&quot;}}\" alt=\"Use of resources\" />\r\n<h6 class=\"headlinebottom\">Use of resources</h6>\r\n<div class=\"block-content\">We design our products, services and processes to be environmentally compatible. Wherever we are active, we take environmental requirements into account and, in doing so, use all of the available resources responsibly.</div>\r\n</div>\r\n</div>\r\n</section>\r\n<p>&nbsp;</p>\r\n</div>\r\n</div>\r\n</div>\r\n</div>', '2020-08-04 05:37:01', '2020-08-04 08:19:42', 1, 0, NULL, '', '', NULL, NULL, NULL, NULL, ''),
(17, 'Your way to us', '1column', '', '', 'place', 'Your way to us', '<p class=\"hwr\">How to find us</p>\r\n<h1 class=\"here-we-are\">HERE WE ARE!</h1>\r\n<div class=\"\"><iframe style=\"border: 0;\" tabindex=\"0\" src=\"https://www.google.com/maps/embed?pb=!1m14!1m8!1m3!1d14436.136092562207!2d55.361724!3d25.235779!3m2!1i1024!2i768!4f13.1!3m3!1m2!1s0x0%3A0x9f34c37122738f6c!2sKarcher%20Center%20Dubai!5e0!3m2!1sen!2sae!4v1596519576080!5m2!1sen!2sae\" allowfullscreen=\"allowfullscreen\" aria-hidden=\"false\" width=\"100%\" height=\"480\" frameborder=\"0\"></iframe></div>', '2020-08-04 05:40:25', '2020-08-04 07:03:49', 1, 0, NULL, '', '', NULL, NULL, NULL, NULL, '');

-- --------------------------------------------------------

--
