INSERT INTO `cron_schedule` (`schedule_id`, `job_code`, `status`, `messages`, `created_at`, `scheduled_at`, `executed_at`, `finished_at`) VALUES
(1320579, 'sales_grid_order_creditmemo_async_insert', 'missed', 'Cron Job sales_grid_order_creditmemo_async_insert is missed at 2020-09-24 09:55:00', '2020-09-24 09:45:02', '2020-09-24 09:55:00', NULL, NULL),
(1320580, 'sales_grid_order_creditmemo_async_insert', 'missed', 'Cron Job sales_grid_order_creditmemo_async_insert is missed at 2020-09-24 09:56:00', '2020-09-24 09:45:02', '2020-09-24 09:56:00', NULL, NULL),
(1320581, 'sales_grid_order_creditmemo_async_insert', 'missed', 'Cron Job sales_grid_order_creditmemo_async_insert is missed at 2020-09-24 09:57:00', '2020-09-24 09:45:02', '2020-09-24 09:57:00', NULL, NULL),
(1320582, 'sales_grid_order_creditmemo_async_insert', 'missed', 'Cron Job sales_grid_order_creditmemo_async_insert is missed at 2020-09-24 09:58:00', '2020-09-24 09:45:02', '2020-09-24 09:58:00', NULL, NULL),
(1320583, 'sales_grid_order_creditmemo_async_insert', 'missed', 'Cron Job sales_grid_order_creditmemo_async_insert is missed at 2020-09-24 09:59:00', '2020-09-24 09:45:02', '2020-09-24 09:59:00', NULL, NULL),
(1320584, 'sales_grid_order_creditmemo_async_insert', 'missed', 'Cron Job sales_grid_order_creditmemo_async_insert is missed at 2020-09-24 10:00:00', '2020-09-24 09:45:02', '2020-09-24 10:00:00', NULL, NULL),
(1320585, 'sales_grid_order_creditmemo_async_insert', 'success', NULL, '2020-09-24 09:45:02', '2020-09-24 10:01:00', '2020-09-24 10:15:03', '2020-09-24 10:15:03'),
(1320586, 'sales_grid_order_creditmemo_async_insert', 'missed', 'Cron Job sales_grid_order_creditmemo_async_insert is missed at 2020-09-24 10:02:00', '2020-09-24 09:45:02', '2020-09-24 10:02:00', NULL, NULL),
(1320587, 'sales_grid_order_creditmemo_async_insert', 'missed', 'Cron Job sales_grid_order_creditmemo_async_insert is missed at 2020-09-24 10:03:00', '2020-09-24 09:45:02', '2020-09-24 10:03:00', NULL, NULL),
(1320588, 'sales_grid_order_creditmemo_async_insert', 'missed', 'Cron Job sales_grid_order_creditmemo_async_insert is missed at 2020-09-24 10:04:00', '2020-09-24 09:45:02', '2020-09-24 10:04:00', NULL, NULL),
(1320589, 'sales_send_order_emails', 'missed', 'Cron Job sales_send_order_emails is missed at 2020-09-24 09:50:00', '2020-09-24 09:45:02', '2020-09-24 09:50:00', NULL, NULL),
(1320590, 'sales_send_order_emails', 'missed', 'Cron Job sales_send_order_emails is missed at 2020-09-24 09:51:00', '2020-09-24 09:45:02', '2020-09-24 09:51:00', NULL, NULL),
(1320591, 'sales_send_order_emails', 'missed', 'Cron Job sales_send_order_emails is missed at 2020-09-24 09:52:00', '2020-09-24 09:45:02', '2020-09-24 09:52:00', NULL, NULL),
(1320592, 'sales_send_order_emails', 'missed', 'Cron Job sales_send_order_emails is missed at 2020-09-24 09:53:00', '2020-09-24 09:45:02', '2020-09-24 09:53:00', NULL, NULL),
(1320593, 'sales_send_order_emails', 'missed', 'Cron Job sales_send_order_emails is missed at 2020-09-24 09:54:00', '2020-09-24 09:45:02', '2020-09-24 09:54:00', NULL, NULL),
(1320594, 'sales_send_order_emails', 'missed', 'Cron Job sales_send_order_emails is missed at 2020-09-24 09:55:00', '2020-09-24 09:45:02', '2020-09-24 09:55:00', NULL, NULL),
(1320595, 'sales_send_order_emails', 'missed', 'Cron Job sales_send_order_emails is missed at 2020-09-24 09:56:00', '2020-09-24 09:45:02', '2020-09-24 09:56:00', NULL, NULL),
(1320596, 'sales_send_order_emails', 'missed', 'Cron Job sales_send_order_emails is missed at 2020-09-24 09:57:00', '2020-09-24 09:45:02', '2020-09-24 09:57:00', NULL, NULL),
(1320597, 'sales_send_order_emails', 'missed', 'Cron Job sales_send_order_emails is missed at 2020-09-24 09:58:00', '2020-09-24 09:45:02', '2020-09-24 09:58:00', NULL, NULL),
(1320598, 'sales_send_order_emails', 'missed', 'Cron Job sales_send_order_emails is missed at 2020-09-24 09:59:00', '2020-09-24 09:45:02', '2020-09-24 09:59:00', NULL, NULL),
(1320599, 'sales_send_order_emails', 'missed', 'Cron Job sales_send_order_emails is missed at 2020-09-24 10:00:00', '2020-09-24 09:45:02', '2020-09-24 10:00:00', NULL, NULL),
(1320600, 'sales_send_order_emails', 'success', NULL, '2020-09-24 09:45:02', '2020-09-24 10:01:00', '2020-09-24 10:15:03', '2020-09-24 10:15:03'),
(1320601, 'sales_send_order_emails', 'missed', 'Cron Job sales_send_order_emails is missed at 2020-09-24 10:02:00', '2020-09-24 09:45:02', '2020-09-24 10:02:00', NULL, NULL),
(1320602, 'sales_send_order_emails', 'missed', 'Cron Job sales_send_order_emails is missed at 2020-09-24 10:03:00', '2020-09-24 09:45:02', '2020-09-24 10:03:00', NULL, NULL),
(1320603, 'sales_send_order_emails', 'missed', 'Cron Job sales_send_order_emails is missed at 2020-09-24 10:04:00', '2020-09-24 09:45:02', '2020-09-24 10:04:00', NULL, NULL),
(1320604, 'sales_send_order_invoice_emails', 'missed', 'Cron Job sales_send_order_invoice_emails is missed at 2020-09-24 09:50:00', '2020-09-24 09:45:02', '2020-09-24 09:50:00', NULL, NULL),
(1320605, 'sales_send_order_invoice_emails', 'missed', 'Cron Job sales_send_order_invoice_emails is missed at 2020-09-24 09:51:00', '2020-09-24 09:45:02', '2020-09-24 09:51:00', NULL, NULL),
(1320606, 'sales_send_order_invoice_emails', 'missed', 'Cron Job sales_send_order_invoice_emails is missed at 2020-09-24 09:52:00', '2020-09-24 09:45:02', '2020-09-24 09:52:00', NULL, NULL),
(1320607, 'sales_send_order_invoice_emails', 'missed', 'Cron Job sales_send_order_invoice_emails is missed at 2020-09-24 09:53:00', '2020-09-24 09:45:02', '2020-09-24 09:53:00', NULL, NULL),
(1320608, 'sales_send_order_invoice_emails', 'missed', 'Cron Job sales_send_order_invoice_emails is missed at 2020-09-24 09:54:00', '2020-09-24 09:45:02', '2020-09-24 09:54:00', NULL, NULL),
(1320609, 'sales_send_order_invoice_emails', 'missed', 'Cron Job sales_send_order_invoice_emails is missed at 2020-09-24 09:55:00', '2020-09-24 09:45:02', '2020-09-24 09:55:00', NULL, NULL),
(1320610, 'sales_send_order_invoice_emails', 'missed', 'Cron Job sales_send_order_invoice_emails is missed at 2020-09-24 09:56:00', '2020-09-24 09:45:02', '2020-09-24 09:56:00', NULL, NULL),
(1320611, 'sales_send_order_invoice_emails', 'missed', 'Cron Job sales_send_order_invoice_emails is missed at 2020-09-24 09:57:00', '2020-09-24 09:45:02', '2020-09-24 09:57:00', NULL, NULL),
(1320612, 'sales_send_order_invoice_emails', 'missed', 'Cron Job sales_send_order_invoice_emails is missed at 2020-09-24 09:58:00', '2020-09-24 09:45:02', '2020-09-24 09:58:00', NULL, NULL),
(1320613, 'sales_send_order_invoice_emails', 'missed', 'Cron Job sales_send_order_invoice_emails is missed at 2020-09-24 09:59:00', '2020-09-24 09:45:02', '2020-09-24 09:59:00', NULL, NULL),
(1320614, 'sales_send_order_invoice_emails', 'missed', 'Cron Job sales_send_order_invoice_emails is missed at 2020-09-24 10:00:00', '2020-09-24 09:45:02', '2020-09-24 10:00:00', NULL, NULL),
(1320615, 'sales_send_order_invoice_emails', 'success', NULL, '2020-09-24 09:45:02', '2020-09-24 10:01:00', '2020-09-24 10:15:03', '2020-09-24 10:15:03'),
(1320616, 'sales_send_order_invoice_emails', 'missed', 'Cron Job sales_send_order_invoice_emails is missed at 2020-09-24 10:02:00', '2020-09-24 09:45:02', '2020-09-24 10:02:00', NULL, NULL),
(1320617, 'sales_send_order_invoice_emails', 'missed', 'Cron Job sales_send_order_invoice_emails is missed at 2020-09-24 10:03:00', '2020-09-24 09:45:02', '2020-09-24 10:03:00', NULL, NULL),
(1320618, 'sales_send_order_invoice_emails', 'missed', 'Cron Job sales_send_order_invoice_emails is missed at 2020-09-24 10:04:00', '2020-09-24 09:45:02', '2020-09-24 10:04:00', NULL, NULL),
(1320619, 'sales_send_order_shipment_emails', 'missed', 'Cron Job sales_send_order_shipment_emails is missed at 2020-09-24 09:50:00', '2020-09-24 09:45:02', '2020-09-24 09:50:00', NULL, NULL),
(1320620, 'sales_send_order_shipment_emails', 'missed', 'Cron Job sales_send_order_shipment_emails is missed at 2020-09-24 09:51:00', '2020-09-24 09:45:02', '2020-09-24 09:51:00', NULL, NULL),
(1320621, 'sales_send_order_shipment_emails', 'missed', 'Cron Job sales_send_order_shipment_emails is missed at 2020-09-24 09:52:00', '2020-09-24 09:45:02', '2020-09-24 09:52:00', NULL, NULL),
(1320622, 'sales_send_order_shipment_emails', 'missed', 'Cron Job sales_send_order_shipment_emails is missed at 2020-09-24 09:53:00', '2020-09-24 09:45:02', '2020-09-24 09:53:00', NULL, NULL),
(1320623, 'sales_send_order_shipment_emails', 'missed', 'Cron Job sales_send_order_shipment_emails is missed at 2020-09-24 09:54:00', '2020-09-24 09:45:02', '2020-09-24 09:54:00', NULL, NULL),
(1320624, 'sales_send_order_shipment_emails', 'missed', 'Cron Job sales_send_order_shipment_emails is missed at 2020-09-24 09:55:00', '2020-09-24 09:45:02', '2020-09-24 09:55:00', NULL, NULL),
(1320625, 'sales_send_order_shipment_emails', 'missed', 'Cron Job sales_send_order_shipment_emails is missed at 2020-09-24 09:56:00', '2020-09-24 09:45:02', '2020-09-24 09:56:00', NULL, NULL),
(1320626, 'sales_send_order_shipment_emails', 'missed', 'Cron Job sales_send_order_shipment_emails is missed at 2020-09-24 09:57:00', '2020-09-24 09:45:02', '2020-09-24 09:57:00', NULL, NULL),
(1320627, 'sales_send_order_shipment_emails', 'missed', 'Cron Job sales_send_order_shipment_emails is missed at 2020-09-24 09:58:00', '2020-09-24 09:45:02', '2020-09-24 09:58:00', NULL, NULL),
(1320628, 'sales_send_order_shipment_emails', 'missed', 'Cron Job sales_send_order_shipment_emails is missed at 2020-09-24 09:59:00', '2020-09-24 09:45:02', '2020-09-24 09:59:00', NULL, NULL),
(1320629, 'sales_send_order_shipment_emails', 'missed', 'Cron Job sales_send_order_shipment_emails is missed at 2020-09-24 10:00:00', '2020-09-24 09:45:02', '2020-09-24 10:00:00', NULL, NULL),
(1320630, 'sales_send_order_shipment_emails', 'success', NULL, '2020-09-24 09:45:02', '2020-09-24 10:01:00', '2020-09-24 10:15:03', '2020-09-24 10:15:03'),
(1320631, 'sales_send_order_shipment_emails', 'missed', 'Cron Job sales_send_order_shipment_emails is missed at 2020-09-24 10:02:00', '2020-09-24 09:45:02', '2020-09-24 10:02:00', NULL, NULL),
(1320632, 'sales_send_order_shipment_emails', 'missed', 'Cron Job sales_send_order_shipment_emails is missed at 2020-09-24 10:03:00', '2020-09-24 09:45:02', '2020-09-24 10:03:00', NULL, NULL),
(1320633, 'sales_send_order_shipment_emails', 'missed', 'Cron Job sales_send_order_shipment_emails is missed at 2020-09-24 10:04:00', '2020-09-24 09:45:02', '2020-09-24 10:04:00', NULL, NULL),
(1320634, 'sales_send_order_creditmemo_emails', 'missed', 'Cron Job sales_send_order_creditmemo_emails is missed at 2020-09-24 09:50:00', '2020-09-24 09:45:02', '2020-09-24 09:50:00', NULL, NULL),
(1320635, 'sales_send_order_creditmemo_emails', 'missed', 'Cron Job sales_send_order_creditmemo_emails is missed at 2020-09-24 09:51:00', '2020-09-24 09:45:02', '2020-09-24 09:51:00', NULL, NULL),
(1320636, 'sales_send_order_creditmemo_emails', 'missed', 'Cron Job sales_send_order_creditmemo_emails is missed at 2020-09-24 09:52:00', '2020-09-24 09:45:02', '2020-09-24 09:52:00', NULL, NULL),
(1320637, 'sales_send_order_creditmemo_emails', 'missed', 'Cron Job sales_send_order_creditmemo_emails is missed at 2020-09-24 09:53:00', '2020-09-24 09:45:02', '2020-09-24 09:53:00', NULL, NULL),
(1320638, 'sales_send_order_creditmemo_emails', 'missed', 'Cron Job sales_send_order_creditmemo_emails is missed at 2020-09-24 09:54:00', '2020-09-24 09:45:02', '2020-09-24 09:54:00', NULL, NULL),
(1320639, 'sales_send_order_creditmemo_emails', 'missed', 'Cron Job sales_send_order_creditmemo_emails is missed at 2020-09-24 09:55:00', '2020-09-24 09:45:02', '2020-09-24 09:55:00', NULL, NULL),
(1320640, 'sales_send_order_creditmemo_emails', 'missed', 'Cron Job sales_send_order_creditmemo_emails is missed at 2020-09-24 09:56:00', '2020-09-24 09:45:02', '2020-09-24 09:56:00', NULL, NULL),
(1320641, 'sales_send_order_creditmemo_emails', 'missed', 'Cron Job sales_send_order_creditmemo_emails is missed at 2020-09-24 09:57:00', '2020-09-24 09:45:02', '2020-09-24 09:57:00', NULL, NULL),
(1320642, 'sales_send_order_creditmemo_emails', 'missed', 'Cron Job sales_send_order_creditmemo_emails is missed at 2020-09-24 09:58:00', '2020-09-24 09:45:02', '2020-09-24 09:58:00', NULL, NULL),
(1320643, 'sales_send_order_creditmemo_emails', 'missed', 'Cron Job sales_send_order_creditmemo_emails is missed at 2020-09-24 09:59:00', '2020-09-24 09:45:02', '2020-09-24 09:59:00', NULL, NULL),
(1320644, 'sales_send_order_creditmemo_emails', 'missed', 'Cron Job sales_send_order_creditmemo_emails is missed at 2020-09-24 10:00:00', '2020-09-24 09:45:02', '2020-09-24 10:00:00', NULL, NULL),
(1320645, 'sales_send_order_creditmemo_emails', 'success', NULL, '2020-09-24 09:45:02', '2020-09-24 10:01:00', '2020-09-24 10:15:03', '2020-09-24 10:15:03'),
(1320646, 'sales_send_order_creditmemo_emails', 'missed', 'Cron Job sales_send_order_creditmemo_emails is missed at 2020-09-24 10:02:00', '2020-09-24 09:45:02', '2020-09-24 10:02:00', NULL, NULL),
(1320647, 'sales_send_order_creditmemo_emails', 'missed', 'Cron Job sales_send_order_creditmemo_emails is missed at 2020-09-24 10:03:00', '2020-09-24 09:45:02', '2020-09-24 10:03:00', NULL, NULL),
(1320648, 'sales_send_order_creditmemo_emails', 'missed', 'Cron Job sales_send_order_creditmemo_emails is missed at 2020-09-24 10:04:00', '2020-09-24 09:45:02', '2020-09-24 10:04:00', NULL, NULL),
(1320649, 'captcha_delete_old_attempts', 'success', NULL, '2020-09-24 09:45:02', '2020-09-24 10:00:00', '2020-09-24 10:00:05', '2020-09-24 10:00:05'),
(1320650, 'captcha_delete_expired_images', 'success', NULL, '2020-09-24 09:45:02', '2020-09-24 09:50:00', '2020-09-24 10:00:05', '2020-09-24 10:00:05'),
(1320651, 'captcha_delete_expired_images', 'missed', 'Cron Job captcha_delete_expired_images is missed at 2020-09-24 10:00:00', '2020-09-24 09:45:02', '2020-09-24 10:00:00', NULL, NULL),
(1320652, 'outdated_authentication_failures_cleanup', 'missed', 'Cron Job outdated_authentication_failures_cleanup is missed at 2020-09-24 09:50:00', '2020-09-24 09:45:02', '2020-09-24 09:50:00', NULL, NULL),
(1320653, 'outdated_authentication_failures_cleanup', 'missed', 'Cron Job outdated_authentication_failures_cleanup is missed at 2020-09-24 09:51:00', '2020-09-24 09:45:02', '2020-09-24 09:51:00', NULL, NULL),
(1320654, 'outdated_authentication_failures_cleanup', 'missed', 'Cron Job outdated_authentication_failures_cleanup is missed at 2020-09-24 09:52:00', '2020-09-24 09:45:02', '2020-09-24 09:52:00', NULL, NULL),
(1320655, 'outdated_authentication_failures_cleanup', 'missed', 'Cron Job outdated_authentication_failures_cleanup is missed at 2020-09-24 09:53:00', '2020-09-24 09:45:02', '2020-09-24 09:53:00', NULL, NULL),
(1320656, 'outdated_authentication_failures_cleanup', 'missed', 'Cron Job outdated_authentication_failures_cleanup is missed at 2020-09-24 09:54:00', '2020-09-24 09:45:02', '2020-09-24 09:54:00', NULL, NULL),
(1320657, 'outdated_authentication_failures_cleanup', 'missed', 'Cron Job outdated_authentication_failures_cleanup is missed at 2020-09-24 09:55:00', '2020-09-24 09:45:02', '2020-09-24 09:55:00', NULL, NULL),
(1320658, 'outdated_authentication_failures_cleanup', 'missed', 'Cron Job outdated_authentication_failures_cleanup is missed at 2020-09-24 09:56:00', '2020-09-24 09:45:02', '2020-09-24 09:56:00', NULL, NULL),
(1320659, 'outdated_authentication_failures_cleanup', 'missed', 'Cron Job outdated_authentication_failures_cleanup is missed at 2020-09-24 09:57:00', '2020-09-24 09:45:02', '2020-09-24 09:57:00', NULL, NULL),
(1320660, 'outdated_authentication_failures_cleanup', 'missed', 'Cron Job outdated_authentication_failures_cleanup is missed at 2020-09-24 09:58:00', '2020-09-24 09:45:02', '2020-09-24 09:58:00', NULL, NULL),
(1320661, 'outdated_authentication_failures_cleanup', 'missed', 'Cron Job outdated_authentication_failures_cleanup is missed at 2020-09-24 09:59:00', '2020-09-24 09:45:02', '2020-09-24 09:59:00', NULL, NULL),
(1320662, 'outdated_authentication_failures_cleanup', 'missed', 'Cron Job outdated_authentication_failures_cleanup is missed at 2020-09-24 10:00:00', '2020-09-24 09:45:02', '2020-09-24 10:00:00', NULL, NULL),
(1320663, 'outdated_authentication_failures_cleanup', 'success', NULL, '2020-09-24 09:45:02', '2020-09-24 10:01:00', '2020-09-24 10:15:04', '2020-09-24 10:15:04'),
(1320664, 'outdated_authentication_failures_cleanup', 'missed', 'Cron Job outdated_authentication_failures_cleanup is missed at 2020-09-24 10:02:00', '2020-09-24 09:45:02', '2020-09-24 10:02:00', NULL, NULL),
(1320665, 'outdated_authentication_failures_cleanup', 'missed', 'Cron Job outdated_authentication_failures_cleanup is missed at 2020-09-24 10:03:00', '2020-09-24 09:45:02', '2020-09-24 10:03:00', NULL, NULL),
(1320666, 'outdated_authentication_failures_cleanup', 'missed', 'Cron Job outdated_authentication_failures_cleanup is missed at 2020-09-24 10:04:00', '2020-09-24 09:45:02', '2020-09-24 10:04:00', NULL, NULL),
(1320667, 'expired_tokens_cleanup', 'success', NULL, '2020-09-24 09:45:02', '2020-09-24 10:00:00', '2020-09-24 10:00:05', '2020-09-24 10:00:05'),
(1320668, 'bulk_cleanup', 'missed', 'Cron Job bulk_cleanup is missed at 2020-09-24 09:50:00', '2020-09-24 09:45:02', '2020-09-24 09:50:00', NULL, NULL),
(1320669, 'bulk_cleanup', 'missed', 'Cron Job bulk_cleanup is missed at 2020-09-24 09:51:00', '2020-09-24 09:45:02', '2020-09-24 09:51:00', NULL, NULL),
(1320670, 'bulk_cleanup', 'missed', 'Cron Job bulk_cleanup is missed at 2020-09-24 09:52:00', '2020-09-24 09:45:02', '2020-09-24 09:52:00', NULL, NULL),
(1320671, 'bulk_cleanup', 'missed', 'Cron Job bulk_cleanup is missed at 2020-09-24 09:53:00', '2020-09-24 09:45:02', '2020-09-24 09:53:00', NULL, NULL),
(1320672, 'bulk_cleanup', 'missed', 'Cron Job bulk_cleanup is missed at 2020-09-24 09:54:00', '2020-09-24 09:45:02', '2020-09-24 09:54:00', NULL, NULL),
(1320673, 'bulk_cleanup', 'missed', 'Cron Job bulk_cleanup is missed at 2020-09-24 09:55:00', '2020-09-24 09:45:02', '2020-09-24 09:55:00', NULL, NULL),
(1320674, 'bulk_cleanup', 'missed', 'Cron Job bulk_cleanup is missed at 2020-09-24 09:56:00', '2020-09-24 09:45:02', '2020-09-24 09:56:00', NULL, NULL),
(1320675, 'bulk_cleanup', 'missed', 'Cron Job bulk_cleanup is missed at 2020-09-24 09:57:00', '2020-09-24 09:45:02', '2020-09-24 09:57:00', NULL, NULL),
(1320676, 'bulk_cleanup', 'missed', 'Cron Job bulk_cleanup is missed at 2020-09-24 09:58:00', '2020-09-24 09:45:02', '2020-09-24 09:58:00', NULL, NULL),
(1320677, 'bulk_cleanup', 'missed', 'Cron Job bulk_cleanup is missed at 2020-09-24 09:59:00', '2020-09-24 09:45:02', '2020-09-24 09:59:00', NULL, NULL),
(1320678, 'bulk_cleanup', 'missed', 'Cron Job bulk_cleanup is missed at 2020-09-24 10:00:00', '2020-09-24 09:45:02', '2020-09-24 10:00:00', NULL, NULL),
(1320679, 'bulk_cleanup', 'success', NULL, '2020-09-24 09:45:02', '2020-09-24 10:01:00', '2020-09-24 10:15:04', '2020-09-24 10:15:04'),
(1320680, 'bulk_cleanup', 'missed', 'Cron Job bulk_cleanup is missed at 2020-09-24 10:02:00', '2020-09-24 09:45:02', '2020-09-24 10:02:00', NULL, NULL),
(1320681, 'bulk_cleanup', 'missed', 'Cron Job bulk_cleanup is missed at 2020-09-24 10:03:00', '2020-09-24 09:45:02', '2020-09-24 10:03:00', NULL, NULL),
(1320682, 'bulk_cleanup', 'missed', 'Cron Job bulk_cleanup is missed at 2020-09-24 10:04:00', '2020-09-24 09:45:02', '2020-09-24 10:04:00', NULL, NULL),
(1320683, 'messagequeue_clean_outdated_locks', 'success', NULL, '2020-09-24 09:45:02', '2020-09-24 10:00:00', '2020-09-24 10:00:05', '2020-09-24 10:00:05'),
(1320684, 'ddg_automation_customer_subscriber_guest_sync', 'success', NULL, '2020-09-24 09:45:02', '2020-09-24 09:45:00', '2020-09-24 09:45:02', '2020-09-24 09:45:02'),
(1320685, 'magento_newrelicreporting_cron', 'missed', 'Cron Job magento_newrelicreporting_cron is missed at 2020-09-24 09:50:00', '2020-09-24 09:45:02', '2020-09-24 09:50:00', NULL, NULL),
(1320686, 'magento_newrelicreporting_cron', 'missed', 'Cron Job magento_newrelicreporting_cron is missed at 2020-09-24 09:52:00', '2020-09-24 09:45:02', '2020-09-24 09:52:00', NULL, NULL),
(1320687, 'ddg_automation_importer', 'success', NULL, '2020-09-24 09:45:02', '2020-09-24 09:45:00', '2020-09-24 09:45:02', '2020-09-24 09:45:02'),
(1320688, 'magento_newrelicreporting_cron', 'missed', 'Cron Job magento_newrelicreporting_cron is missed at 2020-09-24 09:54:00', '2020-09-24 09:45:02', '2020-09-24 09:54:00', NULL, NULL),
(1320689, 'ddg_automation_status', 'success', NULL, '2020-09-24 09:45:02', '2020-09-24 09:45:00', '2020-09-24 09:45:02', '2020-09-24 09:45:02'),
(1320690, 'magento_newrelicreporting_cron', 'missed', 'Cron Job magento_newrelicreporting_cron is missed at 2020-09-24 09:56:00', '2020-09-24 09:45:02', '2020-09-24 09:56:00', NULL, NULL),
(1320691, 'ddg_automation_abandonedcarts', 'success', NULL, '2020-09-24 09:45:02', '2020-09-24 09:45:00', '2020-09-24 09:45:02', '2020-09-24 09:45:02'),
(1320692, 'magento_newrelicreporting_cron', 'missed', 'Cron Job magento_newrelicreporting_cron is missed at 2020-09-24 09:58:00', '2020-09-24 09:45:02', '2020-09-24 09:58:00', NULL, NULL),
(1320693, 'ddg_automation_reviews_and_wishlist', 'success', NULL, '2020-09-24 09:45:02', '2020-09-24 09:45:00', '2020-09-24 09:45:02', '2020-09-24 09:45:02'),
(1320694, 'magento_newrelicreporting_cron', 'missed', 'Cron Job magento_newrelicreporting_cron is missed at 2020-09-24 10:00:00', '2020-09-24 09:45:02', '2020-09-24 10:00:00', NULL, NULL),
(1320695, 'ddg_automation_campaign', 'success', NULL, '2020-09-24 09:45:02', '2020-09-24 09:45:00', '2020-09-24 09:45:02', '2020-09-24 09:45:02'),
(1320696, 'magento_newrelicreporting_cron', 'success', NULL, '2020-09-24 09:45:02', '2020-09-24 10:02:00', '2020-09-24 10:15:04', '2020-09-24 10:15:04'),
(1320697, 'ddg_automation_order_sync', 'success', NULL, '2020-09-24 09:45:02', '2020-09-24 09:45:00', '2020-09-24 09:45:02', '2020-09-24 09:45:02'),
(1320698, 'magento_newrelicreporting_cron', 'missed', 'Cron Job magento_newrelicreporting_cron is missed at 2020-09-24 10:04:00', '2020-09-24 09:45:02', '2020-09-24 10:04:00', NULL, NULL),
(1320699, 'ddg_automation_catalog_sync', 'success', NULL, '2020-09-24 09:45:02', '2020-09-24 09:45:00', '2020-09-24 09:45:02', '2020-09-24 09:45:02'),
(1320700, 'newsletter_send_all', 'success', NULL, '2020-09-24 09:45:02', '2020-09-24 09:50:00', '2020-09-24 10:00:05', '2020-09-24 10:00:05'),
(1320701, 'newsletter_send_all', 'missed', 'Cron Job newsletter_send_all is missed at 2020-09-24 09:55:00', '2020-09-24 09:45:02', '2020-09-24 09:55:00', NULL, NULL),
(1320702, 'newsletter_send_all', 'missed', 'Cron Job newsletter_send_all is missed at 2020-09-24 10:00:00', '2020-09-24 09:45:02', '2020-09-24 10:00:00', NULL, NULL),
(1320703, 'get_amazon_capture_updates', 'success', NULL, '2020-09-24 09:45:02', '2020-09-24 09:50:00', '2020-09-24 10:00:06', '2020-09-24 10:00:06'),
(1320704, 'get_amazon_capture_updates', 'missed', 'Cron Job get_amazon_capture_updates is missed at 2020-09-24 09:55:00', '2020-09-24 09:45:02', '2020-09-24 09:55:00', NULL, NULL),
(1320705, 'get_amazon_capture_updates', 'missed', 'Cron Job get_amazon_capture_updates is missed at 2020-09-24 10:00:00', '2020-09-24 09:45:02', '2020-09-24 10:00:00', NULL, NULL),
(1320706, 'get_amazon_authorization_updates', 'success', NULL, '2020-09-24 09:45:02', '2020-09-24 09:50:00', '2020-09-24 10:00:06', '2020-09-24 10:00:06'),
(1320707, 'get_amazon_authorization_updates', 'missed', 'Cron Job get_amazon_authorization_updates is missed at 2020-09-24 09:55:00', '2020-09-24 09:45:02', '2020-09-24 09:55:00', NULL, NULL),
(1320708, 'ngenius_order_update', 'success', NULL, '2020-09-24 09:45:02', '2020-09-24 09:45:00', '2020-09-24 09:45:02', '2020-09-24 09:45:02'),
(1320709, 'get_amazon_authorization_updates', 'missed', 'Cron Job get_amazon_authorization_updates is missed at 2020-09-24 10:00:00', '2020-09-24 09:45:02', '2020-09-24 10:00:00', NULL, NULL),
(1320710, 'amazon_payments_process_queued_refunds', 'success', NULL, '2020-09-24 09:45:02', '2020-09-24 09:50:00', '2020-09-24 10:00:06', '2020-09-24 10:00:06'),
(1320711, 'amazon_payments_process_queued_refunds', 'missed', 'Cron Job amazon_payments_process_queued_refunds is missed at 2020-09-24 09:55:00', '2020-09-24 09:45:02', '2020-09-24 09:55:00', NULL, NULL),
(1320712, 'amazon_payments_process_queued_refunds', 'missed', 'Cron Job amazon_payments_process_queued_refunds is missed at 2020-09-24 10:00:00', '2020-09-24 09:45:02', '2020-09-24 10:00:00', NULL, NULL),
(1320713, 'temando_process_platform_events', 'success', NULL, '2020-09-24 09:45:02', '2020-09-24 10:00:00', '2020-09-24 10:00:06', '2020-09-24 10:00:06'),
(1320714, 'consumers_runner', 'missed', 'Cron Job consumers_runner is missed at 2020-09-24 09:50:00', '2020-09-24 09:45:02', '2020-09-24 09:50:00', NULL, NULL),
(1320715, 'consumers_runner', 'missed', 'Cron Job consumers_runner is missed at 2020-09-24 09:51:00', '2020-09-24 09:45:02', '2020-09-24 09:51:00', NULL, NULL),
(1320716, 'consumers_runner', 'missed', 'Cron Job consumers_runner is missed at 2020-09-24 09:52:00', '2020-09-24 09:45:02', '2020-09-24 09:52:00', NULL, NULL),
(1320717, 'consumers_runner', 'missed', 'Cron Job consumers_runner is missed at 2020-09-24 09:53:00', '2020-09-24 09:45:02', '2020-09-24 09:53:00', NULL, NULL),
(1320718, 'consumers_runner', 'missed', 'Cron Job consumers_runner is missed at 2020-09-24 09:54:00', '2020-09-24 09:45:02', '2020-09-24 09:54:00', NULL, NULL),
(1320719, 'consumers_runner', 'missed', 'Cron Job consumers_runner is missed at 2020-09-24 09:55:00', '2020-09-24 09:45:02', '2020-09-24 09:55:00', NULL, NULL),
(1320720, 'consumers_runner', 'missed', 'Cron Job consumers_runner is missed at 2020-09-24 09:56:00', '2020-09-24 09:45:02', '2020-09-24 09:56:00', NULL, NULL),
(1320721, 'consumers_runner', 'missed', 'Cron Job consumers_runner is missed at 2020-09-24 09:57:00', '2020-09-24 09:45:02', '2020-09-24 09:57:00', NULL, NULL),
(1320722, 'consumers_runner', 'missed', 'Cron Job consumers_runner is missed at 2020-09-24 09:58:00', '2020-09-24 09:45:02', '2020-09-24 09:58:00', NULL, NULL),
(1320723, 'consumers_runner', 'missed', 'Cron Job consumers_runner is missed at 2020-09-24 09:59:00', '2020-09-24 09:45:02', '2020-09-24 09:59:00', NULL, NULL),
(1320724, 'consumers_runner', 'missed', 'Cron Job consumers_runner is missed at 2020-09-24 10:00:00', '2020-09-24 09:45:02', '2020-09-24 10:00:00', NULL, NULL),
(1320725, 'consumers_runner', 'success', NULL, '2020-09-24 09:45:02', '2020-09-24 10:01:00', '2020-09-24 10:15:01', '2020-09-24 10:15:01'),
(1320726, 'consumers_runner', 'missed', 'Cron Job consumers_runner is missed at 2020-09-24 10:02:00', '2020-09-24 09:45:02', '2020-09-24 10:02:00', NULL, NULL),
(1320727, 'consumers_runner', 'missed', 'Cron Job consumers_runner is missed at 2020-09-24 10:03:00', '2020-09-24 09:45:02', '2020-09-24 10:03:00', NULL, NULL),
(1320728, 'consumers_runner', 'missed', 'Cron Job consumers_runner is missed at 2020-09-24 10:04:00', '2020-09-24 09:45:02', '2020-09-24 10:04:00', NULL, NULL),
(1320729, 'indexer_reindex_all_invalid', 'success', NULL, '2020-09-24 09:45:02', '2020-09-24 09:45:00', '2020-09-24 09:45:02', '2020-09-24 09:45:02'),
(1320730, 'indexer_reindex_all_invalid', 'missed', 'Cron Job indexer_reindex_all_invalid is missed at 2020-09-24 09:46:00', '2020-09-24 09:45:02', '2020-09-24 09:46:00', NULL, NULL),
(1320731, 'indexer_reindex_all_invalid', 'missed', 'Cron Job indexer_reindex_all_invalid is missed at 2020-09-24 09:47:00', '2020-09-24 09:45:02', '2020-09-24 09:47:00', NULL, NULL),
(1320732, 'indexer_reindex_all_invalid', 'missed', 'Cron Job indexer_reindex_all_invalid is missed at 2020-09-24 09:48:00', '2020-09-24 09:45:02', '2020-09-24 09:48:00', NULL, NULL),
(1320733, 'indexer_update_all_views', 'success', NULL, '2020-09-24 09:45:02', '2020-09-24 09:45:00', '2020-09-24 09:45:02', '2020-09-24 09:45:02'),
(1320734, 'indexer_update_all_views', 'missed', 'Cron Job indexer_update_all_views is missed at 2020-09-24 09:46:00', '2020-09-24 09:45:02', '2020-09-24 09:46:00', NULL, NULL),
(1320735, 'indexer_update_all_views', 'missed', 'Cron Job indexer_update_all_views is missed at 2020-09-24 09:47:00', '2020-09-24 09:45:02', '2020-09-24 09:47:00', NULL, NULL),
(1320736, 'indexer_update_all_views', 'missed', 'Cron Job indexer_update_all_views is missed at 2020-09-24 09:48:00', '2020-09-24 09:45:02', '2020-09-24 09:48:00', NULL, NULL),
(1320737, 'yotpo_yotpo_orders_sync', 'success', NULL, '2020-09-24 09:45:02', '2020-09-24 09:45:00', '2020-09-24 09:45:02', '2020-09-24 09:45:02'),
(1320738, 'yotpo_yotpo_orders_sync', 'missed', 'Cron Job yotpo_yotpo_orders_sync is missed at 2020-09-24 09:46:00', '2020-09-24 09:45:02', '2020-09-24 09:46:00', NULL, NULL),
(1320739, 'yotpo_yotpo_orders_sync', 'missed', 'Cron Job yotpo_yotpo_orders_sync is missed at 2020-09-24 09:47:00', '2020-09-24 09:45:02', '2020-09-24 09:47:00', NULL, NULL),
(1320740, 'yotpo_yotpo_orders_sync', 'missed', 'Cron Job yotpo_yotpo_orders_sync is missed at 2020-09-24 09:48:00', '2020-09-24 09:45:02', '2020-09-24 09:48:00', NULL, NULL),
(1320741, 'catalog_product_outdated_price_values_cleanup', 'missed', 'Cron Job catalog_product_outdated_price_values_cleanup is missed at 2020-09-24 10:05:00', '2020-09-24 10:00:02', '2020-09-24 10:05:00', NULL, NULL),
(1320742, 'catalog_product_outdated_price_values_cleanup', 'missed', 'Cron Job catalog_product_outdated_price_values_cleanup is missed at 2020-09-24 10:06:00', '2020-09-24 10:00:02', '2020-09-24 10:06:00', NULL, NULL),
(1320743, 'catalog_product_outdated_price_values_cleanup', 'missed', 'Cron Job catalog_product_outdated_price_values_cleanup is missed at 2020-09-24 10:07:00', '2020-09-24 10:00:02', '2020-09-24 10:07:00', NULL, NULL),
(1320744, 'catalog_product_outdated_price_values_cleanup', 'missed', 'Cron Job catalog_product_outdated_price_values_cleanup is missed at 2020-09-24 10:08:00', '2020-09-24 10:00:02', '2020-09-24 10:08:00', NULL, NULL),
(1320745, 'catalog_product_outdated_price_values_cleanup', 'missed', 'Cron Job catalog_product_outdated_price_values_cleanup is missed at 2020-09-24 10:09:00', '2020-09-24 10:00:02', '2020-09-24 10:09:00', NULL, NULL),
(1320746, 'catalog_product_outdated_price_values_cleanup', 'missed', 'Cron Job catalog_product_outdated_price_values_cleanup is missed at 2020-09-24 10:10:00', '2020-09-24 10:00:02', '2020-09-24 10:10:00', NULL, NULL),
(1320747, 'catalog_product_outdated_price_values_cleanup', 'missed', 'Cron Job catalog_product_outdated_price_values_cleanup is missed at 2020-09-24 10:11:00', '2020-09-24 10:00:02', '2020-09-24 10:11:00', NULL, NULL),
(1320748, 'catalog_product_outdated_price_values_cleanup', 'missed', 'Cron Job catalog_product_outdated_price_values_cleanup is missed at 2020-09-24 10:12:00', '2020-09-24 10:00:02', '2020-09-24 10:12:00', NULL, NULL),
(1320749, 'catalog_product_outdated_price_values_cleanup', 'missed', 'Cron Job catalog_product_outdated_price_values_cleanup is missed at 2020-09-24 10:13:00', '2020-09-24 10:00:02', '2020-09-24 10:13:00', NULL, NULL),
(1320750, 'catalog_product_outdated_price_values_cleanup', 'missed', 'Cron Job catalog_product_outdated_price_values_cleanup is missed at 2020-09-24 10:14:00', '2020-09-24 10:00:02', '2020-09-24 10:14:00', NULL, NULL),
(1320751, 'catalog_product_outdated_price_values_cleanup', 'missed', 'Cron Job catalog_product_outdated_price_values_cleanup is missed at 2020-09-24 10:15:00', '2020-09-24 10:00:02', '2020-09-24 10:15:00', NULL, NULL),
(1320752, 'catalog_product_outdated_price_values_cleanup', 'success', NULL, '2020-09-24 10:00:02', '2020-09-24 10:16:00', '2020-09-24 10:30:03', '2020-09-24 10:30:03'),
(1320753, 'catalog_product_outdated_price_values_cleanup', 'pending', NULL, '2020-09-24 10:00:02', '2020-09-24 10:17:00', NULL, NULL),
(1320754, 'catalog_product_outdated_price_values_cleanup', 'pending', NULL, '2020-09-24 10:00:02', '2020-09-24 10:18:00', NULL, NULL),
(1320755, 'catalog_product_outdated_price_values_cleanup', 'pending', NULL, '2020-09-24 10:00:02', '2020-09-24 10:19:00', NULL, NULL),
(1320756, 'catalog_product_frontend_actions_flush', 'missed', 'Cron Job catalog_product_frontend_actions_flush is missed at 2020-09-24 10:05:00', '2020-09-24 10:00:02', '2020-09-24 10:05:00', NULL, NULL),
(1320757, 'catalog_product_frontend_actions_flush', 'missed', 'Cron Job catalog_product_frontend_actions_flush is missed at 2020-09-24 10:06:00', '2020-09-24 10:00:02', '2020-09-24 10:06:00', NULL, NULL),
(1320758, 'catalog_product_frontend_actions_flush', 'missed', 'Cron Job catalog_product_frontend_actions_flush is missed at 2020-09-24 10:07:00', '2020-09-24 10:00:02', '2020-09-24 10:07:00', NULL, NULL),
(1320759, 'catalog_product_frontend_actions_flush', 'missed', 'Cron Job catalog_product_frontend_actions_flush is missed at 2020-09-24 10:08:00', '2020-09-24 10:00:02', '2020-09-24 10:08:00', NULL, NULL),
(1320760, 'catalog_product_frontend_actions_flush', 'missed', 'Cron Job catalog_product_frontend_actions_flush is missed at 2020-09-24 10:09:00', '2020-09-24 10:00:02', '2020-09-24 10:09:00', NULL, NULL),
(1320761, 'catalog_product_frontend_actions_flush', 'missed', 'Cron Job catalog_product_frontend_actions_flush is missed at 2020-09-24 10:10:00', '2020-09-24 10:00:02', '2020-09-24 10:10:00', NULL, NULL),
(1320762, 'catalog_product_frontend_actions_flush', 'missed', 'Cron Job catalog_product_frontend_actions_flush is missed at 2020-09-24 10:11:00', '2020-09-24 10:00:02', '2020-09-24 10:11:00', NULL, NULL),
(1320763, 'catalog_product_frontend_actions_flush', 'missed', 'Cron Job catalog_product_frontend_actions_flush is missed at 2020-09-24 10:12:00', '2020-09-24 10:00:02', '2020-09-24 10:12:00', NULL, NULL),
(1320764, 'catalog_product_frontend_actions_flush', 'missed', 'Cron Job catalog_product_frontend_actions_flush is missed at 2020-09-24 10:13:00', '2020-09-24 10:00:02', '2020-09-24 10:13:00', NULL, NULL),
(1320765, 'catalog_product_frontend_actions_flush', 'missed', 'Cron Job catalog_product_frontend_actions_flush is missed at 2020-09-24 10:14:00', '2020-09-24 10:00:02', '2020-09-24 10:14:00', NULL, NULL),
(1320766, 'catalog_product_frontend_actions_flush', 'missed', 'Cron Job catalog_product_frontend_actions_flush is missed at 2020-09-24 10:15:00', '2020-09-24 10:00:02', '2020-09-24 10:15:00', NULL, NULL),
(1320767, 'catalog_product_frontend_actions_flush', 'success', NULL, '2020-09-24 10:00:02', '2020-09-24 10:16:00', '2020-09-24 10:30:03', '2020-09-24 10:30:03'),
(1320768, 'catalog_product_frontend_actions_flush', 'pending', NULL, '2020-09-24 10:00:02', '2020-09-24 10:17:00', NULL, NULL),
(1320769, 'catalog_product_frontend_actions_flush', 'pending', NULL, '2020-09-24 10:00:02', '2020-09-24 10:18:00', NULL, NULL),
(1320770, 'catalog_product_frontend_actions_flush', 'pending', NULL, '2020-09-24 10:00:02', '2020-09-24 10:19:00', NULL, NULL),
(1320771, 'catalog_product_attribute_value_synchronize', 'success', NULL, '2020-09-24 10:00:02', '2020-09-24 10:05:00', '2020-09-24 10:15:04', '2020-09-24 10:15:04'),
(1320772, 'catalog_product_attribute_value_synchronize', 'missed', 'Cron Job catalog_product_attribute_value_synchronize is missed at 2020-09-24 10:10:00', '2020-09-24 10:00:02', '2020-09-24 10:10:00', NULL, NULL),
(1320773, 'catalog_product_attribute_value_synchronize', 'missed', 'Cron Job catalog_product_attribute_value_synchronize is missed at 2020-09-24 10:15:00', '2020-09-24 10:00:02', '2020-09-24 10:15:00', NULL, NULL),
(1320774, 'sales_grid_order_async_insert', 'missed', 'Cron Job sales_grid_order_async_insert is missed at 2020-09-24 10:05:00', '2020-09-24 10:00:02', '2020-09-24 10:05:00', NULL, NULL),
(1320775, 'sales_grid_order_async_insert', 'missed', 'Cron Job sales_grid_order_async_insert is missed at 2020-09-24 10:06:00', '2020-09-24 10:00:02', '2020-09-24 10:06:00', NULL, NULL),
(1320776, 'sales_grid_order_async_insert', 'missed', 'Cron Job sales_grid_order_async_insert is missed at 2020-09-24 10:07:00', '2020-09-24 10:00:02', '2020-09-24 10:07:00', NULL, NULL),
(1320777, 'sales_grid_order_async_insert', 'missed', 'Cron Job sales_grid_order_async_insert is missed at 2020-09-24 10:08:00', '2020-09-24 10:00:02', '2020-09-24 10:08:00', NULL, NULL),
(1320778, 'sales_grid_order_async_insert', 'missed', 'Cron Job sales_grid_order_async_insert is missed at 2020-09-24 10:09:00', '2020-09-24 10:00:02', '2020-09-24 10:09:00', NULL, NULL),
(1320779, 'sales_grid_order_async_insert', 'missed', 'Cron Job sales_grid_order_async_insert is missed at 2020-09-24 10:10:00', '2020-09-24 10:00:02', '2020-09-24 10:10:00', NULL, NULL),
(1320780, 'sales_grid_order_async_insert', 'missed', 'Cron Job sales_grid_order_async_insert is missed at 2020-09-24 10:11:00', '2020-09-24 10:00:02', '2020-09-24 10:11:00', NULL, NULL),
(1320781, 'sales_grid_order_async_insert', 'missed', 'Cron Job sales_grid_order_async_insert is missed at 2020-09-24 10:12:00', '2020-09-24 10:00:02', '2020-09-24 10:12:00', NULL, NULL),
(1320782, 'sales_grid_order_async_insert', 'missed', 'Cron Job sales_grid_order_async_insert is missed at 2020-09-24 10:13:00', '2020-09-24 10:00:02', '2020-09-24 10:13:00', NULL, NULL),
(1320783, 'sales_grid_order_async_insert', 'missed', 'Cron Job sales_grid_order_async_insert is missed at 2020-09-24 10:14:00', '2020-09-24 10:00:02', '2020-09-24 10:14:00', NULL, NULL),
(1320784, 'sales_grid_order_async_insert', 'missed', 'Cron Job sales_grid_order_async_insert is missed at 2020-09-24 10:15:00', '2020-09-24 10:00:02', '2020-09-24 10:15:00', NULL, NULL),
(1320785, 'sales_grid_order_async_insert', 'success', NULL, '2020-09-24 10:00:02', '2020-09-24 10:16:00', '2020-09-24 10:30:03', '2020-09-24 10:30:03'),
(1320786, 'sales_grid_order_async_insert', 'pending', NULL, '2020-09-24 10:00:02', '2020-09-24 10:17:00', NULL, NULL),
(1320787, 'sales_grid_order_async_insert', 'pending', NULL, '2020-09-24 10:00:02', '2020-09-24 10:18:00', NULL, NULL),
(1320788, 'sales_grid_order_async_insert', 'pending', NULL, '2020-09-24 10:00:02', '2020-09-24 10:19:00', NULL, NULL),
(1320789, 'sales_grid_order_invoice_async_insert', 'missed', 'Cron Job sales_grid_order_invoice_async_insert is missed at 2020-09-24 10:05:00', '2020-09-24 10:00:02', '2020-09-24 10:05:00', NULL, NULL),
(1320790, 'sales_grid_order_invoice_async_insert', 'missed', 'Cron Job sales_grid_order_invoice_async_insert is missed at 2020-09-24 10:06:00', '2020-09-24 10:00:02', '2020-09-24 10:06:00', NULL, NULL),
(1320791, 'sales_grid_order_invoice_async_insert', 'missed', 'Cron Job sales_grid_order_invoice_async_insert is missed at 2020-09-24 10:07:00', '2020-09-24 10:00:02', '2020-09-24 10:07:00', NULL, NULL),
(1320792, 'sales_grid_order_invoice_async_insert', 'missed', 'Cron Job sales_grid_order_invoice_async_insert is missed at 2020-09-24 10:08:00', '2020-09-24 10:00:02', '2020-09-24 10:08:00', NULL, NULL),
(1320793, 'sales_grid_order_invoice_async_insert', 'missed', 'Cron Job sales_grid_order_invoice_async_insert is missed at 2020-09-24 10:09:00', '2020-09-24 10:00:02', '2020-09-24 10:09:00', NULL, NULL),
(1320794, 'sales_grid_order_invoice_async_insert', 'missed', 'Cron Job sales_grid_order_invoice_async_insert is missed at 2020-09-24 10:10:00', '2020-09-24 10:00:02', '2020-09-24 10:10:00', NULL, NULL),
(1320795, 'sales_grid_order_invoice_async_insert', 'missed', 'Cron Job sales_grid_order_invoice_async_insert is missed at 2020-09-24 10:11:00', '2020-09-24 10:00:02', '2020-09-24 10:11:00', NULL, NULL),
(1320796, 'sales_grid_order_invoice_async_insert', 'missed', 'Cron Job sales_grid_order_invoice_async_insert is missed at 2020-09-24 10:12:00', '2020-09-24 10:00:02', '2020-09-24 10:12:00', NULL, NULL),
(1320797, 'sales_grid_order_invoice_async_insert', 'missed', 'Cron Job sales_grid_order_invoice_async_insert is missed at 2020-09-24 10:13:00', '2020-09-24 10:00:02', '2020-09-24 10:13:00', NULL, NULL),
(1320798, 'sales_grid_order_invoice_async_insert', 'missed', 'Cron Job sales_grid_order_invoice_async_insert is missed at 2020-09-24 10:14:00', '2020-09-24 10:00:02', '2020-09-24 10:14:00', NULL, NULL),
(1320799, 'sales_grid_order_invoice_async_insert', 'missed', 'Cron Job sales_grid_order_invoice_async_insert is missed at 2020-09-24 10:15:00', '2020-09-24 10:00:02', '2020-09-24 10:15:00', NULL, NULL),
(1320800, 'sales_grid_order_invoice_async_insert', 'success', NULL, '2020-09-24 10:00:02', '2020-09-24 10:16:00', '2020-09-24 10:30:03', '2020-09-24 10:30:03'),
(1320801, 'sales_grid_order_invoice_async_insert', 'pending', NULL, '2020-09-24 10:00:02', '2020-09-24 10:17:00', NULL, NULL),
(1320802, 'sales_grid_order_invoice_async_insert', 'pending', NULL, '2020-09-24 10:00:02', '2020-09-24 10:18:00', NULL, NULL),
(1320803, 'sales_grid_order_invoice_async_insert', 'pending', NULL, '2020-09-24 10:00:02', '2020-09-24 10:19:00', NULL, NULL),
(1320804, 'sales_grid_order_shipment_async_insert', 'missed', 'Cron Job sales_grid_order_shipment_async_insert is missed at 2020-09-24 10:05:00', '2020-09-24 10:00:02', '2020-09-24 10:05:00', NULL, NULL),
(1320805, 'sales_grid_order_shipment_async_insert', 'missed', 'Cron Job sales_grid_order_shipment_async_insert is missed at 2020-09-24 10:06:00', '2020-09-24 10:00:02', '2020-09-24 10:06:00', NULL, NULL),
(1320806, 'sales_grid_order_shipment_async_insert', 'missed', 'Cron Job sales_grid_order_shipment_async_insert is missed at 2020-09-24 10:07:00', '2020-09-24 10:00:02', '2020-09-24 10:07:00', NULL, NULL),
(1320807, 'sales_grid_order_shipment_async_insert', 'missed', 'Cron Job sales_grid_order_shipment_async_insert is missed at 2020-09-24 10:08:00', '2020-09-24 10:00:02', '2020-09-24 10:08:00', NULL, NULL),
(1320808, 'sales_grid_order_shipment_async_insert', 'missed', 'Cron Job sales_grid_order_shipment_async_insert is missed at 2020-09-24 10:09:00', '2020-09-24 10:00:02', '2020-09-24 10:09:00', NULL, NULL),
(1320809, 'sales_grid_order_shipment_async_insert', 'missed', 'Cron Job sales_grid_order_shipment_async_insert is missed at 2020-09-24 10:10:00', '2020-09-24 10:00:02', '2020-09-24 10:10:00', NULL, NULL),
(1320810, 'sales_grid_order_shipment_async_insert', 'missed', 'Cron Job sales_grid_order_shipment_async_insert is missed at 2020-09-24 10:11:00', '2020-09-24 10:00:02', '2020-09-24 10:11:00', NULL, NULL),
(1320811, 'sales_grid_order_shipment_async_insert', 'missed', 'Cron Job sales_grid_order_shipment_async_insert is missed at 2020-09-24 10:12:00', '2020-09-24 10:00:02', '2020-09-24 10:12:00', NULL, NULL),
(1320812, 'sales_grid_order_shipment_async_insert', 'missed', 'Cron Job sales_grid_order_shipment_async_insert is missed at 2020-09-24 10:13:00', '2020-09-24 10:00:02', '2020-09-24 10:13:00', NULL, NULL),
(1320813, 'sales_grid_order_shipment_async_insert', 'missed', 'Cron Job sales_grid_order_shipment_async_insert is missed at 2020-09-24 10:14:00', '2020-09-24 10:00:02', '2020-09-24 10:14:00', NULL, NULL),
(1320814, 'sales_grid_order_shipment_async_insert', 'missed', 'Cron Job sales_grid_order_shipment_async_insert is missed at 2020-09-24 10:15:00', '2020-09-24 10:00:02', '2020-09-24 10:15:00', NULL, NULL),
(1320815, 'sales_grid_order_shipment_async_insert', 'success', NULL, '2020-09-24 10:00:02', '2020-09-24 10:16:00', '2020-09-24 10:30:03', '2020-09-24 10:30:03'),
(1320816, 'sales_grid_order_shipment_async_insert', 'pending', NULL, '2020-09-24 10:00:02', '2020-09-24 10:17:00', NULL, NULL),
(1320817, 'sales_grid_order_shipment_async_insert', 'pending', NULL, '2020-09-24 10:00:02', '2020-09-24 10:18:00', NULL, NULL),
(1320818, 'sales_grid_order_shipment_async_insert', 'pending', NULL, '2020-09-24 10:00:02', '2020-09-24 10:19:00', NULL, NULL),
(1320819, 'sales_grid_order_creditmemo_async_insert', 'missed', 'Cron Job sales_grid_order_creditmemo_async_insert is missed at 2020-09-24 10:05:00', '2020-09-24 10:00:02', '2020-09-24 10:05:00', NULL, NULL),
(1320820, 'sales_grid_order_creditmemo_async_insert', 'missed', 'Cron Job sales_grid_order_creditmemo_async_insert is missed at 2020-09-24 10:06:00', '2020-09-24 10:00:02', '2020-09-24 10:06:00', NULL, NULL),
(1320821, 'sales_grid_order_creditmemo_async_insert', 'missed', 'Cron Job sales_grid_order_creditmemo_async_insert is missed at 2020-09-24 10:07:00', '2020-09-24 10:00:02', '2020-09-24 10:07:00', NULL, NULL),
(1320822, 'sales_grid_order_creditmemo_async_insert', 'missed', 'Cron Job sales_grid_order_creditmemo_async_insert is missed at 2020-09-24 10:08:00', '2020-09-24 10:00:02', '2020-09-24 10:08:00', NULL, NULL),
(1320823, 'sales_grid_order_creditmemo_async_insert', 'missed', 'Cron Job sales_grid_order_creditmemo_async_insert is missed at 2020-09-24 10:09:00', '2020-09-24 10:00:02', '2020-09-24 10:09:00', NULL, NULL),
(1320824, 'sales_grid_order_creditmemo_async_insert', 'missed', 'Cron Job sales_grid_order_creditmemo_async_insert is missed at 2020-09-24 10:10:00', '2020-09-24 10:00:02', '2020-09-24 10:10:00', NULL, NULL),
(1320825, 'sales_grid_order_creditmemo_async_insert', 'missed', 'Cron Job sales_grid_order_creditmemo_async_insert is missed at 2020-09-24 10:11:00', '2020-09-24 10:00:02', '2020-09-24 10:11:00', NULL, NULL),
(1320826, 'sales_grid_order_creditmemo_async_insert', 'missed', 'Cron Job sales_grid_order_creditmemo_async_insert is missed at 2020-09-24 10:12:00', '2020-09-24 10:00:02', '2020-09-24 10:12:00', NULL, NULL),
(1320827, 'sales_grid_order_creditmemo_async_insert', 'missed', 'Cron Job sales_grid_order_creditmemo_async_insert is missed at 2020-09-24 10:13:00', '2020-09-24 10:00:02', '2020-09-24 10:13:00', NULL, NULL),
(1320828, 'sales_grid_order_creditmemo_async_insert', 'missed', 'Cron Job sales_grid_order_creditmemo_async_insert is missed at 2020-09-24 10:14:00', '2020-09-24 10:00:02', '2020-09-24 10:14:00', NULL, NULL),
(1320829, 'sales_grid_order_creditmemo_async_insert', 'missed', 'Cron Job sales_grid_order_creditmemo_async_insert is missed at 2020-09-24 10:15:00', '2020-09-24 10:00:02', '2020-09-24 10:15:00', NULL, NULL),
(1320830, 'sales_grid_order_creditmemo_async_insert', 'success', NULL, '2020-09-24 10:00:02', '2020-09-24 10:16:00', '2020-09-24 10:30:03', '2020-09-24 10:30:03'),
(1320831, 'sales_grid_order_creditmemo_async_insert', 'pending', NULL, '2020-09-24 10:00:02', '2020-09-24 10:17:00', NULL, NULL),
(1320832, 'sales_grid_order_creditmemo_async_insert', 'pending', NULL, '2020-09-24 10:00:02', '2020-09-24 10:18:00', NULL, NULL),
(1320833, 'sales_grid_order_creditmemo_async_insert', 'pending', NULL, '2020-09-24 10:00:02', '2020-09-24 10:19:00', NULL, NULL),
(1320834, 'sales_send_order_emails', 'missed', 'Cron Job sales_send_order_emails is missed at 2020-09-24 10:05:00', '2020-09-24 10:00:02', '2020-09-24 10:05:00', NULL, NULL),
(1320835, 'sales_send_order_emails', 'missed', 'Cron Job sales_send_order_emails is missed at 2020-09-24 10:06:00', '2020-09-24 10:00:02', '2020-09-24 10:06:00', NULL, NULL),
(1320836, 'sales_send_order_emails', 'missed', 'Cron Job sales_send_order_emails is missed at 2020-09-24 10:07:00', '2020-09-24 10:00:02', '2020-09-24 10:07:00', NULL, NULL),
(1320837, 'sales_send_order_emails', 'missed', 'Cron Job sales_send_order_emails is missed at 2020-09-24 10:08:00', '2020-09-24 10:00:02', '2020-09-24 10:08:00', NULL, NULL),
(1320838, 'sales_send_order_emails', 'missed', 'Cron Job sales_send_order_emails is missed at 2020-09-24 10:09:00', '2020-09-24 10:00:02', '2020-09-24 10:09:00', NULL, NULL),
(1320839, 'sales_send_order_emails', 'missed', 'Cron Job sales_send_order_emails is missed at 2020-09-24 10:10:00', '2020-09-24 10:00:02', '2020-09-24 10:10:00', NULL, NULL),
(1320840, 'sales_send_order_emails', 'missed', 'Cron Job sales_send_order_emails is missed at 2020-09-24 10:11:00', '2020-09-24 10:00:02', '2020-09-24 10:11:00', NULL, NULL),
(1320841, 'sales_send_order_emails', 'missed', 'Cron Job sales_send_order_emails is missed at 2020-09-24 10:12:00', '2020-09-24 10:00:02', '2020-09-24 10:12:00', NULL, NULL),
(1320842, 'sales_send_order_emails', 'missed', 'Cron Job sales_send_order_emails is missed at 2020-09-24 10:13:00', '2020-09-24 10:00:02', '2020-09-24 10:13:00', NULL, NULL),
(1320843, 'sales_send_order_emails', 'missed', 'Cron Job sales_send_order_emails is missed at 2020-09-24 10:14:00', '2020-09-24 10:00:02', '2020-09-24 10:14:00', NULL, NULL),
(1320844, 'sales_send_order_emails', 'missed', 'Cron Job sales_send_order_emails is missed at 2020-09-24 10:15:00', '2020-09-24 10:00:02', '2020-09-24 10:15:00', NULL, NULL),
(1320845, 'sales_send_order_emails', 'success', NULL, '2020-09-24 10:00:02', '2020-09-24 10:16:00', '2020-09-24 10:30:04', '2020-09-24 10:30:04'),
(1320846, 'sales_send_order_emails', 'pending', NULL, '2020-09-24 10:00:02', '2020-09-24 10:17:00', NULL, NULL),
(1320847, 'sales_send_order_emails', 'pending', NULL, '2020-09-24 10:00:02', '2020-09-24 10:18:00', NULL, NULL),
(1320848, 'sales_send_order_emails', 'pending', NULL, '2020-09-24 10:00:02', '2020-09-24 10:19:00', NULL, NULL),
(1320849, 'sales_send_order_invoice_emails', 'missed', 'Cron Job sales_send_order_invoice_emails is missed at 2020-09-24 10:05:00', '2020-09-24 10:00:02', '2020-09-24 10:05:00', NULL, NULL),
(1320850, 'sales_send_order_invoice_emails', 'missed', 'Cron Job sales_send_order_invoice_emails is missed at 2020-09-24 10:06:00', '2020-09-24 10:00:02', '2020-09-24 10:06:00', NULL, NULL),
(1320851, 'sales_send_order_invoice_emails', 'missed', 'Cron Job sales_send_order_invoice_emails is missed at 2020-09-24 10:07:00', '2020-09-24 10:00:02', '2020-09-24 10:07:00', NULL, NULL),
(1320852, 'sales_send_order_invoice_emails', 'missed', 'Cron Job sales_send_order_invoice_emails is missed at 2020-09-24 10:08:00', '2020-09-24 10:00:02', '2020-09-24 10:08:00', NULL, NULL),
(1320853, 'sales_send_order_invoice_emails', 'missed', 'Cron Job sales_send_order_invoice_emails is missed at 2020-09-24 10:09:00', '2020-09-24 10:00:02', '2020-09-24 10:09:00', NULL, NULL),
(1320854, 'sales_send_order_invoice_emails', 'missed', 'Cron Job sales_send_order_invoice_emails is missed at 2020-09-24 10:10:00', '2020-09-24 10:00:02', '2020-09-24 10:10:00', NULL, NULL),
(1320855, 'sales_send_order_invoice_emails', 'missed', 'Cron Job sales_send_order_invoice_emails is missed at 2020-09-24 10:11:00', '2020-09-24 10:00:02', '2020-09-24 10:11:00', NULL, NULL),
(1320856, 'sales_send_order_invoice_emails', 'missed', 'Cron Job sales_send_order_invoice_emails is missed at 2020-09-24 10:12:00', '2020-09-24 10:00:02', '2020-09-24 10:12:00', NULL, NULL);
INSERT INTO `cron_schedule` (`schedule_id`, `job_code`, `status`, `messages`, `created_at`, `scheduled_at`, `executed_at`, `finished_at`) VALUES
(1320857, 'sales_send_order_invoice_emails', 'missed', 'Cron Job sales_send_order_invoice_emails is missed at 2020-09-24 10:13:00', '2020-09-24 10:00:02', '2020-09-24 10:13:00', NULL, NULL),
(1320858, 'sales_send_order_invoice_emails', 'missed', 'Cron Job sales_send_order_invoice_emails is missed at 2020-09-24 10:14:00', '2020-09-24 10:00:02', '2020-09-24 10:14:00', NULL, NULL),
(1320859, 'sales_send_order_invoice_emails', 'missed', 'Cron Job sales_send_order_invoice_emails is missed at 2020-09-24 10:15:00', '2020-09-24 10:00:02', '2020-09-24 10:15:00', NULL, NULL),
(1320860, 'sales_send_order_invoice_emails', 'success', NULL, '2020-09-24 10:00:02', '2020-09-24 10:16:00', '2020-09-24 10:30:04', '2020-09-24 10:30:04'),
(1320861, 'sales_send_order_invoice_emails', 'pending', NULL, '2020-09-24 10:00:02', '2020-09-24 10:17:00', NULL, NULL),
(1320862, 'sales_send_order_invoice_emails', 'pending', NULL, '2020-09-24 10:00:02', '2020-09-24 10:18:00', NULL, NULL),
(1320863, 'sales_send_order_invoice_emails', 'pending', NULL, '2020-09-24 10:00:02', '2020-09-24 10:19:00', NULL, NULL),
(1320864, 'sales_send_order_shipment_emails', 'missed', 'Cron Job sales_send_order_shipment_emails is missed at 2020-09-24 10:05:00', '2020-09-24 10:00:02', '2020-09-24 10:05:00', NULL, NULL),
(1320865, 'sales_send_order_shipment_emails', 'missed', 'Cron Job sales_send_order_shipment_emails is missed at 2020-09-24 10:06:00', '2020-09-24 10:00:02', '2020-09-24 10:06:00', NULL, NULL),
(1320866, 'sales_send_order_shipment_emails', 'missed', 'Cron Job sales_send_order_shipment_emails is missed at 2020-09-24 10:07:00', '2020-09-24 10:00:02', '2020-09-24 10:07:00', NULL, NULL),
(1320867, 'sales_send_order_shipment_emails', 'missed', 'Cron Job sales_send_order_shipment_emails is missed at 2020-09-24 10:08:00', '2020-09-24 10:00:02', '2020-09-24 10:08:00', NULL, NULL),
(1320868, 'sales_send_order_shipment_emails', 'missed', 'Cron Job sales_send_order_shipment_emails is missed at 2020-09-24 10:09:00', '2020-09-24 10:00:02', '2020-09-24 10:09:00', NULL, NULL),
(1320869, 'sales_send_order_shipment_emails', 'missed', 'Cron Job sales_send_order_shipment_emails is missed at 2020-09-24 10:10:00', '2020-09-24 10:00:02', '2020-09-24 10:10:00', NULL, NULL),
(1320870, 'sales_send_order_shipment_emails', 'missed', 'Cron Job sales_send_order_shipment_emails is missed at 2020-09-24 10:11:00', '2020-09-24 10:00:02', '2020-09-24 10:11:00', NULL, NULL),
(1320871, 'sales_send_order_shipment_emails', 'missed', 'Cron Job sales_send_order_shipment_emails is missed at 2020-09-24 10:12:00', '2020-09-24 10:00:02', '2020-09-24 10:12:00', NULL, NULL),
(1320872, 'sales_send_order_shipment_emails', 'missed', 'Cron Job sales_send_order_shipment_emails is missed at 2020-09-24 10:13:00', '2020-09-24 10:00:02', '2020-09-24 10:13:00', NULL, NULL),
(1320873, 'sales_send_order_shipment_emails', 'missed', 'Cron Job sales_send_order_shipment_emails is missed at 2020-09-24 10:14:00', '2020-09-24 10:00:02', '2020-09-24 10:14:00', NULL, NULL),
(1320874, 'sales_send_order_shipment_emails', 'missed', 'Cron Job sales_send_order_shipment_emails is missed at 2020-09-24 10:15:00', '2020-09-24 10:00:02', '2020-09-24 10:15:00', NULL, NULL),
(1320875, 'sales_send_order_shipment_emails', 'success', NULL, '2020-09-24 10:00:02', '2020-09-24 10:16:00', '2020-09-24 10:30:04', '2020-09-24 10:30:04'),
(1320876, 'sales_send_order_shipment_emails', 'pending', NULL, '2020-09-24 10:00:02', '2020-09-24 10:17:00', NULL, NULL),
(1320877, 'sales_send_order_shipment_emails', 'pending', NULL, '2020-09-24 10:00:02', '2020-09-24 10:18:00', NULL, NULL),
(1320878, 'sales_send_order_shipment_emails', 'pending', NULL, '2020-09-24 10:00:02', '2020-09-24 10:19:00', NULL, NULL),
(1320879, 'sales_send_order_creditmemo_emails', 'missed', 'Cron Job sales_send_order_creditmemo_emails is missed at 2020-09-24 10:05:00', '2020-09-24 10:00:02', '2020-09-24 10:05:00', NULL, NULL),
(1320880, 'sales_send_order_creditmemo_emails', 'missed', 'Cron Job sales_send_order_creditmemo_emails is missed at 2020-09-24 10:06:00', '2020-09-24 10:00:02', '2020-09-24 10:06:00', NULL, NULL),
(1320881, 'sales_send_order_creditmemo_emails', 'missed', 'Cron Job sales_send_order_creditmemo_emails is missed at 2020-09-24 10:07:00', '2020-09-24 10:00:02', '2020-09-24 10:07:00', NULL, NULL),
(1320882, 'sales_send_order_creditmemo_emails', 'missed', 'Cron Job sales_send_order_creditmemo_emails is missed at 2020-09-24 10:08:00', '2020-09-24 10:00:02', '2020-09-24 10:08:00', NULL, NULL),
(1320883, 'sales_send_order_creditmemo_emails', 'missed', 'Cron Job sales_send_order_creditmemo_emails is missed at 2020-09-24 10:09:00', '2020-09-24 10:00:02', '2020-09-24 10:09:00', NULL, NULL),
(1320884, 'sales_send_order_creditmemo_emails', 'missed', 'Cron Job sales_send_order_creditmemo_emails is missed at 2020-09-24 10:10:00', '2020-09-24 10:00:02', '2020-09-24 10:10:00', NULL, NULL),
(1320885, 'sales_send_order_creditmemo_emails', 'missed', 'Cron Job sales_send_order_creditmemo_emails is missed at 2020-09-24 10:11:00', '2020-09-24 10:00:02', '2020-09-24 10:11:00', NULL, NULL),
(1320886, 'sales_send_order_creditmemo_emails', 'missed', 'Cron Job sales_send_order_creditmemo_emails is missed at 2020-09-24 10:12:00', '2020-09-24 10:00:02', '2020-09-24 10:12:00', NULL, NULL),
(1320887, 'sales_send_order_creditmemo_emails', 'missed', 'Cron Job sales_send_order_creditmemo_emails is missed at 2020-09-24 10:13:00', '2020-09-24 10:00:02', '2020-09-24 10:13:00', NULL, NULL),
(1320888, 'sales_send_order_creditmemo_emails', 'missed', 'Cron Job sales_send_order_creditmemo_emails is missed at 2020-09-24 10:14:00', '2020-09-24 10:00:02', '2020-09-24 10:14:00', NULL, NULL),
(1320889, 'consumers_runner', 'missed', 'Cron Job consumers_runner is missed at 2020-09-24 10:05:00', '2020-09-24 10:00:02', '2020-09-24 10:05:00', NULL, NULL),
(1320890, 'sales_send_order_creditmemo_emails', 'missed', 'Cron Job sales_send_order_creditmemo_emails is missed at 2020-09-24 10:15:00', '2020-09-24 10:00:02', '2020-09-24 10:15:00', NULL, NULL),
(1320891, 'sales_send_order_creditmemo_emails', 'success', NULL, '2020-09-24 10:00:02', '2020-09-24 10:16:00', '2020-09-24 10:30:04', '2020-09-24 10:30:04'),
(1320892, 'sales_send_order_creditmemo_emails', 'pending', NULL, '2020-09-24 10:00:02', '2020-09-24 10:17:00', NULL, NULL),
(1320893, 'sales_send_order_creditmemo_emails', 'pending', NULL, '2020-09-24 10:00:02', '2020-09-24 10:18:00', NULL, NULL),
(1320894, 'consumers_runner', 'missed', 'Cron Job consumers_runner is missed at 2020-09-24 10:06:00', '2020-09-24 10:00:02', '2020-09-24 10:06:00', NULL, NULL),
(1320895, 'sales_send_order_creditmemo_emails', 'pending', NULL, '2020-09-24 10:00:02', '2020-09-24 10:19:00', NULL, NULL),
(1320896, 'consumers_runner', 'missed', 'Cron Job consumers_runner is missed at 2020-09-24 10:07:00', '2020-09-24 10:00:02', '2020-09-24 10:07:00', NULL, NULL),
(1320897, 'consumers_runner', 'missed', 'Cron Job consumers_runner is missed at 2020-09-24 10:08:00', '2020-09-24 10:00:02', '2020-09-24 10:08:00', NULL, NULL),
(1320898, 'captcha_delete_expired_images', 'success', NULL, '2020-09-24 10:00:02', '2020-09-24 10:10:00', '2020-09-24 10:15:04', '2020-09-24 10:15:04'),
(1320899, 'consumers_runner', 'missed', 'Cron Job consumers_runner is missed at 2020-09-24 10:09:00', '2020-09-24 10:00:02', '2020-09-24 10:09:00', NULL, NULL),
(1320900, 'consumers_runner', 'missed', 'Cron Job consumers_runner is missed at 2020-09-24 10:10:00', '2020-09-24 10:00:02', '2020-09-24 10:10:00', NULL, NULL),
(1320901, 'outdated_authentication_failures_cleanup', 'missed', 'Cron Job outdated_authentication_failures_cleanup is missed at 2020-09-24 10:05:00', '2020-09-24 10:00:02', '2020-09-24 10:05:00', NULL, NULL),
(1320902, 'consumers_runner', 'missed', 'Cron Job consumers_runner is missed at 2020-09-24 10:11:00', '2020-09-24 10:00:02', '2020-09-24 10:11:00', NULL, NULL),
(1320903, 'ddg_automation_customer_subscriber_guest_sync', 'success', NULL, '2020-09-24 10:00:02', '2020-09-24 10:00:00', '2020-09-24 10:00:02', '2020-09-24 10:00:02'),
(1320904, 'outdated_authentication_failures_cleanup', 'missed', 'Cron Job outdated_authentication_failures_cleanup is missed at 2020-09-24 10:06:00', '2020-09-24 10:00:02', '2020-09-24 10:06:00', NULL, NULL),
(1320905, 'consumers_runner', 'missed', 'Cron Job consumers_runner is missed at 2020-09-24 10:12:00', '2020-09-24 10:00:02', '2020-09-24 10:12:00', NULL, NULL),
(1320906, 'outdated_authentication_failures_cleanup', 'missed', 'Cron Job outdated_authentication_failures_cleanup is missed at 2020-09-24 10:07:00', '2020-09-24 10:00:02', '2020-09-24 10:07:00', NULL, NULL),
(1320907, 'consumers_runner', 'missed', 'Cron Job consumers_runner is missed at 2020-09-24 10:13:00', '2020-09-24 10:00:02', '2020-09-24 10:13:00', NULL, NULL),
(1320908, 'outdated_authentication_failures_cleanup', 'missed', 'Cron Job outdated_authentication_failures_cleanup is missed at 2020-09-24 10:08:00', '2020-09-24 10:00:02', '2020-09-24 10:08:00', NULL, NULL),
(1320909, 'consumers_runner', 'missed', 'Cron Job consumers_runner is missed at 2020-09-24 10:14:00', '2020-09-24 10:00:02', '2020-09-24 10:14:00', NULL, NULL),
(1320910, 'outdated_authentication_failures_cleanup', 'missed', 'Cron Job outdated_authentication_failures_cleanup is missed at 2020-09-24 10:09:00', '2020-09-24 10:00:02', '2020-09-24 10:09:00', NULL, NULL),
(1320911, 'ddg_automation_importer', 'success', NULL, '2020-09-24 10:00:02', '2020-09-24 10:00:00', '2020-09-24 10:00:02', '2020-09-24 10:00:02'),
(1320912, 'consumers_runner', 'missed', 'Cron Job consumers_runner is missed at 2020-09-24 10:15:00', '2020-09-24 10:00:02', '2020-09-24 10:15:00', NULL, NULL),
(1320913, 'outdated_authentication_failures_cleanup', 'missed', 'Cron Job outdated_authentication_failures_cleanup is missed at 2020-09-24 10:10:00', '2020-09-24 10:00:02', '2020-09-24 10:10:00', NULL, NULL),
(1320914, 'ddg_automation_status', 'success', NULL, '2020-09-24 10:00:02', '2020-09-24 10:00:00', '2020-09-24 10:00:02', '2020-09-24 10:00:02'),
(1320915, 'consumers_runner', 'success', NULL, '2020-09-24 10:00:02', '2020-09-24 10:16:00', '2020-09-24 10:30:02', '2020-09-24 10:30:02'),
(1320916, 'outdated_authentication_failures_cleanup', 'missed', 'Cron Job outdated_authentication_failures_cleanup is missed at 2020-09-24 10:11:00', '2020-09-24 10:00:02', '2020-09-24 10:11:00', NULL, NULL),
(1320917, 'ddg_automation_abandonedcarts', 'success', NULL, '2020-09-24 10:00:02', '2020-09-24 10:00:00', '2020-09-24 10:00:02', '2020-09-24 10:00:02'),
(1320918, 'consumers_runner', 'pending', NULL, '2020-09-24 10:00:02', '2020-09-24 10:17:00', NULL, NULL),
(1320919, 'outdated_authentication_failures_cleanup', 'missed', 'Cron Job outdated_authentication_failures_cleanup is missed at 2020-09-24 10:12:00', '2020-09-24 10:00:02', '2020-09-24 10:12:00', NULL, NULL),
(1320920, 'ddg_automation_reviews_and_wishlist', 'success', NULL, '2020-09-24 10:00:02', '2020-09-24 10:00:00', '2020-09-24 10:00:02', '2020-09-24 10:00:02'),
(1320921, 'consumers_runner', 'pending', NULL, '2020-09-24 10:00:02', '2020-09-24 10:18:00', NULL, NULL),
(1320922, 'outdated_authentication_failures_cleanup', 'missed', 'Cron Job outdated_authentication_failures_cleanup is missed at 2020-09-24 10:13:00', '2020-09-24 10:00:02', '2020-09-24 10:13:00', NULL, NULL),
(1320923, 'ddg_automation_campaign', 'success', NULL, '2020-09-24 10:00:02', '2020-09-24 10:00:00', '2020-09-24 10:00:02', '2020-09-24 10:00:02'),
(1320924, 'consumers_runner', 'pending', NULL, '2020-09-24 10:00:02', '2020-09-24 10:19:00', NULL, NULL),
(1320925, 'ddg_automation_order_sync', 'success', NULL, '2020-09-24 10:00:02', '2020-09-24 10:00:00', '2020-09-24 10:00:02', '2020-09-24 10:00:02'),
(1320926, 'outdated_authentication_failures_cleanup', 'missed', 'Cron Job outdated_authentication_failures_cleanup is missed at 2020-09-24 10:14:00', '2020-09-24 10:00:02', '2020-09-24 10:14:00', NULL, NULL),
(1320927, 'ddg_automation_catalog_sync', 'success', NULL, '2020-09-24 10:00:02', '2020-09-24 10:00:00', '2020-09-24 10:00:02', '2020-09-24 10:00:02'),
(1320928, 'outdated_authentication_failures_cleanup', 'missed', 'Cron Job outdated_authentication_failures_cleanup is missed at 2020-09-24 10:15:00', '2020-09-24 10:00:02', '2020-09-24 10:15:00', NULL, NULL),
(1320929, 'outdated_authentication_failures_cleanup', 'success', NULL, '2020-09-24 10:00:02', '2020-09-24 10:16:00', '2020-09-24 10:30:05', '2020-09-24 10:30:05'),
(1320930, 'outdated_authentication_failures_cleanup', 'pending', NULL, '2020-09-24 10:00:02', '2020-09-24 10:17:00', NULL, NULL),
(1320931, 'outdated_authentication_failures_cleanup', 'pending', NULL, '2020-09-24 10:00:02', '2020-09-24 10:18:00', NULL, NULL),
(1320932, 'ngenius_order_update', 'success', NULL, '2020-09-24 10:00:02', '2020-09-24 10:00:00', '2020-09-24 10:00:02', '2020-09-24 10:00:02'),
(1320933, 'outdated_authentication_failures_cleanup', 'pending', NULL, '2020-09-24 10:00:02', '2020-09-24 10:19:00', NULL, NULL),
(1320934, 'bulk_cleanup', 'missed', 'Cron Job bulk_cleanup is missed at 2020-09-24 10:05:00', '2020-09-24 10:00:02', '2020-09-24 10:05:00', NULL, NULL),
(1320935, 'bulk_cleanup', 'missed', 'Cron Job bulk_cleanup is missed at 2020-09-24 10:06:00', '2020-09-24 10:00:02', '2020-09-24 10:06:00', NULL, NULL),
(1320936, 'bulk_cleanup', 'missed', 'Cron Job bulk_cleanup is missed at 2020-09-24 10:07:00', '2020-09-24 10:00:02', '2020-09-24 10:07:00', NULL, NULL),
(1320937, 'bulk_cleanup', 'missed', 'Cron Job bulk_cleanup is missed at 2020-09-24 10:08:00', '2020-09-24 10:00:02', '2020-09-24 10:08:00', NULL, NULL),
(1320938, 'bulk_cleanup', 'missed', 'Cron Job bulk_cleanup is missed at 2020-09-24 10:09:00', '2020-09-24 10:00:02', '2020-09-24 10:09:00', NULL, NULL),
(1320939, 'bulk_cleanup', 'missed', 'Cron Job bulk_cleanup is missed at 2020-09-24 10:10:00', '2020-09-24 10:00:02', '2020-09-24 10:10:00', NULL, NULL),
(1320940, 'bulk_cleanup', 'missed', 'Cron Job bulk_cleanup is missed at 2020-09-24 10:11:00', '2020-09-24 10:00:02', '2020-09-24 10:11:00', NULL, NULL),
(1320941, 'bulk_cleanup', 'missed', 'Cron Job bulk_cleanup is missed at 2020-09-24 10:12:00', '2020-09-24 10:00:02', '2020-09-24 10:12:00', NULL, NULL),
(1320942, 'bulk_cleanup', 'missed', 'Cron Job bulk_cleanup is missed at 2020-09-24 10:13:00', '2020-09-24 10:00:02', '2020-09-24 10:13:00', NULL, NULL),
(1320943, 'bulk_cleanup', 'missed', 'Cron Job bulk_cleanup is missed at 2020-09-24 10:14:00', '2020-09-24 10:00:02', '2020-09-24 10:14:00', NULL, NULL),
(1320944, 'bulk_cleanup', 'missed', 'Cron Job bulk_cleanup is missed at 2020-09-24 10:15:00', '2020-09-24 10:00:02', '2020-09-24 10:15:00', NULL, NULL),
(1320945, 'bulk_cleanup', 'success', NULL, '2020-09-24 10:00:02', '2020-09-24 10:16:00', '2020-09-24 10:30:05', '2020-09-24 10:30:05'),
(1320946, 'bulk_cleanup', 'pending', NULL, '2020-09-24 10:00:02', '2020-09-24 10:17:00', NULL, NULL),
(1320947, 'bulk_cleanup', 'pending', NULL, '2020-09-24 10:00:02', '2020-09-24 10:18:00', NULL, NULL),
(1320948, 'bulk_cleanup', 'pending', NULL, '2020-09-24 10:00:02', '2020-09-24 10:19:00', NULL, NULL),
(1320949, 'magento_newrelicreporting_cron', 'missed', 'Cron Job magento_newrelicreporting_cron is missed at 2020-09-24 10:06:00', '2020-09-24 10:00:02', '2020-09-24 10:06:00', NULL, NULL),
(1320950, 'magento_newrelicreporting_cron', 'missed', 'Cron Job magento_newrelicreporting_cron is missed at 2020-09-24 10:08:00', '2020-09-24 10:00:02', '2020-09-24 10:08:00', NULL, NULL),
(1320951, 'magento_newrelicreporting_cron', 'missed', 'Cron Job magento_newrelicreporting_cron is missed at 2020-09-24 10:10:00', '2020-09-24 10:00:02', '2020-09-24 10:10:00', NULL, NULL),
(1320952, 'magento_newrelicreporting_cron', 'missed', 'Cron Job magento_newrelicreporting_cron is missed at 2020-09-24 10:12:00', '2020-09-24 10:00:02', '2020-09-24 10:12:00', NULL, NULL),
(1320953, 'magento_newrelicreporting_cron', 'missed', 'Cron Job magento_newrelicreporting_cron is missed at 2020-09-24 10:14:00', '2020-09-24 10:00:02', '2020-09-24 10:14:00', NULL, NULL),
(1320954, 'magento_newrelicreporting_cron', 'success', NULL, '2020-09-24 10:00:02', '2020-09-24 10:16:00', '2020-09-24 10:30:05', '2020-09-24 10:30:05'),
(1320955, 'magento_newrelicreporting_cron', 'pending', NULL, '2020-09-24 10:00:02', '2020-09-24 10:18:00', NULL, NULL),
(1320956, 'newsletter_send_all', 'success', NULL, '2020-09-24 10:00:02', '2020-09-24 10:05:00', '2020-09-24 10:15:04', '2020-09-24 10:15:04'),
(1320957, 'newsletter_send_all', 'missed', 'Cron Job newsletter_send_all is missed at 2020-09-24 10:10:00', '2020-09-24 10:00:02', '2020-09-24 10:10:00', NULL, NULL),
(1320958, 'newsletter_send_all', 'missed', 'Cron Job newsletter_send_all is missed at 2020-09-24 10:15:00', '2020-09-24 10:00:02', '2020-09-24 10:15:00', NULL, NULL),
(1320959, 'get_amazon_capture_updates', 'success', NULL, '2020-09-24 10:00:02', '2020-09-24 10:05:00', '2020-09-24 10:15:04', '2020-09-24 10:15:04'),
(1320960, 'indexer_reindex_all_invalid', 'success', NULL, '2020-09-24 10:00:02', '2020-09-24 10:00:00', '2020-09-24 10:00:02', '2020-09-24 10:00:02'),
(1320961, 'get_amazon_capture_updates', 'missed', 'Cron Job get_amazon_capture_updates is missed at 2020-09-24 10:10:00', '2020-09-24 10:00:02', '2020-09-24 10:10:00', NULL, NULL),
(1320962, 'get_amazon_capture_updates', 'missed', 'Cron Job get_amazon_capture_updates is missed at 2020-09-24 10:15:00', '2020-09-24 10:00:02', '2020-09-24 10:15:00', NULL, NULL),
(1320963, 'get_amazon_authorization_updates', 'success', NULL, '2020-09-24 10:00:02', '2020-09-24 10:05:00', '2020-09-24 10:15:04', '2020-09-24 10:15:04'),
(1320964, 'indexer_reindex_all_invalid', 'missed', 'Cron Job indexer_reindex_all_invalid is missed at 2020-09-24 10:01:00', '2020-09-24 10:00:02', '2020-09-24 10:01:00', NULL, NULL),
(1320965, 'get_amazon_authorization_updates', 'missed', 'Cron Job get_amazon_authorization_updates is missed at 2020-09-24 10:10:00', '2020-09-24 10:00:02', '2020-09-24 10:10:00', NULL, NULL),
(1320966, 'indexer_reindex_all_invalid', 'missed', 'Cron Job indexer_reindex_all_invalid is missed at 2020-09-24 10:02:00', '2020-09-24 10:00:02', '2020-09-24 10:02:00', NULL, NULL),
(1320967, 'get_amazon_authorization_updates', 'missed', 'Cron Job get_amazon_authorization_updates is missed at 2020-09-24 10:15:00', '2020-09-24 10:00:02', '2020-09-24 10:15:00', NULL, NULL),
(1320968, 'indexer_reindex_all_invalid', 'missed', 'Cron Job indexer_reindex_all_invalid is missed at 2020-09-24 10:03:00', '2020-09-24 10:00:02', '2020-09-24 10:03:00', NULL, NULL),
(1320969, 'amazon_payments_process_queued_refunds', 'success', NULL, '2020-09-24 10:00:02', '2020-09-24 10:05:00', '2020-09-24 10:15:04', '2020-09-24 10:15:04'),
(1320970, 'indexer_update_all_views', 'success', NULL, '2020-09-24 10:00:02', '2020-09-24 10:00:00', '2020-09-24 10:00:02', '2020-09-24 10:00:02'),
(1320971, 'amazon_payments_process_queued_refunds', 'missed', 'Cron Job amazon_payments_process_queued_refunds is missed at 2020-09-24 10:10:00', '2020-09-24 10:00:02', '2020-09-24 10:10:00', NULL, NULL),
(1320972, 'indexer_update_all_views', 'missed', 'Cron Job indexer_update_all_views is missed at 2020-09-24 10:01:00', '2020-09-24 10:00:02', '2020-09-24 10:01:00', NULL, NULL),
(1320973, 'amazon_payments_process_queued_refunds', 'missed', 'Cron Job amazon_payments_process_queued_refunds is missed at 2020-09-24 10:15:00', '2020-09-24 10:00:02', '2020-09-24 10:15:00', NULL, NULL),
(1320974, 'indexer_update_all_views', 'missed', 'Cron Job indexer_update_all_views is missed at 2020-09-24 10:02:00', '2020-09-24 10:00:02', '2020-09-24 10:02:00', NULL, NULL),
(1320975, 'indexer_update_all_views', 'missed', 'Cron Job indexer_update_all_views is missed at 2020-09-24 10:03:00', '2020-09-24 10:00:02', '2020-09-24 10:03:00', NULL, NULL),
(1320976, 'indexer_clean_all_changelogs', 'success', NULL, '2020-09-24 10:00:02', '2020-09-24 10:00:00', '2020-09-24 10:00:02', '2020-09-24 10:00:02'),
(1320977, 'temando_process_platform_events', 'success', NULL, '2020-09-24 10:00:02', '2020-09-24 10:15:00', '2020-09-24 10:15:04', '2020-09-24 10:15:04'),
(1320978, 'scconnector_verify_website', 'success', NULL, '2020-09-24 10:00:02', '2020-09-24 10:00:00', '2020-09-24 10:00:02', '2020-09-24 10:00:02'),
(1320979, 'scconnector_retrieve_gtag', 'success', NULL, '2020-09-24 10:00:02', '2020-09-24 10:00:00', '2020-09-24 10:00:02', '2020-09-24 10:00:02'),
(1320980, 'yotpo_yotpo_orders_sync', 'success', NULL, '2020-09-24 10:00:02', '2020-09-24 10:00:00', '2020-09-24 10:00:02', '2020-09-24 10:00:02'),
(1320981, 'yotpo_yotpo_orders_sync', 'missed', 'Cron Job yotpo_yotpo_orders_sync is missed at 2020-09-24 10:01:00', '2020-09-24 10:00:02', '2020-09-24 10:01:00', NULL, NULL),
(1320982, 'yotpo_yotpo_orders_sync', 'missed', 'Cron Job yotpo_yotpo_orders_sync is missed at 2020-09-24 10:02:00', '2020-09-24 10:00:02', '2020-09-24 10:02:00', NULL, NULL),
(1320983, 'yotpo_yotpo_orders_sync', 'missed', 'Cron Job yotpo_yotpo_orders_sync is missed at 2020-09-24 10:03:00', '2020-09-24 10:00:02', '2020-09-24 10:03:00', NULL, NULL),
(1320984, 'ddg_automation_customer_subscriber_guest_sync', 'success', NULL, '2020-09-24 10:15:01', '2020-09-24 10:15:00', '2020-09-24 10:15:01', '2020-09-24 10:15:01'),
(1320985, 'ddg_automation_importer', 'success', NULL, '2020-09-24 10:15:01', '2020-09-24 10:15:00', '2020-09-24 10:15:01', '2020-09-24 10:15:01'),
(1320986, 'ddg_automation_status', 'success', NULL, '2020-09-24 10:15:01', '2020-09-24 10:15:00', '2020-09-24 10:15:01', '2020-09-24 10:15:01'),
(1320987, 'ddg_automation_abandonedcarts', 'success', NULL, '2020-09-24 10:15:01', '2020-09-24 10:15:00', '2020-09-24 10:15:01', '2020-09-24 10:15:01'),
(1320988, 'ddg_automation_reviews_and_wishlist', 'success', NULL, '2020-09-24 10:15:01', '2020-09-24 10:15:00', '2020-09-24 10:15:01', '2020-09-24 10:15:01'),
(1320989, 'ddg_automation_campaign', 'success', NULL, '2020-09-24 10:15:01', '2020-09-24 10:15:00', '2020-09-24 10:15:01', '2020-09-24 10:15:01'),
(1320990, 'ddg_automation_order_sync', 'success', NULL, '2020-09-24 10:15:01', '2020-09-24 10:15:00', '2020-09-24 10:15:01', '2020-09-24 10:15:01'),
(1320991, 'ddg_automation_catalog_sync', 'success', NULL, '2020-09-24 10:15:01', '2020-09-24 10:15:00', '2020-09-24 10:15:01', '2020-09-24 10:15:01'),
(1320992, 'indexer_reindex_all_invalid', 'success', NULL, '2020-09-24 10:15:01', '2020-09-24 10:15:00', '2020-09-24 10:15:01', '2020-09-24 10:15:01'),
(1320993, 'indexer_reindex_all_invalid', 'missed', 'Cron Job indexer_reindex_all_invalid is missed at 2020-09-24 10:16:00', '2020-09-24 10:15:01', '2020-09-24 10:16:00', NULL, NULL),
(1320994, 'indexer_reindex_all_invalid', 'missed', 'Cron Job indexer_reindex_all_invalid is missed at 2020-09-24 10:17:00', '2020-09-24 10:15:01', '2020-09-24 10:17:00', NULL, NULL),
(1320995, 'indexer_reindex_all_invalid', 'missed', 'Cron Job indexer_reindex_all_invalid is missed at 2020-09-24 10:18:00', '2020-09-24 10:15:01', '2020-09-24 10:18:00', NULL, NULL),
(1320996, 'indexer_update_all_views', 'success', NULL, '2020-09-24 10:15:01', '2020-09-24 10:15:00', '2020-09-24 10:15:01', '2020-09-24 10:15:02'),
(1320997, 'indexer_update_all_views', 'missed', 'Cron Job indexer_update_all_views is missed at 2020-09-24 10:16:00', '2020-09-24 10:15:01', '2020-09-24 10:16:00', NULL, NULL),
(1320998, 'indexer_update_all_views', 'missed', 'Cron Job indexer_update_all_views is missed at 2020-09-24 10:17:00', '2020-09-24 10:15:01', '2020-09-24 10:17:00', NULL, NULL),
(1320999, 'indexer_update_all_views', 'missed', 'Cron Job indexer_update_all_views is missed at 2020-09-24 10:18:00', '2020-09-24 10:15:01', '2020-09-24 10:18:00', NULL, NULL),
(1321000, 'ngenius_order_update', 'success', NULL, '2020-09-24 10:15:01', '2020-09-24 10:15:00', '2020-09-24 10:15:01', '2020-09-24 10:15:01'),
(1321001, 'yotpo_yotpo_orders_sync', 'success', NULL, '2020-09-24 10:15:01', '2020-09-24 10:15:00', '2020-09-24 10:15:01', '2020-09-24 10:15:01'),
(1321002, 'yotpo_yotpo_orders_sync', 'missed', 'Cron Job yotpo_yotpo_orders_sync is missed at 2020-09-24 10:16:00', '2020-09-24 10:15:01', '2020-09-24 10:16:00', NULL, NULL),
(1321003, 'yotpo_yotpo_orders_sync', 'missed', 'Cron Job yotpo_yotpo_orders_sync is missed at 2020-09-24 10:17:00', '2020-09-24 10:15:01', '2020-09-24 10:17:00', NULL, NULL),
(1321004, 'yotpo_yotpo_orders_sync', 'missed', 'Cron Job yotpo_yotpo_orders_sync is missed at 2020-09-24 10:18:00', '2020-09-24 10:15:01', '2020-09-24 10:18:00', NULL, NULL),
(1321005, 'catalog_product_outdated_price_values_cleanup', 'pending', NULL, '2020-09-24 10:30:02', '2020-09-24 10:30:00', NULL, NULL),
(1321006, 'catalog_product_outdated_price_values_cleanup', 'pending', NULL, '2020-09-24 10:30:02', '2020-09-24 10:31:00', NULL, NULL),
(1321007, 'catalog_product_outdated_price_values_cleanup', 'pending', NULL, '2020-09-24 10:30:02', '2020-09-24 10:32:00', NULL, NULL),
(1321008, 'catalog_product_outdated_price_values_cleanup', 'pending', NULL, '2020-09-24 10:30:02', '2020-09-24 10:33:00', NULL, NULL),
(1321009, 'catalog_product_outdated_price_values_cleanup', 'pending', NULL, '2020-09-24 10:30:02', '2020-09-24 10:34:00', NULL, NULL),
(1321010, 'catalog_product_outdated_price_values_cleanup', 'pending', NULL, '2020-09-24 10:30:02', '2020-09-24 10:35:00', NULL, NULL),
(1321011, 'catalog_product_outdated_price_values_cleanup', 'pending', NULL, '2020-09-24 10:30:02', '2020-09-24 10:36:00', NULL, NULL),
(1321012, 'catalog_product_outdated_price_values_cleanup', 'pending', NULL, '2020-09-24 10:30:02', '2020-09-24 10:37:00', NULL, NULL),
(1321013, 'catalog_product_outdated_price_values_cleanup', 'pending', NULL, '2020-09-24 10:30:02', '2020-09-24 10:38:00', NULL, NULL),
(1321014, 'catalog_product_outdated_price_values_cleanup', 'pending', NULL, '2020-09-24 10:30:02', '2020-09-24 10:39:00', NULL, NULL),
(1321015, 'catalog_product_outdated_price_values_cleanup', 'pending', NULL, '2020-09-24 10:30:02', '2020-09-24 10:40:00', NULL, NULL),
(1321016, 'catalog_product_outdated_price_values_cleanup', 'pending', NULL, '2020-09-24 10:30:02', '2020-09-24 10:41:00', NULL, NULL),
(1321017, 'catalog_product_outdated_price_values_cleanup', 'pending', NULL, '2020-09-24 10:30:02', '2020-09-24 10:42:00', NULL, NULL),
(1321018, 'catalog_product_outdated_price_values_cleanup', 'pending', NULL, '2020-09-24 10:30:02', '2020-09-24 10:43:00', NULL, NULL),
(1321019, 'catalog_product_outdated_price_values_cleanup', 'pending', NULL, '2020-09-24 10:30:02', '2020-09-24 10:44:00', NULL, NULL),
(1321020, 'catalog_product_outdated_price_values_cleanup', 'pending', NULL, '2020-09-24 10:30:02', '2020-09-24 10:45:00', NULL, NULL),
(1321021, 'catalog_product_outdated_price_values_cleanup', 'pending', NULL, '2020-09-24 10:30:02', '2020-09-24 10:46:00', NULL, NULL),
(1321022, 'catalog_product_outdated_price_values_cleanup', 'pending', NULL, '2020-09-24 10:30:02', '2020-09-24 10:47:00', NULL, NULL),
(1321023, 'catalog_product_outdated_price_values_cleanup', 'pending', NULL, '2020-09-24 10:30:02', '2020-09-24 10:48:00', NULL, NULL),
(1321024, 'catalog_product_outdated_price_values_cleanup', 'pending', NULL, '2020-09-24 10:30:02', '2020-09-24 10:49:00', NULL, NULL),
(1321025, 'catalog_product_frontend_actions_flush', 'pending', NULL, '2020-09-24 10:30:02', '2020-09-24 10:30:00', NULL, NULL),
(1321026, 'catalog_product_frontend_actions_flush', 'pending', NULL, '2020-09-24 10:30:02', '2020-09-24 10:31:00', NULL, NULL),
(1321027, 'catalog_product_frontend_actions_flush', 'pending', NULL, '2020-09-24 10:30:02', '2020-09-24 10:32:00', NULL, NULL),
(1321028, 'catalog_product_frontend_actions_flush', 'pending', NULL, '2020-09-24 10:30:02', '2020-09-24 10:33:00', NULL, NULL),
(1321029, 'catalog_product_frontend_actions_flush', 'pending', NULL, '2020-09-24 10:30:02', '2020-09-24 10:34:00', NULL, NULL),
(1321030, 'catalog_product_frontend_actions_flush', 'pending', NULL, '2020-09-24 10:30:02', '2020-09-24 10:35:00', NULL, NULL),
(1321031, 'catalog_product_frontend_actions_flush', 'pending', NULL, '2020-09-24 10:30:02', '2020-09-24 10:36:00', NULL, NULL),
(1321032, 'catalog_product_frontend_actions_flush', 'pending', NULL, '2020-09-24 10:30:02', '2020-09-24 10:37:00', NULL, NULL),
(1321033, 'catalog_product_frontend_actions_flush', 'pending', NULL, '2020-09-24 10:30:02', '2020-09-24 10:38:00', NULL, NULL),
(1321034, 'catalog_product_frontend_actions_flush', 'pending', NULL, '2020-09-24 10:30:02', '2020-09-24 10:39:00', NULL, NULL),
(1321035, 'catalog_product_frontend_actions_flush', 'pending', NULL, '2020-09-24 10:30:02', '2020-09-24 10:40:00', NULL, NULL),
(1321036, 'catalog_product_frontend_actions_flush', 'pending', NULL, '2020-09-24 10:30:02', '2020-09-24 10:41:00', NULL, NULL),
(1321037, 'catalog_product_frontend_actions_flush', 'pending', NULL, '2020-09-24 10:30:02', '2020-09-24 10:42:00', NULL, NULL),
(1321038, 'catalog_product_frontend_actions_flush', 'pending', NULL, '2020-09-24 10:30:02', '2020-09-24 10:43:00', NULL, NULL),
(1321039, 'catalog_product_frontend_actions_flush', 'pending', NULL, '2020-09-24 10:30:02', '2020-09-24 10:44:00', NULL, NULL),
(1321040, 'catalog_product_frontend_actions_flush', 'pending', NULL, '2020-09-24 10:30:02', '2020-09-24 10:45:00', NULL, NULL),
(1321041, 'catalog_product_frontend_actions_flush', 'pending', NULL, '2020-09-24 10:30:02', '2020-09-24 10:46:00', NULL, NULL),
(1321042, 'catalog_product_frontend_actions_flush', 'pending', NULL, '2020-09-24 10:30:02', '2020-09-24 10:47:00', NULL, NULL),
(1321043, 'catalog_product_frontend_actions_flush', 'pending', NULL, '2020-09-24 10:30:02', '2020-09-24 10:48:00', NULL, NULL),
(1321044, 'catalog_product_frontend_actions_flush', 'pending', NULL, '2020-09-24 10:30:02', '2020-09-24 10:49:00', NULL, NULL),
(1321045, 'catalog_product_attribute_value_synchronize', 'success', NULL, '2020-09-24 10:30:02', '2020-09-24 10:30:00', '2020-09-24 10:30:05', '2020-09-24 10:30:05'),
(1321046, 'catalog_product_attribute_value_synchronize', 'pending', NULL, '2020-09-24 10:30:02', '2020-09-24 10:35:00', NULL, NULL),
(1321047, 'catalog_product_attribute_value_synchronize', 'pending', NULL, '2020-09-24 10:30:02', '2020-09-24 10:40:00', NULL, NULL),
(1321048, 'catalog_product_attribute_value_synchronize', 'pending', NULL, '2020-09-24 10:30:02', '2020-09-24 10:45:00', NULL, NULL),
(1321049, 'sales_grid_order_async_insert', 'pending', NULL, '2020-09-24 10:30:02', '2020-09-24 10:30:00', NULL, NULL),
(1321050, 'sales_grid_order_async_insert', 'pending', NULL, '2020-09-24 10:30:02', '2020-09-24 10:31:00', NULL, NULL),
(1321051, 'sales_grid_order_async_insert', 'pending', NULL, '2020-09-24 10:30:02', '2020-09-24 10:32:00', NULL, NULL),
(1321052, 'sales_grid_order_async_insert', 'pending', NULL, '2020-09-24 10:30:02', '2020-09-24 10:33:00', NULL, NULL),
(1321053, 'sales_grid_order_async_insert', 'pending', NULL, '2020-09-24 10:30:02', '2020-09-24 10:34:00', NULL, NULL),
(1321054, 'sales_grid_order_async_insert', 'pending', NULL, '2020-09-24 10:30:02', '2020-09-24 10:35:00', NULL, NULL),
(1321055, 'sales_grid_order_async_insert', 'pending', NULL, '2020-09-24 10:30:02', '2020-09-24 10:36:00', NULL, NULL),
(1321056, 'sales_grid_order_async_insert', 'pending', NULL, '2020-09-24 10:30:02', '2020-09-24 10:37:00', NULL, NULL),
(1321057, 'sales_grid_order_async_insert', 'pending', NULL, '2020-09-24 10:30:02', '2020-09-24 10:38:00', NULL, NULL),
(1321058, 'sales_grid_order_async_insert', 'pending', NULL, '2020-09-24 10:30:02', '2020-09-24 10:39:00', NULL, NULL),
(1321059, 'sales_grid_order_async_insert', 'pending', NULL, '2020-09-24 10:30:02', '2020-09-24 10:40:00', NULL, NULL),
(1321060, 'sales_grid_order_async_insert', 'pending', NULL, '2020-09-24 10:30:02', '2020-09-24 10:41:00', NULL, NULL),
(1321061, 'sales_grid_order_async_insert', 'pending', NULL, '2020-09-24 10:30:02', '2020-09-24 10:42:00', NULL, NULL),
(1321062, 'sales_grid_order_async_insert', 'pending', NULL, '2020-09-24 10:30:02', '2020-09-24 10:43:00', NULL, NULL),
(1321063, 'sales_grid_order_async_insert', 'pending', NULL, '2020-09-24 10:30:02', '2020-09-24 10:44:00', NULL, NULL),
(1321064, 'sales_grid_order_async_insert', 'pending', NULL, '2020-09-24 10:30:02', '2020-09-24 10:45:00', NULL, NULL),
(1321065, 'sales_grid_order_async_insert', 'pending', NULL, '2020-09-24 10:30:02', '2020-09-24 10:46:00', NULL, NULL),
(1321066, 'sales_grid_order_async_insert', 'pending', NULL, '2020-09-24 10:30:02', '2020-09-24 10:47:00', NULL, NULL),
(1321067, 'sales_grid_order_async_insert', 'pending', NULL, '2020-09-24 10:30:02', '2020-09-24 10:48:00', NULL, NULL),
(1321068, 'sales_grid_order_async_insert', 'pending', NULL, '2020-09-24 10:30:02', '2020-09-24 10:49:00', NULL, NULL),
(1321069, 'sales_grid_order_invoice_async_insert', 'pending', NULL, '2020-09-24 10:30:02', '2020-09-24 10:30:00', NULL, NULL),
(1321070, 'sales_grid_order_invoice_async_insert', 'pending', NULL, '2020-09-24 10:30:02', '2020-09-24 10:31:00', NULL, NULL),
(1321071, 'sales_grid_order_invoice_async_insert', 'pending', NULL, '2020-09-24 10:30:02', '2020-09-24 10:32:00', NULL, NULL),
(1321072, 'sales_grid_order_invoice_async_insert', 'pending', NULL, '2020-09-24 10:30:02', '2020-09-24 10:33:00', NULL, NULL),
(1321073, 'sales_grid_order_invoice_async_insert', 'pending', NULL, '2020-09-24 10:30:02', '2020-09-24 10:34:00', NULL, NULL),
(1321074, 'sales_grid_order_invoice_async_insert', 'pending', NULL, '2020-09-24 10:30:02', '2020-09-24 10:35:00', NULL, NULL),
(1321075, 'sales_grid_order_invoice_async_insert', 'pending', NULL, '2020-09-24 10:30:02', '2020-09-24 10:36:00', NULL, NULL),
(1321076, 'sales_grid_order_invoice_async_insert', 'pending', NULL, '2020-09-24 10:30:02', '2020-09-24 10:37:00', NULL, NULL),
(1321077, 'sales_grid_order_invoice_async_insert', 'pending', NULL, '2020-09-24 10:30:02', '2020-09-24 10:38:00', NULL, NULL),
(1321078, 'sales_grid_order_invoice_async_insert', 'pending', NULL, '2020-09-24 10:30:02', '2020-09-24 10:39:00', NULL, NULL),
(1321079, 'sales_grid_order_invoice_async_insert', 'pending', NULL, '2020-09-24 10:30:02', '2020-09-24 10:40:00', NULL, NULL),
(1321080, 'sales_grid_order_invoice_async_insert', 'pending', NULL, '2020-09-24 10:30:02', '2020-09-24 10:41:00', NULL, NULL),
(1321081, 'sales_grid_order_invoice_async_insert', 'pending', NULL, '2020-09-24 10:30:02', '2020-09-24 10:42:00', NULL, NULL),
(1321082, 'sales_grid_order_invoice_async_insert', 'pending', NULL, '2020-09-24 10:30:02', '2020-09-24 10:43:00', NULL, NULL),
(1321083, 'sales_grid_order_invoice_async_insert', 'pending', NULL, '2020-09-24 10:30:02', '2020-09-24 10:44:00', NULL, NULL),
(1321084, 'sales_grid_order_invoice_async_insert', 'pending', NULL, '2020-09-24 10:30:02', '2020-09-24 10:45:00', NULL, NULL),
(1321085, 'sales_grid_order_invoice_async_insert', 'pending', NULL, '2020-09-24 10:30:02', '2020-09-24 10:46:00', NULL, NULL),
(1321086, 'sales_grid_order_invoice_async_insert', 'pending', NULL, '2020-09-24 10:30:02', '2020-09-24 10:47:00', NULL, NULL),
(1321087, 'sales_grid_order_invoice_async_insert', 'pending', NULL, '2020-09-24 10:30:02', '2020-09-24 10:48:00', NULL, NULL),
(1321088, 'sales_grid_order_invoice_async_insert', 'pending', NULL, '2020-09-24 10:30:02', '2020-09-24 10:49:00', NULL, NULL),
(1321089, 'sales_grid_order_shipment_async_insert', 'pending', NULL, '2020-09-24 10:30:02', '2020-09-24 10:30:00', NULL, NULL),
(1321090, 'sales_grid_order_shipment_async_insert', 'pending', NULL, '2020-09-24 10:30:02', '2020-09-24 10:31:00', NULL, NULL),
(1321091, 'sales_grid_order_shipment_async_insert', 'pending', NULL, '2020-09-24 10:30:02', '2020-09-24 10:32:00', NULL, NULL),
(1321092, 'sales_grid_order_shipment_async_insert', 'pending', NULL, '2020-09-24 10:30:02', '2020-09-24 10:33:00', NULL, NULL),
(1321093, 'sales_grid_order_shipment_async_insert', 'pending', NULL, '2020-09-24 10:30:02', '2020-09-24 10:34:00', NULL, NULL),
(1321094, 'sales_grid_order_shipment_async_insert', 'pending', NULL, '2020-09-24 10:30:02', '2020-09-24 10:35:00', NULL, NULL),
(1321095, 'sales_grid_order_shipment_async_insert', 'pending', NULL, '2020-09-24 10:30:02', '2020-09-24 10:36:00', NULL, NULL),
(1321096, 'sales_grid_order_shipment_async_insert', 'pending', NULL, '2020-09-24 10:30:02', '2020-09-24 10:37:00', NULL, NULL),
(1321097, 'sales_grid_order_shipment_async_insert', 'pending', NULL, '2020-09-24 10:30:02', '2020-09-24 10:38:00', NULL, NULL),
(1321098, 'sales_grid_order_shipment_async_insert', 'pending', NULL, '2020-09-24 10:30:02', '2020-09-24 10:39:00', NULL, NULL),
(1321099, 'sales_grid_order_shipment_async_insert', 'pending', NULL, '2020-09-24 10:30:02', '2020-09-24 10:40:00', NULL, NULL),
(1321100, 'sales_grid_order_shipment_async_insert', 'pending', NULL, '2020-09-24 10:30:02', '2020-09-24 10:41:00', NULL, NULL),
(1321101, 'sales_grid_order_shipment_async_insert', 'pending', NULL, '2020-09-24 10:30:02', '2020-09-24 10:42:00', NULL, NULL),
(1321102, 'sales_grid_order_shipment_async_insert', 'pending', NULL, '2020-09-24 10:30:02', '2020-09-24 10:43:00', NULL, NULL),
(1321103, 'sales_grid_order_shipment_async_insert', 'pending', NULL, '2020-09-24 10:30:02', '2020-09-24 10:44:00', NULL, NULL),
(1321104, 'sales_grid_order_shipment_async_insert', 'pending', NULL, '2020-09-24 10:30:02', '2020-09-24 10:45:00', NULL, NULL),
(1321105, 'sales_grid_order_shipment_async_insert', 'pending', NULL, '2020-09-24 10:30:02', '2020-09-24 10:46:00', NULL, NULL),
(1321106, 'sales_grid_order_shipment_async_insert', 'pending', NULL, '2020-09-24 10:30:02', '2020-09-24 10:47:00', NULL, NULL),
(1321107, 'sales_grid_order_shipment_async_insert', 'pending', NULL, '2020-09-24 10:30:02', '2020-09-24 10:48:00', NULL, NULL),
(1321108, 'sales_grid_order_shipment_async_insert', 'pending', NULL, '2020-09-24 10:30:02', '2020-09-24 10:49:00', NULL, NULL),
(1321109, 'sales_grid_order_creditmemo_async_insert', 'pending', NULL, '2020-09-24 10:30:02', '2020-09-24 10:30:00', NULL, NULL),
(1321110, 'sales_grid_order_creditmemo_async_insert', 'pending', NULL, '2020-09-24 10:30:02', '2020-09-24 10:31:00', NULL, NULL),
(1321111, 'sales_grid_order_creditmemo_async_insert', 'pending', NULL, '2020-09-24 10:30:02', '2020-09-24 10:32:00', NULL, NULL),
(1321112, 'sales_grid_order_creditmemo_async_insert', 'pending', NULL, '2020-09-24 10:30:02', '2020-09-24 10:33:00', NULL, NULL),
(1321113, 'sales_grid_order_creditmemo_async_insert', 'pending', NULL, '2020-09-24 10:30:02', '2020-09-24 10:34:00', NULL, NULL),
(1321114, 'sales_grid_order_creditmemo_async_insert', 'pending', NULL, '2020-09-24 10:30:02', '2020-09-24 10:35:00', NULL, NULL),
(1321115, 'sales_grid_order_creditmemo_async_insert', 'pending', NULL, '2020-09-24 10:30:02', '2020-09-24 10:36:00', NULL, NULL),
(1321116, 'scconnector_verify_website', 'success', NULL, '2020-09-24 10:30:02', '2020-09-24 10:30:00', '2020-09-24 10:30:02', '2020-09-24 10:30:02'),
(1321117, 'sales_grid_order_creditmemo_async_insert', 'pending', NULL, '2020-09-24 10:30:02', '2020-09-24 10:37:00', NULL, NULL),
(1321118, 'sales_grid_order_creditmemo_async_insert', 'pending', NULL, '2020-09-24 10:30:02', '2020-09-24 10:38:00', NULL, NULL),
(1321119, 'sales_grid_order_creditmemo_async_insert', 'pending', NULL, '2020-09-24 10:30:02', '2020-09-24 10:39:00', NULL, NULL),
(1321120, 'scconnector_retrieve_gtag', 'success', NULL, '2020-09-24 10:30:02', '2020-09-24 10:30:00', '2020-09-24 10:30:02', '2020-09-24 10:30:02'),
(1321121, 'sales_grid_order_creditmemo_async_insert', 'pending', NULL, '2020-09-24 10:30:02', '2020-09-24 10:40:00', NULL, NULL),
(1321122, 'sales_grid_order_creditmemo_async_insert', 'pending', NULL, '2020-09-24 10:30:02', '2020-09-24 10:41:00', NULL, NULL),
(1321123, 'sales_grid_order_creditmemo_async_insert', 'pending', NULL, '2020-09-24 10:30:02', '2020-09-24 10:42:00', NULL, NULL),
(1321124, 'sales_grid_order_creditmemo_async_insert', 'pending', NULL, '2020-09-24 10:30:02', '2020-09-24 10:43:00', NULL, NULL),
(1321125, 'sales_grid_order_creditmemo_async_insert', 'pending', NULL, '2020-09-24 10:30:02', '2020-09-24 10:44:00', NULL, NULL),
(1321126, 'sales_grid_order_creditmemo_async_insert', 'pending', NULL, '2020-09-24 10:30:02', '2020-09-24 10:45:00', NULL, NULL),
(1321127, 'sales_grid_order_creditmemo_async_insert', 'pending', NULL, '2020-09-24 10:30:02', '2020-09-24 10:46:00', NULL, NULL),
(1321128, 'sales_grid_order_creditmemo_async_insert', 'pending', NULL, '2020-09-24 10:30:02', '2020-09-24 10:47:00', NULL, NULL),
(1321129, 'sales_grid_order_creditmemo_async_insert', 'pending', NULL, '2020-09-24 10:30:02', '2020-09-24 10:48:00', NULL, NULL),
(1321130, 'sales_grid_order_creditmemo_async_insert', 'pending', NULL, '2020-09-24 10:30:02', '2020-09-24 10:49:00', NULL, NULL),
(1321131, 'sales_send_order_emails', 'pending', NULL, '2020-09-24 10:30:02', '2020-09-24 10:30:00', NULL, NULL),
(1321132, 'sales_send_order_emails', 'pending', NULL, '2020-09-24 10:30:02', '2020-09-24 10:31:00', NULL, NULL),
(1321133, 'sales_send_order_emails', 'pending', NULL, '2020-09-24 10:30:02', '2020-09-24 10:32:00', NULL, NULL),
(1321134, 'sales_send_order_emails', 'pending', NULL, '2020-09-24 10:30:02', '2020-09-24 10:33:00', NULL, NULL),
(1321135, 'sales_send_order_emails', 'pending', NULL, '2020-09-24 10:30:02', '2020-09-24 10:34:00', NULL, NULL),
(1321136, 'sales_send_order_emails', 'pending', NULL, '2020-09-24 10:30:02', '2020-09-24 10:35:00', NULL, NULL),
(1321137, 'sales_send_order_emails', 'pending', NULL, '2020-09-24 10:30:02', '2020-09-24 10:36:00', NULL, NULL),
(1321138, 'sales_send_order_emails', 'pending', NULL, '2020-09-24 10:30:02', '2020-09-24 10:37:00', NULL, NULL),
(1321139, 'sales_send_order_emails', 'pending', NULL, '2020-09-24 10:30:02', '2020-09-24 10:38:00', NULL, NULL),
(1321140, 'sales_send_order_emails', 'pending', NULL, '2020-09-24 10:30:02', '2020-09-24 10:39:00', NULL, NULL),
(1321141, 'sales_send_order_emails', 'pending', NULL, '2020-09-24 10:30:02', '2020-09-24 10:40:00', NULL, NULL),
(1321142, 'sales_send_order_emails', 'pending', NULL, '2020-09-24 10:30:02', '2020-09-24 10:41:00', NULL, NULL),
(1321143, 'sales_send_order_emails', 'pending', NULL, '2020-09-24 10:30:02', '2020-09-24 10:42:00', NULL, NULL),
(1321144, 'sales_send_order_emails', 'pending', NULL, '2020-09-24 10:30:02', '2020-09-24 10:43:00', NULL, NULL),
(1321145, 'sales_send_order_emails', 'pending', NULL, '2020-09-24 10:30:02', '2020-09-24 10:44:00', NULL, NULL),
(1321146, 'sales_send_order_emails', 'pending', NULL, '2020-09-24 10:30:02', '2020-09-24 10:45:00', NULL, NULL),
(1321147, 'sales_send_order_emails', 'pending', NULL, '2020-09-24 10:30:02', '2020-09-24 10:46:00', NULL, NULL),
(1321148, 'sales_send_order_emails', 'pending', NULL, '2020-09-24 10:30:02', '2020-09-24 10:47:00', NULL, NULL),
(1321149, 'sales_send_order_emails', 'pending', NULL, '2020-09-24 10:30:02', '2020-09-24 10:48:00', NULL, NULL),
(1321150, 'sales_send_order_emails', 'pending', NULL, '2020-09-24 10:30:02', '2020-09-24 10:49:00', NULL, NULL),
(1321151, 'sales_send_order_invoice_emails', 'pending', NULL, '2020-09-24 10:30:02', '2020-09-24 10:30:00', NULL, NULL),
(1321152, 'sales_send_order_invoice_emails', 'pending', NULL, '2020-09-24 10:30:02', '2020-09-24 10:31:00', NULL, NULL),
(1321153, 'sales_send_order_invoice_emails', 'pending', NULL, '2020-09-24 10:30:02', '2020-09-24 10:32:00', NULL, NULL),
(1321154, 'sales_send_order_invoice_emails', 'pending', NULL, '2020-09-24 10:30:02', '2020-09-24 10:33:00', NULL, NULL),
(1321155, 'sales_send_order_invoice_emails', 'pending', NULL, '2020-09-24 10:30:02', '2020-09-24 10:34:00', NULL, NULL),
(1321156, 'sales_send_order_invoice_emails', 'pending', NULL, '2020-09-24 10:30:02', '2020-09-24 10:35:00', NULL, NULL),
(1321157, 'sales_send_order_invoice_emails', 'pending', NULL, '2020-09-24 10:30:02', '2020-09-24 10:36:00', NULL, NULL),
(1321158, 'sales_send_order_invoice_emails', 'pending', NULL, '2020-09-24 10:30:02', '2020-09-24 10:37:00', NULL, NULL),
(1321159, 'sales_send_order_invoice_emails', 'pending', NULL, '2020-09-24 10:30:02', '2020-09-24 10:38:00', NULL, NULL),
(1321160, 'ngenius_order_update', 'success', NULL, '2020-09-24 10:30:02', '2020-09-24 10:30:00', '2020-09-24 10:30:02', '2020-09-24 10:30:02'),
(1321161, 'sales_send_order_invoice_emails', 'pending', NULL, '2020-09-24 10:30:02', '2020-09-24 10:39:00', NULL, NULL),
(1321162, 'sales_send_order_invoice_emails', 'pending', NULL, '2020-09-24 10:30:02', '2020-09-24 10:40:00', NULL, NULL),
(1321163, 'ddg_automation_customer_subscriber_guest_sync', 'success', NULL, '2020-09-24 10:30:02', '2020-09-24 10:30:00', '2020-09-24 10:30:02', '2020-09-24 10:30:02'),
(1321164, 'sales_send_order_invoice_emails', 'pending', NULL, '2020-09-24 10:30:02', '2020-09-24 10:41:00', NULL, NULL),
(1321165, 'sales_send_order_invoice_emails', 'pending', NULL, '2020-09-24 10:30:02', '2020-09-24 10:42:00', NULL, NULL),
(1321166, 'ddg_automation_importer', 'success', NULL, '2020-09-24 10:30:02', '2020-09-24 10:30:00', '2020-09-24 10:30:02', '2020-09-24 10:30:02'),
(1321167, 'sales_send_order_invoice_emails', 'pending', NULL, '2020-09-24 10:30:02', '2020-09-24 10:43:00', NULL, NULL),
(1321168, 'ddg_automation_status', 'success', NULL, '2020-09-24 10:30:02', '2020-09-24 10:30:00', '2020-09-24 10:30:02', '2020-09-24 10:30:02'),
(1321169, 'sales_send_order_invoice_emails', 'pending', NULL, '2020-09-24 10:30:02', '2020-09-24 10:44:00', NULL, NULL),
(1321170, 'ddg_automation_abandonedcarts', 'success', NULL, '2020-09-24 10:30:02', '2020-09-24 10:30:00', '2020-09-24 10:30:02', '2020-09-24 10:30:02'),
(1321171, 'sales_send_order_invoice_emails', 'pending', NULL, '2020-09-24 10:30:02', '2020-09-24 10:45:00', NULL, NULL),
(1321172, 'consumers_runner', 'pending', NULL, '2020-09-24 10:30:02', '2020-09-24 10:30:00', NULL, NULL),
(1321173, 'ddg_automation_reviews_and_wishlist', 'success', NULL, '2020-09-24 10:30:02', '2020-09-24 10:30:00', '2020-09-24 10:30:02', '2020-09-24 10:30:02'),
(1321174, 'sales_send_order_invoice_emails', 'pending', NULL, '2020-09-24 10:30:02', '2020-09-24 10:46:00', NULL, NULL),
(1321175, 'ddg_automation_campaign', 'success', NULL, '2020-09-24 10:30:02', '2020-09-24 10:30:00', '2020-09-24 10:30:02', '2020-09-24 10:30:02'),
(1321176, 'sales_send_order_invoice_emails', 'pending', NULL, '2020-09-24 10:30:02', '2020-09-24 10:47:00', NULL, NULL),
(1321177, 'ddg_automation_order_sync', 'success', NULL, '2020-09-24 10:30:02', '2020-09-24 10:30:00', '2020-09-24 10:30:02', '2020-09-24 10:30:02'),
(1321178, 'sales_send_order_invoice_emails', 'pending', NULL, '2020-09-24 10:30:02', '2020-09-24 10:48:00', NULL, NULL),
(1321179, 'consumers_runner', 'pending', NULL, '2020-09-24 10:30:02', '2020-09-24 10:31:00', NULL, NULL),
(1321180, 'ddg_automation_catalog_sync', 'success', NULL, '2020-09-24 10:30:02', '2020-09-24 10:30:00', '2020-09-24 10:30:02', '2020-09-24 10:30:02'),
(1321181, 'sales_send_order_invoice_emails', 'pending', NULL, '2020-09-24 10:30:02', '2020-09-24 10:49:00', NULL, NULL),
(1321182, 'consumers_runner', 'pending', NULL, '2020-09-24 10:30:02', '2020-09-24 10:32:00', NULL, NULL),
(1321183, 'sales_send_order_shipment_emails', 'pending', NULL, '2020-09-24 10:30:02', '2020-09-24 10:30:00', NULL, NULL),
(1321184, 'consumers_runner', 'pending', NULL, '2020-09-24 10:30:02', '2020-09-24 10:33:00', NULL, NULL),
(1321185, 'sales_send_order_shipment_emails', 'pending', NULL, '2020-09-24 10:30:02', '2020-09-24 10:31:00', NULL, NULL),
(1321186, 'consumers_runner', 'pending', NULL, '2020-09-24 10:30:02', '2020-09-24 10:34:00', NULL, NULL),
(1321187, 'sales_send_order_shipment_emails', 'pending', NULL, '2020-09-24 10:30:02', '2020-09-24 10:32:00', NULL, NULL),
(1321188, 'consumers_runner', 'pending', NULL, '2020-09-24 10:30:02', '2020-09-24 10:35:00', NULL, NULL),
(1321189, 'sales_send_order_shipment_emails', 'pending', NULL, '2020-09-24 10:30:02', '2020-09-24 10:33:00', NULL, NULL),
(1321190, 'consumers_runner', 'pending', NULL, '2020-09-24 10:30:02', '2020-09-24 10:36:00', NULL, NULL),
(1321191, 'sales_send_order_shipment_emails', 'pending', NULL, '2020-09-24 10:30:02', '2020-09-24 10:34:00', NULL, NULL),
(1321192, 'consumers_runner', 'pending', NULL, '2020-09-24 10:30:02', '2020-09-24 10:37:00', NULL, NULL),
(1321193, 'sales_send_order_shipment_emails', 'pending', NULL, '2020-09-24 10:30:02', '2020-09-24 10:35:00', NULL, NULL),
(1321194, 'consumers_runner', 'pending', NULL, '2020-09-24 10:30:02', '2020-09-24 10:38:00', NULL, NULL),
(1321195, 'sales_send_order_shipment_emails', 'pending', NULL, '2020-09-24 10:30:02', '2020-09-24 10:36:00', NULL, NULL),
(1321196, 'consumers_runner', 'pending', NULL, '2020-09-24 10:30:02', '2020-09-24 10:39:00', NULL, NULL),
(1321197, 'sales_send_order_shipment_emails', 'pending', NULL, '2020-09-24 10:30:02', '2020-09-24 10:37:00', NULL, NULL),
(1321198, 'consumers_runner', 'pending', NULL, '2020-09-24 10:30:02', '2020-09-24 10:40:00', NULL, NULL),
(1321199, 'sales_send_order_shipment_emails', 'pending', NULL, '2020-09-24 10:30:02', '2020-09-24 10:38:00', NULL, NULL),
(1321200, 'consumers_runner', 'pending', NULL, '2020-09-24 10:30:02', '2020-09-24 10:41:00', NULL, NULL),
(1321201, 'sales_send_order_shipment_emails', 'pending', NULL, '2020-09-24 10:30:02', '2020-09-24 10:39:00', NULL, NULL),
(1321202, 'consumers_runner', 'pending', NULL, '2020-09-24 10:30:02', '2020-09-24 10:42:00', NULL, NULL),
(1321203, 'indexer_reindex_all_invalid', 'success', NULL, '2020-09-24 10:30:02', '2020-09-24 10:30:00', '2020-09-24 10:30:02', '2020-09-24 10:30:02'),
(1321204, 'sales_send_order_shipment_emails', 'pending', NULL, '2020-09-24 10:30:02', '2020-09-24 10:40:00', NULL, NULL),
(1321205, 'consumers_runner', 'pending', NULL, '2020-09-24 10:30:02', '2020-09-24 10:43:00', NULL, NULL),
(1321206, 'sales_send_order_shipment_emails', 'pending', NULL, '2020-09-24 10:30:02', '2020-09-24 10:41:00', NULL, NULL),
(1321207, 'consumers_runner', 'pending', NULL, '2020-09-24 10:30:02', '2020-09-24 10:44:00', NULL, NULL),
(1321208, 'sales_send_order_shipment_emails', 'pending', NULL, '2020-09-24 10:30:02', '2020-09-24 10:42:00', NULL, NULL),
(1321209, 'indexer_reindex_all_invalid', 'pending', NULL, '2020-09-24 10:30:02', '2020-09-24 10:31:00', NULL, NULL),
(1321210, 'consumers_runner', 'pending', NULL, '2020-09-24 10:30:02', '2020-09-24 10:45:00', NULL, NULL),
(1321211, 'sales_send_order_shipment_emails', 'pending', NULL, '2020-09-24 10:30:02', '2020-09-24 10:43:00', NULL, NULL);
INSERT INTO `cron_schedule` (`schedule_id`, `job_code`, `status`, `messages`, `created_at`, `scheduled_at`, `executed_at`, `finished_at`) VALUES
(1321212, 'indexer_reindex_all_invalid', 'pending', NULL, '2020-09-24 10:30:02', '2020-09-24 10:32:00', NULL, NULL),
(1321213, 'consumers_runner', 'pending', NULL, '2020-09-24 10:30:02', '2020-09-24 10:46:00', NULL, NULL),
(1321214, 'sales_send_order_shipment_emails', 'pending', NULL, '2020-09-24 10:30:02', '2020-09-24 10:44:00', NULL, NULL),
(1321215, 'indexer_reindex_all_invalid', 'pending', NULL, '2020-09-24 10:30:02', '2020-09-24 10:33:00', NULL, NULL),
(1321216, 'consumers_runner', 'pending', NULL, '2020-09-24 10:30:02', '2020-09-24 10:47:00', NULL, NULL),
(1321217, 'sales_send_order_shipment_emails', 'pending', NULL, '2020-09-24 10:30:02', '2020-09-24 10:45:00', NULL, NULL),
(1321218, 'indexer_update_all_views', 'success', NULL, '2020-09-24 10:30:02', '2020-09-24 10:30:00', '2020-09-24 10:30:02', '2020-09-24 10:30:02'),
(1321219, 'consumers_runner', 'pending', NULL, '2020-09-24 10:30:02', '2020-09-24 10:48:00', NULL, NULL),
(1321220, 'sales_send_order_shipment_emails', 'pending', NULL, '2020-09-24 10:30:02', '2020-09-24 10:46:00', NULL, NULL),
(1321221, 'indexer_update_all_views', 'pending', NULL, '2020-09-24 10:30:02', '2020-09-24 10:31:00', NULL, NULL),
(1321222, 'consumers_runner', 'pending', NULL, '2020-09-24 10:30:02', '2020-09-24 10:49:00', NULL, NULL),
(1321223, 'sales_send_order_shipment_emails', 'pending', NULL, '2020-09-24 10:30:02', '2020-09-24 10:47:00', NULL, NULL),
(1321224, 'indexer_update_all_views', 'pending', NULL, '2020-09-24 10:30:02', '2020-09-24 10:32:00', NULL, NULL),
(1321225, 'sales_send_order_shipment_emails', 'pending', NULL, '2020-09-24 10:30:02', '2020-09-24 10:48:00', NULL, NULL),
(1321226, 'indexer_update_all_views', 'pending', NULL, '2020-09-24 10:30:02', '2020-09-24 10:33:00', NULL, NULL),
(1321227, 'sales_send_order_shipment_emails', 'pending', NULL, '2020-09-24 10:30:02', '2020-09-24 10:49:00', NULL, NULL),
(1321228, 'sales_send_order_creditmemo_emails', 'pending', NULL, '2020-09-24 10:30:02', '2020-09-24 10:30:00', NULL, NULL),
(1321229, 'sales_send_order_creditmemo_emails', 'pending', NULL, '2020-09-24 10:30:02', '2020-09-24 10:31:00', NULL, NULL),
(1321230, 'sales_send_order_creditmemo_emails', 'pending', NULL, '2020-09-24 10:30:02', '2020-09-24 10:32:00', NULL, NULL),
(1321231, 'sales_send_order_creditmemo_emails', 'pending', NULL, '2020-09-24 10:30:02', '2020-09-24 10:33:00', NULL, NULL),
(1321232, 'sales_send_order_creditmemo_emails', 'pending', NULL, '2020-09-24 10:30:02', '2020-09-24 10:34:00', NULL, NULL),
(1321233, 'sales_send_order_creditmemo_emails', 'pending', NULL, '2020-09-24 10:30:02', '2020-09-24 10:35:00', NULL, NULL),
(1321234, 'sales_send_order_creditmemo_emails', 'pending', NULL, '2020-09-24 10:30:02', '2020-09-24 10:36:00', NULL, NULL),
(1321235, 'sales_send_order_creditmemo_emails', 'pending', NULL, '2020-09-24 10:30:02', '2020-09-24 10:37:00', NULL, NULL),
(1321236, 'sales_send_order_creditmemo_emails', 'pending', NULL, '2020-09-24 10:30:02', '2020-09-24 10:38:00', NULL, NULL),
(1321237, 'sales_send_order_creditmemo_emails', 'pending', NULL, '2020-09-24 10:30:02', '2020-09-24 10:39:00', NULL, NULL),
(1321238, 'sales_send_order_creditmemo_emails', 'pending', NULL, '2020-09-24 10:30:02', '2020-09-24 10:40:00', NULL, NULL),
(1321239, 'sales_send_order_creditmemo_emails', 'pending', NULL, '2020-09-24 10:30:02', '2020-09-24 10:41:00', NULL, NULL),
(1321240, 'sales_send_order_creditmemo_emails', 'pending', NULL, '2020-09-24 10:30:02', '2020-09-24 10:42:00', NULL, NULL),
(1321241, 'sales_send_order_creditmemo_emails', 'pending', NULL, '2020-09-24 10:30:02', '2020-09-24 10:43:00', NULL, NULL),
(1321242, 'sales_send_order_creditmemo_emails', 'pending', NULL, '2020-09-24 10:30:02', '2020-09-24 10:44:00', NULL, NULL),
(1321243, 'yotpo_yotpo_orders_sync', 'success', NULL, '2020-09-24 10:30:02', '2020-09-24 10:30:00', '2020-09-24 10:30:02', '2020-09-24 10:30:02'),
(1321244, 'sales_send_order_creditmemo_emails', 'pending', NULL, '2020-09-24 10:30:02', '2020-09-24 10:45:00', NULL, NULL),
(1321245, 'sales_send_order_creditmemo_emails', 'pending', NULL, '2020-09-24 10:30:02', '2020-09-24 10:46:00', NULL, NULL),
(1321246, 'sales_send_order_creditmemo_emails', 'pending', NULL, '2020-09-24 10:30:02', '2020-09-24 10:47:00', NULL, NULL),
(1321247, 'yotpo_yotpo_orders_sync', 'pending', NULL, '2020-09-24 10:30:02', '2020-09-24 10:31:00', NULL, NULL),
(1321248, 'sales_send_order_creditmemo_emails', 'pending', NULL, '2020-09-24 10:30:02', '2020-09-24 10:48:00', NULL, NULL),
(1321249, 'yotpo_yotpo_orders_sync', 'pending', NULL, '2020-09-24 10:30:02', '2020-09-24 10:32:00', NULL, NULL),
(1321250, 'sales_send_order_creditmemo_emails', 'pending', NULL, '2020-09-24 10:30:02', '2020-09-24 10:49:00', NULL, NULL),
(1321251, 'yotpo_yotpo_orders_sync', 'pending', NULL, '2020-09-24 10:30:02', '2020-09-24 10:33:00', NULL, NULL),
(1321252, 'captcha_delete_old_attempts', 'success', NULL, '2020-09-24 10:30:02', '2020-09-24 10:30:00', '2020-09-24 10:30:05', '2020-09-24 10:30:05'),
(1321253, 'captcha_delete_expired_images', 'success', NULL, '2020-09-24 10:30:02', '2020-09-24 10:30:00', '2020-09-24 10:30:05', '2020-09-24 10:30:05'),
(1321254, 'captcha_delete_expired_images', 'pending', NULL, '2020-09-24 10:30:02', '2020-09-24 10:40:00', NULL, NULL),
(1321255, 'outdated_authentication_failures_cleanup', 'pending', NULL, '2020-09-24 10:30:02', '2020-09-24 10:30:00', NULL, NULL),
(1321256, 'outdated_authentication_failures_cleanup', 'pending', NULL, '2020-09-24 10:30:02', '2020-09-24 10:31:00', NULL, NULL),
(1321257, 'outdated_authentication_failures_cleanup', 'pending', NULL, '2020-09-24 10:30:02', '2020-09-24 10:32:00', NULL, NULL),
(1321258, 'outdated_authentication_failures_cleanup', 'pending', NULL, '2020-09-24 10:30:02', '2020-09-24 10:33:00', NULL, NULL),
(1321259, 'outdated_authentication_failures_cleanup', 'pending', NULL, '2020-09-24 10:30:02', '2020-09-24 10:34:00', NULL, NULL),
(1321260, 'outdated_authentication_failures_cleanup', 'pending', NULL, '2020-09-24 10:30:02', '2020-09-24 10:35:00', NULL, NULL),
(1321261, 'outdated_authentication_failures_cleanup', 'pending', NULL, '2020-09-24 10:30:02', '2020-09-24 10:36:00', NULL, NULL),
(1321262, 'outdated_authentication_failures_cleanup', 'pending', NULL, '2020-09-24 10:30:02', '2020-09-24 10:37:00', NULL, NULL),
(1321263, 'outdated_authentication_failures_cleanup', 'pending', NULL, '2020-09-24 10:30:02', '2020-09-24 10:38:00', NULL, NULL),
(1321264, 'outdated_authentication_failures_cleanup', 'pending', NULL, '2020-09-24 10:30:02', '2020-09-24 10:39:00', NULL, NULL),
(1321265, 'outdated_authentication_failures_cleanup', 'pending', NULL, '2020-09-24 10:30:02', '2020-09-24 10:40:00', NULL, NULL),
(1321266, 'outdated_authentication_failures_cleanup', 'pending', NULL, '2020-09-24 10:30:02', '2020-09-24 10:41:00', NULL, NULL),
(1321267, 'outdated_authentication_failures_cleanup', 'pending', NULL, '2020-09-24 10:30:02', '2020-09-24 10:42:00', NULL, NULL),
(1321268, 'outdated_authentication_failures_cleanup', 'pending', NULL, '2020-09-24 10:30:02', '2020-09-24 10:43:00', NULL, NULL),
(1321269, 'outdated_authentication_failures_cleanup', 'pending', NULL, '2020-09-24 10:30:02', '2020-09-24 10:44:00', NULL, NULL),
(1321270, 'outdated_authentication_failures_cleanup', 'pending', NULL, '2020-09-24 10:30:02', '2020-09-24 10:45:00', NULL, NULL),
(1321271, 'outdated_authentication_failures_cleanup', 'pending', NULL, '2020-09-24 10:30:02', '2020-09-24 10:46:00', NULL, NULL),
(1321272, 'outdated_authentication_failures_cleanup', 'pending', NULL, '2020-09-24 10:30:02', '2020-09-24 10:47:00', NULL, NULL),
(1321273, 'outdated_authentication_failures_cleanup', 'pending', NULL, '2020-09-24 10:30:02', '2020-09-24 10:48:00', NULL, NULL),
(1321274, 'outdated_authentication_failures_cleanup', 'pending', NULL, '2020-09-24 10:30:02', '2020-09-24 10:49:00', NULL, NULL),
(1321275, 'bulk_cleanup', 'pending', NULL, '2020-09-24 10:30:02', '2020-09-24 10:30:00', NULL, NULL),
(1321276, 'bulk_cleanup', 'pending', NULL, '2020-09-24 10:30:02', '2020-09-24 10:31:00', NULL, NULL),
(1321277, 'bulk_cleanup', 'pending', NULL, '2020-09-24 10:30:02', '2020-09-24 10:32:00', NULL, NULL),
(1321278, 'bulk_cleanup', 'pending', NULL, '2020-09-24 10:30:02', '2020-09-24 10:33:00', NULL, NULL),
(1321279, 'bulk_cleanup', 'pending', NULL, '2020-09-24 10:30:02', '2020-09-24 10:34:00', NULL, NULL),
(1321280, 'bulk_cleanup', 'pending', NULL, '2020-09-24 10:30:02', '2020-09-24 10:35:00', NULL, NULL),
(1321281, 'bulk_cleanup', 'pending', NULL, '2020-09-24 10:30:02', '2020-09-24 10:36:00', NULL, NULL),
(1321282, 'bulk_cleanup', 'pending', NULL, '2020-09-24 10:30:02', '2020-09-24 10:37:00', NULL, NULL),
(1321283, 'bulk_cleanup', 'pending', NULL, '2020-09-24 10:30:02', '2020-09-24 10:38:00', NULL, NULL),
(1321284, 'bulk_cleanup', 'pending', NULL, '2020-09-24 10:30:02', '2020-09-24 10:39:00', NULL, NULL),
(1321285, 'bulk_cleanup', 'pending', NULL, '2020-09-24 10:30:02', '2020-09-24 10:40:00', NULL, NULL),
(1321286, 'bulk_cleanup', 'pending', NULL, '2020-09-24 10:30:02', '2020-09-24 10:41:00', NULL, NULL),
(1321287, 'bulk_cleanup', 'pending', NULL, '2020-09-24 10:30:02', '2020-09-24 10:42:00', NULL, NULL),
(1321288, 'bulk_cleanup', 'pending', NULL, '2020-09-24 10:30:02', '2020-09-24 10:43:00', NULL, NULL),
(1321289, 'bulk_cleanup', 'pending', NULL, '2020-09-24 10:30:02', '2020-09-24 10:44:00', NULL, NULL),
(1321290, 'bulk_cleanup', 'pending', NULL, '2020-09-24 10:30:02', '2020-09-24 10:45:00', NULL, NULL),
(1321291, 'bulk_cleanup', 'pending', NULL, '2020-09-24 10:30:02', '2020-09-24 10:46:00', NULL, NULL),
(1321292, 'bulk_cleanup', 'pending', NULL, '2020-09-24 10:30:02', '2020-09-24 10:47:00', NULL, NULL),
(1321293, 'bulk_cleanup', 'pending', NULL, '2020-09-24 10:30:02', '2020-09-24 10:48:00', NULL, NULL),
(1321294, 'bulk_cleanup', 'pending', NULL, '2020-09-24 10:30:02', '2020-09-24 10:49:00', NULL, NULL),
(1321295, 'magento_newrelicreporting_cron', 'pending', NULL, '2020-09-24 10:30:02', '2020-09-24 10:30:00', NULL, NULL),
(1321296, 'magento_newrelicreporting_cron', 'pending', NULL, '2020-09-24 10:30:02', '2020-09-24 10:32:00', NULL, NULL),
(1321297, 'magento_newrelicreporting_cron', 'pending', NULL, '2020-09-24 10:30:02', '2020-09-24 10:34:00', NULL, NULL),
(1321298, 'magento_newrelicreporting_cron', 'pending', NULL, '2020-09-24 10:30:02', '2020-09-24 10:36:00', NULL, NULL),
(1321299, 'magento_newrelicreporting_cron', 'pending', NULL, '2020-09-24 10:30:02', '2020-09-24 10:38:00', NULL, NULL),
(1321300, 'magento_newrelicreporting_cron', 'pending', NULL, '2020-09-24 10:30:02', '2020-09-24 10:40:00', NULL, NULL),
(1321301, 'magento_newrelicreporting_cron', 'pending', NULL, '2020-09-24 10:30:02', '2020-09-24 10:42:00', NULL, NULL),
(1321302, 'magento_newrelicreporting_cron', 'pending', NULL, '2020-09-24 10:30:02', '2020-09-24 10:44:00', NULL, NULL),
(1321303, 'magento_newrelicreporting_cron', 'pending', NULL, '2020-09-24 10:30:02', '2020-09-24 10:46:00', NULL, NULL),
(1321304, 'magento_newrelicreporting_cron', 'pending', NULL, '2020-09-24 10:30:02', '2020-09-24 10:48:00', NULL, NULL),
(1321305, 'newsletter_send_all', 'success', NULL, '2020-09-24 10:30:02', '2020-09-24 10:30:00', '2020-09-24 10:30:05', '2020-09-24 10:30:05'),
(1321306, 'newsletter_send_all', 'pending', NULL, '2020-09-24 10:30:02', '2020-09-24 10:35:00', NULL, NULL),
(1321307, 'newsletter_send_all', 'pending', NULL, '2020-09-24 10:30:02', '2020-09-24 10:40:00', NULL, NULL),
(1321308, 'newsletter_send_all', 'pending', NULL, '2020-09-24 10:30:02', '2020-09-24 10:45:00', NULL, NULL),
(1321309, 'get_amazon_capture_updates', 'success', NULL, '2020-09-24 10:30:02', '2020-09-24 10:30:00', '2020-09-24 10:30:05', '2020-09-24 10:30:05'),
(1321310, 'get_amazon_capture_updates', 'pending', NULL, '2020-09-24 10:30:02', '2020-09-24 10:35:00', NULL, NULL),
(1321311, 'get_amazon_capture_updates', 'pending', NULL, '2020-09-24 10:30:02', '2020-09-24 10:40:00', NULL, NULL),
(1321312, 'get_amazon_capture_updates', 'pending', NULL, '2020-09-24 10:30:02', '2020-09-24 10:45:00', NULL, NULL),
(1321313, 'get_amazon_authorization_updates', 'success', NULL, '2020-09-24 10:30:02', '2020-09-24 10:30:00', '2020-09-24 10:30:05', '2020-09-24 10:30:05'),
(1321314, 'get_amazon_authorization_updates', 'pending', NULL, '2020-09-24 10:30:02', '2020-09-24 10:35:00', NULL, NULL),
(1321315, 'get_amazon_authorization_updates', 'pending', NULL, '2020-09-24 10:30:02', '2020-09-24 10:40:00', NULL, NULL),
(1321316, 'get_amazon_authorization_updates', 'pending', NULL, '2020-09-24 10:30:02', '2020-09-24 10:45:00', NULL, NULL),
(1321317, 'amazon_payments_process_queued_refunds', 'success', NULL, '2020-09-24 10:30:02', '2020-09-24 10:30:00', '2020-09-24 10:30:05', '2020-09-24 10:30:05'),
(1321318, 'amazon_payments_process_queued_refunds', 'pending', NULL, '2020-09-24 10:30:02', '2020-09-24 10:35:00', NULL, NULL),
(1321319, 'amazon_payments_process_queued_refunds', 'pending', NULL, '2020-09-24 10:30:02', '2020-09-24 10:40:00', NULL, NULL),
(1321320, 'amazon_payments_process_queued_refunds', 'pending', NULL, '2020-09-24 10:30:02', '2020-09-24 10:45:00', NULL, NULL),
(1321321, 'temando_process_platform_events', 'success', NULL, '2020-09-24 10:30:02', '2020-09-24 10:30:00', '2020-09-24 10:30:05', '2020-09-24 10:30:05'),
(1321322, 'temando_process_platform_events', 'pending', NULL, '2020-09-24 10:30:02', '2020-09-24 10:45:00', NULL, NULL);

-- --------------------------------------------------------

--
-- Table structure for table `customer_address_entity`
--

CREATE TABLE `customer_address_entity` (
  `entity_id` int(10) UNSIGNED NOT NULL COMMENT 'Entity ID',
  `increment_id` varchar(50) DEFAULT NULL COMMENT 'Increment ID',
  `parent_id` int(10) UNSIGNED DEFAULT NULL COMMENT 'Parent ID',
  `created_at` timestamp NOT NULL DEFAULT current_timestamp() COMMENT 'Created At',
  `updated_at` timestamp NOT NULL DEFAULT current_timestamp() ON UPDATE current_timestamp() COMMENT 'Updated At',
  `is_active` smallint(5) UNSIGNED NOT NULL DEFAULT 1 COMMENT 'Is Active',
  `city` varchar(255) NOT NULL COMMENT 'City',
  `company` varchar(255) DEFAULT NULL COMMENT 'Company',
  `country_id` varchar(255) NOT NULL COMMENT 'Country',
  `fax` varchar(255) DEFAULT NULL COMMENT 'Fax',
  `firstname` varchar(255) NOT NULL COMMENT 'First Name',
  `lastname` varchar(255) NOT NULL COMMENT 'Last Name',
  `middlename` varchar(255) DEFAULT NULL COMMENT 'Middle Name',
  `postcode` varchar(255) DEFAULT NULL COMMENT 'Zip/Postal Code',
  `prefix` varchar(40) DEFAULT NULL COMMENT 'Name Prefix',
  `region` varchar(255) DEFAULT NULL COMMENT 'State/Province',
  `region_id` int(10) UNSIGNED DEFAULT NULL COMMENT 'State/Province',
  `street` text NOT NULL COMMENT 'Street Address',
  `suffix` varchar(40) DEFAULT NULL COMMENT 'Name Suffix',
  `telephone` varchar(255) NOT NULL COMMENT 'Phone Number',
  `vat_id` varchar(255) DEFAULT NULL COMMENT 'VAT number',
  `vat_is_valid` int(10) UNSIGNED DEFAULT NULL COMMENT 'VAT number validity',
  `vat_request_date` varchar(255) DEFAULT NULL COMMENT 'VAT number validation request date',
  `vat_request_id` varchar(255) DEFAULT NULL COMMENT 'VAT number validation request ID',
  `vat_request_success` int(10) UNSIGNED DEFAULT NULL COMMENT 'VAT number validation request success'
) ENGINE=InnoDB DEFAULT CHARSET=utf8 COMMENT='Customer Address Entity';

--
-- Dumping data for table `customer_address_entity`
--

INSERT INTO `customer_address_entity` (`entity_id`, `increment_id`, `parent_id`, `created_at`, `updated_at`, `is_active`, `city`, `company`, `country_id`, `fax`, `firstname`, `lastname`, `middlename`, `postcode`, `prefix`, `region`, `region_id`, `street`, `suffix`, `telephone`, `vat_id`, `vat_is_valid`, `vat_request_date`, `vat_request_id`, `vat_request_success`) VALUES
(1, NULL, 1, '2020-07-23 11:57:12', '2020-07-23 11:57:12', 1, 'Abu Dhabi', NULL, 'AE', NULL, 'AJAYKUMAR ', 'RANA', NULL, '960', NULL, NULL, NULL, 'Main Street 1\nSuite 200', NULL, '971564100481', NULL, NULL, NULL, NULL, NULL),
(2, NULL, 1, '2020-07-23 11:59:58', '2020-07-23 11:59:58', 1, 'Abu Dhabi', NULL, 'AE', NULL, 'AJAYKUMAR ', 'RANA', NULL, '960', NULL, NULL, NULL, 'Main Street 1\nSuite 200', NULL, '971564100481', NULL, NULL, NULL, NULL, NULL),
(3, NULL, 1, '2020-07-23 12:04:09', '2020-07-23 12:04:09', 1, 'Abu Dhabi', NULL, 'AE', NULL, 'AJAYKUMAR ', 'RANA', NULL, '960', NULL, NULL, NULL, 'Main Street 1\nSuite 200', NULL, '971564100481', NULL, NULL, NULL, NULL, NULL),
(11, NULL, 6, '2020-10-06 08:01:55', '2020-10-06 08:01:55', 1, 'Leamington Spa', NULL, 'GB', NULL, 'tester', 'kaercher', NULL, 'CV32 6HU', NULL, NULL, 62, '8 Burman Close', NULL, '07764744734', NULL, NULL, NULL, NULL, NULL);

-- --------------------------------------------------------

--
-- Table structure for table `customer_address_entity_datetime`
--

CREATE TABLE `customer_address_entity_datetime` (
  `value_id` int(11) NOT NULL COMMENT 'Value ID',
  `attribute_id` smallint(5) UNSIGNED NOT NULL DEFAULT 0 COMMENT 'Attribute ID',
  `entity_id` int(10) UNSIGNED NOT NULL DEFAULT 0 COMMENT 'Entity ID',
  `value` datetime DEFAULT NULL COMMENT 'Value'
) ENGINE=InnoDB DEFAULT CHARSET=utf8 COMMENT='Customer Address Entity Datetime';

-- --------------------------------------------------------

--
-- Table structure for table `customer_address_entity_decimal`
--

CREATE TABLE `customer_address_entity_decimal` (
  `value_id` int(11) NOT NULL COMMENT 'Value ID',
  `attribute_id` smallint(5) UNSIGNED NOT NULL DEFAULT 0 COMMENT 'Attribute ID',
  `entity_id` int(10) UNSIGNED NOT NULL DEFAULT 0 COMMENT 'Entity ID',
  `value` decimal(12,4) NOT NULL DEFAULT 0.0000 COMMENT 'Value'
) ENGINE=InnoDB DEFAULT CHARSET=utf8 COMMENT='Customer Address Entity Decimal';

-- --------------------------------------------------------

--
-- Table structure for table `customer_address_entity_int`
--

CREATE TABLE `customer_address_entity_int` (
  `value_id` int(11) NOT NULL COMMENT 'Value ID',
  `attribute_id` smallint(5) UNSIGNED NOT NULL DEFAULT 0 COMMENT 'Attribute ID',
  `entity_id` int(10) UNSIGNED NOT NULL DEFAULT 0 COMMENT 'Entity ID',
  `value` int(11) NOT NULL DEFAULT 0 COMMENT 'Value'
) ENGINE=InnoDB DEFAULT CHARSET=utf8 COMMENT='Customer Address Entity Int';

-- --------------------------------------------------------

--
-- Table structure for table `customer_address_entity_text`
--

CREATE TABLE `customer_address_entity_text` (
  `value_id` int(11) NOT NULL COMMENT 'Value ID',
  `attribute_id` smallint(5) UNSIGNED NOT NULL DEFAULT 0 COMMENT 'Attribute ID',
  `entity_id` int(10) UNSIGNED NOT NULL DEFAULT 0 COMMENT 'Entity ID',
  `value` text NOT NULL COMMENT 'Value'
) ENGINE=InnoDB DEFAULT CHARSET=utf8 COMMENT='Customer Address Entity Text';

-- --------------------------------------------------------

--
-- Table structure for table `customer_address_entity_varchar`
--

CREATE TABLE `customer_address_entity_varchar` (
  `value_id` int(11) NOT NULL COMMENT 'Value ID',
  `attribute_id` smallint(5) UNSIGNED NOT NULL DEFAULT 0 COMMENT 'Attribute ID',
  `entity_id` int(10) UNSIGNED NOT NULL DEFAULT 0 COMMENT 'Entity ID',
  `value` varchar(255) DEFAULT NULL COMMENT 'Value'
) ENGINE=InnoDB DEFAULT CHARSET=utf8 COMMENT='Customer Address Entity Varchar';

-- --------------------------------------------------------

--
-- Table structure for table `customer_eav_attribute`
--

CREATE TABLE `customer_eav_attribute` (
  `attribute_id` smallint(5) UNSIGNED NOT NULL COMMENT 'Attribute ID',
  `is_visible` smallint(5) UNSIGNED NOT NULL DEFAULT 1 COMMENT 'Is Visible',
  `input_filter` varchar(255) DEFAULT NULL COMMENT 'Input Filter',
  `multiline_count` smallint(5) UNSIGNED NOT NULL DEFAULT 1 COMMENT 'Multiline Count',
  `validate_rules` text DEFAULT NULL COMMENT 'Validate Rules',
  `is_system` smallint(5) UNSIGNED NOT NULL DEFAULT 0 COMMENT 'Is System',
  `sort_order` int(10) UNSIGNED NOT NULL DEFAULT 0 COMMENT 'Sort Order',
  `data_model` varchar(255) DEFAULT NULL COMMENT 'Data Model',
  `is_used_in_grid` smallint(5) UNSIGNED NOT NULL DEFAULT 0 COMMENT 'Is Used in Grid',
  `is_visible_in_grid` smallint(5) UNSIGNED NOT NULL DEFAULT 0 COMMENT 'Is Visible in Grid',
  `is_filterable_in_grid` smallint(5) UNSIGNED NOT NULL DEFAULT 0 COMMENT 'Is Filterable in Grid',
  `is_searchable_in_grid` smallint(5) UNSIGNED NOT NULL DEFAULT 0 COMMENT 'Is Searchable in Grid'
) ENGINE=InnoDB DEFAULT CHARSET=utf8 COMMENT='Customer Eav Attribute';

--
-- Dumping data for table `customer_eav_attribute`
--

INSERT INTO `customer_eav_attribute` (`attribute_id`, `is_visible`, `input_filter`, `multiline_count`, `validate_rules`, `is_system`, `sort_order`, `data_model`, `is_used_in_grid`, `is_visible_in_grid`, `is_filterable_in_grid`, `is_searchable_in_grid`) VALUES
(1, 1, NULL, 0, NULL, 1, 10, NULL, 1, 1, 1, 0),
(2, 0, NULL, 0, NULL, 1, 0, NULL, 0, 0, 0, 0),
(3, 1, NULL, 0, NULL, 1, 20, NULL, 1, 1, 0, 1),
(4, 0, NULL, 0, NULL, 0, 30, NULL, 0, 0, 0, 0),
(5, 1, 'trim', 0, '{\"max_text_length\":255,\"min_text_length\":1}', 1, 40, NULL, 0, 0, 0, 0),
(6, 0, 'trim', 0, NULL, 0, 50, NULL, 0, 0, 0, 0),
(7, 1, 'trim', 0, '{\"max_text_length\":255,\"min_text_length\":1}', 1, 60, NULL, 0, 0, 0, 0),
(8, 0, NULL, 0, NULL, 0, 70, NULL, 0, 0, 0, 0),
(9, 1, NULL, 0, '{\"input_validation\":\"email\"}', 1, 80, NULL, 1, 1, 1, 1),
(10, 1, NULL, 0, NULL, 1, 25, NULL, 1, 1, 1, 0),
(11, 0, 'date', 0, '{\"input_validation\":\"date\"}', 0, 90, NULL, 1, 1, 1, 0),
(12, 0, NULL, 0, NULL, 1, 0, NULL, 0, 0, 0, 0),
(13, 0, NULL, 0, NULL, 1, 0, NULL, 0, 0, 0, 0),
(14, 0, NULL, 0, '{\"input_validation\":\"date\"}', 1, 0, NULL, 0, 0, 0, 0),
(15, 0, NULL, 0, NULL, 1, 0, NULL, 0, 0, 0, 0),
(16, 0, NULL, 0, NULL, 1, 0, NULL, 0, 0, 0, 0),
(17, 0, NULL, 0, '{\"max_text_length\":255}', 0, 100, NULL, 1, 1, 0, 1),
(18, 0, NULL, 0, NULL, 1, 0, NULL, 1, 1, 1, 0),
(19, 0, NULL, 0, NULL, 0, 0, NULL, 1, 1, 1, 0),
(20, 0, NULL, 0, '[]', 0, 110, NULL, 1, 1, 1, 0),
(21, 1, NULL, 0, NULL, 1, 28, NULL, 0, 0, 0, 0),
(22, 0, NULL, 0, NULL, 0, 10, NULL, 0, 0, 0, 0),
(23, 1, 'trim', 0, '{\"max_text_length\":255,\"min_text_length\":1}', 1, 20, NULL, 1, 0, 0, 1),
(24, 0, 'trim', 0, NULL, 0, 30, NULL, 0, 0, 0, 0),
(25, 1, 'trim', 0, '{\"max_text_length\":255,\"min_text_length\":1}', 1, 40, NULL, 1, 0, 0, 1),
(26, 0, NULL, 0, NULL, 0, 50, NULL, 0, 0, 0, 0),
(27, 1, NULL, 0, '{\"max_text_length\":255,\"min_text_length\":1}', 1, 60, NULL, 1, 0, 0, 1),
(28, 1, NULL, 3, '{\"max_text_length\":255,\"min_text_length\":1}', 1, 70, NULL, 1, 0, 0, 1),
(29, 1, NULL, 0, '{\"max_text_length\":255,\"min_text_length\":1}', 1, 80, NULL, 1, 0, 0, 1),
(30, 1, NULL, 0, NULL, 1, 90, NULL, 1, 1, 1, 0),
(31, 1, NULL, 0, NULL, 1, 100, NULL, 1, 1, 0, 1),
(32, 1, NULL, 0, NULL, 1, 100, NULL, 0, 0, 0, 0),
(33, 1, NULL, 0, '[]', 1, 110, 'Magento\\Customer\\Model\\Attribute\\Data\\Postcode', 1, 1, 1, 1),
(34, 1, NULL, 0, '{\"max_text_length\":255,\"min_text_length\":1}', 1, 120, NULL, 1, 1, 1, 1),
(35, 0, NULL, 0, '{\"max_text_length\":255,\"min_text_length\":1}', 0, 130, NULL, 1, 0, 0, 1),
(36, 1, NULL, 0, NULL, 1, 140, NULL, 0, 0, 0, 0),
(37, 0, NULL, 0, NULL, 1, 0, NULL, 0, 0, 0, 0),
(38, 0, NULL, 0, NULL, 1, 0, NULL, 0, 0, 0, 0),
(39, 0, NULL, 0, NULL, 1, 0, NULL, 0, 0, 0, 0),
(40, 0, NULL, 0, NULL, 1, 0, NULL, 0, 0, 0, 0),
(41, 0, NULL, 0, NULL, 0, 0, NULL, 0, 0, 0, 0),
(42, 0, NULL, 0, NULL, 1, 0, NULL, 0, 0, 0, 0),
(43, 0, NULL, 0, NULL, 1, 0, NULL, 0, 0, 0, 0),
(44, 0, NULL, 0, NULL, 1, 0, NULL, 0, 0, 0, 0);

-- --------------------------------------------------------

--
-- Table structure for table `customer_eav_attribute_website`
--

CREATE TABLE `customer_eav_attribute_website` (
  `attribute_id` smallint(5) UNSIGNED NOT NULL COMMENT 'Attribute ID',
  `website_id` smallint(5) UNSIGNED NOT NULL COMMENT 'Website ID',
  `is_visible` smallint(5) UNSIGNED DEFAULT NULL COMMENT 'Is Visible',
  `is_required` smallint(5) UNSIGNED DEFAULT NULL COMMENT 'Is Required',
  `default_value` text DEFAULT NULL COMMENT 'Default Value',
  `multiline_count` smallint(5) UNSIGNED DEFAULT NULL COMMENT 'Multiline Count'
) ENGINE=InnoDB DEFAULT CHARSET=utf8 COMMENT='Customer Eav Attribute Website';

--
-- Dumping data for table `customer_eav_attribute_website`
--

INSERT INTO `customer_eav_attribute_website` (`attribute_id`, `website_id`, `is_visible`, `is_required`, `default_value`, `multiline_count`) VALUES
(1, 1, NULL, NULL, NULL, NULL),
(3, 1, NULL, NULL, NULL, NULL),
(4, 1, NULL, NULL, NULL, NULL),
(5, 1, NULL, NULL, NULL, NULL),
(6, 1, NULL, NULL, NULL, NULL),
(7, 1, NULL, NULL, NULL, NULL),
(8, 1, NULL, NULL, NULL, NULL),
(9, 1, NULL, NULL, NULL, NULL),
(10, 1, NULL, NULL, NULL, NULL),
(11, 1, NULL, NULL, NULL, NULL),
(17, 1, NULL, NULL, NULL, NULL),
(18, 1, NULL, NULL, NULL, NULL),
(19, 1, NULL, NULL, NULL, NULL),
(20, 1, NULL, NULL, NULL, NULL),
(21, 1, NULL, NULL, NULL, NULL),
(22, 1, NULL, NULL, NULL, NULL),
(23, 1, NULL, NULL, NULL, NULL),
(24, 1, NULL, NULL, NULL, NULL),
(25, 1, NULL, NULL, NULL, NULL),
(26, 1, NULL, NULL, NULL, NULL),
(27, 1, NULL, NULL, NULL, NULL),
(28, 1, NULL, NULL, NULL, NULL),
(29, 1, NULL, NULL, NULL, NULL),
(30, 1, NULL, NULL, NULL, NULL),
(31, 1, NULL, NULL, NULL, NULL),
(32, 1, NULL, NULL, NULL, NULL),
(33, 1, NULL, NULL, NULL, NULL),
(34, 1, NULL, NULL, NULL, NULL),
(35, 1, NULL, NULL, NULL, NULL),
(36, 1, NULL, NULL, NULL, NULL);

-- --------------------------------------------------------

--
-- Table structure for table `customer_entity`
--

CREATE TABLE `customer_entity` (
  `entity_id` int(10) UNSIGNED NOT NULL COMMENT 'Entity ID',
  `website_id` smallint(5) UNSIGNED DEFAULT NULL COMMENT 'Website ID',
  `email` varchar(255) DEFAULT NULL COMMENT 'Email',
  `group_id` smallint(5) UNSIGNED NOT NULL DEFAULT 0 COMMENT 'Group ID',
  `increment_id` varchar(50) DEFAULT NULL COMMENT 'Increment ID',
  `store_id` smallint(5) UNSIGNED DEFAULT 0 COMMENT 'Store ID',
  `created_at` timestamp NOT NULL DEFAULT current_timestamp() COMMENT 'Created At',
  `updated_at` timestamp NOT NULL DEFAULT current_timestamp() ON UPDATE current_timestamp() COMMENT 'Updated At',
  `is_active` smallint(5) UNSIGNED NOT NULL DEFAULT 1 COMMENT 'Is Active',
  `disable_auto_group_change` smallint(5) UNSIGNED NOT NULL DEFAULT 0 COMMENT 'Disable automatic group change based on VAT ID',
  `created_in` varchar(255) DEFAULT NULL COMMENT 'Created From',
  `prefix` varchar(40) DEFAULT NULL COMMENT 'Name Prefix',
  `firstname` varchar(255) DEFAULT NULL COMMENT 'First Name',
  `middlename` varchar(255) DEFAULT NULL COMMENT 'Middle Name/Initial',
  `lastname` varchar(255) DEFAULT NULL COMMENT 'Last Name',
  `suffix` varchar(40) DEFAULT NULL COMMENT 'Name Suffix',
  `dob` date DEFAULT NULL COMMENT 'Date of Birth',
  `password_hash` varchar(128) DEFAULT NULL COMMENT 'Password_hash',
  `rp_token` varchar(128) DEFAULT NULL COMMENT 'Reset password token',
  `rp_token_created_at` datetime DEFAULT NULL COMMENT 'Reset password token creation time',
  `default_billing` int(10) UNSIGNED DEFAULT NULL COMMENT 'Default Billing Address',
  `default_shipping` int(10) UNSIGNED DEFAULT NULL COMMENT 'Default Shipping Address',
  `taxvat` varchar(50) DEFAULT NULL COMMENT 'Tax/VAT Number',
  `confirmation` varchar(64) DEFAULT NULL COMMENT 'Is Confirmed',
  `gender` smallint(5) UNSIGNED DEFAULT NULL COMMENT 'Gender',
  `failures_num` smallint(6) DEFAULT 0 COMMENT 'Failure Number',
  `first_failure` timestamp NULL DEFAULT NULL COMMENT 'First Failure',
  `lock_expires` timestamp NULL DEFAULT NULL COMMENT 'Lock Expiration Date'
) ENGINE=InnoDB DEFAULT CHARSET=utf8 COMMENT='Customer Entity';

--
-- Dumping data for table `customer_entity`
--

INSERT INTO `customer_entity` (`entity_id`, `website_id`, `email`, `group_id`, `increment_id`, `store_id`, `created_at`, `updated_at`, `is_active`, `disable_auto_group_change`, `created_in`, `prefix`, `firstname`, `middlename`, `lastname`, `suffix`, `dob`, `password_hash`, `rp_token`, `rp_token_created_at`, `default_billing`, `default_shipping`, `taxvat`, `confirmation`, `gender`, `failures_num`, `first_failure`, `lock_expires`) VALUES
(1, 1, 'ajaykumar.rana@target.ae', 2, NULL, 0, '2020-07-19 08:21:55', '2020-07-23 12:04:09', 1, 0, NULL, NULL, 'AJAYKUMAR ', NULL, 'RANA', NULL, NULL, NULL, NULL, NULL, 3, 3, NULL, NULL, NULL, 0, NULL, NULL),
(6, 1, 'sunil.k.gupta@emails.emizentech.com', 1, NULL, 1, '2020-10-06 07:52:29', '2020-10-06 08:07:11', 1, 0, 'Default Store View', NULL, 'tester', NULL, 'kaercher', NULL, NULL, 'e67a6f5327ba64a6283c965035d73f0a96026e939869aa1d62c591e4e8347c46:QJImgpPyPsbMglEJ:2', 'gQb0UyQYGpQoF34lIlpVHNpyP7D9rcgB', '2020-10-06 08:07:11', 9, 9, NULL, NULL, NULL, 0, NULL, NULL);

-- --------------------------------------------------------

--
-- Table structure for table `customer_entity_datetime`
--

CREATE TABLE `customer_entity_datetime` (
  `value_id` int(11) NOT NULL COMMENT 'Value ID',
  `attribute_id` smallint(5) UNSIGNED NOT NULL DEFAULT 0 COMMENT 'Attribute ID',
  `entity_id` int(10) UNSIGNED NOT NULL DEFAULT 0 COMMENT 'Entity ID',
  `value` datetime DEFAULT NULL COMMENT 'Value'
) ENGINE=InnoDB DEFAULT CHARSET=utf8 COMMENT='Customer Entity Datetime';

-- --------------------------------------------------------

--
-- Table structure for table `customer_entity_decimal`
--

CREATE TABLE `customer_entity_decimal` (
  `value_id` int(11) NOT NULL COMMENT 'Value ID',
  `attribute_id` smallint(5) UNSIGNED NOT NULL DEFAULT 0 COMMENT 'Attribute ID',
  `entity_id` int(10) UNSIGNED NOT NULL DEFAULT 0 COMMENT 'Entity ID',
  `value` decimal(12,4) NOT NULL DEFAULT 0.0000 COMMENT 'Value'
) ENGINE=InnoDB DEFAULT CHARSET=utf8 COMMENT='Customer Entity Decimal';

-- --------------------------------------------------------

--
-- Table structure for table `customer_entity_int`
--

CREATE TABLE `customer_entity_int` (
  `value_id` int(11) NOT NULL COMMENT 'Value ID',
  `attribute_id` smallint(5) UNSIGNED NOT NULL DEFAULT 0 COMMENT 'Attribute ID',
  `entity_id` int(10) UNSIGNED NOT NULL DEFAULT 0 COMMENT 'Entity ID',
  `value` int(11) NOT NULL DEFAULT 0 COMMENT 'Value'
) ENGINE=InnoDB DEFAULT CHARSET=utf8 COMMENT='Customer Entity Int';

-- --------------------------------------------------------

--
-- Table structure for table `customer_entity_text`
--

CREATE TABLE `customer_entity_text` (
  `value_id` int(11) NOT NULL COMMENT 'Value ID',
  `attribute_id` smallint(5) UNSIGNED NOT NULL DEFAULT 0 COMMENT 'Attribute ID',
  `entity_id` int(10) UNSIGNED NOT NULL DEFAULT 0 COMMENT 'Entity ID',
  `value` text NOT NULL COMMENT 'Value'
) ENGINE=InnoDB DEFAULT CHARSET=utf8 COMMENT='Customer Entity Text';

-- --------------------------------------------------------

--
-- Table structure for table `customer_entity_varchar`
--

CREATE TABLE `customer_entity_varchar` (
  `value_id` int(11) NOT NULL COMMENT 'Value ID',
  `attribute_id` smallint(5) UNSIGNED NOT NULL DEFAULT 0 COMMENT 'Attribute ID',
  `entity_id` int(10) UNSIGNED NOT NULL DEFAULT 0 COMMENT 'Entity ID',
  `value` varchar(255) DEFAULT NULL COMMENT 'Value'
) ENGINE=InnoDB DEFAULT CHARSET=utf8 COMMENT='Customer Entity Varchar';

-- --------------------------------------------------------

--
-- Table structure for table `customer_form_attribute`
--

CREATE TABLE `customer_form_attribute` (
  `form_code` varchar(32) NOT NULL COMMENT 'Form Code',
  `attribute_id` smallint(5) UNSIGNED NOT NULL COMMENT 'Attribute ID'
) ENGINE=InnoDB DEFAULT CHARSET=utf8 COMMENT='Customer Form Attribute';

--
-- Dumping data for table `customer_form_attribute`
--

INSERT INTO `customer_form_attribute` (`form_code`, `attribute_id`) VALUES
('adminhtml_checkout', 9),
('adminhtml_checkout', 10),
('adminhtml_checkout', 11),
('adminhtml_checkout', 17),
('adminhtml_checkout', 20),
('adminhtml_customer', 1),
('adminhtml_customer', 3),
('adminhtml_customer', 4),
('adminhtml_customer', 5),
('adminhtml_customer', 6),
('adminhtml_customer', 7),
('adminhtml_customer', 8),
('adminhtml_customer', 9),
('adminhtml_customer', 10),
('adminhtml_customer', 11),
('adminhtml_customer', 17),
('adminhtml_customer', 19),
('adminhtml_customer', 20),
('adminhtml_customer', 21),
('adminhtml_customer_address', 22),
('adminhtml_customer_address', 23),
('adminhtml_customer_address', 24),
('adminhtml_customer_address', 25),
('adminhtml_customer_address', 26),
('adminhtml_customer_address', 27),
('adminhtml_customer_address', 28),
('adminhtml_customer_address', 29),
('adminhtml_customer_address', 30),
('adminhtml_customer_address', 31),
('adminhtml_customer_address', 32),
('adminhtml_customer_address', 33),
('adminhtml_customer_address', 34),
('adminhtml_customer_address', 35),
('adminhtml_customer_address', 36),
('customer_account_create', 4),
('customer_account_create', 5),
('customer_account_create', 6),
('customer_account_create', 7),
('customer_account_create', 8),
('customer_account_create', 9),
('customer_account_create', 11),
('customer_account_create', 17),
('customer_account_create', 19),
('customer_account_create', 20),
('customer_account_edit', 4),
('customer_account_edit', 5),
('customer_account_edit', 6),
('customer_account_edit', 7),
('customer_account_edit', 8),
('customer_account_edit', 9),
('customer_account_edit', 11),
('customer_account_edit', 17),
('customer_account_edit', 19),
('customer_account_edit', 20),
('customer_address_edit', 22),
('customer_address_edit', 23),
('customer_address_edit', 24),
('customer_address_edit', 25),
('customer_address_edit', 26),
('customer_address_edit', 27),
('customer_address_edit', 28),
('customer_address_edit', 29),
('customer_address_edit', 30),
('customer_address_edit', 31),
('customer_address_edit', 32),
('customer_address_edit', 33),
('customer_address_edit', 34),
('customer_address_edit', 35),
('customer_address_edit', 36),
('customer_register_address', 22),
('customer_register_address', 23),
('customer_register_address', 24),
('customer_register_address', 25),
('customer_register_address', 26),
('customer_register_address', 27),
('customer_register_address', 28),
('customer_register_address', 29),
('customer_register_address', 30),
('customer_register_address', 31),
('customer_register_address', 32),
('customer_register_address', 33),
('customer_register_address', 34),
('customer_register_address', 35),
('customer_register_address', 36);

-- --------------------------------------------------------

--
-- Table structure for table `customer_grid_flat`
--

CREATE TABLE `customer_grid_flat` (
  `entity_id` int(10) UNSIGNED NOT NULL COMMENT 'Entity ID',
  `name` text DEFAULT NULL COMMENT 'Name',
  `email` varchar(255) DEFAULT NULL COMMENT 'Email',
  `group_id` int(11) DEFAULT NULL COMMENT 'Group_id',
  `created_at` timestamp NULL DEFAULT NULL COMMENT 'Created_at',
  `website_id` int(11) DEFAULT NULL COMMENT 'Website_id',
  `confirmation` varchar(255) DEFAULT NULL COMMENT 'Confirmation',
  `created_in` text DEFAULT NULL COMMENT 'Created_in',
  `dob` date DEFAULT NULL COMMENT 'Dob',
  `gender` int(11) DEFAULT NULL COMMENT 'Gender',
  `taxvat` varchar(255) DEFAULT NULL COMMENT 'Taxvat',
  `lock_expires` timestamp NULL DEFAULT NULL COMMENT 'Lock_expires',
  `shipping_full` text DEFAULT NULL COMMENT 'Shipping_full',
  `billing_full` text DEFAULT NULL COMMENT 'Billing_full',
  `billing_firstname` varchar(255) DEFAULT NULL COMMENT 'Billing_firstname',
  `billing_lastname` varchar(255) DEFAULT NULL COMMENT 'Billing_lastname',
  `billing_telephone` varchar(255) DEFAULT NULL COMMENT 'Billing_telephone',
  `billing_postcode` varchar(255) DEFAULT NULL COMMENT 'Billing_postcode',
  `billing_country_id` varchar(255) DEFAULT NULL COMMENT 'Billing_country_id',
  `billing_region` varchar(255) DEFAULT NULL COMMENT 'Billing_region',
  `billing_street` varchar(255) DEFAULT NULL COMMENT 'Billing_street',
  `billing_city` varchar(255) DEFAULT NULL COMMENT 'Billing_city',
  `billing_fax` varchar(255) DEFAULT NULL COMMENT 'Billing_fax',
  `billing_vat_id` varchar(255) DEFAULT NULL COMMENT 'Billing_vat_id',
  `billing_company` varchar(255) DEFAULT NULL COMMENT 'Billing_company'
) ENGINE=InnoDB DEFAULT CHARSET=utf8 COMMENT='customer_grid_flat';

--
-- Dumping data for table `customer_grid_flat`
--

INSERT INTO `customer_grid_flat` (`entity_id`, `name`, `email`, `group_id`, `created_at`, `website_id`, `confirmation`, `created_in`, `dob`, `gender`, `taxvat`, `lock_expires`, `shipping_full`, `billing_full`, `billing_firstname`, `billing_lastname`, `billing_telephone`, `billing_postcode`, `billing_country_id`, `billing_region`, `billing_street`, `billing_city`, `billing_fax`, `billing_vat_id`, `billing_company`) VALUES
(1, 'AJAYKUMAR  RANA', 'ajaykumar.rana@target.ae', 2, '2020-07-19 08:21:55', 1, NULL, NULL, NULL, NULL, NULL, NULL, 'Main Street 1\nSuite 200 Abu Dhabi 960', 'Main Street 1\nSuite 200 Abu Dhabi 960', 'AJAYKUMAR ', 'RANA', '971564100481', '960', 'AE', NULL, 'Main Street 1\nSuite 200', 'Abu Dhabi', NULL, NULL, NULL),
(6, 'tester kaercher', 'sunil.k.gupta@emails.emizentech.com', 1, '2020-10-06 07:52:29', 1, NULL, 'Default Store View', NULL, NULL, NULL, NULL, '', '', NULL, NULL, NULL, NULL, NULL, NULL, NULL, NULL, NULL, NULL, NULL);

-- --------------------------------------------------------

--
-- Table structure for table `customer_group`
--

CREATE TABLE `customer_group` (
  `customer_group_id` int(10) UNSIGNED NOT NULL,
  `customer_group_code` varchar(32) NOT NULL COMMENT 'Customer Group Code',
  `tax_class_id` int(10) UNSIGNED NOT NULL DEFAULT 0 COMMENT 'Tax Class ID'
) ENGINE=InnoDB DEFAULT CHARSET=utf8 COMMENT='Customer Group';

--
-- Dumping data for table `customer_group`
--

INSERT INTO `customer_group` (`customer_group_id`, `customer_group_code`, `tax_class_id`) VALUES
(0, 'NOT LOGGED IN', 3),
(1, 'General', 3),
(2, 'Wholesale', 3),
(3, 'Retailer', 3);

-- --------------------------------------------------------

--
-- Table structure for table `customer_log`
--

CREATE TABLE `customer_log` (
  `log_id` int(11) NOT NULL COMMENT 'Log ID',
  `customer_id` int(11) NOT NULL COMMENT 'Customer ID',
  `last_login_at` timestamp NULL DEFAULT NULL COMMENT 'Last Login Time',
  `last_logout_at` timestamp NULL DEFAULT NULL COMMENT 'Last Logout Time'
) ENGINE=InnoDB DEFAULT CHARSET=utf8 COMMENT='Customer Log Table';

--
-- Dumping data for table `customer_log`
--

INSERT INTO `customer_log` (`log_id`, `customer_id`, `last_login_at`, `last_logout_at`) VALUES
(1, 2, '2020-09-29 12:36:43', NULL),
(2, 5, '2020-09-29 08:10:04', NULL),
(4, 6, '2020-10-06 07:52:33', '2020-10-06 08:05:27');

-- --------------------------------------------------------

--
-- Table structure for table `customer_visitor`
--

CREATE TABLE `customer_visitor` (
  `visitor_id` bigint(20) UNSIGNED NOT NULL COMMENT 'Visitor ID',
  `customer_id` int(11) DEFAULT NULL COMMENT 'Customer ID',
  `session_id` varchar(64) DEFAULT NULL COMMENT 'Session ID',
  `last_visit_at` timestamp NOT NULL DEFAULT current_timestamp() ON UPDATE current_timestamp() COMMENT 'Last Visit Time'
) ENGINE=InnoDB DEFAULT CHARSET=utf8 COMMENT='Visitor Table';

--
-- Dumping data for table `customer_visitor`
--

INSERT INTO `customer_visitor` (`visitor_id`, `customer_id`, `session_id`, `last_visit_at`) VALUES
(520, NULL, '1tjsduqlrdurd03cn3ehejgdju', '2020-09-23 04:26:59'),
(521, NULL, 'o19vol0khudo16gsj8qm28j78n', '2020-09-24 04:04:44'),
(522, NULL, '018jc5eg1kir2mdl15e2j8dda1', '2020-09-24 05:01:23'),
(523, NULL, 'bl9nel03ap2bit76d5ue3qigu8', '2020-09-28 06:49:55'),
(524, NULL, 'cotslbvtikuai2dahifjqf0rjl', '2020-09-28 14:13:51'),
(525, NULL, 'shr5fvcss4p8h7vorltvp4sfrs', '2020-09-29 07:03:14'),
(526, 5, 'e7ae2rkbtotgqvb2qggbhcn75g', '2020-09-29 08:15:09'),
(527, NULL, '7mqf7b7endecof6ps61sln8kt0', '2020-09-29 08:58:55'),
(528, NULL, 'g26nctmsoffihveam67a8deoio', '2020-09-29 10:28:40'),
(529, NULL, '8jng7ttqgo9u40qpvu1coke1gb', '2020-09-29 11:24:41'),
(530, NULL, '5otd5q9d6qfssc604r1lgqjbma', '2020-09-29 11:22:13'),
(531, 2, '05mb26g5l511534g65vj9qc70e', '2020-09-29 12:52:43'),
(532, NULL, '4j3h4330j43h1d1ckfe0h021m5', '2020-09-29 12:55:34'),
(533, NULL, 'ttvdokosfus12gfrhqvc5hoiuq', '2020-09-30 05:49:28'),
(534, NULL, '2pm2q45inodo9nigint34lvqoi', '2020-09-30 13:12:23'),
(535, NULL, 'u4c97rud7b6bhsidiff38mefa2', '2020-10-01 08:56:22'),
(536, NULL, 'ko1t6ejtseelu35hrfcs28uadp', '2020-10-01 08:53:56'),
(537, NULL, 'ukpu0ajtp69l5mvmm8r4err7tc', '2020-10-01 09:08:35'),
(538, NULL, '7ig5l9ho157qmu7eggddm8l7vn', '2020-10-01 10:47:24'),
(539, NULL, 'cq9mf7snptdt98f4upmqch2aan', '2020-10-01 11:07:28'),
(540, NULL, 'rpul5qqgk91hnvg4lrv8da14p5', '2020-10-01 11:50:39'),
(541, NULL, '7adc774naphofu1fkh90clpbhe', '2020-10-01 11:43:52'),
(542, NULL, '6viidho21l9g9fd8ok74kpc2de', '2020-10-01 11:37:44'),
(543, NULL, '7ig5l9ho157qmu7eggddm8l7vn', '2020-10-01 11:44:06'),
(544, NULL, 'fq9pfi1c8d7flni7oo06vsf0ht', '2020-10-01 11:44:47'),
(545, NULL, '6kpalbucubkv47v8fac9844dpo', '2020-10-05 06:37:58'),
(546, NULL, '5175ssqfd9n388njol04tj4l2h', '2020-10-05 09:40:16'),
(547, NULL, 'ju5fvpo8oe17jvh42l031o3lq6', '2020-10-05 10:24:33'),
(548, NULL, 'f997t9covntvpd9phj20r65jk9', '2020-10-06 07:41:33'),
(549, 6, 'dhuvc1bdm14t74mtigfp2b09rl', '2020-10-06 08:04:39'),
(550, NULL, 'sp3ran91q19g5njlismatkelna', '2020-10-06 08:07:11'),
(551, NULL, 'jh48ka6c6helckvbra9v1me5ti', '2020-10-06 08:34:10'),
(552, NULL, 'f86jgs17k3ka62u3l5esaoq81b', '2020-10-06 12:15:51'),
(553, NULL, 'kddj5js5i63edh8pk246s4ec9v', '2020-10-06 12:06:50'),
(554, NULL, 'gilqmrce4tvu9niiibsa5vaebq', '2020-10-07 05:24:39'),
(555, NULL, 'apqcg07e21ml1u73qnmtkvoqha', '2020-10-07 05:42:53'),
(556, NULL, 'o38rgf55ounqi7u27iiseoqqak', '2020-10-07 05:42:57'),
(557, NULL, 'bhpep02e1bfqjakjiiam5ucf4p', '2020-10-07 08:01:25'),
(558, NULL, 'to99fdl1stsk9obf6hi1nfauhj', '2020-10-07 08:22:57'),
(559, NULL, 'uv8o4msp3i997b5a42gg6itddi', '2020-10-07 08:23:28'),
(560, NULL, '6pnhd8anjhsavns520bgk5q08j', '2020-10-07 08:23:28'),
(561, NULL, 'id3r4dqrf4ls2cg7ues8ebin7q', '2020-10-07 08:23:53'),
(562, NULL, '4ro343mlku1b17is72s8r7msk5', '2020-10-07 08:23:54'),
(563, NULL, 'h7i3hcfdh2nbinoakqd1pa1c5h', '2020-10-07 08:23:54'),
(564, NULL, 'r9k7kop9qv2p0lhbs47jov9dq3', '2020-10-07 08:24:03'),
(565, NULL, '8l8j2fhdjuigvbdclqqnc3oulj', '2020-10-07 08:24:09'),
(566, NULL, 'ehinm3m5jmk8e6pkh7jd67vk95', '2020-10-07 08:24:10'),
(567, NULL, '9j1dj95b1o6e57l1v4oesf9bpf', '2020-10-07 08:24:19'),
(568, NULL, 'not4kg22s7be4sv8pl9c0f0vf3', '2020-10-07 08:24:21'),
(569, NULL, 'igo61drj8g66or5u1isp3sv594', '2020-10-07 08:24:21'),
(570, NULL, '13pjlmmb6ntnvnvu9vsnss7qhv', '2020-10-07 08:24:30'),
(571, NULL, '6a8d99p77r43gbf9acncpt0opo', '2020-10-07 08:24:41'),
(572, NULL, 'u4b4463p62qe7m11mkg166l9fk', '2020-10-07 08:24:42'),
(573, NULL, 'peqvvcp6vehqsegt4barepusvg', '2020-10-07 08:24:50'),
(574, NULL, 'btt0e8c0522u4crm8f000t4frh', '2020-10-07 08:24:50'),
(575, NULL, '1djkc1sneo23btp4le521ffjmp', '2020-10-07 08:24:56'),
(576, NULL, 'st3utmf5cnn82l1h9imrplveoq', '2020-10-07 08:24:57'),
(577, NULL, '4qbmev7nkik06i5jp4a4bljc6i', '2020-10-07 08:25:09'),
(578, NULL, '79gqjbaerh72aa36jqfsfdfjpo', '2020-10-07 10:01:01'),
(579, NULL, 'jq3berdb7a6ruvt4n9aoub062a', '2020-10-07 10:02:03'),
(580, NULL, '21bp584dqkgduao3dmdk1ev43s', '2020-10-07 10:02:17'),
(581, NULL, '7d3214jmb7si98mlnon11vtofq', '2020-10-07 10:02:18'),
(582, NULL, 'n1m5jga987lf6ht3ch1erfpk1g', '2020-10-07 10:02:27'),
(583, NULL, 'mcuce9it6i0ojja4rvfpk7tnfn', '2020-10-07 10:02:27'),
(584, NULL, 'jdcmumou5kn5tnn9rp34842h4i', '2020-10-07 10:06:18'),
(585, NULL, 'c59akihvf0e3s47e0l5lc6qvke', '2020-10-07 10:06:18'),
(586, NULL, '2t67a5rhvlgu3ec5lqaqkde77m', '2020-10-07 10:24:21'),
(587, NULL, 'fkbgveobpb3g9qlc0048nlo9s7', '2020-10-07 10:24:21'),
(588, NULL, 'euuaaosnmrn3c6ptf8jipdlipr', '2020-10-07 10:24:55'),
(589, NULL, 'g12dq9mg7snfs5m34v60ivim6a', '2020-10-07 10:24:55'),
(590, NULL, 'apecf60kd70290dhc2ig989tu8', '2020-10-07 10:25:13'),
(591, NULL, 'j5l5ochdljlgmdk1kgagi2nskd', '2020-10-07 10:38:16'),
(592, NULL, 'nbp2dpp1fih5080i5no76p5kjf', '2020-10-07 12:57:08'),
(593, NULL, 'om991591h2lon4b4jgr63qo4gl', '2020-10-07 12:07:08'),
(594, NULL, '9i4lagv034ccmvq43qdg9sg7j1', '2020-10-07 12:26:47'),
(595, NULL, 'c4ls9ac7s9ju650itkl5c18qbc', '2020-10-07 12:47:21'),
(596, NULL, 'kgc50alnh686t6o90dq1hlq9h4', '2020-10-07 12:51:31'),
(597, NULL, '2u3omjjh7bt38aa71g4nm2in09', '2020-10-07 13:10:26'),
(598, NULL, 'bv5rt5jg01an5ckkf7lgsrtac4', '2020-10-07 13:17:19'),
(599, NULL, 's55sf1dej2rcp79s7robhhgn1u', '2020-10-07 13:11:54'),
(600, NULL, 'vatqhe6mcaaosj9ktibbatp83o', '2020-10-07 13:11:55'),
(601, NULL, 'kkei3a1k41f2bgrl6krbhval3c', '2020-10-08 04:05:03'),
(602, NULL, 'c8o6k7nmrd4dhg4glt8f6p6cgd', '2020-10-08 04:42:54'),
(603, NULL, 'gbq58vcivjphmc90ii5sibbr8q', '2020-10-08 05:12:53'),
(604, NULL, 's2uhj92jlvr87fjsjlsoclm6df', '2020-10-08 05:45:51'),
(605, NULL, '2grqlel793ic4dsgdbljipqkas', '2020-10-08 06:40:50'),
(606, NULL, 'okojeh64eq77sk5ico8ir44j0b', '2020-10-08 07:10:08'),
(607, NULL, 'bspokn34gpujfnl2cuod86pj5j', '2020-10-08 07:14:51'),
(608, NULL, 'tkvd85iadgejsr0bd3srgb07qc', '2020-10-08 07:21:45'),
(609, NULL, 'p4eivcme06rh9a6lje8p6n9mit', '2020-10-08 07:52:01'),
(610, NULL, 'iiid62mpr78qtsk6eh0snfi4je', '2020-10-11 05:30:39'),
(611, NULL, '2j7v7lhk52du9qa7ri9vbg71f5', '2020-10-11 10:44:09'),
(612, NULL, 'fthv0in1dt9v5i1onqvs4i1m9a', '2020-10-12 04:29:58'),
(613, NULL, 'e467rv9ksug4aqm57srca0quig', '2020-10-12 05:16:36'),
(614, NULL, 'fthv0in1dt9v5i1onqvs4i1m9a', '2020-10-12 05:56:53'),
(615, NULL, 'fec6bqsh2a5qia93r8gngujj1t', '2020-10-12 12:13:40'),
(616, NULL, 'ttjpiop5d0oit86lb2cpmbbq37', '2020-10-13 05:43:51'),
(617, NULL, 'l0t3mm0ojhv8d5utf9fo7asg58', '2020-10-13 08:09:27'),
(618, NULL, '85693uhqf6abgalpebv5mk82b1', '2020-10-13 11:06:48'),
(619, NULL, '8124e8im35fljauhklbutg1of3', '2020-10-14 06:33:04'),
(620, NULL, 'd1r2ibsp3ppfhb5d0jmtdft6e7', '2020-10-14 06:39:59'),
(621, NULL, '3ln9treept54cvvfpefqt07qv4', '2020-10-14 11:34:01'),
(622, NULL, 'et45r8s97jda7t6286q69lv0qf', '2020-10-14 11:48:44'),
(623, NULL, 'qhel1m2rfpup77b4gda4irmraa', '2020-10-15 07:54:18'),
(624, NULL, 'tk688jr22pag313pt24c240ti4', '2020-10-15 08:14:11'),
(625, NULL, 'qg8gsp7qeap1550ujhv7goil5u', '2020-10-15 07:28:27'),
(626, NULL, 'h9u9sro0s268dip4gpqj6nthan', '2020-10-15 07:44:08'),
(627, NULL, 'ep7o3sms97jk0tal1tp9mipl52', '2020-10-15 07:59:10'),
(628, NULL, 'eie0tnlm6etrhmqj5nn73dsgfn', '2020-10-27 07:44:37'),
(629, NULL, '046bff7550135207ac9b21a29804c851', '2020-10-27 09:54:42'),
(630, NULL, '0123dc21957d6f79f55231960afac61f', '2020-10-27 10:05:51'),
(631, NULL, '4f5ea76f70dd32a5ba4c531e815012da', '2020-10-27 10:07:53'),
(632, NULL, '3586615bd206a14e21dd4360bd790c8b', '2020-10-27 10:17:08'),
(633, NULL, '619c15d093d35842f1d3cf4aafe982ab', '2020-10-27 10:13:52'),
(634, NULL, '7dde0448cf77bb4810efed9bebd428a5', '2020-10-27 10:18:48'),
(635, NULL, '1fe25263616c9f42f1fe94c613611701', '2020-10-27 10:29:13'),
(636, NULL, '5a80753970355bbb86d5ec5830d01068', '2020-10-27 11:47:25'),
(637, NULL, 'aecdcdbda71ff7dc1bf90bfde4466fc4', '2020-10-27 11:56:59'),
(638, NULL, '38b7490ef371cb47a99cb54a3db5d359', '2020-10-27 12:49:16'),
(639, NULL, '5a80753970355bbb86d5ec5830d01068', '2020-10-27 13:48:07'),
(640, NULL, 'ab8314bc962877bd12f16e637110f5d6', '2020-10-27 13:45:29'),
(641, NULL, '1c9b538fe552ddca7894c21d6040b217', '2020-10-27 13:46:10'),
(642, NULL, 'edc49ab9b0114c153efce82f5d41c91a', '2020-10-28 04:30:42'),
(643, NULL, 'a7f51a7e9748964701d0266ca5c01e6b', '2020-10-28 04:14:50'),
(644, NULL, '4c45894971c84b968df7a86581a5c276', '2020-10-28 04:14:50'),
(645, NULL, '072dee3d82b5386e2cf669e6bd066698', '2020-10-28 04:18:15'),
(646, NULL, '8a194510fdf2627875d8f3ff08fec334', '2020-10-28 06:31:43'),
(647, NULL, 'df00c45947bdeaba32c609b794f9852c', '2020-11-01 08:55:22'),
(648, NULL, '07a00afe46388adba57619bb0bf3f8cf', '2020-11-02 05:30:03'),
(649, NULL, '07a00afe46388adba57619bb0bf3f8cf', '2020-11-02 06:05:05'),
(650, NULL, '760db8aad6c2a2c9d8338bbce6fb1edb', '2020-11-03 07:46:50'),
(651, NULL, 'e0080d24ecb693d00c6ed2262fe7fe2d', '2020-11-03 08:11:48'),
(652, NULL, '41f4fda6813a070e54bedcb1b50a5f1b', '2020-11-03 10:01:44'),
(653, NULL, '07502ee25ff09415cc3ed179e6197def', '2020-11-03 10:31:55'),
(654, NULL, '07502ee25ff09415cc3ed179e6197def', '2020-11-03 11:32:46'),
(655, NULL, '89886fd01dc265e5ca4454fd6c6339bc', '2020-11-03 12:23:25'),
(656, NULL, '3c9d9a60363cabad5d7d40e6d4fe65ff', '2020-11-04 04:09:52'),
(657, NULL, '91834fc44d4c4548404a0c6809cc03ae', '2020-11-04 08:57:59'),
(658, NULL, '2d66def17f33fb70ed753a01701906ab', '2020-11-04 09:00:00'),
(659, NULL, '1c1bb79f071b48b42fd5b7a5e666909c', '2020-11-04 09:02:38'),
(660, NULL, 'a68a3a3dd1bacfb110d5cd03c96563bc', '2020-11-04 10:55:51'),
(661, NULL, '91834fc44d4c4548404a0c6809cc03ae', '2020-11-04 10:11:32'),
(662, NULL, '29d2cc963c8da9219f8cbe6a08da99f6', '2020-11-04 10:24:01'),
(663, NULL, '6e34a4afef687ce21bdf8e2b3389fc47', '2020-11-04 12:28:03'),
(664, NULL, '91834fc44d4c4548404a0c6809cc03ae', '2020-11-04 11:09:42'),
(665, NULL, '081a1696cdbaa61a7b91a11dfff1d7dd', '2020-11-04 11:13:57'),
(666, NULL, '4b37d09931092e59420ff2cfeda7a177', '2020-11-04 12:27:50'),
(667, NULL, 'd2c16b08e79ce8ce9ffe5ca6c30924ca', '2020-11-04 14:22:41'),
(668, NULL, '4012ee200678c2b082e29171f4fbf782', '2020-11-04 14:42:40'),
(669, NULL, '2ab0f679af671677b5907eb1e2e823af', '2020-11-05 05:36:29'),
(670, NULL, 'cd8dd533707fcee303da2201fd947b6b', '2020-11-05 05:04:44'),
(671, NULL, 'b66c3a4d67fe0affbfefa1a3a82d8d95', '2020-11-05 06:37:09'),
(672, NULL, '20d63122dbb37eb662f25a8107a0ffb2', '2020-11-05 07:19:52'),
(673, NULL, '20d63122dbb37eb662f25a8107a0ffb2', '2020-11-05 08:24:38'),
(674, NULL, 'b25079004f9e626e687907d93b3a9df0', '2020-11-06 09:12:59'),
(675, NULL, '7bca181a83bb1bae863496dd45f635a8', '2020-11-06 09:13:29'),
(676, NULL, '48ff8065f09929844a71b5d6320e5b89', '2020-11-06 21:05:21'),
(677, NULL, '5f5185dd5e69513e06a02b9778ea5cd2', '2020-11-07 11:34:21'),
(678, NULL, 'ad686b7514ca912b9890a90d71ce6ef1', '2020-11-08 06:16:07'),
(679, NULL, '5f3f0c6efd6f0450b2bc7fbaa6a48416', '2020-11-09 05:28:32');

-- --------------------------------------------------------

--
-- Table structure for table `cybersource_ideal_option`
--

CREATE TABLE `cybersource_ideal_option` (
  `id` int(10) UNSIGNED NOT NULL COMMENT 'Primary Key',
  `option_id` varchar(100) NOT NULL DEFAULT '' COMMENT 'Option Id',
  `option_name` varchar(100) NOT NULL DEFAULT '' COMMENT 'Option Name',
  `created_date` datetime DEFAULT NULL COMMENT 'Created Date'
) ENGINE=InnoDB DEFAULT CHARSET=utf8 COMMENT='IDEAL option table';

-- --------------------------------------------------------

--
-- Table structure for table `cybersource_payment_token`
--

CREATE TABLE `cybersource_payment_token` (
  `token_id` int(10) UNSIGNED NOT NULL COMMENT 'Token Id',
  `created_date` datetime DEFAULT NULL COMMENT 'Created Date',
  `customer_id` int(11) NOT NULL DEFAULT 0 COMMENT 'Customer Id',
  `order_id` text NOT NULL COMMENT 'Order Id',
  `quote_id` text NOT NULL COMMENT 'Quote Id',
  `payment_token` text NOT NULL COMMENT 'Payment Token',
  `customer_email` text NOT NULL COMMENT 'Customer Email',
  `store_id` int(11) NOT NULL COMMENT 'Store Id',
  `card_default` int(11) NOT NULL DEFAULT 0 COMMENT 'Cart Default',
  `card_expire` int(11) NOT NULL COMMENT 'Cart Expire',
  `card_type` text NOT NULL COMMENT 'Cart Type',
  `cc_last4` text NOT NULL COMMENT 'Cc Last 4',
  `payment_type` text NOT NULL COMMENT 'Payment Type',
  `updated_date` datetime NOT NULL COMMENT 'Updated Date',
  `card_expiry_date` text DEFAULT NULL COMMENT 'Card Expiry Date',
  `address_id` int(11) DEFAULT NULL COMMENT 'Address ID',
  `reference_number` text DEFAULT NULL COMMENT 'Reference Number',
  `authorize_only` int(11) DEFAULT 0 COMMENT 'Authorize Only',
  `transaction_id` text DEFAULT NULL COMMENT 'Transaction ID',
  `cc_number` text DEFAULT NULL COMMENT 'CC Number',
  `payment_method` varchar(10) NOT NULL COMMENT 'Payment Method'
) ENGINE=InnoDB DEFAULT CHARSET=utf8 COMMENT='Token Table';

-- --------------------------------------------------------

--
-- Table structure for table `design_change`
--

CREATE TABLE `design_change` (
  `design_change_id` int(11) NOT NULL COMMENT 'Design Change ID',
  `store_id` smallint(5) UNSIGNED NOT NULL DEFAULT 0 COMMENT 'Store ID',
  `design` varchar(255) DEFAULT NULL COMMENT 'Design',
  `date_from` date DEFAULT NULL COMMENT 'First Date of Design Activity',
  `date_to` date DEFAULT NULL COMMENT 'Last Date of Design Activity'
) ENGINE=InnoDB DEFAULT CHARSET=utf8 COMMENT='Design Changes';

-- --------------------------------------------------------

--
-- Table structure for table `design_config_grid_flat`
--

CREATE TABLE `design_config_grid_flat` (
  `entity_id` int(10) UNSIGNED NOT NULL COMMENT 'Entity ID',
  `store_website_id` int(11) DEFAULT NULL COMMENT 'Store_website_id',
  `store_group_id` int(11) DEFAULT NULL COMMENT 'Store_group_id',
  `store_id` int(11) DEFAULT NULL COMMENT 'Store_id',
  `theme_theme_id` varchar(255) DEFAULT NULL COMMENT 'Theme_theme_id'
) ENGINE=InnoDB DEFAULT CHARSET=utf8 COMMENT='design_config_grid_flat';

--
-- Dumping data for table `design_config_grid_flat`
--

INSERT INTO `design_config_grid_flat` (`entity_id`, `store_website_id`, `store_group_id`, `store_id`, `theme_theme_id`) VALUES
(0, NULL, NULL, NULL, '4'),
(1, 1, NULL, NULL, '4'),
(2, 1, 1, 1, '4');

-- --------------------------------------------------------

--
-- Table structure for table `directory_country`
--

CREATE TABLE `directory_country` (
  `country_id` varchar(2) NOT NULL COMMENT 'Country ID in ISO-2',
  `iso2_code` varchar(2) DEFAULT NULL COMMENT 'Country ISO-2 format',
  `iso3_code` varchar(3) DEFAULT NULL COMMENT 'Country ISO-3'
) ENGINE=InnoDB DEFAULT CHARSET=utf8 COMMENT='Directory Country';

--
-- Dumping data for table `directory_country`
--

INSERT INTO `directory_country` (`country_id`, `iso2_code`, `iso3_code`) VALUES
('AD', 'AD', 'AND'),
('AE', 'AE', 'ARE'),
('AF', 'AF', 'AFG'),
('AG', 'AG', 'ATG'),
('AI', 'AI', 'AIA'),
('AL', 'AL', 'ALB'),
('AM', 'AM', 'ARM'),
('AN', 'AN', 'ANT'),
('AO', 'AO', 'AGO'),
('AQ', 'AQ', 'ATA'),
('AR', 'AR', 'ARG'),
('AS', 'AS', 'ASM'),
('AT', 'AT', 'AUT'),
('AU', 'AU', 'AUS'),
('AW', 'AW', 'ABW'),
('AX', 'AX', 'ALA'),
('AZ', 'AZ', 'AZE'),
('BA', 'BA', 'BIH'),
('BB', 'BB', 'BRB'),
('BD', 'BD', 'BGD'),
('BE', 'BE', 'BEL'),
('BF', 'BF', 'BFA'),
('BG', 'BG', 'BGR'),
('BH', 'BH', 'BHR'),
('BI', 'BI', 'BDI'),
('BJ', 'BJ', 'BEN'),
('BL', 'BL', 'BLM'),
('BM', 'BM', 'BMU'),
('BN', 'BN', 'BRN'),
('BO', 'BO', 'BOL'),
('BQ', 'BQ', 'BES'),
('BR', 'BR', 'BRA'),
('BS', 'BS', 'BHS'),
('BT', 'BT', 'BTN'),
('BV', 'BV', 'BVT'),
('BW', 'BW', 'BWA'),
('BY', 'BY', 'BLR'),
('BZ', 'BZ', 'BLZ'),
('CA', 'CA', 'CAN'),
('CC', 'CC', 'CCK'),
('CD', 'CD', 'COD'),
('CF', 'CF', 'CAF'),
('CG', 'CG', 'COG'),
('CH', 'CH', 'CHE'),
('CI', 'CI', 'CIV'),
('CK', 'CK', 'COK'),
('CL', 'CL', 'CHL'),
('CM', 'CM', 'CMR'),
('CN', 'CN', 'CHN'),
('CO', 'CO', 'COL'),
('CR', 'CR', 'CRI'),
('CU', 'CU', 'CUB'),
('CV', 'CV', 'CPV'),
('CW', 'CW', 'CUW'),
('CX', 'CX', 'CXR'),
('CY', 'CY', 'CYP'),
('CZ', 'CZ', 'CZE'),
('DE', 'DE', 'DEU'),
('DJ', 'DJ', 'DJI'),
('DK', 'DK', 'DNK'),
('DM', 'DM', 'DMA'),
('DO', 'DO', 'DOM'),
('DZ', 'DZ', 'DZA'),
('EC', 'EC', 'ECU'),
('EE', 'EE', 'EST'),
('EG', 'EG', 'EGY'),
('EH', 'EH', 'ESH'),
('ER', 'ER', 'ERI'),
('ES', 'ES', 'ESP'),
('ET', 'ET', 'ETH'),
('FI', 'FI', 'FIN'),
('FJ', 'FJ', 'FJI'),
('FK', 'FK', 'FLK'),
('FM', 'FM', 'FSM'),
('FO', 'FO', 'FRO'),
('FR', 'FR', 'FRA'),
('GA', 'GA', 'GAB'),
('GB', 'GB', 'GBR'),
('GD', 'GD', 'GRD'),
('GE', 'GE', 'GEO'),
('GF', 'GF', 'GUF'),
('GG', 'GG', 'GGY'),
('GH', 'GH', 'GHA'),
('GI', 'GI', 'GIB'),
('GL', 'GL', 'GRL'),
('GM', 'GM', 'GMB'),
('GN', 'GN', 'GIN'),
('GP', 'GP', 'GLP'),
('GQ', 'GQ', 'GNQ'),
('GR', 'GR', 'GRC'),
('GS', 'GS', 'SGS'),
('GT', 'GT', 'GTM'),
('GU', 'GU', 'GUM'),
('GW', 'GW', 'GNB'),
('GY', 'GY', 'GUY'),
('HK', 'HK', 'HKG'),
('HM', 'HM', 'HMD'),
('HN', 'HN', 'HND'),
('HR', 'HR', 'HRV'),
('HT', 'HT', 'HTI'),
('HU', 'HU', 'HUN'),
('ID', 'ID', 'IDN'),
('IE', 'IE', 'IRL'),
('IL', 'IL', 'ISR'),
('IM', 'IM', 'IMN'),
('IN', 'IN', 'IND'),
('IO', 'IO', 'IOT'),
('IQ', 'IQ', 'IRQ'),
('IR', 'IR', 'IRN'),
('IS', 'IS', 'ISL'),
('IT', 'IT', 'ITA'),
('JE', 'JE', 'JEY'),
('JM', 'JM', 'JAM'),
('JO', 'JO', 'JOR'),
('JP', 'JP', 'JPN'),
('KE', 'KE', 'KEN'),
('KG', 'KG', 'KGZ'),
('KH', 'KH', 'KHM'),
('KI', 'KI', 'KIR'),
('KM', 'KM', 'COM'),
('KN', 'KN', 'KNA'),
('KP', 'KP', 'PRK'),
('KR', 'KR', 'KOR'),
('KW', 'KW', 'KWT'),
('KY', 'KY', 'CYM'),
('KZ', 'KZ', 'KAZ'),
('LA', 'LA', 'LAO'),
('LB', 'LB', 'LBN'),
('LC', 'LC', 'LCA'),
('LI', 'LI', 'LIE'),
('LK', 'LK', 'LKA'),
('LR', 'LR', 'LBR'),
('LS', 'LS', 'LSO'),
('LT', 'LT', 'LTU'),
('LU', 'LU', 'LUX'),
('LV', 'LV', 'LVA'),
('LY', 'LY', 'LBY'),
('MA', 'MA', 'MAR'),
('MC', 'MC', 'MCO'),
('MD', 'MD', 'MDA'),
('ME', 'ME', 'MNE'),
('MF', 'MF', 'MAF'),
('MG', 'MG', 'MDG'),
('MH', 'MH', 'MHL'),
('MK', 'MK', 'MKD'),
('ML', 'ML', 'MLI'),
('MM', 'MM', 'MMR'),
('MN', 'MN', 'MNG'),
('MO', 'MO', 'MAC'),
('MP', 'MP', 'MNP'),
('MQ', 'MQ', 'MTQ'),
('MR', 'MR', 'MRT'),
('MS', 'MS', 'MSR'),
('MT', 'MT', 'MLT'),
('MU', 'MU', 'MUS'),
('MV', 'MV', 'MDV'),
('MW', 'MW', 'MWI'),
('MX', 'MX', 'MEX'),
('MY', 'MY', 'MYS'),
('MZ', 'MZ', 'MOZ'),
('NA', 'NA', 'NAM'),
('NC', 'NC', 'NCL'),
('NE', 'NE', 'NER'),
('NF', 'NF', 'NFK'),
('NG', 'NG', 'NGA'),
('NI', 'NI', 'NIC'),
('NL', 'NL', 'NLD'),
('NO', 'NO', 'NOR'),
('NP', 'NP', 'NPL'),
('NR', 'NR', 'NRU'),
('NU', 'NU', 'NIU'),
('NZ', 'NZ', 'NZL'),
('OM', 'OM', 'OMN'),
('PA', 'PA', 'PAN'),
('PE', 'PE', 'PER'),
('PF', 'PF', 'PYF'),
('PG', 'PG', 'PNG'),
('PH', 'PH', 'PHL'),
('PK', 'PK', 'PAK'),
('PL', 'PL', 'POL'),
('PM', 'PM', 'SPM'),
('PN', 'PN', 'PCN'),
('PS', 'PS', 'PSE'),
('PT', 'PT', 'PRT'),
('PW', 'PW', 'PLW'),
('PY', 'PY', 'PRY'),
('QA', 'QA', 'QAT'),
('RE', 'RE', 'REU'),
('RO', 'RO', 'ROU'),
('RS', 'RS', 'SRB'),
('RU', 'RU', 'RUS'),
('RW', 'RW', 'RWA'),
('SA', 'SA', 'SAU'),
('SB', 'SB', 'SLB'),
('SC', 'SC', 'SYC'),
('SD', 'SD', 'SDN'),
('SE', 'SE', 'SWE'),
('SG', 'SG', 'SGP'),
('SH', 'SH', 'SHN'),
('SI', 'SI', 'SVN'),
('SJ', 'SJ', 'SJM'),
('SK', 'SK', 'SVK'),
('SL', 'SL', 'SLE'),
('SM', 'SM', 'SMR'),
('SN', 'SN', 'SEN'),
('SO', 'SO', 'SOM'),
('SR', 'SR', 'SUR'),
('ST', 'ST', 'STP'),
('SV', 'SV', 'SLV'),
('SX', 'SX', 'SXM'),
('SY', 'SY', 'SYR'),
('SZ', 'SZ', 'SWZ'),
('TC', 'TC', 'TCA'),
('TD', 'TD', 'TCD'),
('TF', 'TF', 'ATF'),
('TG', 'TG', 'TGO'),
('TH', 'TH', 'THA'),
('TJ', 'TJ', 'TJK'),
('TK', 'TK', 'TKL'),
('TL', 'TL', 'TLS'),
('TM', 'TM', 'TKM'),
('TN', 'TN', 'TUN'),
('TO', 'TO', 'TON'),
('TR', 'TR', 'TUR'),
('TT', 'TT', 'TTO'),
('TV', 'TV', 'TUV'),
('TW', 'TW', 'TWN'),
('TZ', 'TZ', 'TZA'),
('UA', 'UA', 'UKR'),
('UG', 'UG', 'UGA'),
('UM', 'UM', 'UMI'),
('US', 'US', 'USA'),
('UY', 'UY', 'URY'),
('UZ', 'UZ', 'UZB'),
('VA', 'VA', 'VAT'),
('VC', 'VC', 'VCT'),
('VE', 'VE', 'VEN'),
('VG', 'VG', 'VGB'),
('VI', 'VI', 'VIR'),
('VN', 'VN', 'VNM'),
('VU', 'VU', 'VUT'),
('WF', 'WF', 'WLF'),
('WS', 'WS', 'WSM'),
('XK', 'XK', 'XKX'),
('YE', 'YE', 'YEM'),
('YT', 'YT', 'MYT'),
('ZA', 'ZA', 'ZAF'),
('ZM', 'ZM', 'ZMB'),
('ZW', 'ZW', 'ZWE');

-- --------------------------------------------------------

--
-- Table structure for table `directory_country_format`
--

CREATE TABLE `directory_country_format` (
  `country_format_id` int(10) UNSIGNED NOT NULL COMMENT 'Country Format ID',
  `country_id` varchar(2) DEFAULT NULL COMMENT 'Country ID in ISO-2',
  `type` varchar(30) DEFAULT NULL COMMENT 'Country Format Type',
  `format` text NOT NULL COMMENT 'Country Format'
) ENGINE=InnoDB DEFAULT CHARSET=utf8 COMMENT='Directory Country Format';

-- --------------------------------------------------------

--
-- Table structure for table `directory_country_region`
--

CREATE TABLE `directory_country_region` (
  `region_id` int(10) UNSIGNED NOT NULL COMMENT 'Region ID',
  `country_id` varchar(4) NOT NULL DEFAULT '0' COMMENT 'Country ID in ISO-2',
  `code` varchar(32) DEFAULT NULL COMMENT 'Region code',
  `default_name` varchar(255) DEFAULT NULL COMMENT 'Region Name'
) ENGINE=InnoDB DEFAULT CHARSET=utf8 COMMENT='Directory Country Region';

--
-- Dumping data for table `directory_country_region`
--

INSERT INTO `directory_country_region` (`region_id`, `country_id`, `code`, `default_name`) VALUES
(1, 'US', 'AL', 'Alabama'),
(2, 'US', 'AK', 'Alaska'),
(3, 'US', 'AS', 'American Samoa'),
(4, 'US', 'AZ', 'Arizona'),
(5, 'US', 'AR', 'Arkansas'),
(6, 'US', 'AE', 'Armed Forces Africa'),
(7, 'US', 'AA', 'Armed Forces Americas'),
(8, 'US', 'AE', 'Armed Forces Canada'),
(9, 'US', 'AE', 'Armed Forces Europe'),
(10, 'US', 'AE', 'Armed Forces Middle East'),
(11, 'US', 'AP', 'Armed Forces Pacific'),
(12, 'US', 'CA', 'California'),
(13, 'US', 'CO', 'Colorado'),
(14, 'US', 'CT', 'Connecticut'),
(15, 'US', 'DE', 'Delaware'),
(16, 'US', 'DC', 'District of Columbia'),
(17, 'US', 'FM', 'Federated States Of Micronesia'),
(18, 'US', 'FL', 'Florida'),
(19, 'US', 'GA', 'Georgia'),
(20, 'US', 'GU', 'Guam'),
(21, 'US', 'HI', 'Hawaii'),
(22, 'US', 'ID', 'Idaho'),
(23, 'US', 'IL', 'Illinois'),
(24, 'US', 'IN', 'Indiana'),
(25, 'US', 'IA', 'Iowa'),
(26, 'US', 'KS', 'Kansas'),
(27, 'US', 'KY', 'Kentucky'),
(28, 'US', 'LA', 'Louisiana'),
(29, 'US', 'ME', 'Maine'),
(30, 'US', 'MH', 'Marshall Islands'),
(31, 'US', 'MD', 'Maryland'),
(32, 'US', 'MA', 'Massachusetts'),
(33, 'US', 'MI', 'Michigan'),
(34, 'US', 'MN', 'Minnesota'),
(35, 'US', 'MS', 'Mississippi'),
(36, 'US', 'MO', 'Missouri'),
(37, 'US', 'MT', 'Montana'),
(38, 'US', 'NE', 'Nebraska'),
(39, 'US', 'NV', 'Nevada'),
(40, 'US', 'NH', 'New Hampshire'),
(41, 'US', 'NJ', 'New Jersey'),
(42, 'US', 'NM', 'New Mexico'),
(43, 'US', 'NY', 'New York'),
(44, 'US', 'NC', 'North Carolina'),
(45, 'US', 'ND', 'North Dakota'),
(46, 'US', 'MP', 'Northern Mariana Islands'),
(47, 'US', 'OH', 'Ohio'),
(48, 'US', 'OK', 'Oklahoma'),
(49, 'US', 'OR', 'Oregon'),
(50, 'US', 'PW', 'Palau'),
(51, 'US', 'PA', 'Pennsylvania'),
(52, 'US', 'PR', 'Puerto Rico'),
(53, 'US', 'RI', 'Rhode Island'),
(54, 'US', 'SC', 'South Carolina'),
(55, 'US', 'SD', 'South Dakota'),
(56, 'US', 'TN', 'Tennessee'),
(57, 'US', 'TX', 'Texas'),
(58, 'US', 'UT', 'Utah'),
(59, 'US', 'VT', 'Vermont'),
(60, 'US', 'VI', 'Virgin Islands'),
(61, 'US', 'VA', 'Virginia'),
(62, 'US', 'WA', 'Washington'),
(63, 'US', 'WV', 'West Virginia'),
(64, 'US', 'WI', 'Wisconsin'),
(65, 'US', 'WY', 'Wyoming'),
(66, 'CA', 'AB', 'Alberta'),
(67, 'CA', 'BC', 'British Columbia'),
(68, 'CA', 'MB', 'Manitoba'),
(69, 'CA', 'NL', 'Newfoundland and Labrador'),
(70, 'CA', 'NB', 'New Brunswick'),
(71, 'CA', 'NS', 'Nova Scotia'),
(72, 'CA', 'NT', 'Northwest Territories'),
(73, 'CA', 'NU', 'Nunavut'),
(74, 'CA', 'ON', 'Ontario'),
(75, 'CA', 'PE', 'Prince Edward Island'),
(76, 'CA', 'QC', 'Quebec'),
(77, 'CA', 'SK', 'Saskatchewan'),
(78, 'CA', 'YT', 'Yukon Territory'),
(79, 'DE', 'NDS', 'Niedersachsen'),
(80, 'DE', 'BAW', 'Baden-Württemberg'),
(81, 'DE', 'BAY', 'Bayern'),
(82, 'DE', 'BER', 'Berlin'),
(83, 'DE', 'BRG', 'Brandenburg'),
(84, 'DE', 'BRE', 'Bremen'),
(85, 'DE', 'HAM', 'Hamburg'),
(86, 'DE', 'HES', 'Hessen'),
(87, 'DE', 'MEC', 'Mecklenburg-Vorpommern'),
(88, 'DE', 'NRW', 'Nordrhein-Westfalen'),
(89, 'DE', 'RHE', 'Rheinland-Pfalz'),
(90, 'DE', 'SAR', 'Saarland'),
(91, 'DE', 'SAS', 'Sachsen'),
(92, 'DE', 'SAC', 'Sachsen-Anhalt'),
(93, 'DE', 'SCN', 'Schleswig-Holstein'),
(94, 'DE', 'THE', 'Thüringen'),
(95, 'AT', 'WI', 'Wien'),
(96, 'AT', 'NO', 'Niederösterreich'),
(97, 'AT', 'OO', 'Oberösterreich'),
(98, 'AT', 'SB', 'Salzburg'),
(99, 'AT', 'KN', 'Kärnten'),
(100, 'AT', 'ST', 'Steiermark'),
(101, 'AT', 'TI', 'Tirol'),
(102, 'AT', 'BL', 'Burgenland'),
(103, 'AT', 'VB', 'Vorarlberg'),
(104, 'CH', 'AG', 'Aargau'),
(105, 'CH', 'AI', 'Appenzell Innerrhoden'),
(106, 'CH', 'AR', 'Appenzell Ausserrhoden'),
(107, 'CH', 'BE', 'Bern'),
(108, 'CH', 'BL', 'Basel-Landschaft'),
(109, 'CH', 'BS', 'Basel-Stadt'),
(110, 'CH', 'FR', 'Freiburg'),
(111, 'CH', 'GE', 'Genf'),
(112, 'CH', 'GL', 'Glarus'),
(113, 'CH', 'GR', 'Graubünden'),
(114, 'CH', 'JU', 'Jura'),
(115, 'CH', 'LU', 'Luzern'),
(116, 'CH', 'NE', 'Neuenburg'),
(117, 'CH', 'NW', 'Nidwalden'),
(118, 'CH', 'OW', 'Obwalden'),
(119, 'CH', 'SG', 'St. Gallen'),
(120, 'CH', 'SH', 'Schaffhausen'),
(121, 'CH', 'SO', 'Solothurn'),
(122, 'CH', 'SZ', 'Schwyz'),
(123, 'CH', 'TG', 'Thurgau'),
(124, 'CH', 'TI', 'Tessin'),
(125, 'CH', 'UR', 'Uri'),
(126, 'CH', 'VD', 'Waadt'),
(127, 'CH', 'VS', 'Wallis'),
(128, 'CH', 'ZG', 'Zug'),
(129, 'CH', 'ZH', 'Zürich'),
(130, 'ES', 'A Coruсa', 'A Coruña'),
(131, 'ES', 'Alava', 'Alava'),
(132, 'ES', 'Albacete', 'Albacete'),
(133, 'ES', 'Alicante', 'Alicante'),
(134, 'ES', 'Almeria', 'Almeria'),
(135, 'ES', 'Asturias', 'Asturias'),
(136, 'ES', 'Avila', 'Avila'),
(137, 'ES', 'Badajoz', 'Badajoz'),
(138, 'ES', 'Baleares', 'Baleares'),
(139, 'ES', 'Barcelona', 'Barcelona'),
(140, 'ES', 'Burgos', 'Burgos'),
(141, 'ES', 'Caceres', 'Caceres'),
(142, 'ES', 'Cadiz', 'Cadiz'),
(143, 'ES', 'Cantabria', 'Cantabria'),
(144, 'ES', 'Castellon', 'Castellon'),
(145, 'ES', 'Ceuta', 'Ceuta'),
(146, 'ES', 'Ciudad Real', 'Ciudad Real'),
(147, 'ES', 'Cordoba', 'Cordoba'),
(148, 'ES', 'Cuenca', 'Cuenca'),
(149, 'ES', 'Girona', 'Girona'),
(150, 'ES', 'Granada', 'Granada'),
(151, 'ES', 'Guadalajara', 'Guadalajara'),
(152, 'ES', 'Guipuzcoa', 'Guipuzcoa'),
(153, 'ES', 'Huelva', 'Huelva'),
(154, 'ES', 'Huesca', 'Huesca'),
(155, 'ES', 'Jaen', 'Jaen'),
(156, 'ES', 'La Rioja', 'La Rioja'),
(157, 'ES', 'Las Palmas', 'Las Palmas'),
(158, 'ES', 'Leon', 'Leon'),
(159, 'ES', 'Lleida', 'Lleida'),
(160, 'ES', 'Lugo', 'Lugo'),
(161, 'ES', 'Madrid', 'Madrid'),
(162, 'ES', 'Malaga', 'Malaga'),
(163, 'ES', 'Melilla', 'Melilla'),
(164, 'ES', 'Murcia', 'Murcia'),
(165, 'ES', 'Navarra', 'Navarra'),
(166, 'ES', 'Ourense', 'Ourense'),
(167, 'ES', 'Palencia', 'Palencia'),
(168, 'ES', 'Pontevedra', 'Pontevedra'),
(169, 'ES', 'Salamanca', 'Salamanca'),
(170, 'ES', 'Santa Cruz de Tenerife', 'Santa Cruz de Tenerife'),
(171, 'ES', 'Segovia', 'Segovia'),
(172, 'ES', 'Sevilla', 'Sevilla'),
(173, 'ES', 'Soria', 'Soria'),
(174, 'ES', 'Tarragona', 'Tarragona'),
(175, 'ES', 'Teruel', 'Teruel'),
(176, 'ES', 'Toledo', 'Toledo'),
(177, 'ES', 'Valencia', 'Valencia'),
(178, 'ES', 'Valladolid', 'Valladolid'),
(179, 'ES', 'Vizcaya', 'Vizcaya'),
(180, 'ES', 'Zamora', 'Zamora'),
(181, 'ES', 'Zaragoza', 'Zaragoza'),
(182, 'FR', '1', 'Ain'),
(183, 'FR', '2', 'Aisne'),
(184, 'FR', '3', 'Allier'),
(185, 'FR', '4', 'Alpes-de-Haute-Provence'),
(186, 'FR', '5', 'Hautes-Alpes'),
(187, 'FR', '6', 'Alpes-Maritimes'),
(188, 'FR', '7', 'Ardèche'),
(189, 'FR', '8', 'Ardennes'),
(190, 'FR', '9', 'Ariège'),
(191, 'FR', '10', 'Aube'),
(192, 'FR', '11', 'Aude'),
(193, 'FR', '12', 'Aveyron'),
(194, 'FR', '13', 'Bouches-du-Rhône'),
(195, 'FR', '14', 'Calvados'),
(196, 'FR', '15', 'Cantal'),
(197, 'FR', '16', 'Charente'),
(198, 'FR', '17', 'Charente-Maritime'),
(199, 'FR', '18', 'Cher'),
(200, 'FR', '19', 'Corrèze'),
(201, 'FR', '2A', 'Corse-du-Sud'),
(202, 'FR', '2B', 'Haute-Corse'),
(203, 'FR', '21', 'Côte-d\'Or'),
(204, 'FR', '22', 'Côtes-d\'Armor'),
(205, 'FR', '23', 'Creuse'),
(206, 'FR', '24', 'Dordogne'),
(207, 'FR', '25', 'Doubs'),
(208, 'FR', '26', 'Drôme'),
(209, 'FR', '27', 'Eure'),
(210, 'FR', '28', 'Eure-et-Loir'),
(211, 'FR', '29', 'Finistère'),
(212, 'FR', '30', 'Gard'),
(213, 'FR', '31', 'Haute-Garonne'),
(214, 'FR', '32', 'Gers'),
(215, 'FR', '33', 'Gironde'),
(216, 'FR', '34', 'Hérault'),
(217, 'FR', '35', 'Ille-et-Vilaine'),
(218, 'FR', '36', 'Indre'),
(219, 'FR', '37', 'Indre-et-Loire'),
(220, 'FR', '38', 'Isère'),
(221, 'FR', '39', 'Jura'),
(222, 'FR', '40', 'Landes'),
(223, 'FR', '41', 'Loir-et-Cher'),
(224, 'FR', '42', 'Loire'),
(225, 'FR', '43', 'Haute-Loire'),
(226, 'FR', '44', 'Loire-Atlantique'),
(227, 'FR', '45', 'Loiret'),
(228, 'FR', '46', 'Lot'),
(229, 'FR', '47', 'Lot-et-Garonne'),
(230, 'FR', '48', 'Lozère'),
(231, 'FR', '49', 'Maine-et-Loire'),
(232, 'FR', '50', 'Manche'),
(233, 'FR', '51', 'Marne'),
(234, 'FR', '52', 'Haute-Marne'),
(235, 'FR', '53', 'Mayenne'),
(236, 'FR', '54', 'Meurthe-et-Moselle'),
(237, 'FR', '55', 'Meuse'),
(238, 'FR', '56', 'Morbihan'),
(239, 'FR', '57', 'Moselle'),
(240, 'FR', '58', 'Nièvre'),
(241, 'FR', '59', 'Nord'),
(242, 'FR', '60', 'Oise'),
(243, 'FR', '61', 'Orne'),
(244, 'FR', '62', 'Pas-de-Calais'),
(245, 'FR', '63', 'Puy-de-Dôme'),
(246, 'FR', '64', 'Pyrénées-Atlantiques'),
(247, 'FR', '65', 'Hautes-Pyrénées'),
(248, 'FR', '66', 'Pyrénées-Orientales'),
(249, 'FR', '67', 'Bas-Rhin'),
(250, 'FR', '68', 'Haut-Rhin'),
(251, 'FR', '69', 'Rhône'),
(252, 'FR', '70', 'Haute-Saône'),
(253, 'FR', '71', 'Saône-et-Loire'),
(254, 'FR', '72', 'Sarthe'),
(255, 'FR', '73', 'Savoie'),
(256, 'FR', '74', 'Haute-Savoie'),
(257, 'FR', '75', 'Paris'),
(258, 'FR', '76', 'Seine-Maritime'),
(259, 'FR', '77', 'Seine-et-Marne'),
(260, 'FR', '78', 'Yvelines'),
(261, 'FR', '79', 'Deux-Sèvres'),
(262, 'FR', '80', 'Somme'),
(263, 'FR', '81', 'Tarn'),
(264, 'FR', '82', 'Tarn-et-Garonne'),
(265, 'FR', '83', 'Var'),
(266, 'FR', '84', 'Vaucluse'),
(267, 'FR', '85', 'Vendée'),
(268, 'FR', '86', 'Vienne'),
(269, 'FR', '87', 'Haute-Vienne'),
(270, 'FR', '88', 'Vosges'),
(271, 'FR', '89', 'Yonne'),
(272, 'FR', '90', 'Territoire-de-Belfort'),
(273, 'FR', '91', 'Essonne'),
(274, 'FR', '92', 'Hauts-de-Seine'),
(275, 'FR', '93', 'Seine-Saint-Denis'),
(276, 'FR', '94', 'Val-de-Marne'),
(277, 'FR', '95', 'Val-d\'Oise'),
(278, 'RO', 'AB', 'Alba'),
(279, 'RO', 'AR', 'Arad'),
(280, 'RO', 'AG', 'Argeş'),
(281, 'RO', 'BC', 'Bacău'),
(282, 'RO', 'BH', 'Bihor'),
(283, 'RO', 'BN', 'Bistriţa-Năsăud'),
(284, 'RO', 'BT', 'Botoşani'),
(285, 'RO', 'BV', 'Braşov'),
(286, 'RO', 'BR', 'Brăila'),
(287, 'RO', 'B', 'Bucureşti'),
(288, 'RO', 'BZ', 'Buzău'),
(289, 'RO', 'CS', 'Caraş-Severin'),
(290, 'RO', 'CL', 'Călăraşi'),
(291, 'RO', 'CJ', 'Cluj'),
(292, 'RO', 'CT', 'Constanţa'),
(293, 'RO', 'CV', 'Covasna'),
(294, 'RO', 'DB', 'Dâmboviţa'),
(295, 'RO', 'DJ', 'Dolj'),
(296, 'RO', 'GL', 'Galaţi'),
(297, 'RO', 'GR', 'Giurgiu'),
(298, 'RO', 'GJ', 'Gorj'),
(299, 'RO', 'HR', 'Harghita'),
(300, 'RO', 'HD', 'Hunedoara'),
(301, 'RO', 'IL', 'Ialomiţa'),
(302, 'RO', 'IS', 'Iaşi'),
(303, 'RO', 'IF', 'Ilfov'),
(304, 'RO', 'MM', 'Maramureş'),
(305, 'RO', 'MH', 'Mehedinţi'),
(306, 'RO', 'MS', 'Mureş'),
(307, 'RO', 'NT', 'Neamţ'),
(308, 'RO', 'OT', 'Olt'),
(309, 'RO', 'PH', 'Prahova'),
(310, 'RO', 'SM', 'Satu-Mare'),
(311, 'RO', 'SJ', 'Sălaj'),
(312, 'RO', 'SB', 'Sibiu'),
(313, 'RO', 'SV', 'Suceava'),
(314, 'RO', 'TR', 'Teleorman'),
(315, 'RO', 'TM', 'Timiş'),
(316, 'RO', 'TL', 'Tulcea'),
(317, 'RO', 'VS', 'Vaslui'),
(318, 'RO', 'VL', 'Vâlcea'),
(319, 'RO', 'VN', 'Vrancea'),
(320, 'FI', 'Lappi', 'Lappi'),
(321, 'FI', 'Pohjois-Pohjanmaa', 'Pohjois-Pohjanmaa'),
(322, 'FI', 'Kainuu', 'Kainuu'),
(323, 'FI', 'Pohjois-Karjala', 'Pohjois-Karjala'),
(324, 'FI', 'Pohjois-Savo', 'Pohjois-Savo'),
(325, 'FI', 'Etelä-Savo', 'Etelä-Savo'),
(326, 'FI', 'Etelä-Pohjanmaa', 'Etelä-Pohjanmaa'),
(327, 'FI', 'Pohjanmaa', 'Pohjanmaa'),
(328, 'FI', 'Pirkanmaa', 'Pirkanmaa'),
(329, 'FI', 'Satakunta', 'Satakunta'),
(330, 'FI', 'Keski-Pohjanmaa', 'Keski-Pohjanmaa'),
(331, 'FI', 'Keski-Suomi', 'Keski-Suomi'),
(332, 'FI', 'Varsinais-Suomi', 'Varsinais-Suomi'),
(333, 'FI', 'Etelä-Karjala', 'Etelä-Karjala'),
(334, 'FI', 'Päijät-Häme', 'Päijät-Häme'),
(335, 'FI', 'Kanta-Häme', 'Kanta-Häme'),
(336, 'FI', 'Uusimaa', 'Uusimaa'),
(337, 'FI', 'Itä-Uusimaa', 'Itä-Uusimaa'),
(338, 'FI', 'Kymenlaakso', 'Kymenlaakso'),
(339, 'FI', 'Ahvenanmaa', 'Ahvenanmaa'),
(340, 'EE', 'EE-37', 'Harjumaa'),
(341, 'EE', 'EE-39', 'Hiiumaa'),
(342, 'EE', 'EE-44', 'Ida-Virumaa'),
(343, 'EE', 'EE-49', 'Jõgevamaa'),
(344, 'EE', 'EE-51', 'Järvamaa'),
(345, 'EE', 'EE-57', 'Läänemaa'),
(346, 'EE', 'EE-59', 'Lääne-Virumaa'),
(347, 'EE', 'EE-65', 'Põlvamaa'),
(348, 'EE', 'EE-67', 'Pärnumaa'),
(349, 'EE', 'EE-70', 'Raplamaa'),
(350, 'EE', 'EE-74', 'Saaremaa'),
(351, 'EE', 'EE-78', 'Tartumaa'),
(352, 'EE', 'EE-82', 'Valgamaa'),
(353, 'EE', 'EE-84', 'Viljandimaa'),
(354, 'EE', 'EE-86', 'Võrumaa'),
(355, 'LV', 'LV-DGV', 'Daugavpils'),
(356, 'LV', 'LV-JEL', 'Jelgava'),
(357, 'LV', 'Jēkabpils', 'Jēkabpils'),
(358, 'LV', 'LV-JUR', 'Jūrmala'),
(359, 'LV', 'LV-LPX', 'Liepāja'),
(360, 'LV', 'LV-LE', 'Liepājas novads'),
(361, 'LV', 'LV-REZ', 'Rēzekne'),
(362, 'LV', 'LV-RIX', 'Rīga'),
(363, 'LV', 'LV-RI', 'Rīgas novads'),
(364, 'LV', 'Valmiera', 'Valmiera'),
(365, 'LV', 'LV-VEN', 'Ventspils'),
(366, 'LV', 'Aglonas novads', 'Aglonas novads'),
(367, 'LV', 'LV-AI', 'Aizkraukles novads'),
(368, 'LV', 'Aizputes novads', 'Aizputes novads'),
(369, 'LV', 'Aknīstes novads', 'Aknīstes novads'),
(370, 'LV', 'Alojas novads', 'Alojas novads'),
(371, 'LV', 'Alsungas novads', 'Alsungas novads'),
(372, 'LV', 'LV-AL', 'Alūksnes novads'),
(373, 'LV', 'Amatas novads', 'Amatas novads'),
(374, 'LV', 'Apes novads', 'Apes novads'),
(375, 'LV', 'Auces novads', 'Auces novads'),
(376, 'LV', 'Babītes novads', 'Babītes novads'),
(377, 'LV', 'Baldones novads', 'Baldones novads'),
(378, 'LV', 'Baltinavas novads', 'Baltinavas novads'),
(379, 'LV', 'LV-BL', 'Balvu novads'),
(380, 'LV', 'LV-BU', 'Bauskas novads'),
(381, 'LV', 'Beverīnas novads', 'Beverīnas novads'),
(382, 'LV', 'Brocēnu novads', 'Brocēnu novads'),
(383, 'LV', 'Burtnieku novads', 'Burtnieku novads'),
(384, 'LV', 'Carnikavas novads', 'Carnikavas novads'),
(385, 'LV', 'Cesvaines novads', 'Cesvaines novads'),
(386, 'LV', 'Ciblas novads', 'Ciblas novads'),
(387, 'LV', 'LV-CE', 'Cēsu novads'),
(388, 'LV', 'Dagdas novads', 'Dagdas novads'),
(389, 'LV', 'LV-DA', 'Daugavpils novads'),
(390, 'LV', 'LV-DO', 'Dobeles novads'),
(391, 'LV', 'Dundagas novads', 'Dundagas novads'),
(392, 'LV', 'Durbes novads', 'Durbes novads'),
(393, 'LV', 'Engures novads', 'Engures novads'),
(394, 'LV', 'Garkalnes novads', 'Garkalnes novads'),
(395, 'LV', 'Grobiņas novads', 'Grobiņas novads'),
(396, 'LV', 'LV-GU', 'Gulbenes novads'),
(397, 'LV', 'Iecavas novads', 'Iecavas novads'),
(398, 'LV', 'Ikšķiles novads', 'Ikšķiles novads'),
(399, 'LV', 'Ilūkstes novads', 'Ilūkstes novads'),
(400, 'LV', 'Inčukalna novads', 'Inčukalna novads'),
(401, 'LV', 'Jaunjelgavas novads', 'Jaunjelgavas novads'),
(402, 'LV', 'Jaunpiebalgas novads', 'Jaunpiebalgas novads'),
(403, 'LV', 'Jaunpils novads', 'Jaunpils novads'),
(404, 'LV', 'LV-JL', 'Jelgavas novads'),
(405, 'LV', 'LV-JK', 'Jēkabpils novads'),
(406, 'LV', 'Kandavas novads', 'Kandavas novads'),
(407, 'LV', 'Kokneses novads', 'Kokneses novads'),
(408, 'LV', 'Krimuldas novads', 'Krimuldas novads'),
(409, 'LV', 'Krustpils novads', 'Krustpils novads'),
(410, 'LV', 'LV-KR', 'Krāslavas novads'),
(411, 'LV', 'LV-KU', 'Kuldīgas novads'),
(412, 'LV', 'Kārsavas novads', 'Kārsavas novads'),
(413, 'LV', 'Lielvārdes novads', 'Lielvārdes novads'),
(414, 'LV', 'LV-LM', 'Limbažu novads'),
(415, 'LV', 'Lubānas novads', 'Lubānas novads'),
(416, 'LV', 'LV-LU', 'Ludzas novads'),
(417, 'LV', 'Līgatnes novads', 'Līgatnes novads'),
(418, 'LV', 'Līvānu novads', 'Līvānu novads'),
(419, 'LV', 'LV-MA', 'Madonas novads'),
(420, 'LV', 'Mazsalacas novads', 'Mazsalacas novads'),
(421, 'LV', 'Mālpils novads', 'Mālpils novads'),
(422, 'LV', 'Mārupes novads', 'Mārupes novads'),
(423, 'LV', 'Naukšēnu novads', 'Naukšēnu novads'),
(424, 'LV', 'Neretas novads', 'Neretas novads'),
(425, 'LV', 'Nīcas novads', 'Nīcas novads'),
(426, 'LV', 'LV-OG', 'Ogres novads'),
(427, 'LV', 'Olaines novads', 'Olaines novads'),
(428, 'LV', 'Ozolnieku novads', 'Ozolnieku novads'),
(429, 'LV', 'LV-PR', 'Preiļu novads'),
(430, 'LV', 'Priekules novads', 'Priekules novads'),
(431, 'LV', 'Priekuļu novads', 'Priekuļu novads'),
(432, 'LV', 'Pārgaujas novads', 'Pārgaujas novads'),
(433, 'LV', 'Pāvilostas novads', 'Pāvilostas novads'),
(434, 'LV', 'Pļaviņu novads', 'Pļaviņu novads'),
(435, 'LV', 'Raunas novads', 'Raunas novads'),
(436, 'LV', 'Riebiņu novads', 'Riebiņu novads'),
(437, 'LV', 'Rojas novads', 'Rojas novads'),
(438, 'LV', 'Ropažu novads', 'Ropažu novads'),
(439, 'LV', 'Rucavas novads', 'Rucavas novads'),
(440, 'LV', 'Rugāju novads', 'Rugāju novads'),
(441, 'LV', 'Rundāles novads', 'Rundāles novads'),
(442, 'LV', 'LV-RE', 'Rēzeknes novads'),
(443, 'LV', 'Rūjienas novads', 'Rūjienas novads'),
(444, 'LV', 'Salacgrīvas novads', 'Salacgrīvas novads'),
(445, 'LV', 'Salas novads', 'Salas novads'),
(446, 'LV', 'Salaspils novads', 'Salaspils novads'),
(447, 'LV', 'LV-SA', 'Saldus novads'),
(448, 'LV', 'Saulkrastu novads', 'Saulkrastu novads'),
(449, 'LV', 'Siguldas novads', 'Siguldas novads'),
(450, 'LV', 'Skrundas novads', 'Skrundas novads'),
(451, 'LV', 'Skrīveru novads', 'Skrīveru novads'),
(452, 'LV', 'Smiltenes novads', 'Smiltenes novads'),
(453, 'LV', 'Stopiņu novads', 'Stopiņu novads'),
(454, 'LV', 'Strenču novads', 'Strenču novads'),
(455, 'LV', 'Sējas novads', 'Sējas novads'),
(456, 'LV', 'LV-TA', 'Talsu novads'),
(457, 'LV', 'LV-TU', 'Tukuma novads'),
(458, 'LV', 'Tērvetes novads', 'Tērvetes novads'),
(459, 'LV', 'Vaiņodes novads', 'Vaiņodes novads'),
(460, 'LV', 'LV-VK', 'Valkas novads'),
(461, 'LV', 'LV-VM', 'Valmieras novads'),
(462, 'LV', 'Varakļānu novads', 'Varakļānu novads'),
(463, 'LV', 'Vecpiebalgas novads', 'Vecpiebalgas novads'),
(464, 'LV', 'Vecumnieku novads', 'Vecumnieku novads'),
(465, 'LV', 'LV-VE', 'Ventspils novads'),
(466, 'LV', 'Viesītes novads', 'Viesītes novads'),
(467, 'LV', 'Viļakas novads', 'Viļakas novads'),
(468, 'LV', 'Viļānu novads', 'Viļānu novads'),
(469, 'LV', 'Vārkavas novads', 'Vārkavas novads'),
(470, 'LV', 'Zilupes novads', 'Zilupes novads'),
(471, 'LV', 'Ādažu novads', 'Ādažu novads'),
(472, 'LV', 'Ērgļu novads', 'Ērgļu novads'),
(473, 'LV', 'Ķeguma novads', 'Ķeguma novads'),
(474, 'LV', 'Ķekavas novads', 'Ķekavas novads'),
(475, 'LT', 'LT-AL', 'Alytaus Apskritis'),
(476, 'LT', 'LT-KU', 'Kauno Apskritis'),
(477, 'LT', 'LT-KL', 'Klaipėdos Apskritis'),
(478, 'LT', 'LT-MR', 'Marijampolės Apskritis'),
(479, 'LT', 'LT-PN', 'Panevėžio Apskritis'),
(480, 'LT', 'LT-SA', 'Šiaulių Apskritis'),
(481, 'LT', 'LT-TA', 'Tauragės Apskritis'),
(482, 'LT', 'LT-TE', 'Telšių Apskritis'),
(483, 'LT', 'LT-UT', 'Utenos Apskritis'),
(484, 'LT', 'LT-VL', 'Vilniaus Apskritis'),
(485, 'BR', 'AC', 'Acre'),
(486, 'BR', 'AL', 'Alagoas'),
(487, 'BR', 'AP', 'Amapá'),
(488, 'BR', 'AM', 'Amazonas'),
(489, 'BR', 'BA', 'Bahia'),
(490, 'BR', 'CE', 'Ceará'),
(491, 'BR', 'ES', 'Espírito Santo'),
(492, 'BR', 'GO', 'Goiás'),
(493, 'BR', 'MA', 'Maranhão'),
(494, 'BR', 'MT', 'Mato Grosso'),
(495, 'BR', 'MS', 'Mato Grosso do Sul'),
(496, 'BR', 'MG', 'Minas Gerais'),
(497, 'BR', 'PA', 'Pará'),
(498, 'BR', 'PB', 'Paraíba'),
(499, 'BR', 'PR', 'Paraná'),
(500, 'BR', 'PE', 'Pernambuco'),
(501, 'BR', 'PI', 'Piauí'),
(502, 'BR', 'RJ', 'Rio de Janeiro'),
(503, 'BR', 'RN', 'Rio Grande do Norte'),
(504, 'BR', 'RS', 'Rio Grande do Sul'),
(505, 'BR', 'RO', 'Rondônia'),
(506, 'BR', 'RR', 'Roraima'),
(507, 'BR', 'SC', 'Santa Catarina'),
(508, 'BR', 'SP', 'São Paulo'),
(509, 'BR', 'SE', 'Sergipe'),
(510, 'BR', 'TO', 'Tocantins'),
(511, 'BR', 'DF', 'Distrito Federal'),
(512, 'HR', 'HR-01', 'Zagrebačka županija'),
(513, 'HR', 'HR-02', 'Krapinsko-zagorska županija'),
(514, 'HR', 'HR-03', 'Sisačko-moslavačka županija'),
(515, 'HR', 'HR-04', 'Karlovačka županija'),
(516, 'HR', 'HR-05', 'Varaždinska županija'),
(517, 'HR', 'HR-06', 'Koprivničko-križevačka županija'),
(518, 'HR', 'HR-07', 'Bjelovarsko-bilogorska županija'),
(519, 'HR', 'HR-08', 'Primorsko-goranska županija'),
(520, 'HR', 'HR-09', 'Ličko-senjska županija'),
(521, 'HR', 'HR-10', 'Virovitičko-podravska županija'),
(522, 'HR', 'HR-11', 'Požeško-slavonska županija'),
(523, 'HR', 'HR-12', 'Brodsko-posavska županija'),
(524, 'HR', 'HR-13', 'Zadarska županija'),
(525, 'HR', 'HR-14', 'Osječko-baranjska županija'),
(526, 'HR', 'HR-15', 'Šibensko-kninska županija'),
(527, 'HR', 'HR-16', 'Vukovarsko-srijemska županija'),
(528, 'HR', 'HR-17', 'Splitsko-dalmatinska županija'),
(529, 'HR', 'HR-18', 'Istarska županija'),
(530, 'HR', 'HR-19', 'Dubrovačko-neretvanska županija'),
(531, 'HR', 'HR-20', 'Međimurska županija'),
(532, 'HR', 'HR-21', 'Grad Zagreb'),
(533, 'IN', 'AN', 'Andaman and Nicobar Islands'),
(534, 'IN', 'AP', 'Andhra Pradesh'),
(535, 'IN', 'AR', 'Arunachal Pradesh'),
(536, 'IN', 'AS', 'Assam'),
(537, 'IN', 'BR', 'Bihar'),
(538, 'IN', 'CH', 'Chandigarh'),
(539, 'IN', 'CT', 'Chhattisgarh'),
(540, 'IN', 'DN', 'Dadra and Nagar Haveli'),
(541, 'IN', 'DD', 'Daman and Diu'),
(542, 'IN', 'DL', 'Delhi'),
(543, 'IN', 'GA', 'Goa'),
(544, 'IN', 'GJ', 'Gujarat'),
(545, 'IN', 'HR', 'Haryana'),
(546, 'IN', 'HP', 'Himachal Pradesh'),
(547, 'IN', 'JK', 'Jammu and Kashmir'),
(548, 'IN', 'JH', 'Jharkhand'),
(549, 'IN', 'KA', 'Karnataka'),
(550, 'IN', 'KL', 'Kerala'),
(551, 'IN', 'LD', 'Lakshadweep'),
(552, 'IN', 'MP', 'Madhya Pradesh'),
(553, 'IN', 'MH', 'Maharashtra'),
(554, 'IN', 'MN', 'Manipur'),
(555, 'IN', 'ML', 'Meghalaya'),
(556, 'IN', 'MZ', 'Mizoram'),
(557, 'IN', 'NL', 'Nagaland'),
(558, 'IN', 'OR', 'Odisha'),
(559, 'IN', 'PY', 'Puducherry'),
(560, 'IN', 'PB', 'Punjab'),
(561, 'IN', 'RJ', 'Rajasthan'),
(562, 'IN', 'SK', 'Sikkim'),
(563, 'IN', 'TN', 'Tamil Nadu'),
(564, 'IN', 'TG', 'Telangana'),
(565, 'IN', 'TR', 'Tripura'),
(566, 'IN', 'UP', 'Uttar Pradesh'),
(567, 'IN', 'UT', 'Uttarakhand'),
(568, 'IN', 'WB', 'West Bengal'),
(569, 'AU', 'ACT', 'Australian Capital Territory'),
(570, 'AU', 'NSW', 'New South Wales'),
(571, 'AU', 'VIC', 'Victoria'),
(572, 'AU', 'QLD', 'Queensland'),
(573, 'AU', 'SA', 'South Australia'),
(574, 'AU', 'TAS', 'Tasmania'),
(575, 'AU', 'WA', 'Western Australia'),
(576, 'AU', 'NT', 'Northern Territory'),
(577, 'BE', 'VAN', 'Antwerpen'),
(578, 'BE', 'WBR', 'Brabant wallon'),
(579, 'BE', 'BRU', 'Brussels-Capital Region'),
(580, 'BE', 'WHT', 'Hainaut'),
(581, 'BE', 'VLI', 'Limburg'),
(582, 'BE', 'WLG', 'Liège'),
(583, 'BE', 'WLX', 'Luxembourg'),
(584, 'BE', 'WNA', 'Namur'),
(585, 'BE', 'VOV', 'Oost-Vlaanderen'),
(586, 'BE', 'VBR', 'Vlaams-Brabant'),
(587, 'BE', 'VWV', 'West-Vlaanderen'),
(588, 'CN', 'CN-AH', 'Anhui Sheng'),
(589, 'CN', 'CN-BJ', 'Beijing Shi'),
(590, 'CN', 'CN-CQ', 'Chongqing Shi'),
(591, 'CN', 'CN-FJ', 'Fujian Sheng'),
(592, 'CN', 'CN-GS', 'Gansu Sheng'),
(593, 'CN', 'CN-GD', 'Guangdong Sheng'),
(594, 'CN', 'CN-GX', 'Guangxi Zhuangzu Zizhiqu'),
(595, 'CN', 'CN-GZ', 'Guizhou Sheng'),
(596, 'CN', 'CN-HI', 'Hainan Sheng'),
(597, 'CN', 'CN-HE', 'Hebei Sheng'),
(598, 'CN', 'CN-HL', 'Heilongjiang Sheng'),
(599, 'CN', 'CN-HA', 'Henan Sheng'),
(600, 'CN', 'CN-HK', 'Hong Kong SAR'),
(601, 'CN', 'CN-HB', 'Hubei Sheng'),
(602, 'CN', 'CN-HN', 'Hunan Sheng'),
(603, 'CN', 'CN-JS', 'Jiangsu Sheng'),
(604, 'CN', 'CN-JX', 'Jiangxi Sheng'),
(605, 'CN', 'CN-JL', 'Jilin Sheng'),
(606, 'CN', 'CN-LN', 'Liaoning Sheng'),
(607, 'CN', 'CN-MO', 'Macao SAR'),
(608, 'CN', 'CN-NM', 'Nei Mongol Zizhiqu'),
(609, 'CN', 'CN-NX', 'Ningxia Huizi Zizhiqu'),
(610, 'CN', 'CN-QH', 'Qinghai Sheng'),
(611, 'CN', 'CN-SN', 'Shaanxi Sheng'),
(612, 'CN', 'CN-SD', 'Shandong Sheng'),
(613, 'CN', 'CN-SH', 'Shanghai Shi'),
(614, 'CN', 'CN-SX', 'Shanxi Sheng'),
(615, 'CN', 'CN-SC', 'Sichuan Sheng'),
(616, 'CN', 'CN-TW', 'Taiwan Sheng'),
(617, 'CN', 'CN-TJ', 'Tianjin Shi'),
(618, 'CN', 'CN-XJ', 'Xinjiang Uygur Zizhiqu'),
(619, 'CN', 'CN-XZ', 'Xizang Zizhiqu'),
(620, 'CN', 'CN-YN', 'Yunnan Sheng'),
(621, 'CN', 'CN-ZJ', 'Zhejiang Sheng'),
(622, 'MX', 'AGU', 'Aguascalientes'),
(623, 'MX', 'BCN', 'Baja California'),
(624, 'MX', 'BCS', 'Baja California Sur'),
(625, 'MX', 'CAM', 'Campeche'),
(626, 'MX', 'CHP', 'Chiapas'),
(627, 'MX', 'CHH', 'Chihuahua'),
(628, 'MX', 'CMX', 'Ciudad de México'),
(629, 'MX', 'COA', 'Coahuila'),
(630, 'MX', 'COL', 'Colima'),
(631, 'MX', 'DUR', 'Durango'),
(632, 'MX', 'MEX', 'Estado de México'),
(633, 'MX', 'GUA', 'Guanajuato'),
(634, 'MX', 'GRO', 'Guerrero'),
(635, 'MX', 'HID', 'Hidalgo'),
(636, 'MX', 'JAL', 'Jalisco'),
(637, 'MX', 'MIC', 'Michoacán'),
(638, 'MX', 'MOR', 'Morelos'),
(639, 'MX', 'NAY', 'Nayarit'),
(640, 'MX', 'NLE', 'Nuevo León'),
(641, 'MX', 'OAX', 'Oaxaca'),
(642, 'MX', 'PUE', 'Puebla'),
(643, 'MX', 'QUE', 'Querétaro'),
(644, 'MX', 'ROO', 'Quintana Roo'),
(645, 'MX', 'SLP', 'San Luis Potosí'),
(646, 'MX', 'SIN', 'Sinaloa'),
(647, 'MX', 'SON', 'Sonora'),
(648, 'MX', 'TAB', 'Tabasco'),
(649, 'MX', 'TAM', 'Tamaulipas'),
(650, 'MX', 'TLA', 'Tlaxcala'),
(651, 'MX', 'VER', 'Veracruz'),
(652, 'MX', 'YUC', 'Yucatán'),
(653, 'MX', 'ZAC', 'Zacatecas');

-- --------------------------------------------------------

--
-- Table structure for table `directory_country_region_name`
--

CREATE TABLE `directory_country_region_name` (
  `locale` varchar(8) NOT NULL COMMENT 'Locale',
  `region_id` int(10) UNSIGNED NOT NULL DEFAULT 0 COMMENT 'Region ID',
  `name` varchar(255) DEFAULT NULL COMMENT 'Region Name'
) ENGINE=InnoDB DEFAULT CHARSET=utf8 COMMENT='Directory Country Region Name';

--
-- Dumping data for table `directory_country_region_name`
--

INSERT INTO `directory_country_region_name` (`locale`, `region_id`, `name`) VALUES
('en_US', 1, 'Alabama'),
('en_US', 2, 'Alaska'),
('en_US', 3, 'American Samoa'),
('en_US', 4, 'Arizona'),
('en_US', 5, 'Arkansas'),
('en_US', 6, 'Armed Forces Africa'),
('en_US', 7, 'Armed Forces Americas'),
('en_US', 8, 'Armed Forces Canada'),
('en_US', 9, 'Armed Forces Europe'),
('en_US', 10, 'Armed Forces Middle East'),
('en_US', 11, 'Armed Forces Pacific'),
('en_US', 12, 'California'),
('en_US', 13, 'Colorado'),
('en_US', 14, 'Connecticut'),
('en_US', 15, 'Delaware'),
('en_US', 16, 'District of Columbia'),
('en_US', 17, 'Federated States Of Micronesia'),
('en_US', 18, 'Florida'),
('en_US', 19, 'Georgia'),
('en_US', 20, 'Guam'),
('en_US', 21, 'Hawaii'),
('en_US', 22, 'Idaho'),
('en_US', 23, 'Illinois'),
('en_US', 24, 'Indiana'),
('en_US', 25, 'Iowa'),
('en_US', 26, 'Kansas'),
('en_US', 27, 'Kentucky'),
('en_US', 28, 'Louisiana'),
('en_US', 29, 'Maine'),
('en_US', 30, 'Marshall Islands'),
('en_US', 31, 'Maryland'),
('en_US', 32, 'Massachusetts'),
('en_US', 33, 'Michigan'),
('en_US', 34, 'Minnesota'),
('en_US', 35, 'Mississippi'),
('en_US', 36, 'Missouri'),
('en_US', 37, 'Montana'),
('en_US', 38, 'Nebraska'),
('en_US', 39, 'Nevada'),
('en_US', 40, 'New Hampshire'),
('en_US', 41, 'New Jersey'),
('en_US', 42, 'New Mexico'),
('en_US', 43, 'New York'),
('en_US', 44, 'North Carolina'),
('en_US', 45, 'North Dakota'),
('en_US', 46, 'Northern Mariana Islands'),
('en_US', 47, 'Ohio'),
('en_US', 48, 'Oklahoma'),
('en_US', 49, 'Oregon'),
('en_US', 50, 'Palau'),
('en_US', 51, 'Pennsylvania'),
('en_US', 52, 'Puerto Rico'),
('en_US', 53, 'Rhode Island'),
('en_US', 54, 'South Carolina'),
('en_US', 55, 'South Dakota'),
('en_US', 56, 'Tennessee'),
('en_US', 57, 'Texas'),
('en_US', 58, 'Utah'),
('en_US', 59, 'Vermont'),
('en_US', 60, 'Virgin Islands'),
('en_US', 61, 'Virginia'),
('en_US', 62, 'Washington'),
('en_US', 63, 'West Virginia'),
('en_US', 64, 'Wisconsin'),
('en_US', 65, 'Wyoming'),
('en_US', 66, 'Alberta'),
('en_US', 67, 'British Columbia'),
('en_US', 68, 'Manitoba'),
('en_US', 69, 'Newfoundland and Labrador'),
('en_US', 70, 'New Brunswick'),
('en_US', 71, 'Nova Scotia'),
('en_US', 72, 'Northwest Territories'),
('en_US', 73, 'Nunavut'),
('en_US', 74, 'Ontario'),
('en_US', 75, 'Prince Edward Island'),
('en_US', 76, 'Quebec'),
('en_US', 77, 'Saskatchewan'),
('en_US', 78, 'Yukon Territory'),
('en_US', 79, 'Niedersachsen'),
('en_US', 80, 'Baden-Württemberg'),
('en_US', 81, 'Bayern'),
('en_US', 82, 'Berlin'),
('en_US', 83, 'Brandenburg'),
('en_US', 84, 'Bremen'),
('en_US', 85, 'Hamburg'),
('en_US', 86, 'Hessen'),
('en_US', 87, 'Mecklenburg-Vorpommern'),
('en_US', 88, 'Nordrhein-Westfalen'),
('en_US', 89, 'Rheinland-Pfalz'),
('en_US', 90, 'Saarland'),
('en_US', 91, 'Sachsen'),
('en_US', 92, 'Sachsen-Anhalt'),
('en_US', 93, 'Schleswig-Holstein'),
('en_US', 94, 'Thüringen'),
('en_US', 95, 'Wien'),
('en_US', 96, 'Niederösterreich'),
('en_US', 97, 'Oberösterreich'),
('en_US', 98, 'Salzburg'),
('en_US', 99, 'Kärnten'),
('en_US', 100, 'Steiermark'),
('en_US', 101, 'Tirol'),
('en_US', 102, 'Burgenland'),
('en_US', 103, 'Vorarlberg'),
('en_US', 104, 'Aargau'),
('en_US', 105, 'Appenzell Innerrhoden'),
('en_US', 106, 'Appenzell Ausserrhoden'),
('en_US', 107, 'Bern'),
('en_US', 108, 'Basel-Landschaft'),
('en_US', 109, 'Basel-Stadt'),
('en_US', 110, 'Freiburg'),
('en_US', 111, 'Genf'),
('en_US', 112, 'Glarus'),
('en_US', 113, 'Graubünden'),
('en_US', 114, 'Jura'),
('en_US', 115, 'Luzern'),
('en_US', 116, 'Neuenburg'),
('en_US', 117, 'Nidwalden'),
('en_US', 118, 'Obwalden'),
('en_US', 119, 'St. Gallen'),
('en_US', 120, 'Schaffhausen'),
('en_US', 121, 'Solothurn'),
('en_US', 122, 'Schwyz'),
('en_US', 123, 'Thurgau'),
('en_US', 124, 'Tessin'),
('en_US', 125, 'Uri'),
('en_US', 126, 'Waadt'),
('en_US', 127, 'Wallis'),
('en_US', 128, 'Zug'),
('en_US', 129, 'Zürich'),
('en_US', 130, 'A Coruña'),
('en_US', 131, 'Alava'),
('en_US', 132, 'Albacete'),
('en_US', 133, 'Alicante'),
('en_US', 134, 'Almeria'),
('en_US', 135, 'Asturias'),
('en_US', 136, 'Avila'),
('en_US', 137, 'Badajoz'),
('en_US', 138, 'Baleares'),
('en_US', 139, 'Barcelona'),
('en_US', 140, 'Burgos'),
('en_US', 141, 'Caceres'),
('en_US', 142, 'Cadiz'),
('en_US', 143, 'Cantabria'),
('en_US', 144, 'Castellon'),
('en_US', 145, 'Ceuta'),
('en_US', 146, 'Ciudad Real'),
('en_US', 147, 'Cordoba'),
('en_US', 148, 'Cuenca'),
('en_US', 149, 'Girona'),
('en_US', 150, 'Granada'),
('en_US', 151, 'Guadalajara'),
('en_US', 152, 'Guipuzcoa'),
('en_US', 153, 'Huelva'),
('en_US', 154, 'Huesca'),
('en_US', 155, 'Jaen'),
('en_US', 156, 'La Rioja'),
('en_US', 157, 'Las Palmas'),
('en_US', 158, 'Leon'),
('en_US', 159, 'Lleida'),
('en_US', 160, 'Lugo'),
('en_US', 161, 'Madrid'),
('en_US', 162, 'Malaga'),
('en_US', 163, 'Melilla'),
('en_US', 164, 'Murcia'),
('en_US', 165, 'Navarra'),
('en_US', 166, 'Ourense'),
('en_US', 167, 'Palencia'),
('en_US', 168, 'Pontevedra'),
('en_US', 169, 'Salamanca'),
('en_US', 170, 'Santa Cruz de Tenerife'),
('en_US', 171, 'Segovia'),
('en_US', 172, 'Sevilla'),
('en_US', 173, 'Soria'),
('en_US', 174, 'Tarragona'),
('en_US', 175, 'Teruel'),
('en_US', 176, 'Toledo'),
('en_US', 177, 'Valencia'),
('en_US', 178, 'Valladolid'),
('en_US', 179, 'Vizcaya'),
('en_US', 180, 'Zamora'),
('en_US', 181, 'Zaragoza'),
('en_US', 182, 'Ain'),
('en_US', 183, 'Aisne'),
('en_US', 184, 'Allier'),
('en_US', 185, 'Alpes-de-Haute-Provence'),
('en_US', 186, 'Hautes-Alpes'),
('en_US', 187, 'Alpes-Maritimes'),
('en_US', 188, 'Ardèche'),
('en_US', 189, 'Ardennes'),
('en_US', 190, 'Ariège'),
('en_US', 191, 'Aube'),
('en_US', 192, 'Aude'),
('en_US', 193, 'Aveyron'),
('en_US', 194, 'Bouches-du-Rhône'),
('en_US', 195, 'Calvados'),
('en_US', 196, 'Cantal'),
('en_US', 197, 'Charente'),
('en_US', 198, 'Charente-Maritime'),
('en_US', 199, 'Cher'),
('en_US', 200, 'Corrèze'),
('en_US', 201, 'Corse-du-Sud'),
('en_US', 202, 'Haute-Corse'),
('en_US', 203, 'Côte-d\'Or'),
('en_US', 204, 'Côtes-d\'Armor'),
('en_US', 205, 'Creuse'),
('en_US', 206, 'Dordogne'),
('en_US', 207, 'Doubs'),
('en_US', 208, 'Drôme'),
('en_US', 209, 'Eure'),
('en_US', 210, 'Eure-et-Loir'),
('en_US', 211, 'Finistère'),
('en_US', 212, 'Gard'),
('en_US', 213, 'Haute-Garonne'),
('en_US', 214, 'Gers'),
('en_US', 215, 'Gironde'),
('en_US', 216, 'Hérault'),
('en_US', 217, 'Ille-et-Vilaine'),
('en_US', 218, 'Indre'),
('en_US', 219, 'Indre-et-Loire'),
('en_US', 220, 'Isère'),
('en_US', 221, 'Jura'),
('en_US', 222, 'Landes'),
('en_US', 223, 'Loir-et-Cher'),
('en_US', 224, 'Loire'),
('en_US', 225, 'Haute-Loire'),
('en_US', 226, 'Loire-Atlantique'),
('en_US', 227, 'Loiret'),
('en_US', 228, 'Lot'),
('en_US', 229, 'Lot-et-Garonne'),
('en_US', 230, 'Lozère'),
('en_US', 231, 'Maine-et-Loire'),
('en_US', 232, 'Manche'),
('en_US', 233, 'Marne'),
('en_US', 234, 'Haute-Marne'),
('en_US', 235, 'Mayenne'),
('en_US', 236, 'Meurthe-et-Moselle'),
('en_US', 237, 'Meuse'),
('en_US', 238, 'Morbihan'),
('en_US', 239, 'Moselle'),
('en_US', 240, 'Nièvre'),
('en_US', 241, 'Nord'),
('en_US', 242, 'Oise'),
('en_US', 243, 'Orne'),
('en_US', 244, 'Pas-de-Calais'),
('en_US', 245, 'Puy-de-Dôme'),
('en_US', 246, 'Pyrénées-Atlantiques'),
('en_US', 247, 'Hautes-Pyrénées'),
('en_US', 248, 'Pyrénées-Orientales'),
('en_US', 249, 'Bas-Rhin'),
('en_US', 250, 'Haut-Rhin'),
('en_US', 251, 'Rhône'),
('en_US', 252, 'Haute-Saône'),
('en_US', 253, 'Saône-et-Loire'),
('en_US', 254, 'Sarthe'),
('en_US', 255, 'Savoie'),
('en_US', 256, 'Haute-Savoie'),
('en_US', 257, 'Paris'),
('en_US', 258, 'Seine-Maritime'),
('en_US', 259, 'Seine-et-Marne'),
('en_US', 260, 'Yvelines'),
('en_US', 261, 'Deux-Sèvres'),
('en_US', 262, 'Somme'),
('en_US', 263, 'Tarn'),
('en_US', 264, 'Tarn-et-Garonne'),
('en_US', 265, 'Var'),
('en_US', 266, 'Vaucluse'),
('en_US', 267, 'Vendée'),
('en_US', 268, 'Vienne'),
('en_US', 269, 'Haute-Vienne'),
('en_US', 270, 'Vosges'),
('en_US', 271, 'Yonne'),
('en_US', 272, 'Territoire-de-Belfort'),
('en_US', 273, 'Essonne'),
('en_US', 274, 'Hauts-de-Seine'),
('en_US', 275, 'Seine-Saint-Denis'),
('en_US', 276, 'Val-de-Marne'),
('en_US', 277, 'Val-d\'Oise'),
('en_US', 278, 'Alba'),
('en_US', 279, 'Arad'),
('en_US', 280, 'Argeş'),
('en_US', 281, 'Bacău'),
('en_US', 282, 'Bihor'),
('en_US', 283, 'Bistriţa-Năsăud'),
('en_US', 284, 'Botoşani'),
('en_US', 285, 'Braşov'),
('en_US', 286, 'Brăila'),
('en_US', 287, 'Bucureşti'),
('en_US', 288, 'Buzău'),
('en_US', 289, 'Caraş-Severin'),
('en_US', 290, 'Călăraşi'),
('en_US', 291, 'Cluj'),
('en_US', 292, 'Constanţa'),
('en_US', 293, 'Covasna'),
('en_US', 294, 'Dâmboviţa'),
('en_US', 295, 'Dolj'),
('en_US', 296, 'Galaţi'),
('en_US', 297, 'Giurgiu'),
('en_US', 298, 'Gorj'),
('en_US', 299, 'Harghita'),
('en_US', 300, 'Hunedoara'),
('en_US', 301, 'Ialomiţa'),
('en_US', 302, 'Iaşi'),
('en_US', 303, 'Ilfov'),
('en_US', 304, 'Maramureş'),
('en_US', 305, 'Mehedinţi'),
('en_US', 306, 'Mureş'),
('en_US', 307, 'Neamţ'),
('en_US', 308, 'Olt'),
('en_US', 309, 'Prahova'),
('en_US', 310, 'Satu-Mare'),
('en_US', 311, 'Sălaj'),
('en_US', 312, 'Sibiu'),
('en_US', 313, 'Suceava'),
('en_US', 314, 'Teleorman'),
('en_US', 315, 'Timiş'),
('en_US', 316, 'Tulcea'),
('en_US', 317, 'Vaslui'),
('en_US', 318, 'Vâlcea'),
('en_US', 319, 'Vrancea'),
('en_US', 320, 'Lappi'),
('en_US', 321, 'Pohjois-Pohjanmaa'),
('en_US', 322, 'Kainuu'),
('en_US', 323, 'Pohjois-Karjala'),
('en_US', 324, 'Pohjois-Savo'),
('en_US', 325, 'Etelä-Savo'),
('en_US', 326, 'Etelä-Pohjanmaa'),
('en_US', 327, 'Pohjanmaa'),
('en_US', 328, 'Pirkanmaa'),
('en_US', 329, 'Satakunta'),
('en_US', 330, 'Keski-Pohjanmaa'),
('en_US', 331, 'Keski-Suomi'),
('en_US', 332, 'Varsinais-Suomi'),
('en_US', 333, 'Etelä-Karjala'),
('en_US', 334, 'Päijät-Häme'),
('en_US', 335, 'Kanta-Häme'),
('en_US', 336, 'Uusimaa'),
('en_US', 337, 'Itä-Uusimaa'),
('en_US', 338, 'Kymenlaakso'),
('en_US', 339, 'Ahvenanmaa'),
('en_US', 340, 'Harjumaa'),
('en_US', 341, 'Hiiumaa'),
('en_US', 342, 'Ida-Virumaa'),
('en_US', 343, 'Jõgevamaa'),
('en_US', 344, 'Järvamaa'),
('en_US', 345, 'Läänemaa'),
('en_US', 346, 'Lääne-Virumaa'),
('en_US', 347, 'Põlvamaa'),
('en_US', 348, 'Pärnumaa'),
('en_US', 349, 'Raplamaa'),
('en_US', 350, 'Saaremaa'),
('en_US', 351, 'Tartumaa'),
('en_US', 352, 'Valgamaa'),
('en_US', 353, 'Viljandimaa'),
('en_US', 354, 'Võrumaa'),
('en_US', 355, 'Daugavpils'),
('en_US', 356, 'Jelgava'),
('en_US', 357, 'Jēkabpils'),
('en_US', 358, 'Jūrmala'),
('en_US', 359, 'Liepāja'),
('en_US', 360, 'Liepājas novads'),
('en_US', 361, 'Rēzekne'),
('en_US', 362, 'Rīga'),
('en_US', 363, 'Rīgas novads'),
('en_US', 364, 'Valmiera'),
('en_US', 365, 'Ventspils'),
('en_US', 366, 'Aglonas novads'),
('en_US', 367, 'Aizkraukles novads'),
('en_US', 368, 'Aizputes novads'),
('en_US', 369, 'Aknīstes novads'),
('en_US', 370, 'Alojas novads'),
('en_US', 371, 'Alsungas novads'),
('en_US', 372, 'Alūksnes novads'),
('en_US', 373, 'Amatas novads'),
('en_US', 374, 'Apes novads'),
('en_US', 375, 'Auces novads'),
('en_US', 376, 'Babītes novads'),
('en_US', 377, 'Baldones novads'),
('en_US', 378, 'Baltinavas novads'),
('en_US', 379, 'Balvu novads'),
('en_US', 380, 'Bauskas novads'),
('en_US', 381, 'Beverīnas novads'),
('en_US', 382, 'Brocēnu novads'),
('en_US', 383, 'Burtnieku novads'),
('en_US', 384, 'Carnikavas novads'),
('en_US', 385, 'Cesvaines novads'),
('en_US', 386, 'Ciblas novads'),
('en_US', 387, 'Cēsu novads'),
('en_US', 388, 'Dagdas novads'),
('en_US', 389, 'Daugavpils novads'),
('en_US', 390, 'Dobeles novads'),
('en_US', 391, 'Dundagas novads'),
('en_US', 392, 'Durbes novads'),
('en_US', 393, 'Engures novads'),
('en_US', 394, 'Garkalnes novads'),
('en_US', 395, 'Grobiņas novads'),
('en_US', 396, 'Gulbenes novads'),
('en_US', 397, 'Iecavas novads'),
('en_US', 398, 'Ikšķiles novads'),
('en_US', 399, 'Ilūkstes novads'),
('en_US', 400, 'Inčukalna novads'),
('en_US', 401, 'Jaunjelgavas novads'),
('en_US', 402, 'Jaunpiebalgas novads'),
('en_US', 403, 'Jaunpils novads'),
('en_US', 404, 'Jelgavas novads'),
('en_US', 405, 'Jēkabpils novads'),
('en_US', 406, 'Kandavas novads'),
('en_US', 407, 'Kokneses novads'),
('en_US', 408, 'Krimuldas novads'),
('en_US', 409, 'Krustpils novads'),
('en_US', 410, 'Krāslavas novads'),
('en_US', 411, 'Kuldīgas novads'),
('en_US', 412, 'Kārsavas novads'),
('en_US', 413, 'Lielvārdes novads'),
('en_US', 414, 'Limbažu novads'),
('en_US', 415, 'Lubānas novads'),
('en_US', 416, 'Ludzas novads'),
('en_US', 417, 'Līgatnes novads'),
('en_US', 418, 'Līvānu novads'),
('en_US', 419, 'Madonas novads'),
('en_US', 420, 'Mazsalacas novads'),
('en_US', 421, 'Mālpils novads'),
('en_US', 422, 'Mārupes novads'),
('en_US', 423, 'Naukšēnu novads'),
('en_US', 424, 'Neretas novads'),
('en_US', 425, 'Nīcas novads'),
('en_US', 426, 'Ogres novads'),
('en_US', 427, 'Olaines novads'),
('en_US', 428, 'Ozolnieku novads'),
('en_US', 429, 'Preiļu novads'),
('en_US', 430, 'Priekules novads'),
('en_US', 431, 'Priekuļu novads'),
('en_US', 432, 'Pārgaujas novads'),
('en_US', 433, 'Pāvilostas novads'),
('en_US', 434, 'Pļaviņu novads'),
('en_US', 435, 'Raunas novads'),
('en_US', 436, 'Riebiņu novads'),
('en_US', 437, 'Rojas novads'),
('en_US', 438, 'Ropažu novads'),
('en_US', 439, 'Rucavas novads'),
('en_US', 440, 'Rugāju novads'),
('en_US', 441, 'Rundāles novads'),
('en_US', 442, 'Rēzeknes novads'),
('en_US', 443, 'Rūjienas novads'),
('en_US', 444, 'Salacgrīvas novads'),
('en_US', 445, 'Salas novads'),
('en_US', 446, 'Salaspils novads'),
('en_US', 447, 'Saldus novads'),
('en_US', 448, 'Saulkrastu novads'),
('en_US', 449, 'Siguldas novads'),
('en_US', 450, 'Skrundas novads'),
('en_US', 451, 'Skrīveru novads'),
('en_US', 452, 'Smiltenes novads'),
('en_US', 453, 'Stopiņu novads'),
('en_US', 454, 'Strenču novads'),
('en_US', 455, 'Sējas novads'),
('en_US', 456, 'Talsu novads'),
('en_US', 457, 'Tukuma novads'),
('en_US', 458, 'Tērvetes novads'),
('en_US', 459, 'Vaiņodes novads'),
('en_US', 460, 'Valkas novads'),
('en_US', 461, 'Valmieras novads'),
('en_US', 462, 'Varakļānu novads'),
('en_US', 463, 'Vecpiebalgas novads'),
('en_US', 464, 'Vecumnieku novads'),
('en_US', 465, 'Ventspils novads'),
('en_US', 466, 'Viesītes novads'),
('en_US', 467, 'Viļakas novads'),
('en_US', 468, 'Viļānu novads'),
('en_US', 469, 'Vārkavas novads'),
('en_US', 470, 'Zilupes novads'),
('en_US', 471, 'Ādažu novads'),
('en_US', 472, 'Ērgļu novads'),
('en_US', 473, 'Ķeguma novads'),
('en_US', 474, 'Ķekavas novads'),
('en_US', 475, 'Alytaus Apskritis'),
('en_US', 476, 'Kauno Apskritis'),
('en_US', 477, 'Klaipėdos Apskritis'),
('en_US', 478, 'Marijampolės Apskritis'),
('en_US', 479, 'Panevėžio Apskritis'),
('en_US', 480, 'Šiaulių Apskritis'),
('en_US', 481, 'Tauragės Apskritis'),
('en_US', 482, 'Telšių Apskritis'),
('en_US', 483, 'Utenos Apskritis'),
('en_US', 484, 'Vilniaus Apskritis'),
('en_US', 485, 'Acre'),
('en_US', 486, 'Alagoas'),
('en_US', 487, 'Amapá'),
('en_US', 488, 'Amazonas'),
('en_US', 489, 'Bahia'),
('en_US', 490, 'Ceará'),
('en_US', 491, 'Espírito Santo'),
('en_US', 492, 'Goiás'),
('en_US', 493, 'Maranhão'),
('en_US', 494, 'Mato Grosso'),
('en_US', 495, 'Mato Grosso do Sul'),
('en_US', 496, 'Minas Gerais'),
('en_US', 497, 'Pará'),
('en_US', 498, 'Paraíba'),
('en_US', 499, 'Paraná'),
('en_US', 500, 'Pernambuco'),
('en_US', 501, 'Piauí'),
('en_US', 502, 'Rio de Janeiro'),
('en_US', 503, 'Rio Grande do Norte'),
('en_US', 504, 'Rio Grande do Sul'),
('en_US', 505, 'Rondônia'),
('en_US', 506, 'Roraima'),
('en_US', 507, 'Santa Catarina'),
('en_US', 508, 'São Paulo'),
('en_US', 509, 'Sergipe'),
('en_US', 510, 'Tocantins'),
('en_US', 511, 'Distrito Federal'),
('en_US', 512, 'Zagrebačka županija'),
('en_US', 513, 'Krapinsko-zagorska županija'),
('en_US', 514, 'Sisačko-moslavačka županija'),
('en_US', 515, 'Karlovačka županija'),
('en_US', 516, 'Varaždinska županija'),
('en_US', 517, 'Koprivničko-križevačka županija'),
('en_US', 518, 'Bjelovarsko-bilogorska županija'),
('en_US', 519, 'Primorsko-goranska županija'),
('en_US', 520, 'Ličko-senjska županija'),
('en_US', 521, 'Virovitičko-podravska županija'),
('en_US', 522, 'Požeško-slavonska županija'),
('en_US', 523, 'Brodsko-posavska županija'),
('en_US', 524, 'Zadarska županija'),
('en_US', 525, 'Osječko-baranjska županija'),
('en_US', 526, 'Šibensko-kninska županija'),
('en_US', 527, 'Vukovarsko-srijemska županija'),
('en_US', 528, 'Splitsko-dalmatinska županija'),
('en_US', 529, 'Istarska županija'),
('en_US', 530, 'Dubrovačko-neretvanska županija'),
('en_US', 531, 'Međimurska županija'),
('en_US', 532, 'Grad Zagreb'),
('en_US', 533, 'Andaman and Nicobar Islands'),
('en_US', 534, 'Andhra Pradesh'),
('en_US', 535, 'Arunachal Pradesh'),
('en_US', 536, 'Assam'),
('en_US', 537, 'Bihar'),
('en_US', 538, 'Chandigarh'),
('en_US', 539, 'Chhattisgarh'),
('en_US', 540, 'Dadra and Nagar Haveli'),
('en_US', 541, 'Daman and Diu'),
('en_US', 542, 'Delhi'),
('en_US', 543, 'Goa'),
('en_US', 544, 'Gujarat'),
('en_US', 545, 'Haryana'),
('en_US', 546, 'Himachal Pradesh'),
('en_US', 547, 'Jammu and Kashmir'),
('en_US', 548, 'Jharkhand'),
('en_US', 549, 'Karnataka'),
('en_US', 550, 'Kerala'),
('en_US', 551, 'Lakshadweep'),
('en_US', 552, 'Madhya Pradesh'),
('en_US', 553, 'Maharashtra'),
('en_US', 554, 'Manipur'),
('en_US', 555, 'Meghalaya'),
('en_US', 556, 'Mizoram'),
('en_US', 557, 'Nagaland'),
('en_US', 558, 'Odisha'),
('en_US', 559, 'Puducherry'),
('en_US', 560, 'Punjab'),
('en_US', 561, 'Rajasthan'),
('en_US', 562, 'Sikkim'),
('en_US', 563, 'Tamil Nadu'),
('en_US', 564, 'Telangana'),
('en_US', 565, 'Tripura'),
('en_US', 566, 'Uttar Pradesh'),
('en_US', 567, 'Uttarakhand'),
('en_US', 568, 'West Bengal'),
('en_US', 569, 'Australian Capital Territory'),
('en_US', 570, 'New South Wales'),
('en_US', 571, 'Victoria'),
('en_US', 572, 'Queensland'),
('en_US', 573, 'South Australia'),
('en_US', 574, 'Tasmania'),
('en_US', 575, 'Western Australia'),
('en_US', 576, 'Northern Territory'),
('en_US', 577, 'Antwerpen'),
('en_US', 578, 'Brabant wallon'),
('en_US', 579, 'Brussels-Capital Region'),
('en_US', 580, 'Hainaut'),
('en_US', 581, 'Limburg'),
('en_US', 582, 'Liège'),
('en_US', 583, 'Luxembourg'),
('en_US', 584, 'Namur'),
('en_US', 585, 'Oost-Vlaanderen'),
('en_US', 586, 'Vlaams-Brabant'),
('en_US', 587, 'West-Vlaanderen'),
('en_US', 588, 'Anhui Sheng'),
('en_US', 589, 'Beijing Shi'),
('en_US', 590, 'Chongqing Shi'),
('en_US', 591, 'Fujian Sheng'),
('en_US', 592, 'Gansu Sheng'),
('en_US', 593, 'Guangdong Sheng'),
('en_US', 594, 'Guangxi Zhuangzu Zizhiqu'),
('en_US', 595, 'Guizhou Sheng'),
('en_US', 596, 'Hainan Sheng'),
('en_US', 597, 'Hebei Sheng'),
('en_US', 598, 'Heilongjiang Sheng'),
('en_US', 599, 'Henan Sheng'),
('en_US', 600, 'Hong Kong SAR'),
('en_US', 601, 'Hubei Sheng'),
('en_US', 602, 'Hunan Sheng'),
('en_US', 603, 'Jiangsu Sheng'),
('en_US', 604, 'Jiangxi Sheng'),
('en_US', 605, 'Jilin Sheng'),
('en_US', 606, 'Liaoning Sheng'),
('en_US', 607, 'Macao SAR'),
('en_US', 608, 'Nei Mongol Zizhiqu'),
('en_US', 609, 'Ningxia Huizi Zizhiqu'),
('en_US', 610, 'Qinghai Sheng'),
('en_US', 611, 'Shaanxi Sheng'),
('en_US', 612, 'Shandong Sheng'),
('en_US', 613, 'Shanghai Shi'),
('en_US', 614, 'Shanxi Sheng'),
('en_US', 615, 'Sichuan Sheng'),
('en_US', 616, 'Taiwan Sheng'),
('en_US', 617, 'Tianjin Shi'),
('en_US', 618, 'Xinjiang Uygur Zizhiqu'),
('en_US', 619, 'Xizang Zizhiqu'),
('en_US', 620, 'Yunnan Sheng'),
('en_US', 621, 'Zhejiang Sheng'),
('en_US', 622, 'Aguascalientes'),
('en_US', 623, 'Baja California'),
('en_US', 624, 'Baja California Sur'),
('en_US', 625, 'Campeche'),
('en_US', 626, 'Chiapas'),
('en_US', 627, 'Chihuahua'),
('en_US', 628, 'Ciudad de México'),
('en_US', 629, 'Coahuila'),
('en_US', 630, 'Colima'),
('en_US', 631, 'Durango'),
('en_US', 632, 'Estado de México'),
('en_US', 633, 'Guanajuato'),
('en_US', 634, 'Guerrero'),
('en_US', 635, 'Hidalgo'),
('en_US', 636, 'Jalisco'),
('en_US', 637, 'Michoacán'),
('en_US', 638, 'Morelos'),
('en_US', 639, 'Nayarit'),
('en_US', 640, 'Nuevo León'),
('en_US', 641, 'Oaxaca'),
('en_US', 642, 'Puebla'),
('en_US', 643, 'Querétaro'),
('en_US', 644, 'Quintana Roo'),
('en_US', 645, 'San Luis Potosí'),
('en_US', 646, 'Sinaloa'),
('en_US', 647, 'Sonora'),
('en_US', 648, 'Tabasco'),
('en_US', 649, 'Tamaulipas'),
('en_US', 650, 'Tlaxcala'),
('en_US', 651, 'Veracruz'),
('en_US', 652, 'Yucatán'),
('en_US', 653, 'Zacatecas');

-- --------------------------------------------------------

--
-- Table structure for table `directory_currency_rate`
--

CREATE TABLE `directory_currency_rate` (
  `currency_from` varchar(3) NOT NULL COMMENT 'Currency Code Convert From',
  `currency_to` varchar(3) NOT NULL COMMENT 'Currency Code Convert To',
  `rate` decimal(24,12) NOT NULL DEFAULT 0.000000000000 COMMENT 'Currency Conversion Rate'
) ENGINE=InnoDB DEFAULT CHARSET=utf8 COMMENT='Directory Currency Rate';

--
-- Dumping data for table `directory_currency_rate`
--

INSERT INTO `directory_currency_rate` (`currency_from`, `currency_to`, `rate`) VALUES
('AED', 'AED', 1.000000000000),
('AED', 'USD', 1.000000000000),
('EUR', 'EUR', 1.000000000000),
('EUR', 'USD', 1.415000000000),
('USD', 'EUR', 0.706700000000),
('USD', 'USD', 1.000000000000);

-- --------------------------------------------------------

--
-- Table structure for table `downloadable_link`
--

CREATE TABLE `downloadable_link` (
  `link_id` int(10) UNSIGNED NOT NULL COMMENT 'Link ID',
  `product_id` int(10) UNSIGNED NOT NULL DEFAULT 0 COMMENT 'Product ID',
  `sort_order` int(10) UNSIGNED NOT NULL DEFAULT 0 COMMENT 'Sort order',
  `number_of_downloads` int(11) DEFAULT NULL COMMENT 'Number of downloads',
  `is_shareable` smallint(5) UNSIGNED NOT NULL DEFAULT 0 COMMENT 'Shareable flag',
  `link_url` varchar(255) DEFAULT NULL COMMENT 'Link Url',
  `link_file` varchar(255) DEFAULT NULL COMMENT 'Link File',
  `link_type` varchar(20) DEFAULT NULL COMMENT 'Link Type',
  `sample_url` varchar(255) DEFAULT NULL COMMENT 'Sample Url',
  `sample_file` varchar(255) DEFAULT NULL COMMENT 'Sample File',
  `sample_type` varchar(20) DEFAULT NULL COMMENT 'Sample Type'
) ENGINE=InnoDB DEFAULT CHARSET=utf8 COMMENT='Downloadable Link Table';

-- --------------------------------------------------------

--
-- Table structure for table `downloadable_link_price`
--

CREATE TABLE `downloadable_link_price` (
  `price_id` int(10) UNSIGNED NOT NULL COMMENT 'Price ID',
  `link_id` int(10) UNSIGNED NOT NULL DEFAULT 0 COMMENT 'Link ID',
  `website_id` smallint(5) UNSIGNED NOT NULL DEFAULT 0 COMMENT 'Website ID',
  `price` decimal(20,6) NOT NULL DEFAULT 0.000000 COMMENT 'Price'
) ENGINE=InnoDB DEFAULT CHARSET=utf8 COMMENT='Downloadable Link Price Table';

-- --------------------------------------------------------

--
-- Table structure for table `downloadable_link_purchased`
--

CREATE TABLE `downloadable_link_purchased` (
  `purchased_id` int(10) UNSIGNED NOT NULL COMMENT 'Purchased ID',
  `order_id` int(10) UNSIGNED DEFAULT 0 COMMENT 'Order ID',
  `order_increment_id` varchar(50) DEFAULT NULL COMMENT 'Order Increment ID',
  `order_item_id` int(10) UNSIGNED NOT NULL DEFAULT 0 COMMENT 'Order Item ID',
  `created_at` timestamp NOT NULL DEFAULT current_timestamp() COMMENT 'Date of creation',
  `updated_at` timestamp NOT NULL DEFAULT current_timestamp() ON UPDATE current_timestamp() COMMENT 'Date of modification',
  `customer_id` int(10) UNSIGNED DEFAULT 0 COMMENT 'Customer ID',
  `product_name` varchar(255) DEFAULT NULL COMMENT 'Product name',
  `product_sku` varchar(255) DEFAULT NULL COMMENT 'Product sku',
  `link_section_title` varchar(255) DEFAULT NULL COMMENT 'Link_section_title'
) ENGINE=InnoDB DEFAULT CHARSET=utf8 COMMENT='Downloadable Link Purchased Table';

-- --------------------------------------------------------

--
-- Table structure for table `downloadable_link_purchased_item`
--

CREATE TABLE `downloadable_link_purchased_item` (
  `item_id` int(10) UNSIGNED NOT NULL COMMENT 'Item ID',
  `purchased_id` int(10) UNSIGNED NOT NULL DEFAULT 0 COMMENT 'Purchased ID',
  `order_item_id` int(10) UNSIGNED DEFAULT 0 COMMENT 'Order Item ID',
  `product_id` int(10) UNSIGNED DEFAULT 0 COMMENT 'Product ID',
  `link_hash` varchar(255) DEFAULT NULL COMMENT 'Link hash',
  `number_of_downloads_bought` int(10) UNSIGNED NOT NULL DEFAULT 0 COMMENT 'Number of downloads bought',
  `number_of_downloads_used` int(10) UNSIGNED NOT NULL DEFAULT 0 COMMENT 'Number of downloads used',
  `link_id` int(10) UNSIGNED NOT NULL DEFAULT 0 COMMENT 'Link ID',
  `link_title` varchar(255) DEFAULT NULL COMMENT 'Link Title',
  `is_shareable` smallint(5) UNSIGNED NOT NULL DEFAULT 0 COMMENT 'Shareable Flag',
  `link_url` varchar(255) DEFAULT NULL COMMENT 'Link Url',
  `link_file` varchar(255) DEFAULT NULL COMMENT 'Link File',
  `link_type` varchar(255) DEFAULT NULL COMMENT 'Link Type',
  `status` varchar(50) DEFAULT NULL COMMENT 'Status',
  `created_at` timestamp NOT NULL DEFAULT current_timestamp() COMMENT 'Creation Time',
  `updated_at` timestamp NOT NULL DEFAULT current_timestamp() ON UPDATE current_timestamp() COMMENT 'Update Time'
) ENGINE=InnoDB DEFAULT CHARSET=utf8 COMMENT='Downloadable Link Purchased Item Table';

-- --------------------------------------------------------

--
-- Table structure for table `downloadable_link_title`
--

CREATE TABLE `downloadable_link_title` (
  `title_id` int(10) UNSIGNED NOT NULL COMMENT 'Title ID',
  `link_id` int(10) UNSIGNED NOT NULL DEFAULT 0 COMMENT 'Link ID',
  `store_id` smallint(5) UNSIGNED NOT NULL DEFAULT 0 COMMENT 'Store ID',
  `title` varchar(255) DEFAULT NULL COMMENT 'Title'
) ENGINE=InnoDB DEFAULT CHARSET=utf8 COMMENT='Link Title Table';

-- --------------------------------------------------------

--
-- Table structure for table `downloadable_sample`
--

CREATE TABLE `downloadable_sample` (
  `sample_id` int(10) UNSIGNED NOT NULL COMMENT 'Sample ID',
  `product_id` int(10) UNSIGNED NOT NULL DEFAULT 0 COMMENT 'Product ID',
  `sample_url` varchar(255) DEFAULT NULL COMMENT 'Sample URL',
  `sample_file` varchar(255) DEFAULT NULL COMMENT 'Sample file',
  `sample_type` varchar(20) DEFAULT NULL COMMENT 'Sample Type',
  `sort_order` int(10) UNSIGNED NOT NULL DEFAULT 0 COMMENT 'Sort Order'
) ENGINE=InnoDB DEFAULT CHARSET=utf8 COMMENT='Downloadable Sample Table';

-- --------------------------------------------------------

--
-- Table structure for table `downloadable_sample_title`
--

CREATE TABLE `downloadable_sample_title` (
  `title_id` int(10) UNSIGNED NOT NULL COMMENT 'Title ID',
  `sample_id` int(10) UNSIGNED NOT NULL DEFAULT 0 COMMENT 'Sample ID',
  `store_id` smallint(5) UNSIGNED NOT NULL DEFAULT 0 COMMENT 'Store ID',
  `title` varchar(255) DEFAULT NULL COMMENT 'Title'
) ENGINE=InnoDB DEFAULT CHARSET=utf8 COMMENT='Downloadable Sample Title Table';

-- --------------------------------------------------------

--
-- Table structure for table `eav_attribute`
--

CREATE TABLE `eav_attribute` (
  `attribute_id` smallint(5) UNSIGNED NOT NULL COMMENT 'Attribute ID',
  `entity_type_id` smallint(5) UNSIGNED NOT NULL DEFAULT 0 COMMENT 'Entity Type ID',
  `attribute_code` varchar(255) NOT NULL COMMENT 'Attribute Code',
  `attribute_model` varchar(255) DEFAULT NULL COMMENT 'Attribute Model',
  `backend_model` varchar(255) DEFAULT NULL COMMENT 'Backend Model',
  `backend_type` varchar(8) NOT NULL DEFAULT 'static' COMMENT 'Backend Type',
  `backend_table` varchar(255) DEFAULT NULL COMMENT 'Backend Table',
  `frontend_model` varchar(255) DEFAULT NULL COMMENT 'Frontend Model',
  `frontend_input` varchar(50) DEFAULT NULL COMMENT 'Frontend Input',
  `frontend_label` varchar(255) DEFAULT NULL COMMENT 'Frontend Label',
  `frontend_class` varchar(255) DEFAULT NULL COMMENT 'Frontend Class',
  `source_model` varchar(255) DEFAULT NULL COMMENT 'Source Model',
  `is_required` smallint(5) UNSIGNED NOT NULL DEFAULT 0 COMMENT 'Defines Is Required',
  `is_user_defined` smallint(5) UNSIGNED NOT NULL DEFAULT 0 COMMENT 'Defines Is User Defined',
  `default_value` text DEFAULT NULL COMMENT 'Default Value',
  `is_unique` smallint(5) UNSIGNED NOT NULL DEFAULT 0 COMMENT 'Defines Is Unique',
  `note` varchar(255) DEFAULT NULL COMMENT 'Note'
) ENGINE=InnoDB DEFAULT CHARSET=utf8 COMMENT='Eav Attribute';

--
-- Dumping data for table `eav_attribute`
--

INSERT INTO `eav_attribute` (`attribute_id`, `entity_type_id`, `attribute_code`, `attribute_model`, `backend_model`, `backend_type`, `backend_table`, `frontend_model`, `frontend_input`, `frontend_label`, `frontend_class`, `source_model`, `is_required`, `is_user_defined`, `default_value`, `is_unique`, `note`) VALUES
(1, 1, 'website_id', NULL, 'Magento\\Customer\\Model\\Customer\\Attribute\\Backend\\Website', 'static', NULL, NULL, 'select', 'Associate to Website', NULL, 'Magento\\Customer\\Model\\Customer\\Attribute\\Source\\Website', 1, 0, NULL, 0, NULL),
(2, 1, 'store_id', NULL, 'Magento\\Customer\\Model\\Customer\\Attribute\\Backend\\Store', 'static', NULL, NULL, 'select', 'Create In', NULL, 'Magento\\Customer\\Model\\Customer\\Attribute\\Source\\Store', 1, 0, NULL, 0, NULL),
(3, 1, 'created_in', NULL, NULL, 'static', NULL, NULL, 'text', 'Created From', NULL, NULL, 0, 0, NULL, 0, NULL),
(4, 1, 'prefix', 'Magento\\Customer\\Model\\Attribute', NULL, 'static', NULL, NULL, 'text', 'Name Prefix', NULL, NULL, 0, 0, NULL, 0, NULL),
(5, 1, 'firstname', NULL, NULL, 'static', NULL, NULL, 'text', 'First Name', NULL, NULL, 1, 0, NULL, 0, NULL),
(6, 1, 'middlename', NULL, NULL, 'static', NULL, NULL, 'text', 'Middle Name/Initial', NULL, NULL, 0, 0, NULL, 0, NULL),
(7, 1, 'lastname', NULL, NULL, 'static', NULL, NULL, 'text', 'Last Name', NULL, NULL, 1, 0, NULL, 0, NULL),
(8, 1, 'suffix', NULL, NULL, 'static', NULL, NULL, 'text', 'Name Suffix', NULL, NULL, 0, 0, NULL, 0, NULL),
(9, 1, 'email', NULL, NULL, 'static', NULL, NULL, 'text', 'Email', NULL, NULL, 1, 0, NULL, 0, NULL),
(10, 1, 'group_id', NULL, NULL, 'static', NULL, NULL, 'select', 'Group', NULL, 'Magento\\Customer\\Model\\Customer\\Attribute\\Source\\Group', 1, 0, NULL, 0, NULL),
(11, 1, 'dob', NULL, 'Magento\\Eav\\Model\\Entity\\Attribute\\Backend\\Datetime', 'static', NULL, 'Magento\\Eav\\Model\\Entity\\Attribute\\Frontend\\Datetime', 'date', 'Date of Birth', NULL, NULL, 0, 0, NULL, 0, NULL),
(12, 1, 'password_hash', NULL, 'Magento\\Customer\\Model\\Customer\\Attribute\\Backend\\Password', 'static', NULL, NULL, 'hidden', NULL, NULL, NULL, 0, 0, NULL, 0, NULL),
(13, 1, 'rp_token', NULL, NULL, 'static', NULL, NULL, 'hidden', NULL, NULL, NULL, 0, 0, NULL, 0, NULL),
(14, 1, 'rp_token_created_at', NULL, NULL, 'static', NULL, NULL, 'date', NULL, NULL, NULL, 0, 0, NULL, 0, NULL),
(15, 1, 'default_billing', NULL, 'Magento\\Customer\\Model\\Customer\\Attribute\\Backend\\Billing', 'static', NULL, NULL, 'text', 'Default Billing Address', NULL, NULL, 0, 0, NULL, 0, NULL),
(16, 1, 'default_shipping', NULL, 'Magento\\Customer\\Model\\Customer\\Attribute\\Backend\\Shipping', 'static', NULL, NULL, 'text', 'Default Shipping Address', NULL, NULL, 0, 0, NULL, 0, NULL),
(17, 1, 'taxvat', NULL, NULL, 'static', NULL, NULL, 'text', 'Tax/VAT Number', NULL, NULL, 0, 0, NULL, 0, NULL),
(18, 1, 'confirmation', NULL, NULL, 'static', NULL, NULL, 'text', 'Is Confirmed', NULL, NULL, 0, 0, NULL, 0, NULL),
(19, 1, 'created_at', NULL, NULL, 'static', NULL, NULL, 'date', 'Created At', NULL, NULL, 0, 0, NULL, 0, NULL),
(20, 1, 'gender', NULL, NULL, 'static', NULL, NULL, 'select', 'Gender', NULL, 'Magento\\Eav\\Model\\Entity\\Attribute\\Source\\Table', 0, 0, NULL, 0, NULL),
(21, 1, 'disable_auto_group_change', 'Magento\\Customer\\Model\\Attribute', 'Magento\\Customer\\Model\\Attribute\\Backend\\Data\\Boolean', 'static', NULL, NULL, 'boolean', 'Disable Automatic Group Change Based on VAT ID', NULL, NULL, 0, 0, '0', 0, NULL),
(22, 2, 'prefix', 'Magento\\Customer\\Model\\Attribute', NULL, 'static', NULL, NULL, 'text', 'Name Prefix', NULL, NULL, 0, 0, NULL, 0, NULL),
(23, 2, 'firstname', NULL, NULL, 'static', NULL, NULL, 'text', 'First Name', NULL, NULL, 1, 0, NULL, 0, NULL),
(24, 2, 'middlename', NULL, NULL, 'static', NULL, NULL, 'text', 'Middle Name/Initial', NULL, NULL, 0, 0, NULL, 0, NULL),
(25, 2, 'lastname', NULL, NULL, 'static', NULL, NULL, 'text', 'Last Name', NULL, NULL, 1, 0, NULL, 0, NULL),
(26, 2, 'suffix', NULL, NULL, 'static', NULL, NULL, 'text', 'Name Suffix', NULL, NULL, 0, 0, NULL, 0, NULL),
(27, 2, 'company', NULL, NULL, 'static', NULL, NULL, 'text', 'Company', NULL, NULL, 0, 0, NULL, 0, NULL),
(28, 2, 'street', NULL, 'Magento\\Eav\\Model\\Entity\\Attribute\\Backend\\DefaultBackend', 'static', NULL, NULL, 'multiline', 'Street Address', NULL, NULL, 1, 0, NULL, 0, NULL),
(29, 2, 'city', NULL, NULL, 'static', NULL, NULL, 'text', 'City', NULL, NULL, 1, 0, NULL, 0, NULL),
(30, 2, 'country_id', NULL, NULL, 'static', NULL, NULL, 'select', 'Country', NULL, 'Magento\\Customer\\Model\\ResourceModel\\Address\\Attribute\\Source\\Country', 1, 0, NULL, 0, NULL),
(31, 2, 'region', NULL, 'Magento\\Customer\\Model\\ResourceModel\\Address\\Attribute\\Backend\\Region', 'static', NULL, NULL, 'text', 'State/Province', NULL, NULL, 0, 0, NULL, 0, NULL),
(32, 2, 'region_id', NULL, NULL, 'static', NULL, NULL, 'hidden', 'State/Province', NULL, 'Magento\\Customer\\Model\\ResourceModel\\Address\\Attribute\\Source\\Region', 0, 0, NULL, 0, NULL),
(33, 2, 'postcode', NULL, NULL, 'static', NULL, NULL, 'text', 'Zip/Postal Code', NULL, NULL, 0, 0, NULL, 0, NULL),
(34, 2, 'telephone', NULL, NULL, 'static', NULL, NULL, 'text', 'Phone Number', NULL, NULL, 1, 0, NULL, 0, NULL),
(35, 2, 'fax', NULL, NULL, 'static', NULL, NULL, 'text', 'Fax', NULL, NULL, 0, 0, NULL, 0, NULL),
(36, 2, 'vat_id', 'Magento\\Customer\\Model\\Attribute', NULL, 'static', NULL, NULL, 'text', 'VAT Number', NULL, NULL, 0, 0, NULL, 0, NULL),
(37, 2, 'vat_is_valid', NULL, NULL, 'static', NULL, NULL, 'text', 'VAT number validity', NULL, NULL, 0, 0, NULL, 0, NULL),
(38, 2, 'vat_request_id', NULL, NULL, 'static', NULL, NULL, 'text', 'VAT number validation request ID', NULL, NULL, 0, 0, NULL, 0, NULL),
(39, 2, 'vat_request_date', NULL, NULL, 'static', NULL, NULL, 'text', 'VAT number validation request date', NULL, NULL, 0, 0, NULL, 0, NULL),
(40, 2, 'vat_request_success', NULL, NULL, 'static', NULL, NULL, 'text', 'VAT number validation request success', NULL, NULL, 0, 0, NULL, 0, NULL),
(41, 1, 'updated_at', NULL, NULL, 'static', NULL, NULL, 'date', 'Updated At', NULL, NULL, 0, 0, NULL, 0, NULL),
(42, 1, 'failures_num', NULL, NULL, 'static', NULL, NULL, 'hidden', 'Failures Number', NULL, NULL, 0, 0, NULL, 0, NULL),
(43, 1, 'first_failure', NULL, NULL, 'static', NULL, NULL, 'date', 'First Failure Date', NULL, NULL, 0, 0, NULL, 0, NULL),
(44, 1, 'lock_expires', NULL, NULL, 'static', NULL, NULL, 'date', 'Failures Number', NULL, NULL, 0, 0, NULL, 0, NULL),
(45, 3, 'name', NULL, NULL, 'varchar', NULL, NULL, 'text', 'Name', NULL, NULL, 1, 0, NULL, 0, NULL),
(46, 3, 'is_active', NULL, NULL, 'int', NULL, NULL, 'select', 'Is Active', NULL, 'Magento\\Eav\\Model\\Entity\\Attribute\\Source\\Boolean', 1, 0, NULL, 0, NULL),
(47, 3, 'description', NULL, NULL, 'text', NULL, NULL, 'textarea', 'Description', NULL, NULL, 0, 0, NULL, 0, NULL),
(48, 3, 'image', NULL, 'Magento\\Catalog\\Model\\Category\\Attribute\\Backend\\Image', 'varchar', NULL, NULL, 'image', 'Image', NULL, NULL, 0, 0, NULL, 0, NULL),
(49, 3, 'meta_title', NULL, NULL, 'varchar', NULL, NULL, 'text', 'Page Title', NULL, NULL, 0, 0, NULL, 0, NULL),
(50, 3, 'meta_keywords', NULL, NULL, 'text', NULL, NULL, 'textarea', 'Meta Keywords', NULL, NULL, 0, 0, NULL, 0, NULL),
(51, 3, 'meta_description', NULL, NULL, 'text', NULL, NULL, 'textarea', 'Meta Description', NULL, NULL, 0, 0, NULL, 0, NULL),
(52, 3, 'display_mode', NULL, NULL, 'varchar', NULL, NULL, 'select', 'Display Mode', NULL, 'Magento\\Catalog\\Model\\Category\\Attribute\\Source\\Mode', 0, 0, NULL, 0, NULL),
(53, 3, 'landing_page', NULL, NULL, 'int', NULL, NULL, 'select', 'CMS Block', NULL, 'Magento\\Catalog\\Model\\Category\\Attribute\\Source\\Page', 0, 0, NULL, 0, NULL),
(54, 3, 'is_anchor', NULL, NULL, 'int', NULL, NULL, 'select', 'Is Anchor', NULL, 'Magento\\Eav\\Model\\Entity\\Attribute\\Source\\Boolean', 0, 0, '1', 0, NULL),
(55, 3, 'path', NULL, NULL, 'static', NULL, NULL, 'text', 'Path', NULL, NULL, 0, 0, NULL, 0, NULL),
(56, 3, 'position', NULL, NULL, 'static', NULL, NULL, 'text', 'Position', NULL, NULL, 0, 0, NULL, 0, NULL),
(57, 3, 'all_children', NULL, NULL, 'text', NULL, NULL, 'text', NULL, NULL, NULL, 0, 0, NULL, 0, NULL),
(58, 3, 'path_in_store', NULL, NULL, 'text', NULL, NULL, 'text', NULL, NULL, NULL, 0, 0, NULL, 0, NULL),
(59, 3, 'children', NULL, NULL, 'text', NULL, NULL, 'text', NULL, NULL, NULL, 0, 0, NULL, 0, NULL),
(60, 3, 'custom_design', NULL, NULL, 'varchar', NULL, NULL, 'select', 'Custom Design', NULL, 'Magento\\Theme\\Model\\Theme\\Source\\Theme', 0, 0, NULL, 0, NULL),
(61, 3, 'custom_design_from', 'Magento\\Catalog\\Model\\ResourceModel\\Eav\\Attribute', 'Magento\\Catalog\\Model\\Attribute\\Backend\\Startdate', 'datetime', NULL, 'Magento\\Eav\\Model\\Entity\\Attribute\\Frontend\\Datetime', 'date', 'Active From', NULL, NULL, 0, 0, NULL, 0, NULL),
(62, 3, 'custom_design_to', NULL, 'Magento\\Eav\\Model\\Entity\\Attribute\\Backend\\Datetime', 'datetime', NULL, NULL, 'date', 'Active To', NULL, NULL, 0, 0, NULL, 0, NULL),
(63, 3, 'page_layout', NULL, NULL, 'varchar', NULL, NULL, 'select', 'Page Layout', NULL, 'Magento\\Catalog\\Model\\Category\\Attribute\\Source\\Layout', 0, 0, NULL, 0, NULL),
(64, 3, 'custom_layout_update', NULL, 'Magento\\Catalog\\Model\\Attribute\\Backend\\Customlayoutupdate', 'text', NULL, NULL, 'textarea', 'Custom Layout Update', NULL, NULL, 0, 0, NULL, 0, NULL),
(65, 3, 'level', NULL, NULL, 'static', NULL, NULL, 'text', 'Level', NULL, NULL, 0, 0, NULL, 0, NULL),
(66, 3, 'children_count', NULL, NULL, 'static', NULL, NULL, 'text', 'Children Count', NULL, NULL, 0, 0, NULL, 0, NULL),
(67, 3, 'available_sort_by', NULL, 'Magento\\Catalog\\Model\\Category\\Attribute\\Backend\\Sortby', 'text', NULL, NULL, 'multiselect', 'Available Product Listing Sort By', NULL, 'Magento\\Catalog\\Model\\Category\\Attribute\\Source\\Sortby', 1, 0, NULL, 0, NULL),
(68, 3, 'default_sort_by', NULL, 'Magento\\Catalog\\Model\\Category\\Attribute\\Backend\\Sortby', 'varchar', NULL, NULL, 'select', 'Default Product Listing Sort By', NULL, 'Magento\\Catalog\\Model\\Category\\Attribute\\Source\\Sortby', 1, 0, NULL, 0, NULL),
(69, 3, 'include_in_menu', NULL, NULL, 'int', NULL, NULL, 'select', 'Include in Navigation Menu', NULL, 'Magento\\Eav\\Model\\Entity\\Attribute\\Source\\Boolean', 1, 0, '1', 0, NULL),
(70, 3, 'custom_use_parent_settings', NULL, NULL, 'int', NULL, NULL, 'select', 'Use Parent Category Settings', NULL, 'Magento\\Eav\\Model\\Entity\\Attribute\\Source\\Boolean', 0, 0, NULL, 0, NULL),
(71, 3, 'custom_apply_to_products', NULL, NULL, 'int', NULL, NULL, 'select', 'Apply To Products', NULL, 'Magento\\Eav\\Model\\Entity\\Attribute\\Source\\Boolean', 0, 0, NULL, 0, NULL),
(72, 3, 'filter_price_range', NULL, NULL, 'decimal', NULL, NULL, 'text', 'Layered Navigation Price Step', NULL, NULL, 0, 0, NULL, 0, NULL),
(73, 4, 'name', 'Magento\\Catalog\\Model\\ResourceModel\\Eav\\Attribute', NULL, 'varchar', NULL, NULL, 'text', 'Product Name', 'validate-length maximum-length-255', NULL, 1, 0, NULL, 0, NULL),
(74, 4, 'sku', 'Magento\\Catalog\\Model\\ResourceModel\\Eav\\Attribute', 'Magento\\Catalog\\Model\\Product\\Attribute\\Backend\\Sku', 'static', NULL, NULL, 'text', 'SKU', NULL, NULL, 1, 0, NULL, 1, NULL),
(75, 4, 'description', NULL, NULL, 'text', NULL, NULL, 'textarea', 'Description', NULL, NULL, 0, 0, NULL, 0, NULL),
(76, 4, 'short_description', NULL, NULL, 'text', NULL, NULL, 'textarea', 'Short Description', NULL, NULL, 0, 0, NULL, 0, NULL),
(77, 4, 'price', 'Magento\\Catalog\\Model\\ResourceModel\\Eav\\Attribute', 'Magento\\Catalog\\Model\\Product\\Attribute\\Backend\\Price', 'decimal', NULL, NULL, 'price', 'Price', NULL, NULL, 1, 0, NULL, 0, NULL),
(78, 4, 'special_price', 'Magento\\Catalog\\Model\\ResourceModel\\Eav\\Attribute', 'Magento\\Catalog\\Model\\Product\\Attribute\\Backend\\Price', 'decimal', NULL, NULL, 'price', 'Special Price', NULL, NULL, 0, 0, NULL, 0, NULL),
(79, 4, 'special_from_date', NULL, 'Magento\\Catalog\\Model\\Attribute\\Backend\\Startdate', 'datetime', NULL, NULL, 'date', 'Special Price From Date', NULL, NULL, 0, 0, NULL, 0, NULL),
(80, 4, 'special_to_date', NULL, 'Magento\\Eav\\Model\\Entity\\Attribute\\Backend\\Datetime', 'datetime', NULL, NULL, 'date', 'Special Price To Date', NULL, NULL, 0, 0, NULL, 0, NULL),
(81, 4, 'cost', NULL, 'Magento\\Catalog\\Model\\Product\\Attribute\\Backend\\Price', 'decimal', NULL, NULL, 'price', 'Cost', NULL, NULL, 0, 1, NULL, 0, NULL),
(82, 4, 'weight', NULL, 'Magento\\Catalog\\Model\\Product\\Attribute\\Backend\\Weight', 'decimal', NULL, NULL, 'weight', 'Weight', NULL, NULL, 0, 0, NULL, 0, NULL),
(83, 4, 'manufacturer', NULL, NULL, 'int', NULL, NULL, 'select', 'Manufacturer', NULL, NULL, 0, 1, NULL, 0, NULL),
(84, 4, 'meta_title', NULL, NULL, 'varchar', NULL, NULL, 'text', 'Meta Title', NULL, NULL, 0, 0, NULL, 0, NULL),
(85, 4, 'meta_keyword', NULL, NULL, 'text', NULL, NULL, 'textarea', 'Meta Keywords', NULL, NULL, 0, 0, NULL, 0, NULL),
(86, 4, 'meta_description', NULL, NULL, 'varchar', NULL, NULL, 'textarea', 'Meta Description', NULL, NULL, 0, 0, NULL, 0, 'Maximum 255 chars. Meta Description should optimally be between 150-160 characters'),
(87, 4, 'image', NULL, NULL, 'varchar', NULL, 'Magento\\Catalog\\Model\\Product\\Attribute\\Frontend\\Image', 'media_image', 'Base', NULL, NULL, 0, 0, NULL, 0, NULL),
(88, 4, 'small_image', NULL, NULL, 'varchar', NULL, 'Magento\\Catalog\\Model\\Product\\Attribute\\Frontend\\Image', 'media_image', 'Small', NULL, NULL, 0, 0, NULL, 0, NULL),
(89, 4, 'thumbnail', NULL, NULL, 'varchar', NULL, 'Magento\\Catalog\\Model\\Product\\Attribute\\Frontend\\Image', 'media_image', 'Thumbnail', NULL, NULL, 0, 0, NULL, 0, NULL),
(90, 4, 'media_gallery', NULL, NULL, 'static', NULL, NULL, 'gallery', 'Media Gallery', NULL, NULL, 0, 0, NULL, 0, NULL),
(91, 4, 'old_id', NULL, NULL, 'int', NULL, NULL, 'text', NULL, NULL, NULL, 0, 0, NULL, 0, NULL),
(92, 4, 'tier_price', NULL, 'Magento\\Catalog\\Model\\Product\\Attribute\\Backend\\Tierprice', 'decimal', NULL, NULL, 'text', 'Tier Price', NULL, NULL, 0, 0, NULL, 0, NULL),
(93, 4, 'color', NULL, NULL, 'int', NULL, NULL, 'select', 'Color', NULL, NULL, 0, 1, NULL, 0, NULL),
(94, 4, 'news_from_date', NULL, 'Magento\\Catalog\\Model\\Attribute\\Backend\\Startdate', 'datetime', NULL, NULL, 'date', 'Set Product as New from Date', NULL, NULL, 0, 0, NULL, 0, NULL),
(95, 4, 'news_to_date', NULL, 'Magento\\Eav\\Model\\Entity\\Attribute\\Backend\\Datetime', 'datetime', NULL, NULL, 'date', 'Set Product as New to Date', NULL, NULL, 0, 0, NULL, 0, NULL),
(96, 4, 'gallery', NULL, NULL, 'varchar', NULL, NULL, 'gallery', 'Image Gallery', NULL, NULL, 0, 0, NULL, 0, NULL),
(97, 4, 'status', NULL, NULL, 'int', NULL, NULL, 'select', 'Enable Product', NULL, 'Magento\\Catalog\\Model\\Product\\Attribute\\Source\\Status', 0, 0, '1', 0, NULL),
(98, 4, 'minimal_price', 'Magento\\Catalog\\Model\\ResourceModel\\Eav\\Attribute', 'Magento\\Catalog\\Model\\Product\\Attribute\\Backend\\Price', 'decimal', NULL, NULL, 'price', 'Minimal Price', NULL, NULL, 0, 0, NULL, 0, NULL),
(99, 4, 'visibility', NULL, NULL, 'int', NULL, NULL, 'select', 'Visibility', NULL, 'Magento\\Catalog\\Model\\Product\\Visibility', 0, 0, '4', 0, NULL),
(100, 4, 'custom_design', NULL, NULL, 'varchar', NULL, NULL, 'select', 'New Theme', NULL, 'Magento\\Theme\\Model\\Theme\\Source\\Theme', 0, 0, NULL, 0, NULL),
(101, 4, 'custom_design_from', NULL, 'Magento\\Catalog\\Model\\Attribute\\Backend\\Startdate', 'datetime', NULL, NULL, 'date', 'Active From', NULL, NULL, 0, 0, NULL, 0, NULL),
(102, 4, 'custom_design_to', NULL, 'Magento\\Eav\\Model\\Entity\\Attribute\\Backend\\Datetime', 'datetime', NULL, NULL, 'date', 'Active To', NULL, NULL, 0, 0, NULL, 0, NULL),
(103, 4, 'custom_layout_update', NULL, 'Magento\\Catalog\\Model\\Attribute\\Backend\\Customlayoutupdate', 'text', NULL, NULL, 'textarea', 'Layout Update XML', NULL, NULL, 0, 0, NULL, 0, NULL),
(104, 4, 'page_layout', NULL, NULL, 'varchar', NULL, NULL, 'select', 'Layout', NULL, 'Magento\\Catalog\\Model\\Product\\Attribute\\Source\\Layout', 0, 0, NULL, 0, NULL),
(105, 4, 'category_ids', NULL, 'Magento\\Catalog\\Model\\Product\\Attribute\\Backend\\Category', 'static', NULL, NULL, 'text', 'Categories', NULL, NULL, 0, 0, NULL, 0, NULL),
(106, 4, 'options_container', NULL, NULL, 'varchar', NULL, NULL, 'select', 'Display Product Options In', NULL, 'Magento\\Catalog\\Model\\Entity\\Product\\Attribute\\Design\\Options\\Container', 0, 0, 'container2', 0, NULL),
(107, 4, 'required_options', NULL, NULL, 'static', NULL, NULL, 'text', NULL, NULL, NULL, 0, 0, NULL, 0, NULL),
(108, 4, 'has_options', NULL, NULL, 'static', NULL, NULL, 'text', NULL, NULL, NULL, 0, 0, NULL, 0, NULL),
(109, 4, 'image_label', NULL, NULL, 'varchar', NULL, NULL, 'text', 'Image Label', NULL, NULL, 0, 0, NULL, 0, NULL),
(110, 4, 'small_image_label', NULL, NULL, 'varchar', NULL, NULL, 'text', 'Small Image Label', NULL, NULL, 0, 0, NULL, 0, NULL),
(111, 4, 'thumbnail_label', NULL, NULL, 'varchar', NULL, NULL, 'text', 'Thumbnail Label', NULL, NULL, 0, 0, NULL, 0, NULL),
(112, 4, 'created_at', NULL, NULL, 'static', NULL, NULL, 'date', NULL, NULL, NULL, 1, 0, NULL, 0, NULL),
(113, 4, 'updated_at', NULL, NULL, 'static', NULL, NULL, 'date', NULL, NULL, NULL, 1, 0, NULL, 0, NULL),
(114, 4, 'country_of_manufacture', NULL, NULL, 'varchar', NULL, NULL, 'select', 'Country of Manufacture', NULL, 'Magento\\Catalog\\Model\\Product\\Attribute\\Source\\Countryofmanufacture', 0, 0, NULL, 0, NULL),
(115, 4, 'quantity_and_stock_status', NULL, 'Magento\\Catalog\\Model\\Product\\Attribute\\Backend\\Stock', 'int', NULL, NULL, 'select', 'Quantity', NULL, 'Magento\\CatalogInventory\\Model\\Source\\Stock', 0, 0, '1', 0, NULL),
(116, 4, 'custom_layout', NULL, NULL, 'varchar', NULL, NULL, 'select', 'New Layout', NULL, 'Magento\\Catalog\\Model\\Product\\Attribute\\Source\\Layout', 0, 0, NULL, 0, NULL),
(117, 4, 'custom_layout_update_file', NULL, 'Magento\\Catalog\\Model\\Product\\Attribute\\Backend\\LayoutUpdate', 'varchar', NULL, NULL, 'select', 'Custom Layout Update', NULL, 'Magento\\Catalog\\Model\\Product\\Attribute\\Source\\LayoutUpdate', 0, 0, NULL, 0, NULL),
(118, 3, 'custom_layout_update_file', NULL, 'Magento\\Catalog\\Model\\Category\\Attribute\\Backend\\LayoutUpdate', 'varchar', NULL, NULL, 'select', 'Custom Layout Update', NULL, 'Magento\\Catalog\\Model\\Category\\Attribute\\Source\\LayoutUpdate', 0, 0, NULL, 0, NULL),
(119, 4, 'msrp', 'Magento\\Catalog\\Model\\ResourceModel\\Eav\\Attribute', 'Magento\\Catalog\\Model\\Product\\Attribute\\Backend\\Price', 'decimal', NULL, NULL, 'price', 'Minimum Advertised Price', NULL, NULL, 0, 0, NULL, 0, NULL),
(120, 4, 'msrp_display_actual_price_type', NULL, 'Magento\\Catalog\\Model\\Product\\Attribute\\Backend\\Boolean', 'varchar', NULL, NULL, 'select', 'Display Actual Price', NULL, 'Magento\\Msrp\\Model\\Product\\Attribute\\Source\\Type\\Price', 0, 0, '0', 0, NULL),
(121, 3, 'url_key', NULL, NULL, 'varchar', NULL, NULL, 'text', 'URL Key', NULL, NULL, 0, 0, NULL, 0, NULL),
(122, 3, 'url_path', NULL, NULL, 'varchar', NULL, NULL, 'text', NULL, NULL, NULL, 0, 0, NULL, 0, NULL),
(123, 4, 'url_key', NULL, NULL, 'varchar', NULL, NULL, 'text', 'URL Key', NULL, NULL, 0, 0, NULL, 0, NULL),
(124, 4, 'url_path', NULL, NULL, 'varchar', NULL, NULL, 'text', NULL, NULL, NULL, 0, 0, NULL, 0, NULL),
(125, 4, 'links_purchased_separately', NULL, NULL, 'int', NULL, NULL, NULL, 'Links can be purchased separately', NULL, NULL, 1, 0, NULL, 0, NULL),
(126, 4, 'samples_title', NULL, NULL, 'varchar', NULL, NULL, NULL, 'Samples title', NULL, NULL, 1, 0, NULL, 0, NULL),
(127, 4, 'links_title', NULL, NULL, 'varchar', NULL, NULL, NULL, 'Links title', NULL, NULL, 1, 0, NULL, 0, NULL),
(128, 4, 'links_exist', NULL, NULL, 'int', NULL, NULL, NULL, NULL, NULL, NULL, 0, 0, NULL, 0, NULL),
(129, 4, 'gift_message_available', NULL, 'Magento\\Catalog\\Model\\Product\\Attribute\\Backend\\Boolean', 'varchar', NULL, NULL, 'select', 'Allow Gift Message', NULL, 'Magento\\Catalog\\Model\\Product\\Attribute\\Source\\Boolean', 0, 0, NULL, 0, NULL),
(130, 4, 'merchant_center_category', NULL, NULL, 'int', NULL, NULL, 'select', 'Google Merchant Center Category', NULL, 'Magento\\Eav\\Model\\Entity\\Attribute\\Source\\Table', 0, 1, NULL, 0, NULL),
(131, 4, 'price_type', NULL, NULL, 'int', NULL, NULL, 'boolean', 'Dynamic Price', NULL, NULL, 1, 0, '0', 0, NULL),
(132, 4, 'sku_type', NULL, NULL, 'int', NULL, NULL, 'boolean', 'Dynamic SKU', NULL, NULL, 1, 0, '0', 0, NULL),
(133, 4, 'weight_type', NULL, NULL, 'int', NULL, NULL, 'boolean', 'Dynamic Weight', NULL, NULL, 1, 0, '0', 0, NULL),
(134, 4, 'price_view', NULL, NULL, 'int', NULL, NULL, 'select', 'Price View', NULL, 'Magento\\Bundle\\Model\\Product\\Attribute\\Source\\Price\\View', 1, 0, NULL, 0, NULL),
(135, 4, 'shipment_type', NULL, NULL, 'int', NULL, NULL, 'select', 'Ship Bundle Items', NULL, 'Magento\\Bundle\\Model\\Product\\Attribute\\Source\\Shipment\\Type', 1, 0, '0', 0, NULL),
(136, 4, 'swatch_image', NULL, NULL, 'varchar', NULL, 'Magento\\Catalog\\Model\\Product\\Attribute\\Frontend\\Image', 'media_image', 'Swatch', NULL, NULL, 0, 0, NULL, 0, NULL),
(137, 4, 'tax_class_id', NULL, NULL, 'int', NULL, NULL, 'select', 'Tax Class', NULL, 'Magento\\Tax\\Model\\TaxClass\\Source\\Product', 0, 0, '2', 0, NULL),
(138, 4, 'ts_dimensions_length', NULL, NULL, 'decimal', NULL, NULL, 'text', 'Item Length', NULL, NULL, 0, 0, NULL, 0, NULL),
(139, 4, 'ts_dimensions_width', NULL, NULL, 'decimal', NULL, NULL, 'text', 'Item Width', NULL, NULL, 0, 0, NULL, 0, NULL),
(140, 4, 'ts_dimensions_height', NULL, NULL, 'decimal', NULL, NULL, 'text', 'Item Height', NULL, NULL, 0, 0, NULL, 0, NULL),
(141, 4, 'ts_packaging_type', NULL, NULL, 'varchar', NULL, NULL, 'select', 'Packaging Type', NULL, 'Temando\\Shipping\\Model\\Source\\PackagingType', 0, 0, NULL, 0, NULL),
(142, 4, 'ts_packaging_id', NULL, NULL, 'varchar', NULL, NULL, 'select', 'Packaging Name', NULL, 'Temando\\Shipping\\Model\\Source\\Packaging', 0, 0, NULL, 0, NULL),
(143, 4, 'ts_hs_code', NULL, NULL, 'varchar', NULL, NULL, 'text', 'HS Code', NULL, NULL, 0, 0, NULL, 0, NULL),
(144, 4, 'ts_country_of_origin', NULL, NULL, 'varchar', NULL, NULL, 'select', 'Country of Origin', NULL, 'Temando\\Shipping\\Model\\ResourceModel\\Product\\Attribute\\Source\\Country', 0, 0, NULL, 0, NULL),
(145, 4, 'division', NULL, NULL, 'int', NULL, NULL, 'select', 'DIVISION', NULL, 'Magento\\Eav\\Model\\Entity\\Attribute\\Source\\Table', 0, 1, '5432', 0, NULL),
(146, 4, 'length_of_the_product_unit', NULL, NULL, 'int', NULL, NULL, 'select', 'Length of the product UNIT', NULL, 'Magento\\Eav\\Model\\Entity\\Attribute\\Source\\Table', 0, 1, '', 0, NULL),
(147, 4, 'width_of_the_product_unit', NULL, NULL, 'int', NULL, NULL, 'select', 'Width of the product UNIT', NULL, 'Magento\\Eav\\Model\\Entity\\Attribute\\Source\\Table', 0, 1, '', 0, NULL),
(148, 4, 'height_of_the_product_unit', NULL, NULL, 'int', NULL, NULL, 'select', 'Height of the product UNIT', NULL, 'Magento\\Eav\\Model\\Entity\\Attribute\\Source\\Table', 0, 1, '', 0, NULL),
(150, 4, 'width_of_the_product_packed_un', NULL, NULL, 'int', NULL, NULL, 'select', 'Width of the product, packed UNIT', NULL, 'Magento\\Eav\\Model\\Entity\\Attribute\\Source\\Table', 0, 1, '', 0, NULL),
(152, 4, 'length_of_the_product_on_a_pal', NULL, NULL, 'int', NULL, NULL, 'select', 'Length of the product on a pallet UNIT', NULL, 'Magento\\Eav\\Model\\Entity\\Attribute\\Source\\Table', 0, 1, '', 0, NULL),
(153, 4, 'width_of_the_product_on_a_pall', NULL, NULL, 'int', NULL, NULL, 'select', 'Width of the product on a pallet UNIT', NULL, 'Magento\\Eav\\Model\\Entity\\Attribute\\Source\\Table', 0, 1, '', 0, NULL),
(154, 4, 'height_of_the_product_on_a_pal', NULL, NULL, 'int', NULL, NULL, 'select', 'Height of the product on a pallet UNIT', NULL, 'Magento\\Eav\\Model\\Entity\\Attribute\\Source\\Table', 0, 1, '', 0, NULL),
(161, 4, 'packaging_weight_pallet_lift_t', NULL, NULL, 'int', NULL, NULL, 'select', 'Packaging weight pallet/lift truck UNIT', NULL, 'Magento\\Eav\\Model\\Entity\\Attribute\\Source\\Table', 0, 1, '', 0, NULL),
(162, 4, 'packaging_weight_cardboard_pap', NULL, NULL, 'int', NULL, NULL, 'select', 'Packaging weight cardboard/paper/carton UNIT', NULL, 'Magento\\Eav\\Model\\Entity\\Attribute\\Source\\Table', 0, 1, '', 0, NULL),
(163, 4, 'packaging_weight_wood_unit', NULL, NULL, 'int', NULL, NULL, 'select', 'Packaging weight wood UNIT', NULL, 'Magento\\Eav\\Model\\Entity\\Attribute\\Source\\Table', 0, 1, '', 0, NULL),
(164, 4, 'packaging_weight_plastic_unit', NULL, NULL, 'int', NULL, NULL, 'select', 'Packaging weight plastic UNIT', NULL, 'Magento\\Eav\\Model\\Entity\\Attribute\\Source\\Table', 1, 1, '', 0, NULL),
(165, 4, 'packaging_weight_metal_unit', NULL, NULL, 'int', NULL, NULL, 'select', 'Packaging weight metal UNIT', NULL, 'Magento\\Eav\\Model\\Entity\\Attribute\\Source\\Table', 0, 1, '', 0, NULL),
(168, 4, 'quantity_per_pallet_unit', NULL, NULL, 'int', NULL, NULL, 'select', 'Quantity per pallet UNIT', NULL, 'Magento\\Eav\\Model\\Entity\\Attribute\\Source\\Table', 0, 1, '', 0, NULL),
(174, 4, 'group_name', NULL, NULL, 'int', NULL, NULL, 'select', 'GROUP_NAME', NULL, 'Magento\\Eav\\Model\\Entity\\Attribute\\Source\\Table', 0, 1, '', 0, NULL),
(181, 4, 'feature_2_benefit_2', NULL, NULL, 'varchar', NULL, NULL, 'text', 'Feature 2 | Benefit 2', NULL, NULL, 0, 1, NULL, 0, NULL),
(182, 4, 'feature_2_benefit_3', NULL, NULL, 'varchar', NULL, NULL, 'text', 'Feature 2 | Benefit 3', NULL, NULL, 0, 1, NULL, 0, NULL),
(183, 4, 'feature_3', NULL, NULL, 'varchar', NULL, NULL, 'text', 'Feature 3', NULL, NULL, 0, 1, NULL, 0, NULL),
(184, 4, 'feature_3_benefit_1', NULL, NULL, 'varchar', NULL, NULL, 'text', 'Feature 3 | Benefit 1', NULL, NULL, 0, 1, NULL, 0, NULL),
(185, 4, 'feature_3_benefit_2', NULL, NULL, 'varchar', NULL, NULL, 'text', 'Feature 3 | Benefit 2', NULL, NULL, 0, 1, NULL, 0, NULL),
(186, 4, 'feature_3_benefit_3', NULL, NULL, 'varchar', NULL, NULL, 'text', 'Feature 3 | Benefit 3', NULL, NULL, 0, 1, NULL, 0, NULL),
(187, 4, 'feature_4', NULL, NULL, 'varchar', NULL, NULL, 'text', 'Feature 4', NULL, NULL, 0, 1, NULL, 0, NULL),
(188, 4, 'feature_4_benefit_1', NULL, NULL, 'varchar', NULL, NULL, 'text', 'Feature 4 | Benefit 1', NULL, NULL, 0, 1, NULL, 0, NULL),
(189, 4, 'feature_4_benefit_2', NULL, NULL, 'varchar', NULL, NULL, 'text', 'Feature 4 | Benefit 2', NULL, NULL, 0, 1, NULL, 0, NULL),
(190, 4, 'feature_4_benefit_3', NULL, NULL, 'varchar', NULL, NULL, 'text', 'Feature 4 | Benefit 3', NULL, NULL, 0, 1, NULL, 0, NULL),
(191, 4, 'feature_5', NULL, NULL, 'varchar', NULL, NULL, 'text', 'Feature 5', NULL, NULL, 0, 1, NULL, 0, NULL),
(192, 4, 'feature_5_benefit_1', NULL, NULL, 'varchar', NULL, NULL, 'text', 'Feature 5 | Benefit 1', NULL, NULL, 0, 1, NULL, 0, NULL),
(193, 4, 'feature_5_benefit_2', NULL, NULL, 'varchar', NULL, NULL, 'text', 'Feature 5 | Benefit 2', NULL, NULL, 0, 1, NULL, 0, NULL),
(194, 4, 'feature_5_benefit_3', NULL, NULL, 'varchar', NULL, NULL, 'text', 'Feature 5 | Benefit 3', NULL, NULL, 0, 1, NULL, 0, NULL),
(195, 4, 'feature_6', NULL, NULL, 'varchar', NULL, NULL, 'text', 'Feature 6', NULL, NULL, 0, 1, NULL, 0, NULL),
(196, 4, 'feature_6_benefit_1', NULL, NULL, 'varchar', NULL, NULL, 'text', 'Feature 6 | Benefit 1', NULL, NULL, 0, 1, NULL, 0, NULL),
(197, 4, 'feature_6_benefit_2', NULL, NULL, 'varchar', NULL, NULL, 'text', 'Feature 6 | Benefit 2', NULL, NULL, 0, 1, NULL, 0, NULL),
(198, 4, 'feature_6_benefit_3', NULL, NULL, 'varchar', NULL, NULL, 'text', 'Feature 6 | Benefit 3', NULL, NULL, 0, 1, NULL, 0, NULL),
(199, 4, 'feature_7', NULL, NULL, 'varchar', NULL, NULL, 'text', 'Feature 7', NULL, NULL, 0, 1, NULL, 0, NULL),
(201, 4, 'feature_7_benefit_2', NULL, NULL, 'varchar', NULL, NULL, 'text', 'Feature 7 | Benefit 2', NULL, NULL, 0, 1, NULL, 0, NULL),
(202, 4, 'feature_7_benefit_3', NULL, NULL, 'varchar', NULL, NULL, 'text', 'Feature 7 | Benefit 3', NULL, NULL, 0, 1, NULL, 0, NULL),
(203, 4, 'feature_8', NULL, NULL, 'varchar', NULL, NULL, 'text', 'Feature 8', NULL, NULL, 0, 1, NULL, 0, NULL),
(204, 4, 'feature_8_benefit_1', NULL, NULL, 'varchar', NULL, NULL, 'text', 'Feature 8 | Benefit 1', NULL, NULL, 0, 1, NULL, 0, NULL),
(205, 4, 'feature_8_benefit_2', NULL, NULL, 'varchar', NULL, NULL, 'text', 'Feature 8 | Benefit 2', NULL, NULL, 0, 1, NULL, 0, NULL),
(206, 4, 'feature_8_benefit_3', NULL, NULL, 'varchar', NULL, NULL, 'text', 'Feature 8 | Benefit 3', NULL, NULL, 0, 1, NULL, 0, NULL),
(207, 4, 'feature_9', NULL, NULL, 'varchar', NULL, NULL, 'text', 'Feature 9', NULL, NULL, 0, 1, NULL, 0, NULL),
(208, 4, 'feature_9_benefit_1', NULL, NULL, 'varchar', NULL, NULL, 'text', 'Feature 9 | Benefit 1', NULL, NULL, 0, 1, NULL, 0, NULL),
(225, 4, 'property_1', NULL, NULL, 'varchar', NULL, NULL, 'text', 'property 1', NULL, NULL, 0, 1, NULL, 0, NULL),
(226, 4, 'property_2', NULL, NULL, 'varchar', NULL, NULL, 'text', 'Property 2', NULL, NULL, 0, 1, NULL, 0, NULL),
(227, 4, 'property_3', NULL, NULL, 'varchar', NULL, NULL, 'text', 'Property 3', NULL, NULL, 0, 1, NULL, 0, NULL),
(228, 4, 'property_4', NULL, NULL, 'varchar', NULL, NULL, 'text', 'Property 4', NULL, NULL, 0, 1, NULL, 0, NULL),
(229, 4, 'property_5', NULL, NULL, 'varchar', NULL, NULL, 'text', 'Property 5', NULL, NULL, 0, 1, NULL, 0, NULL),
(230, 4, 'property_6', NULL, NULL, 'varchar', NULL, NULL, 'text', 'Property 6', NULL, NULL, 0, 1, NULL, 0, NULL),
(231, 4, 'property_7', NULL, NULL, 'varchar', NULL, NULL, 'text', 'Property 7', NULL, NULL, 0, 1, NULL, 0, NULL),
(232, 4, 'property_8', NULL, NULL, 'varchar', NULL, NULL, 'text', 'Property 8', NULL, NULL, 0, 1, NULL, 0, NULL),
(233, 4, 'property_9', NULL, NULL, 'varchar', NULL, NULL, 'text', 'Property 9', NULL, NULL, 0, 1, NULL, 0, NULL),
(234, 4, 'property_10', NULL, NULL, 'varchar', NULL, NULL, 'text', 'Property 10', NULL, NULL, 0, 1, NULL, 0, NULL),
(235, 4, 'property_11', NULL, NULL, 'varchar', NULL, NULL, 'text', 'Property 11', NULL, NULL, 0, 1, NULL, 0, NULL),
(236, 4, 'property_12', NULL, NULL, 'varchar', NULL, NULL, 'text', 'Property 12', NULL, NULL, 0, 1, NULL, 0, NULL),
(237, 4, 'property_13', NULL, NULL, 'varchar', NULL, NULL, 'text', 'Property 13', NULL, NULL, 0, 1, NULL, 0, NULL),
(238, 4, 'keyword_1', NULL, NULL, 'varchar', NULL, NULL, 'text', 'keyword 1', NULL, NULL, 0, 1, NULL, 0, NULL),
(239, 4, 'keyword_2', NULL, NULL, 'varchar', NULL, NULL, 'text', 'keyword 2', NULL, NULL, 0, 1, NULL, 0, NULL),
(240, 4, 'keyword_3', NULL, NULL, 'varchar', NULL, NULL, 'text', 'keyword 3', NULL, NULL, 0, 1, NULL, 0, NULL),
(241, 4, 'keyword_4', NULL, NULL, 'varchar', NULL, NULL, 'text', 'keyword 4', NULL, NULL, 0, 1, NULL, 0, NULL),
(242, 4, 'keyword_5', NULL, NULL, 'varchar', NULL, NULL, 'text', 'keyword 5', NULL, NULL, 0, 1, NULL, 0, NULL),
(243, 4, 'keyword_6', NULL, NULL, 'varchar', NULL, NULL, 'text', 'keyword 6', NULL, NULL, 0, 1, NULL, 0, NULL),
(244, 4, 'keyword_7', NULL, NULL, 'varchar', NULL, NULL, 'text', 'keyword 7', NULL, NULL, 0, 1, NULL, 0, NULL),
(245, 4, 'keyword_8', NULL, NULL, 'varchar', NULL, NULL, 'text', 'keyword 8', NULL, NULL, 0, 1, NULL, 0, NULL),
(246, 4, 'keyword_9', NULL, NULL, 'varchar', NULL, NULL, 'text', 'keyword 9', NULL, NULL, 0, 1, NULL, 0, NULL),
(247, 4, 'keyword_10', NULL, NULL, 'varchar', NULL, NULL, 'text', 'keyword_10', NULL, NULL, 0, 1, NULL, 0, NULL),
(248, 4, 'possible_handling_1', NULL, NULL, 'varchar', NULL, NULL, 'text', 'possible handling 1', NULL, NULL, 0, 1, NULL, 0, NULL),
(249, 4, 'possible_handling_2', NULL, NULL, 'varchar', NULL, NULL, 'text', 'possible handling 2', NULL, NULL, 0, 1, NULL, 0, NULL),
(250, 4, 'possible_handling_3', NULL, NULL, 'varchar', NULL, NULL, 'text', 'possible handling 3', NULL, NULL, 0, 1, NULL, 0, NULL),
(251, 4, 'possible_handling_4', NULL, NULL, 'varchar', NULL, NULL, 'text', 'possible handling 4', NULL, NULL, 0, 1, NULL, 0, NULL),
(252, 4, 'possible_handling_5', NULL, NULL, 'varchar', NULL, NULL, 'text', 'possible handling 5', NULL, NULL, 0, 1, NULL, 0, NULL),
(253, 4, 'possible_handling_6', NULL, NULL, 'varchar', NULL, NULL, 'text', 'possible handling 6', NULL, NULL, 0, 1, NULL, 0, NULL),
(254, 4, 'possible_handling_7', NULL, NULL, 'varchar', NULL, NULL, 'text', 'possible handling 7', NULL, NULL, 0, 1, NULL, 0, NULL),
(255, 4, 'possible_handling_9', NULL, NULL, 'varchar', NULL, NULL, 'text', 'possible handling 9', NULL, NULL, 0, 1, NULL, 0, NULL),
(256, 4, 'possible_handling_10', NULL, NULL, 'varchar', NULL, NULL, 'text', 'possible handling 10', NULL, NULL, 0, 1, NULL, 0, NULL),
(268, 4, 'applicationarea_category_1_applicationarea_1', NULL, NULL, 'varchar', NULL, NULL, 'text', 'applicationarea category 1 | applicationarea 1', NULL, NULL, 0, 1, NULL, 0, NULL),
(269, 4, 'applicationarea_category_1_applicationarea_2', NULL, NULL, 'varchar', NULL, NULL, 'text', 'applicationarea category 1 | applicationarea 2', NULL, NULL, 0, 1, NULL, 0, NULL),
(270, 4, 'applicationarea_category_1_applicationarea_3', NULL, NULL, 'varchar', NULL, NULL, 'text', 'applicationarea category 1 | applicationarea 3', NULL, NULL, 0, 1, NULL, 0, NULL),
(271, 4, 'applicationarea_category_2', NULL, NULL, 'varchar', NULL, NULL, 'text', 'applicationarea category 2', NULL, NULL, 0, 1, NULL, 0, NULL),
(272, 4, 'applicationarea_category_2_applicationarea_1', NULL, NULL, 'varchar', NULL, NULL, 'text', 'applicationarea category 2 | applicationarea 1', NULL, NULL, 0, 1, NULL, 0, NULL),
(273, 4, 'applicationarea_category_2_applicationarea_2', NULL, NULL, 'varchar', NULL, NULL, 'text', 'applicationarea category 2 | applicationarea 2', NULL, NULL, 0, 1, NULL, 0, NULL),
(274, 4, 'applicationarea_category_2_applicationarea_3', NULL, NULL, 'varchar', NULL, NULL, 'text', 'pplicationarea category 2 | applicationarea 3', NULL, NULL, 0, 1, NULL, 0, NULL),
(275, 4, 'applicationarea_category_3', NULL, NULL, 'varchar', NULL, NULL, 'text', 'applicationarea category 3', NULL, NULL, 0, 1, NULL, 0, NULL),
(276, 4, 'applicationarea_category_3_applicationarea_1', NULL, NULL, 'varchar', NULL, NULL, 'text', 'applicationarea category 3 | applicationarea 1', NULL, NULL, 0, 1, NULL, 0, NULL),
(277, 4, 'applicationarea_category_3_applicationarea_2', NULL, NULL, 'varchar', NULL, NULL, 'text', 'applicationarea category 3 | applicationarea 2', NULL, NULL, 0, 1, NULL, 0, NULL),
(278, 4, 'applicationarea_category_3_applicationarea_3', NULL, NULL, 'varchar', NULL, NULL, 'text', 'applicationarea category 3 | applicationarea 3', NULL, NULL, 0, 1, NULL, 0, NULL),
(279, 4, 'applicationarea_category_4', NULL, NULL, 'varchar', NULL, NULL, 'text', 'applicationarea category 4', NULL, NULL, 0, 1, NULL, 0, NULL),
(280, 4, 'applicationarea_category_4_applicationarea_1', NULL, NULL, 'varchar', NULL, NULL, 'text', 'applicationarea category 4 | applicationarea 1', NULL, NULL, 0, 1, NULL, 0, NULL),
(281, 4, 'applicationarea_category_4_applicationarea_2', NULL, NULL, 'varchar', NULL, NULL, 'text', 'applicationarea category 4 | applicationarea 2', NULL, NULL, 0, 1, NULL, 0, NULL),
(282, 4, 'applicationarea_category_4_applicationarea_3', NULL, NULL, 'varchar', NULL, NULL, 'text', 'applicationarea category 4 | applicationarea 3', NULL, NULL, 0, 1, NULL, 0, NULL),
(283, 4, 'applicationarea_category_5', NULL, NULL, 'varchar', NULL, NULL, 'text', 'applicationarea category 5', NULL, NULL, 0, 1, NULL, 0, NULL),
(284, 4, 'applicationarea_category_5_applicationarea_1', NULL, NULL, 'varchar', NULL, NULL, 'text', 'applicationarea category 5 | applicationarea 1', NULL, NULL, 0, 1, NULL, 0, NULL),
(285, 4, 'applicationarea_category_5_applicationarea_2', NULL, NULL, 'varchar', NULL, NULL, 'text', 'applicationarea category 5 | applicationarea 2', NULL, NULL, 0, 1, NULL, 0, NULL),
(286, 4, 'applicationarea_category_5_applicationarea_3', NULL, NULL, 'varchar', NULL, NULL, 'text', 'applicationarea category 5 | applicationarea 3', NULL, NULL, 0, 1, NULL, 0, NULL),
(287, 4, 'applicationarea_category_6', NULL, NULL, 'varchar', NULL, NULL, 'text', 'applicationarea category 6', NULL, NULL, 0, 1, NULL, 0, NULL),
(288, 4, 'applicationarea_category_6_applicationarea_1', NULL, NULL, 'varchar', NULL, NULL, 'text', 'applicationarea category 6 | applicationarea 1', NULL, NULL, 0, 1, NULL, 0, NULL),
(289, 4, 'applicationarea_category_6_applicationarea_2', NULL, NULL, 'varchar', NULL, NULL, 'text', 'applicationarea category 6 | applicationarea 2', NULL, NULL, 0, 1, NULL, 0, NULL),
(290, 4, 'applicationarea_category_6_applicationarea_3', NULL, NULL, 'varchar', NULL, NULL, 'text', 'applicationarea category 6 | applicationarea 3', NULL, NULL, 0, 1, NULL, 0, NULL),
(291, 4, 'applicationarea_category_7', NULL, NULL, 'varchar', NULL, NULL, 'text', 'applicationarea category 7', NULL, NULL, 0, 1, NULL, 0, NULL),
(292, 4, 'applicationarea_category_7_applicationarea_1', NULL, NULL, 'varchar', NULL, NULL, 'text', 'applicationarea category 7 | applicationarea 1', NULL, NULL, 0, 1, NULL, 0, NULL),
(293, 4, 'applicationarea_category_7_applicationarea_2', NULL, NULL, 'varchar', NULL, NULL, 'text', 'applicationarea category 7 | applicationarea 2', NULL, NULL, 0, 1, NULL, 0, NULL),
(294, 4, 'applicationarea_category_7_applicationarea_3', NULL, NULL, 'varchar', NULL, NULL, 'text', 'applicationarea category 7 | applicationarea 3', NULL, NULL, 0, 1, NULL, 0, NULL),
(295, 4, 'applicationarea_category_8', NULL, NULL, 'varchar', NULL, NULL, 'text', 'applicationarea category 8', NULL, NULL, 0, 1, NULL, 0, NULL),
(296, 4, 'applicationarea_category_8_applicationarea_1', NULL, NULL, 'varchar', NULL, NULL, 'text', 'applicationarea category 8 | applicationarea 1', NULL, NULL, 0, 1, NULL, 0, NULL),
(297, 4, 'applicationarea_category_8_applicationarea_2', NULL, NULL, 'varchar', NULL, NULL, 'text', 'applicationarea category 8 | applicationarea 2', NULL, NULL, 0, 1, NULL, 0, NULL),
(298, 4, 'applicationarea_category_8_applicationarea_3', NULL, NULL, 'varchar', NULL, NULL, 'text', 'applicationarea category 8 | applicationarea 3', NULL, NULL, 0, 1, NULL, 0, NULL),
(299, 4, 'applicationarea_category_9', NULL, NULL, 'varchar', NULL, NULL, 'text', 'applicationarea category 9', NULL, NULL, 0, 1, NULL, 0, NULL),
(300, 4, 'applicationarea_category_9_applicationarea_1', NULL, NULL, 'varchar', NULL, NULL, 'text', 'applicationarea category 9 | applicationarea 1', NULL, NULL, 0, 1, NULL, 0, NULL),
(301, 4, 'applicationarea_category_9_applicationarea_2', NULL, NULL, 'varchar', NULL, NULL, 'text', 'applicationarea category 9 | applicationarea 2', NULL, NULL, 0, 1, NULL, 0, NULL),
(302, 4, 'applicationarea_category_9_applicationarea_3', NULL, NULL, 'varchar', NULL, NULL, 'text', 'applicationarea category 9 | applicationarea 3', NULL, NULL, 0, 1, NULL, 0, NULL),
(303, 4, 'applicationarea_category_10', NULL, NULL, 'varchar', NULL, NULL, 'text', 'applicationarea category 10', NULL, NULL, 0, 1, NULL, 0, NULL),
(304, 4, 'applicationarea_category_10_applicationarea_1', NULL, NULL, 'varchar', NULL, NULL, 'text', 'applicationarea category 10 | applicationarea 1', NULL, NULL, 0, 1, NULL, 0, NULL),
(305, 4, 'applicationarea_category_10_applicationarea_2', NULL, NULL, 'varchar', NULL, NULL, 'text', 'applicationarea category 10 | applicationarea 2', NULL, NULL, 0, 1, NULL, 0, NULL),
(306, 4, 'applicationarea_category_10_applicationarea_3', NULL, NULL, 'varchar', NULL, NULL, 'text', 'applicationarea category 10 | applicationarea 3', NULL, NULL, 0, 1, NULL, 0, NULL),
(307, 4, 'applicationarea_category_11_applicationarea_1', NULL, NULL, 'varchar', NULL, NULL, 'text', 'applicationarea category 11 ', NULL, NULL, 0, 1, NULL, 0, NULL),
(308, 4, 'applicationarea_category_11_applicationarea_2', NULL, NULL, 'varchar', NULL, NULL, 'text', 'applicationarea category 11 | applicationarea 2', NULL, NULL, 0, 1, NULL, 0, NULL),
(309, 4, 'test', NULL, NULL, 'varchar', NULL, NULL, 'text', 'Test', NULL, NULL, 0, 1, NULL, 0, NULL),
(336, 4, 'features_and_benefits', NULL, NULL, 'text', NULL, NULL, 'textarea', 'Features and Benefits', NULL, NULL, 0, 1, NULL, 0, NULL),
(339, 4, 'top_feature_2', NULL, NULL, 'varchar', NULL, NULL, 'text', 'Top Feature 2', NULL, NULL, 0, 1, NULL, 0, NULL),
(340, 4, 'top_feature_3', NULL, NULL, 'varchar', NULL, NULL, 'text', 'Top Feature 3', NULL, NULL, 0, 1, NULL, 0, NULL),
(343, 4, 'feature_7_benefit_1', NULL, NULL, 'text', NULL, NULL, 'textarea', 'Feature 7 | Benefit 1', NULL, NULL, 0, 1, NULL, 0, NULL),
(344, 4, 'technical_data', NULL, NULL, 'text', NULL, NULL, 'textarea', 'Technical Data', NULL, NULL, 0, 1, NULL, 0, NULL),
(345, 4, 'spotlight', NULL, NULL, 'int', NULL, NULL, 'boolean', 'Spotlight', NULL, 'Magento\\Eav\\Model\\Entity\\Attribute\\Source\\Boolean', 0, 1, '0', 0, NULL),
(346, 4, 'equipment_data', NULL, NULL, 'text', NULL, NULL, 'textarea', 'Equipment Data', NULL, NULL, 0, 1, NULL, 0, NULL),
(347, 4, 'feature_title_1', NULL, NULL, 'varchar', NULL, NULL, 'text', 'Feature TItle 1', NULL, NULL, 0, 1, NULL, 0, NULL),
(348, 4, 'feature_description_1', NULL, NULL, 'text', NULL, NULL, 'textarea', 'Feature Description 1', NULL, NULL, 0, 1, NULL, 0, NULL),
(349, 4, 'feature_image_1', NULL, NULL, 'text', NULL, NULL, 'textarea', 'Feature Image 1', NULL, NULL, 0, 1, NULL, 0, NULL),
(350, 4, 'bestseller_products', NULL, NULL, 'int', NULL, NULL, 'boolean', 'Bestseller Products', NULL, 'Magento\\Eav\\Model\\Entity\\Attribute\\Source\\Boolean', 0, 1, '0', 0, NULL),
(351, 4, 'deals', NULL, NULL, 'int', NULL, NULL, 'boolean', 'Deals', NULL, 'Magento\\Eav\\Model\\Entity\\Attribute\\Source\\Boolean', 0, 1, '0', 0, NULL),
(352, 4, 'title', NULL, NULL, 'varchar', NULL, NULL, 'text', 'Title ', NULL, NULL, 0, 1, NULL, 0, NULL),
(353, 4, 'feature_and_benefits_title_2', NULL, NULL, 'varchar', NULL, NULL, 'text', 'Feature and Benefits Title 2', NULL, NULL, 0, 1, NULL, 0, NULL),
(354, 4, 'feature_and_benefits_descripti', NULL, NULL, 'text', NULL, NULL, 'textarea', 'Feature and Benefits Description 2', NULL, NULL, 0, 1, NULL, 0, NULL),
(356, 4, 'feature_and_benefits_title_3', NULL, NULL, 'varchar', NULL, NULL, 'text', 'Feature and Benefits Title 3', NULL, NULL, 0, 1, NULL, 0, NULL),
(357, 4, 'feature_title_2', NULL, NULL, 'varchar', NULL, NULL, 'text', 'Feature Title 2', NULL, NULL, 0, 1, NULL, 0, NULL),
(358, 4, 'feature_description_2', NULL, NULL, 'text', NULL, NULL, 'textarea', 'Feature Description 2', NULL, NULL, 0, 1, NULL, 0, NULL),
(359, 4, 'feature_title_3', NULL, NULL, 'varchar', NULL, NULL, 'text', 'Feature Title 3', NULL, NULL, 0, 1, NULL, 0, NULL),
(360, 4, 'feature_image_2', NULL, NULL, 'text', NULL, NULL, 'textarea', 'Feature Image 2', NULL, NULL, 0, 1, NULL, 0, NULL),
(361, 4, 'feature_description_3', NULL, NULL, 'text', NULL, NULL, 'textarea', 'Feature Description 3', NULL, NULL, 0, 1, NULL, 0, NULL),
(362, 4, 'feature_image_3', NULL, NULL, 'text', NULL, NULL, 'textarea', 'Feature Image 3', NULL, NULL, 0, 1, NULL, 0, NULL),
(363, 4, 'feature_description_4', NULL, NULL, 'text', NULL, NULL, 'textarea', 'Feature Description 4', NULL, NULL, 0, 1, NULL, 0, NULL);

-- --------------------------------------------------------

--
-- Table structure for table `eav_attribute_group`
--

CREATE TABLE `eav_attribute_group` (
  `attribute_group_id` smallint(5) UNSIGNED NOT NULL COMMENT 'Attribute Group ID',
  `attribute_set_id` smallint(5) UNSIGNED NOT NULL DEFAULT 0 COMMENT 'Attribute Set ID',
  `attribute_group_name` varchar(255) DEFAULT NULL COMMENT 'Attribute Group Name',
  `sort_order` smallint(6) NOT NULL DEFAULT 0 COMMENT 'Sort Order',
  `default_id` smallint(5) UNSIGNED DEFAULT 0 COMMENT 'Default ID',
  `attribute_group_code` varchar(255) NOT NULL COMMENT 'Attribute Group Code',
  `tab_group_code` varchar(255) DEFAULT NULL COMMENT 'Tab Group Code'
) ENGINE=InnoDB DEFAULT CHARSET=utf8 COMMENT='Eav Attribute Group';

--
-- Dumping data for table `eav_attribute_group`
--

INSERT INTO `eav_attribute_group` (`attribute_group_id`, `attribute_set_id`, `attribute_group_name`, `sort_order`, `default_id`, `attribute_group_code`, `tab_group_code`) VALUES
(1, 1, 'General', 1, 1, 'general', NULL),
(2, 2, 'General', 1, 1, 'general', NULL),
(3, 3, 'General', 10, 1, 'general', NULL),
(4, 3, 'General Information', 2, 0, 'general-information', NULL),
(5, 3, 'Display Settings', 20, 0, 'display-settings', NULL),
(6, 3, 'Custom Design', 30, 0, 'custom-design', NULL),
(7, 4, 'Product Details', 1, 1, 'product-details', 'basic'),
(8, 4, 'Advanced Pricing', 10, 0, 'advanced-pricing', 'advanced'),
(9, 4, 'Search Engine Optimization', 9, 0, 'search-engine-optimization', 'basic'),
(10, 4, 'Images', 8, 0, 'image-management', 'basic'),
(11, 4, 'Design', 11, 0, 'design', 'advanced'),
(12, 4, 'Autosettings', 13, 0, 'autosettings', 'advanced'),
(13, 4, 'Content', 2, 0, 'content', 'basic'),
(14, 4, 'Schedule Design Update', 12, 0, 'schedule-design-update', 'advanced'),
(15, 5, 'General', 1, 1, 'general', NULL),
(16, 6, 'General', 1, 1, 'general', NULL),
(17, 7, 'General', 1, 1, 'general', NULL),
(18, 8, 'General', 1, 1, 'general', NULL),
(19, 4, 'Gift Options', 14, 0, 'gift-options', NULL),
(20, 4, 'Bundle Items', 3, 0, 'bundle-items', NULL),
(22, 9, 'Attributes', 11, 0, 'attributes', NULL),
(23, 9, 'Gift Options', 10, 0, 'gift-options', NULL),
(24, 9, 'Autosettings', 9, 0, 'autosettings', 'advanced'),
(25, 9, 'Schedule Design Update', 8, 0, 'schedule-design-update', 'advanced'),
(26, 9, 'Design', 7, 0, 'design', 'advanced'),
(27, 9, 'Advanced Pricing', 6, 0, 'advanced-pricing', 'advanced'),
(28, 9, 'Search Engine Optimization', 5, 0, 'search-engine-optimization', 'basic'),
(29, 9, 'Images', 4, 0, 'image-management', 'basic'),
(30, 9, 'Bundle Items', 3, 0, 'bundle-items', NULL),
(31, 9, 'Content', 2, 0, 'content', 'basic'),
(32, 9, 'Product Details', 1, 1, 'product-details', 'basic'),
(33, 10, 'Attributes', 11, 0, 'attributes', NULL),
(34, 10, 'Gift Options', 10, 0, 'gift-options', NULL),
(35, 10, 'Autosettings', 9, 0, 'autosettings', 'advanced'),
(36, 10, 'Schedule Design Update', 8, 0, 'schedule-design-update', 'advanced'),
(37, 10, 'Design', 7, 0, 'design', 'advanced'),
(38, 10, 'Advanced Pricing', 6, 0, 'advanced-pricing', 'advanced'),
(39, 10, 'Search Engine Optimization', 5, 0, 'search-engine-optimization', 'basic'),
(40, 10, 'Images', 4, 0, 'image-management', 'basic'),
(41, 10, 'Bundle Items', 3, 0, 'bundle-items', NULL),
(42, 10, 'Content', 2, 0, 'content', 'basic'),
(43, 10, 'Product Details', 1, 1, 'product-details', 'basic'),
(44, 10, 'Technical data', 12, 0, 'technical-data', NULL),
(50, 4, 'Feature and Benefits 1', 4, 0, 'feature-and-benefits-1', NULL),
(51, 4, 'Feature and Benefits 2', 5, 0, 'feature-and-benefits-2', NULL),
(52, 4, 'Feature and Benefits 3', 6, 0, 'feature-and-benefits-3', NULL),
(53, 4, 'Feature and Benefits 4', 7, 0, 'feature-and-benefits-4', NULL);

-- --------------------------------------------------------

--
-- Table structure for table `eav_attribute_label`
--

CREATE TABLE `eav_attribute_label` (
  `attribute_label_id` int(10) UNSIGNED NOT NULL COMMENT 'Attribute Label ID',
  `attribute_id` smallint(5) UNSIGNED NOT NULL DEFAULT 0 COMMENT 'Attribute ID',
  `store_id` smallint(5) UNSIGNED NOT NULL DEFAULT 0 COMMENT 'Store ID',
  `value` varchar(255) DEFAULT NULL COMMENT 'Value'
) ENGINE=InnoDB DEFAULT CHARSET=utf8 COMMENT='Eav Attribute Label';

--
-- Dumping data for table `eav_attribute_label`
--

INSERT INTO `eav_attribute_label` (`attribute_label_id`, `attribute_id`, `store_id`, `value`) VALUES
(4, 152, 1, 'Length of the product on a pallet UNIT'),
(14, 145, 1, 'DIVISION');

-- --------------------------------------------------------

--
-- Table structure for table `eav_attribute_option`
--

CREATE TABLE `eav_attribute_option` (
  `option_id` int(10) UNSIGNED NOT NULL COMMENT 'Option ID',
  `attribute_id` smallint(5) UNSIGNED NOT NULL DEFAULT 0 COMMENT 'Attribute ID',
  `sort_order` smallint(5) UNSIGNED NOT NULL DEFAULT 0 COMMENT 'Sort Order'
) ENGINE=InnoDB DEFAULT CHARSET=utf8 COMMENT='Eav Attribute Option';

--
-- Dumping data for table `eav_attribute_option`
--

INSERT INTO `eav_attribute_option` (`option_id`, `attribute_id`, `sort_order`) VALUES
(1, 20, 0),
(2, 20, 1),
(3, 20, 3),
(4, 130, 0),
(5, 130, 1),
(6, 130, 2),
(7, 130, 3),
(8, 130, 4),
(9, 130, 5),
(10, 130, 6),
(11, 130, 7),
(12, 130, 8),
(13, 130, 9),
(14, 130, 10),
(15, 130, 11),
(16, 130, 12),
(17, 130, 13),
(18, 130, 14),
(19, 130, 15),
(20, 130, 16),
(21, 130, 17),
(22, 130, 18),
(23, 130, 19),
(24, 130, 20),
(25, 130, 21),
(26, 130, 22),
(27, 130, 23),
(28, 130, 24),
(29, 130, 25),
(30, 130, 26),
(31, 130, 27),
(32, 130, 28),
(33, 130, 29),
(34, 130, 30),
(35, 130, 31),
(36, 130, 32),
(37, 130, 33),
(38, 130, 34),
(39, 130, 35),
(40, 130, 36),
(41, 130, 37),
(42, 130, 38),
(43, 130, 39),
(44, 130, 40),
(45, 130, 41),
(46, 130, 42),
(47, 130, 43),
(48, 130, 44),
(49, 130, 45),
(50, 130, 46),
(51, 130, 47),
(52, 130, 48),
(53, 130, 49),
(54, 130, 50),
(55, 130, 51),
(56, 130, 52),
(57, 130, 53),
(58, 130, 54),
(59, 130, 55),
(60, 130, 56),
(61, 130, 57),
(62, 130, 58),
(63, 130, 59),
(64, 130, 60),
(65, 130, 61),
(66, 130, 62),
(67, 130, 63),
(68, 130, 64),
(69, 130, 65),
(70, 130, 66),
(71, 130, 67),
(72, 130, 68),
(73, 130, 69),
(74, 130, 70),
(75, 130, 71),
(76, 130, 72),
(77, 130, 73),
(78, 130, 74),
(79, 130, 75),
(80, 130, 76),
(81, 130, 77),
(82, 130, 78),
(83, 130, 79),
(84, 130, 80),
(85, 130, 81),
(86, 130, 82),
(87, 130, 83),
(88, 130, 84),
(89, 130, 85),
(90, 130, 86),
(91, 130, 87),
(92, 130, 88),
(93, 130, 89),
(94, 130, 90),
(95, 130, 91),
(96, 130, 92),
(97, 130, 93),
(98, 130, 94),
(99, 130, 95),
(100, 130, 96),
(101, 130, 97),
(102, 130, 98),
(103, 130, 99),
(104, 130, 100),
(105, 130, 101),
(106, 130, 102),
(107, 130, 103),
(108, 130, 104),
(109, 130, 105),
(110, 130, 106),
(111, 130, 107),
(112, 130, 108),
(113, 130, 109),
(114, 130, 110),
(115, 130, 111),
(116, 130, 112),
(117, 130, 113),
(118, 130, 114),
(119, 130, 115),
(120, 130, 116),
(121, 130, 117),
(122, 130, 118),
(123, 130, 119),
(124, 130, 120),
(125, 130, 121),
(126, 130, 122),
(127, 130, 123),
(128, 130, 124),
(129, 130, 125),
(130, 130, 126),
(131, 130, 127),
(132, 130, 128),
(133, 130, 129),
(134, 130, 130),
(135, 130, 131),
(136, 130, 132),
(137, 130, 133),
(138, 130, 134),
(139, 130, 135),
(140, 130, 136),
(141, 130, 137),
(142, 130, 138),
(143, 130, 139),
(144, 130, 140),
(145, 130, 141),
(146, 130, 142),
(147, 130, 143),
(148, 130, 144),
(149, 130, 145),
(150, 130, 146),
(151, 130, 147),
(152, 130, 148),
(153, 130, 149),
(154, 130, 150),
(155, 130, 151),
(156, 130, 152),
(157, 130, 153),
(158, 130, 154),
(159, 130, 155),
(160, 130, 156),
(161, 130, 157),
(162, 130, 158),
(163, 130, 159),
(164, 130, 160),
(165, 130, 161),
(166, 130, 162),
(167, 130, 163),
(168, 130, 164),
(169, 130, 165),
(170, 130, 166),
(171, 130, 167),
(172, 130, 168),
(173, 130, 169),
(174, 130, 170),
(175, 130, 171),
(176, 130, 172),
(177, 130, 173),
(178, 130, 174),
(179, 130, 175),
(180, 130, 176),
(181, 130, 177),
(182, 130, 178),
(183, 130, 179),
(184, 130, 180),
(185, 130, 181),
(186, 130, 182),
(187, 130, 183),
(188, 130, 184),
(189, 130, 185),
(190, 130, 186),
(191, 130, 187),
(192, 130, 188),
(193, 130, 189),
(194, 130, 190),
(195, 130, 191),
(196, 130, 192),
(197, 130, 193),
(198, 130, 194),
(199, 130, 195),
(200, 130, 196),
(201, 130, 197),
(202, 130, 198),
(203, 130, 199),
(204, 130, 200),
(205, 130, 201),
(206, 130, 202),
(207, 130, 203),
(208, 130, 204),
(209, 130, 205),
(210, 130, 206),
(211, 130, 207),
(212, 130, 208),
(213, 130, 209),
(214, 130, 210),
(215, 130, 211),
(216, 130, 212),
(217, 130, 213),
(218, 130, 214),
(219, 130, 215),
(220, 130, 216),
(221, 130, 217),
(222, 130, 218),
(223, 130, 219),
(224, 130, 220),
(225, 130, 221),
(226, 130, 222),
(227, 130, 223),
(228, 130, 224),
(229, 130, 225),
(230, 130, 226),
(231, 130, 227),
(232, 130, 228),
(233, 130, 229),
(234, 130, 230),
(235, 130, 231),
(236, 130, 232),
(237, 130, 233),
(238, 130, 234),
(239, 130, 235),
(240, 130, 236),
(241, 130, 237),
(242, 130, 238),
(243, 130, 239),
(244, 130, 240),
(245, 130, 241),
(246, 130, 242),
(247, 130, 243),
(248, 130, 244),
(249, 130, 245),
(250, 130, 246),
(251, 130, 247),
(252, 130, 248),
(253, 130, 249),
(254, 130, 250),
(255, 130, 251),
(256, 130, 252),
(257, 130, 253),
(258, 130, 254),
(259, 130, 255),
(260, 130, 256),
(261, 130, 257),
(262, 130, 258),
(263, 130, 259),
(264, 130, 260),
(265, 130, 261),
(266, 130, 262),
(267, 130, 263),
(268, 130, 264),
(269, 130, 265),
(270, 130, 266),
(271, 130, 267),
(272, 130, 268),
(273, 130, 269),
(274, 130, 270),
(275, 130, 271),
(276, 130, 272),
(277, 130, 273),
(278, 130, 274),
(279, 130, 275),
(280, 130, 276),
(281, 130, 277),
(282, 130, 278),
(283, 130, 279),
(284, 130, 280),
(285, 130, 281),
(286, 130, 282),
(287, 130, 283),
(288, 130, 284),
(289, 130, 285),
(290, 130, 286),
(291, 130, 287),
(292, 130, 288),
(293, 130, 289),
(294, 130, 290),
(295, 130, 291),
(296, 130, 292),
(297, 130, 293),
(298, 130, 294),
(299, 130, 295),
(300, 130, 296),
(301, 130, 297),
(302, 130, 298),
(303, 130, 299),
(304, 130, 300),
(305, 130, 301),
(306, 130, 302),
(307, 130, 303),
(308, 130, 304),
(309, 130, 305),
(310, 130, 306),
(311, 130, 307),
(312, 130, 308),
(313, 130, 309),
(314, 130, 310),
(315, 130, 311),
(316, 130, 312),
(317, 130, 313),
(318, 130, 314),
(319, 130, 315),
(320, 130, 316),
(321, 130, 317),
(322, 130, 318),
(323, 130, 319),
(324, 130, 320),
(325, 130, 321),
(326, 130, 322),
(327, 130, 323),
(328, 130, 324),
(329, 130, 325),
(330, 130, 326),
(331, 130, 327),
(332, 130, 328),
(333, 130, 329),
(334, 130, 330),
(335, 130, 331),
(336, 130, 332),
(337, 130, 333),
(338, 130, 334),
(339, 130, 335),
(340, 130, 336),
(341, 130, 337),
(342, 130, 338),
(343, 130, 339),
(344, 130, 340),
(345, 130, 341),
(346, 130, 342),
(347, 130, 343),
(348, 130, 344),
(349, 130, 345),
(350, 130, 346),
(351, 130, 347),
(352, 130, 348),
(353, 130, 349),
(354, 130, 350),
(355, 130, 351),
(356, 130, 352),
(357, 130, 353),
(358, 130, 354),
(359, 130, 355),
(360, 130, 356),
(361, 130, 357),
(362, 130, 358),
(363, 130, 359),
(364, 130, 360),
(365, 130, 361),
(366, 130, 362),
(367, 130, 363),
(368, 130, 364),
(369, 130, 365),
(370, 130, 366),
(371, 130, 367),
(372, 130, 368),
(373, 130, 369),
(374, 130, 370),
(375, 130, 371),
(376, 130, 372),
(377, 130, 373),
(378, 130, 374),
(379, 130, 375),
(380, 130, 376),
(381, 130, 377),
(382, 130, 378),
(383, 130, 379),
(384, 130, 380),
(385, 130, 381),
(386, 130, 382),
(387, 130, 383),
(388, 130, 384),
(389, 130, 385),
(390, 130, 386),
(391, 130, 387),
(392, 130, 388),
(393, 130, 389),
(394, 130, 390),
(395, 130, 391),
(396, 130, 392),
(397, 130, 393),
(398, 130, 394),
(399, 130, 395),
(400, 130, 396),
(401, 130, 397),
(402, 130, 398),
(403, 130, 399),
(404, 130, 400),
(405, 130, 401),
(406, 130, 402),
(407, 130, 403),
(408, 130, 404),
(409, 130, 405),
(410, 130, 406),
(411, 130, 407),
(412, 130, 408),
(413, 130, 409),
(414, 130, 410),
(415, 130, 411),
(416, 130, 412),
(417, 130, 413),
(418, 130, 414),
(419, 130, 415),
(420, 130, 416),
(421, 130, 417),
(422, 130, 418),
(423, 130, 419),
(424, 130, 420),
(425, 130, 421),
(426, 130, 422),
(427, 130, 423),
(428, 130, 424),
(429, 130, 425),
(430, 130, 426),
(431, 130, 427),
(432, 130, 428),
(433, 130, 429),
(434, 130, 430),
(435, 130, 431),
(436, 130, 432),
(437, 130, 433),
(438, 130, 434),
(439, 130, 435),
(440, 130, 436),
(441, 130, 437),
(442, 130, 438),
(443, 130, 439),
(444, 130, 440),
(445, 130, 441),
(446, 130, 442),
(447, 130, 443),
(448, 130, 444),
(449, 130, 445),
(450, 130, 446),
(451, 130, 447),
(452, 130, 448),
(453, 130, 449),
(454, 130, 450),
(455, 130, 451),
(456, 130, 452),
(457, 130, 453),
(458, 130, 454),
(459, 130, 455),
(460, 130, 456),
(461, 130, 457),
(462, 130, 458),
(463, 130, 459),
(464, 130, 460),
(465, 130, 461),
(466, 130, 462),
(467, 130, 463),
(468, 130, 464),
(469, 130, 465),
(470, 130, 466),
(471, 130, 467),
(472, 130, 468),
(473, 130, 469),
(474, 130, 470),
(475, 130, 471),
(476, 130, 472),
(477, 130, 473),
(478, 130, 474),
(479, 130, 475),
(480, 130, 476),
(481, 130, 477),
(482, 130, 478),
(483, 130, 479),
(484, 130, 480),
(485, 130, 481),
(486, 130, 482),
(487, 130, 483),
(488, 130, 484),
(489, 130, 485),
(490, 130, 486),
(491, 130, 487),
(492, 130, 488),
(493, 130, 489),
(494, 130, 490),
(495, 130, 491),
(496, 130, 492),
(497, 130, 493),
(498, 130, 494),
(499, 130, 495),
(500, 130, 496),
(501, 130, 497),
(502, 130, 498),
(503, 130, 499),
(504, 130, 500),
(505, 130, 501),
(506, 130, 502),
(507, 130, 503),
(508, 130, 504),
(509, 130, 505),
(510, 130, 506),
(511, 130, 507),
(512, 130, 508),
(513, 130, 509),
(514, 130, 510),
(515, 130, 511),
(516, 130, 512),
(517, 130, 513),
(518, 130, 514),
(519, 130, 515),
(520, 130, 516),
(521, 130, 517),
(522, 130, 518),
(523, 130, 519),
(524, 130, 520),
(525, 130, 521),
(526, 130, 522),
(527, 130, 523),
(528, 130, 524),
(529, 130, 525),
(530, 130, 526),
(531, 130, 527),
(532, 130, 528),
(533, 130, 529),
(534, 130, 530),
(535, 130, 531),
(536, 130, 532),
(537, 130, 533),
(538, 130, 534),
(539, 130, 535),
(540, 130, 536),
(541, 130, 537),
(542, 130, 538),
(543, 130, 539),
(544, 130, 540),
(545, 130, 541),
(546, 130, 542),
(547, 130, 543),
(548, 130, 544),
(549, 130, 545),
(550, 130, 546),
(551, 130, 547),
(552, 130, 548),
(553, 130, 549),
(554, 130, 550),
(555, 130, 551),
(556, 130, 552),
(557, 130, 553),
(558, 130, 554),
(559, 130, 555),
(560, 130, 556),
(561, 130, 557),
(562, 130, 558),
(563, 130, 559),
(564, 130, 560),
(565, 130, 561),
(566, 130, 562),
(567, 130, 563),
(568, 130, 564),
(569, 130, 565),
(570, 130, 566),
(571, 130, 567),
(572, 130, 568),
(573, 130, 569),
(574, 130, 570),
(575, 130, 571),
(576, 130, 572),
(577, 130, 573),
(578, 130, 574),
(579, 130, 575),
(580, 130, 576),
(581, 130, 577),
(582, 130, 578),
(583, 130, 579),
(584, 130, 580),
(585, 130, 581),
(586, 130, 582),
(587, 130, 583),
(588, 130, 584),
(589, 130, 585),
(590, 130, 586),
(591, 130, 587),
(592, 130, 588),
(593, 130, 589),
(594, 130, 590),
(595, 130, 591),
(596, 130, 592),
(597, 130, 593),
(598, 130, 594),
(599, 130, 595),
(600, 130, 596),
(601, 130, 597),
(602, 130, 598),
(603, 130, 599),
(604, 130, 600),
(605, 130, 601),
(606, 130, 602),
(607, 130, 603),
(608, 130, 604),
(609, 130, 605),
(610, 130, 606),
(611, 130, 607),
(612, 130, 608),
(613, 130, 609),
(614, 130, 610),
(615, 130, 611),
(616, 130, 612),
(617, 130, 613),
(618, 130, 614),
(619, 130, 615),
(620, 130, 616),
(621, 130, 617),
(622, 130, 618),
(623, 130, 619),
(624, 130, 620),
(625, 130, 621),
(626, 130, 622),
(627, 130, 623),
(628, 130, 624),
(629, 130, 625),
(630, 130, 626),
(631, 130, 627),
(632, 130, 628),
(633, 130, 629),
(634, 130, 630),
(635, 130, 631),
(636, 130, 632),
(637, 130, 633),
(638, 130, 634),
(639, 130, 635),
(640, 130, 636),
(641, 130, 637),
(642, 130, 638),
(643, 130, 639),
(644, 130, 640),
(645, 130, 641),
(646, 130, 642),
(647, 130, 643),
(648, 130, 644),
(649, 130, 645),
(650, 130, 646),
(651, 130, 647),
(652, 130, 648),
(653, 130, 649),
(654, 130, 650),
(655, 130, 651),
(656, 130, 652),
(657, 130, 653),
(658, 130, 654),
(659, 130, 655),
(660, 130, 656),
(661, 130, 657),
(662, 130, 658),
(663, 130, 659),
(664, 130, 660),
(665, 130, 661),
(666, 130, 662),
(667, 130, 663),
(668, 130, 664),
(669, 130, 665),
(670, 130, 666),
(671, 130, 667),
(672, 130, 668),
(673, 130, 669),
(674, 130, 670),
(675, 130, 671),
(676, 130, 672),
(677, 130, 673),
(678, 130, 674),
(679, 130, 675),
(680, 130, 676),
(681, 130, 677),
(682, 130, 678),
(683, 130, 679),
(684, 130, 680),
(685, 130, 681),
(686, 130, 682),
(687, 130, 683),
(688, 130, 684),
(689, 130, 685),
(690, 130, 686),
(691, 130, 687),
(692, 130, 688),
(693, 130, 689),
(694, 130, 690),
(695, 130, 691),
(696, 130, 692),
(697, 130, 693),
(698, 130, 694),
(699, 130, 695),
(700, 130, 696),
(701, 130, 697),
(702, 130, 698),
(703, 130, 699),
(704, 130, 700),
(705, 130, 701),
(706, 130, 702),
(707, 130, 703),
(708, 130, 704),
(709, 130, 705),
(710, 130, 706),
(711, 130, 707),
(712, 130, 708),
(713, 130, 709),
(714, 130, 710),
(715, 130, 711),
(716, 130, 712),
(717, 130, 713),
(718, 130, 714),
(719, 130, 715),
(720, 130, 716),
(721, 130, 717),
(722, 130, 718),
(723, 130, 719),
(724, 130, 720),
(725, 130, 721),
(726, 130, 722),
(727, 130, 723),
(728, 130, 724),
(729, 130, 725),
(730, 130, 726),
(731, 130, 727),
(732, 130, 728),
(733, 130, 729),
(734, 130, 730),
(735, 130, 731),
(736, 130, 732),
(737, 130, 733),
(738, 130, 734),
(739, 130, 735),
(740, 130, 736),
(741, 130, 737),
(742, 130, 738),
(743, 130, 739),
(744, 130, 740),
(745, 130, 741),
(746, 130, 742),
(747, 130, 743),
(748, 130, 744),
(749, 130, 745),
(750, 130, 746),
(751, 130, 747),
(752, 130, 748),
(753, 130, 749),
(754, 130, 750),
(755, 130, 751),
(756, 130, 752),
(757, 130, 753),
(758, 130, 754),
(759, 130, 755),
(760, 130, 756),
(761, 130, 757),
(762, 130, 758),
(763, 130, 759),
(764, 130, 760),
(765, 130, 761),
(766, 130, 762),
(767, 130, 763),
(768, 130, 764),
(769, 130, 765),
(770, 130, 766),
(771, 130, 767),
(772, 130, 768),
(773, 130, 769),
(774, 130, 770),
(775, 130, 771),
(776, 130, 772),
(777, 130, 773),
(778, 130, 774),
(779, 130, 775),
(780, 130, 776),
(781, 130, 777),
(782, 130, 778),
(783, 130, 779),
(784, 130, 780),
(785, 130, 781),
(786, 130, 782),
(787, 130, 783),
(788, 130, 784),
(789, 130, 785),
(790, 130, 786),
(791, 130, 787),
(792, 130, 788),
(793, 130, 789),
(794, 130, 790),
(795, 130, 791),
(796, 130, 792),
(797, 130, 793),
(798, 130, 794),
(799, 130, 795),
(800, 130, 796),
(801, 130, 797),
(802, 130, 798),
(803, 130, 799),
(804, 130, 800),
(805, 130, 801),
(806, 130, 802),
(807, 130, 803),
(808, 130, 804),
(809, 130, 805),
(810, 130, 806),
(811, 130, 807),
(812, 130, 808),
(813, 130, 809),
(814, 130, 810),
(815, 130, 811),
(816, 130, 812),
(817, 130, 813),
(818, 130, 814),
(819, 130, 815),
(820, 130, 816),
(821, 130, 817),
(822, 130, 818),
(823, 130, 819),
(824, 130, 820),
(825, 130, 821),
(826, 130, 822),
(827, 130, 823),
(828, 130, 824),
(829, 130, 825),
(830, 130, 826),
(831, 130, 827),
(832, 130, 828),
(833, 130, 829),
(834, 130, 830),
(835, 130, 831),
(836, 130, 832),
(837, 130, 833),
(838, 130, 834),
(839, 130, 835),
(840, 130, 836),
(841, 130, 837),
(842, 130, 838),
(843, 130, 839),
(844, 130, 840),
(845, 130, 841),
(846, 130, 842),
(847, 130, 843),
(848, 130, 844),
(849, 130, 845),
(850, 130, 846),
(851, 130, 847),
(852, 130, 848),
(853, 130, 849),
(854, 130, 850),
(855, 130, 851),
(856, 130, 852),
(857, 130, 853),
(858, 130, 854),
(859, 130, 855),
(860, 130, 856),
(861, 130, 857),
(862, 130, 858),
(863, 130, 859),
(864, 130, 860),
(865, 130, 861),
(866, 130, 862),
(867, 130, 863),
(868, 130, 864),
(869, 130, 865),
(870, 130, 866),
(871, 130, 867),
(872, 130, 868),
(873, 130, 869),
(874, 130, 870),
(875, 130, 871),
(876, 130, 872),
(877, 130, 873),
(878, 130, 874),
(879, 130, 875),
(880, 130, 876),
(881, 130, 877),
(882, 130, 878),
(883, 130, 879),
(884, 130, 880),
(885, 130, 881),
(886, 130, 882),
(887, 130, 883),
(888, 130, 884),
(889, 130, 885),
(890, 130, 886),
(891, 130, 887),
(892, 130, 888),
(893, 130, 889),
(894, 130, 890),
(895, 130, 891),
(896, 130, 892),
(897, 130, 893),
(898, 130, 894),
(899, 130, 895),
(900, 130, 896),
(901, 130, 897),
(902, 130, 898),
(903, 130, 899),
(904, 130, 900),
(905, 130, 901),
(906, 130, 902),
(907, 130, 903),
(908, 130, 904),
(909, 130, 905),
(910, 130, 906),
(911, 130, 907),
(912, 130, 908),
(913, 130, 909),
(914, 130, 910),
(915, 130, 911),
(916, 130, 912),
(917, 130, 913),
(918, 130, 914),
(919, 130, 915),
(920, 130, 916),
(921, 130, 917),
(922, 130, 918),
(923, 130, 919),
(924, 130, 920),
(925, 130, 921),
(926, 130, 922),
(927, 130, 923),
(928, 130, 924),
(929, 130, 925),
(930, 130, 926),
(931, 130, 927),
(932, 130, 928),
(933, 130, 929),
(934, 130, 930),
(935, 130, 931),
(936, 130, 932),
(937, 130, 933),
(938, 130, 934),
(939, 130, 935),
(940, 130, 936),
(941, 130, 937),
(942, 130, 938),
(943, 130, 939),
(944, 130, 940),
(945, 130, 941),
(946, 130, 942),
(947, 130, 943),
(948, 130, 944),
(949, 130, 945),
(950, 130, 946),
(951, 130, 947),
(952, 130, 948),
(953, 130, 949),
(954, 130, 950),
(955, 130, 951),
(956, 130, 952),
(957, 130, 953),
(958, 130, 954),
(959, 130, 955),
(960, 130, 956),
(961, 130, 957),
(962, 130, 958),
(963, 130, 959),
(964, 130, 960),
(965, 130, 961),
(966, 130, 962),
(967, 130, 963),
(968, 130, 964),
(969, 130, 965),
(970, 130, 966),
(971, 130, 967),
(972, 130, 968),
(973, 130, 969),
(974, 130, 970),
(975, 130, 971),
(976, 130, 972),
(977, 130, 973),
(978, 130, 974),
(979, 130, 975),
(980, 130, 976),
(981, 130, 977),
(982, 130, 978),
(983, 130, 979),
(984, 130, 980),
(985, 130, 981),
(986, 130, 982),
(987, 130, 983),
(988, 130, 984),
(989, 130, 985),
(990, 130, 986),
(991, 130, 987),
(992, 130, 988),
(993, 130, 989),
(994, 130, 990),
(995, 130, 991),
(996, 130, 992),
(997, 130, 993),
(998, 130, 994),
(999, 130, 995),
(1000, 130, 996),
(1001, 130, 997),
(1002, 130, 998),
(1003, 130, 999),
(1004, 130, 1000),
(1005, 130, 1001),
(1006, 130, 1002),
(1007, 130, 1003),
(1008, 130, 1004),
(1009, 130, 1005),
(1010, 130, 1006),
(1011, 130, 1007),
(1012, 130, 1008),
(1013, 130, 1009),
(1014, 130, 1010),
(1015, 130, 1011),
(1016, 130, 1012),
(1017, 130, 1013),
(1018, 130, 1014),
(1019, 130, 1015),
(1020, 130, 1016),
(1021, 130, 1017),
(1022, 130, 1018),
(1023, 130, 1019),
(1024, 130, 1020),
(1025, 130, 1021),
(1026, 130, 1022),
(1027, 130, 1023),
(1028, 130, 1024),
(1029, 130, 1025),
(1030, 130, 1026),
(1031, 130, 1027),
(1032, 130, 1028),
(1033, 130, 1029),
(1034, 130, 1030),
(1035, 130, 1031),
(1036, 130, 1032),
(1037, 130, 1033),
(1038, 130, 1034),
(1039, 130, 1035),
(1040, 130, 1036),
(1041, 130, 1037),
(1042, 130, 1038),
(1043, 130, 1039),
(1044, 130, 1040),
(1045, 130, 1041),
(1046, 130, 1042),
(1047, 130, 1043),
(1048, 130, 1044),
(1049, 130, 1045),
(1050, 130, 1046),
(1051, 130, 1047),
(1052, 130, 1048),
(1053, 130, 1049),
(1054, 130, 1050),
(1055, 130, 1051),
(1056, 130, 1052),
(1057, 130, 1053),
(1058, 130, 1054),
(1059, 130, 1055),
(1060, 130, 1056),
(1061, 130, 1057),
(1062, 130, 1058),
(1063, 130, 1059),
(1064, 130, 1060),
(1065, 130, 1061),
(1066, 130, 1062),
(1067, 130, 1063),
(1068, 130, 1064),
(1069, 130, 1065),
(1070, 130, 1066),
(1071, 130, 1067),
(1072, 130, 1068),
(1073, 130, 1069),
(1074, 130, 1070),
(1075, 130, 1071),
(1076, 130, 1072),
(1077, 130, 1073),
(1078, 130, 1074),
(1079, 130, 1075),
(1080, 130, 1076),
(1081, 130, 1077),
(1082, 130, 1078),
(1083, 130, 1079),
(1084, 130, 1080),
(1085, 130, 1081),
(1086, 130, 1082),
(1087, 130, 1083),
(1088, 130, 1084),
(1089, 130, 1085),
(1090, 130, 1086),
(1091, 130, 1087),
(1092, 130, 1088),
(1093, 130, 1089),
(1094, 130, 1090),
(1095, 130, 1091),
(1096, 130, 1092),
(1097, 130, 1093),
(1098, 130, 1094),
(1099, 130, 1095),
(1100, 130, 1096),
(1101, 130, 1097),
(1102, 130, 1098),
(1103, 130, 1099),
(1104, 130, 1100),
(1105, 130, 1101),
(1106, 130, 1102),
(1107, 130, 1103),
(1108, 130, 1104),
(1109, 130, 1105),
(1110, 130, 1106),
(1111, 130, 1107),
(1112, 130, 1108),
(1113, 130, 1109),
(1114, 130, 1110),
(1115, 130, 1111),
(1116, 130, 1112),
(1117, 130, 1113),
(1118, 130, 1114),
(1119, 130, 1115),
(1120, 130, 1116),
(1121, 130, 1117),
(1122, 130, 1118),
(1123, 130, 1119),
(1124, 130, 1120),
(1125, 130, 1121),
(1126, 130, 1122),
(1127, 130, 1123),
(1128, 130, 1124),
(1129, 130, 1125),
(1130, 130, 1126),
(1131, 130, 1127),
(1132, 130, 1128),
(1133, 130, 1129),
(1134, 130, 1130),
(1135, 130, 1131),
(1136, 130, 1132),
(1137, 130, 1133),
(1138, 130, 1134),
(1139, 130, 1135),
(1140, 130, 1136),
(1141, 130, 1137),
(1142, 130, 1138),
(1143, 130, 1139),
(1144, 130, 1140),
(1145, 130, 1141),
(1146, 130, 1142),
(1147, 130, 1143),
(1148, 130, 1144),
(1149, 130, 1145),
(1150, 130, 1146),
(1151, 130, 1147),
(1152, 130, 1148),
(1153, 130, 1149),
(1154, 130, 1150),
(1155, 130, 1151),
(1156, 130, 1152),
(1157, 130, 1153),
(1158, 130, 1154),
(1159, 130, 1155),
(1160, 130, 1156),
(1161, 130, 1157),
(1162, 130, 1158),
(1163, 130, 1159),
(1164, 130, 1160),
(1165, 130, 1161),
(1166, 130, 1162),
(1167, 130, 1163),
(1168, 130, 1164),
(1169, 130, 1165),
(1170, 130, 1166),
(1171, 130, 1167),
(1172, 130, 1168),
(1173, 130, 1169),
(1174, 130, 1170),
(1175, 130, 1171),
(1176, 130, 1172),
(1177, 130, 1173),
(1178, 130, 1174),
(1179, 130, 1175),
(1180, 130, 1176),
(1181, 130, 1177),
(1182, 130, 1178),
(1183, 130, 1179),
(1184, 130, 1180),
(1185, 130, 1181),
(1186, 130, 1182),
(1187, 130, 1183),
(1188, 130, 1184),
(1189, 130, 1185),
(1190, 130, 1186),
(1191, 130, 1187),
(1192, 130, 1188),
(1193, 130, 1189),
(1194, 130, 1190),
(1195, 130, 1191),
(1196, 130, 1192),
(1197, 130, 1193),
(1198, 130, 1194),
(1199, 130, 1195),
(1200, 130, 1196),
(1201, 130, 1197),
(1202, 130, 1198),
(1203, 130, 1199),
(1204, 130, 1200),
(1205, 130, 1201),
(1206, 130, 1202),
(1207, 130, 1203),
(1208, 130, 1204),
(1209, 130, 1205),
(1210, 130, 1206),
(1211, 130, 1207),
(1212, 130, 1208),
(1213, 130, 1209),
(1214, 130, 1210),
(1215, 130, 1211),
(1216, 130, 1212),
(1217, 130, 1213),
(1218, 130, 1214),
(1219, 130, 1215),
(1220, 130, 1216),
(1221, 130, 1217),
(1222, 130, 1218),
(1223, 130, 1219),
(1224, 130, 1220),
(1225, 130, 1221),
(1226, 130, 1222),
(1227, 130, 1223),
(1228, 130, 1224),
(1229, 130, 1225),
(1230, 130, 1226),
(1231, 130, 1227),
(1232, 130, 1228),
(1233, 130, 1229),
(1234, 130, 1230),
(1235, 130, 1231),
(1236, 130, 1232),
(1237, 130, 1233),
(1238, 130, 1234),
(1239, 130, 1235),
(1240, 130, 1236),
(1241, 130, 1237),
(1242, 130, 1238),
(1243, 130, 1239),
(1244, 130, 1240),
(1245, 130, 1241),
(1246, 130, 1242),
(1247, 130, 1243),
(1248, 130, 1244),
(1249, 130, 1245),
(1250, 130, 1246),
(1251, 130, 1247),
(1252, 130, 1248),
(1253, 130, 1249),
(1254, 130, 1250),
(1255, 130, 1251),
(1256, 130, 1252),
(1257, 130, 1253),
(1258, 130, 1254),
(1259, 130, 1255),
(1260, 130, 1256),
(1261, 130, 1257),
(1262, 130, 1258),
(1263, 130, 1259),
(1264, 130, 1260),
(1265, 130, 1261),
(1266, 130, 1262),
(1267, 130, 1263),
(1268, 130, 1264),
(1269, 130, 1265),
(1270, 130, 1266),
(1271, 130, 1267),
(1272, 130, 1268),
(1273, 130, 1269),
(1274, 130, 1270),
(1275, 130, 1271),
(1276, 130, 1272),
(1277, 130, 1273),
(1278, 130, 1274),
(1279, 130, 1275),
(1280, 130, 1276),
(1281, 130, 1277),
(1282, 130, 1278),
(1283, 130, 1279),
(1284, 130, 1280),
(1285, 130, 1281),
(1286, 130, 1282),
(1287, 130, 1283),
(1288, 130, 1284),
(1289, 130, 1285),
(1290, 130, 1286),
(1291, 130, 1287),
(1292, 130, 1288),
(1293, 130, 1289),
(1294, 130, 1290),
(1295, 130, 1291),
(1296, 130, 1292),
(1297, 130, 1293),
(1298, 130, 1294),
(1299, 130, 1295),
(1300, 130, 1296),
(1301, 130, 1297),
(1302, 130, 1298),
(1303, 130, 1299),
(1304, 130, 1300),
(1305, 130, 1301),
(1306, 130, 1302),
(1307, 130, 1303),
(1308, 130, 1304),
(1309, 130, 1305),
(1310, 130, 1306),
(1311, 130, 1307),
(1312, 130, 1308),
(1313, 130, 1309),
(1314, 130, 1310),
(1315, 130, 1311),
(1316, 130, 1312),
(1317, 130, 1313),
(1318, 130, 1314),
(1319, 130, 1315),
(1320, 130, 1316),
(1321, 130, 1317),
(1322, 130, 1318),
(1323, 130, 1319),
(1324, 130, 1320),
(1325, 130, 1321),
(1326, 130, 1322),
(1327, 130, 1323),
(1328, 130, 1324),
(1329, 130, 1325),
(1330, 130, 1326),
(1331, 130, 1327),
(1332, 130, 1328),
(1333, 130, 1329),
(1334, 130, 1330),
(1335, 130, 1331),
(1336, 130, 1332),
(1337, 130, 1333),
(1338, 130, 1334),
(1339, 130, 1335),
(1340, 130, 1336),
(1341, 130, 1337),
(1342, 130, 1338),
(1343, 130, 1339),
(1344, 130, 1340),
(1345, 130, 1341),
(1346, 130, 1342),
(1347, 130, 1343),
(1348, 130, 1344),
(1349, 130, 1345),
(1350, 130, 1346),
(1351, 130, 1347),
(1352, 130, 1348),
(1353, 130, 1349),
(1354, 130, 1350),
(1355, 130, 1351),
(1356, 130, 1352),
(1357, 130, 1353),
(1358, 130, 1354),
(1359, 130, 1355),
(1360, 130, 1356),
(1361, 130, 1357),
(1362, 130, 1358),
(1363, 130, 1359),
(1364, 130, 1360),
(1365, 130, 1361),
(1366, 130, 1362),
(1367, 130, 1363),
(1368, 130, 1364),
(1369, 130, 1365),
(1370, 130, 1366),
(1371, 130, 1367),
(1372, 130, 1368),
(1373, 130, 1369),
(1374, 130, 1370),
(1375, 130, 1371),
(1376, 130, 1372),
(1377, 130, 1373),
(1378, 130, 1374),
(1379, 130, 1375),
(1380, 130, 1376),
(1381, 130, 1377),
(1382, 130, 1378),
(1383, 130, 1379),
(1384, 130, 1380),
(1385, 130, 1381),
(1386, 130, 1382),
(1387, 130, 1383),
(1388, 130, 1384),
(1389, 130, 1385),
(1390, 130, 1386),
(1391, 130, 1387),
(1392, 130, 1388),
(1393, 130, 1389),
(1394, 130, 1390),
(1395, 130, 1391),
(1396, 130, 1392),
(1397, 130, 1393),
(1398, 130, 1394),
(1399, 130, 1395),
(1400, 130, 1396),
(1401, 130, 1397),
(1402, 130, 1398),
(1403, 130, 1399),
(1404, 130, 1400),
(1405, 130, 1401),
(1406, 130, 1402),
(1407, 130, 1403),
(1408, 130, 1404),
(1409, 130, 1405),
(1410, 130, 1406),
(1411, 130, 1407),
(1412, 130, 1408),
(1413, 130, 1409),
(1414, 130, 1410),
(1415, 130, 1411),
(1416, 130, 1412),
(1417, 130, 1413),
(1418, 130, 1414),
(1419, 130, 1415),
(1420, 130, 1416),
(1421, 130, 1417),
(1422, 130, 1418),
(1423, 130, 1419),
(1424, 130, 1420),
(1425, 130, 1421),
(1426, 130, 1422),
(1427, 130, 1423),
(1428, 130, 1424),
(1429, 130, 1425),
(1430, 130, 1426),
(1431, 130, 1427),
(1432, 130, 1428),
(1433, 130, 1429),
(1434, 130, 1430),
(1435, 130, 1431),
(1436, 130, 1432),
(1437, 130, 1433),
(1438, 130, 1434),
(1439, 130, 1435),
(1440, 130, 1436),
(1441, 130, 1437),
(1442, 130, 1438),
(1443, 130, 1439),
(1444, 130, 1440),
(1445, 130, 1441),
(1446, 130, 1442),
(1447, 130, 1443),
(1448, 130, 1444),
(1449, 130, 1445),
(1450, 130, 1446),
(1451, 130, 1447),
(1452, 130, 1448),
(1453, 130, 1449),
(1454, 130, 1450),
(1455, 130, 1451),
(1456, 130, 1452),
(1457, 130, 1453),
(1458, 130, 1454),
(1459, 130, 1455),
(1460, 130, 1456),
(1461, 130, 1457),
(1462, 130, 1458),
(1463, 130, 1459),
(1464, 130, 1460),
(1465, 130, 1461),
(1466, 130, 1462),
(1467, 130, 1463),
(1468, 130, 1464),
(1469, 130, 1465),
(1470, 130, 1466),
(1471, 130, 1467),
(1472, 130, 1468),
(1473, 130, 1469),
(1474, 130, 1470),
(1475, 130, 1471),
(1476, 130, 1472),
(1477, 130, 1473),
(1478, 130, 1474),
(1479, 130, 1475),
(1480, 130, 1476),
(1481, 130, 1477),
(1482, 130, 1478),
(1483, 130, 1479),
(1484, 130, 1480),
(1485, 130, 1481),
(1486, 130, 1482),
(1487, 130, 1483),
(1488, 130, 1484),
(1489, 130, 1485),
(1490, 130, 1486),
(1491, 130, 1487),
(1492, 130, 1488),
(1493, 130, 1489),
(1494, 130, 1490),
(1495, 130, 1491),
(1496, 130, 1492),
(1497, 130, 1493),
(1498, 130, 1494),
(1499, 130, 1495),
(1500, 130, 1496),
(1501, 130, 1497),
(1502, 130, 1498),
(1503, 130, 1499),
(1504, 130, 1500),
(1505, 130, 1501),
(1506, 130, 1502),
(1507, 130, 1503),
(1508, 130, 1504),
(1509, 130, 1505),
(1510, 130, 1506),
(1511, 130, 1507),
(1512, 130, 1508),
(1513, 130, 1509),
(1514, 130, 1510),
(1515, 130, 1511),
(1516, 130, 1512),
(1517, 130, 1513),
(1518, 130, 1514),
(1519, 130, 1515),
(1520, 130, 1516),
(1521, 130, 1517),
(1522, 130, 1518),
(1523, 130, 1519),
(1524, 130, 1520),
(1525, 130, 1521),
(1526, 130, 1522),
(1527, 130, 1523),
(1528, 130, 1524),
(1529, 130, 1525),
(1530, 130, 1526),
(1531, 130, 1527),
(1532, 130, 1528),
(1533, 130, 1529),
(1534, 130, 1530),
(1535, 130, 1531),
(1536, 130, 1532),
(1537, 130, 1533),
(1538, 130, 1534),
(1539, 130, 1535),
(1540, 130, 1536),
(1541, 130, 1537),
(1542, 130, 1538),
(1543, 130, 1539),
(1544, 130, 1540),
(1545, 130, 1541),
(1546, 130, 1542),
(1547, 130, 1543),
(1548, 130, 1544),
(1549, 130, 1545),
(1550, 130, 1546),
(1551, 130, 1547),
(1552, 130, 1548),
(1553, 130, 1549),
(1554, 130, 1550),
(1555, 130, 1551),
(1556, 130, 1552),
(1557, 130, 1553),
(1558, 130, 1554),
(1559, 130, 1555),
(1560, 130, 1556),
(1561, 130, 1557),
(1562, 130, 1558),
(1563, 130, 1559),
(1564, 130, 1560),
(1565, 130, 1561),
(1566, 130, 1562),
(1567, 130, 1563),
(1568, 130, 1564),
(1569, 130, 1565),
(1570, 130, 1566),
(1571, 130, 1567),
(1572, 130, 1568),
(1573, 130, 1569),
(1574, 130, 1570),
(1575, 130, 1571),
(1576, 130, 1572),
(1577, 130, 1573),
(1578, 130, 1574),
(1579, 130, 1575),
(1580, 130, 1576),
(1581, 130, 1577),
(1582, 130, 1578),
(1583, 130, 1579),
(1584, 130, 1580),
(1585, 130, 1581),
(1586, 130, 1582),
(1587, 130, 1583),
(1588, 130, 1584),
(1589, 130, 1585),
(1590, 130, 1586),
(1591, 130, 1587),
(1592, 130, 1588),
(1593, 130, 1589),
(1594, 130, 1590),
(1595, 130, 1591),
(1596, 130, 1592),
(1597, 130, 1593),
(1598, 130, 1594),
(1599, 130, 1595),
(1600, 130, 1596),
(1601, 130, 1597),
(1602, 130, 1598),
(1603, 130, 1599),
(1604, 130, 1600),
(1605, 130, 1601),
(1606, 130, 1602),
(1607, 130, 1603),
(1608, 130, 1604),
(1609, 130, 1605),
(1610, 130, 1606),
(1611, 130, 1607),
(1612, 130, 1608),
(1613, 130, 1609),
(1614, 130, 1610),
(1615, 130, 1611),
(1616, 130, 1612),
(1617, 130, 1613),
(1618, 130, 1614),
(1619, 130, 1615),
(1620, 130, 1616),
(1621, 130, 1617),
(1622, 130, 1618),
(1623, 130, 1619),
(1624, 130, 1620),
(1625, 130, 1621),
(1626, 130, 1622),
(1627, 130, 1623),
(1628, 130, 1624),
(1629, 130, 1625),
(1630, 130, 1626),
(1631, 130, 1627),
(1632, 130, 1628),
(1633, 130, 1629),
(1634, 130, 1630),
(1635, 130, 1631),
(1636, 130, 1632),
(1637, 130, 1633),
(1638, 130, 1634),
(1639, 130, 1635),
(1640, 130, 1636),
(1641, 130, 1637),
(1642, 130, 1638),
(1643, 130, 1639),
(1644, 130, 1640),
(1645, 130, 1641),
(1646, 130, 1642),
(1647, 130, 1643),
(1648, 130, 1644),
(1649, 130, 1645),
(1650, 130, 1646),
(1651, 130, 1647),
(1652, 130, 1648),
(1653, 130, 1649),
(1654, 130, 1650),
(1655, 130, 1651),
(1656, 130, 1652),
(1657, 130, 1653),
(1658, 130, 1654),
(1659, 130, 1655),
(1660, 130, 1656),
(1661, 130, 1657),
(1662, 130, 1658),
(1663, 130, 1659),
(1664, 130, 1660),
(1665, 130, 1661),
(1666, 130, 1662),
(1667, 130, 1663),
(1668, 130, 1664),
(1669, 130, 1665),
(1670, 130, 1666),
(1671, 130, 1667),
(1672, 130, 1668),
(1673, 130, 1669),
(1674, 130, 1670),
(1675, 130, 1671),
(1676, 130, 1672),
(1677, 130, 1673),
(1678, 130, 1674),
(1679, 130, 1675),
(1680, 130, 1676),
(1681, 130, 1677),
(1682, 130, 1678),
(1683, 130, 1679),
(1684, 130, 1680),
(1685, 130, 1681),
(1686, 130, 1682),
(1687, 130, 1683),
(1688, 130, 1684),
(1689, 130, 1685),
(1690, 130, 1686),
(1691, 130, 1687),
(1692, 130, 1688),
(1693, 130, 1689),
(1694, 130, 1690),
(1695, 130, 1691),
(1696, 130, 1692),
(1697, 130, 1693),
(1698, 130, 1694),
(1699, 130, 1695),
(1700, 130, 1696),
(1701, 130, 1697),
(1702, 130, 1698),
(1703, 130, 1699),
(1704, 130, 1700),
(1705, 130, 1701),
(1706, 130, 1702),
(1707, 130, 1703),
(1708, 130, 1704),
(1709, 130, 1705),
(1710, 130, 1706),
(1711, 130, 1707),
(1712, 130, 1708),
(1713, 130, 1709),
(1714, 130, 1710),
(1715, 130, 1711),
(1716, 130, 1712),
(1717, 130, 1713),
(1718, 130, 1714),
(1719, 130, 1715),
(1720, 130, 1716),
(1721, 130, 1717),
(1722, 130, 1718),
(1723, 130, 1719),
(1724, 130, 1720),
(1725, 130, 1721),
(1726, 130, 1722),
(1727, 130, 1723),
(1728, 130, 1724),
(1729, 130, 1725),
(1730, 130, 1726),
(1731, 130, 1727),
(1732, 130, 1728),
(1733, 130, 1729),
(1734, 130, 1730),
(1735, 130, 1731),
(1736, 130, 1732),
(1737, 130, 1733),
(1738, 130, 1734),
(1739, 130, 1735),
(1740, 130, 1736),
(1741, 130, 1737),
(1742, 130, 1738),
(1743, 130, 1739),
(1744, 130, 1740),
(1745, 130, 1741),
(1746, 130, 1742),
(1747, 130, 1743),
(1748, 130, 1744),
(1749, 130, 1745),
(1750, 130, 1746),
(1751, 130, 1747),
(1752, 130, 1748),
(1753, 130, 1749),
(1754, 130, 1750),
(1755, 130, 1751),
(1756, 130, 1752),
(1757, 130, 1753),
(1758, 130, 1754),
(1759, 130, 1755),
(1760, 130, 1756),
(1761, 130, 1757),
(1762, 130, 1758),
(1763, 130, 1759),
(1764, 130, 1760),
(1765, 130, 1761),
(1766, 130, 1762),
(1767, 130, 1763),
(1768, 130, 1764),
(1769, 130, 1765),
(1770, 130, 1766),
(1771, 130, 1767),
(1772, 130, 1768),
(1773, 130, 1769),
(1774, 130, 1770),
(1775, 130, 1771),
(1776, 130, 1772),
(1777, 130, 1773),
(1778, 130, 1774),
(1779, 130, 1775),
(1780, 130, 1776),
(1781, 130, 1777),
(1782, 130, 1778),
(1783, 130, 1779),
(1784, 130, 1780),
(1785, 130, 1781),
(1786, 130, 1782),
(1787, 130, 1783),
(1788, 130, 1784),
(1789, 130, 1785),
(1790, 130, 1786),
(1791, 130, 1787),
(1792, 130, 1788),
(1793, 130, 1789),
(1794, 130, 1790),
(1795, 130, 1791),
(1796, 130, 1792),
(1797, 130, 1793),
(1798, 130, 1794),
(1799, 130, 1795),
(1800, 130, 1796),
(1801, 130, 1797),
(1802, 130, 1798),
(1803, 130, 1799),
(1804, 130, 1800),
(1805, 130, 1801),
(1806, 130, 1802),
(1807, 130, 1803),
(1808, 130, 1804),
(1809, 130, 1805),
(1810, 130, 1806),
(1811, 130, 1807),
(1812, 130, 1808),
(1813, 130, 1809),
(1814, 130, 1810),
(1815, 130, 1811),
(1816, 130, 1812),
(1817, 130, 1813),
(1818, 130, 1814),
(1819, 130, 1815),
(1820, 130, 1816),
(1821, 130, 1817),
(1822, 130, 1818),
(1823, 130, 1819),
(1824, 130, 1820),
(1825, 130, 1821),
(1826, 130, 1822),
(1827, 130, 1823),
(1828, 130, 1824),
(1829, 130, 1825),
(1830, 130, 1826),
(1831, 130, 1827),
(1832, 130, 1828),
(1833, 130, 1829),
(1834, 130, 1830),
(1835, 130, 1831),
(1836, 130, 1832),
(1837, 130, 1833),
(1838, 130, 1834),
(1839, 130, 1835),
(1840, 130, 1836),
(1841, 130, 1837),
(1842, 130, 1838),
(1843, 130, 1839),
(1844, 130, 1840),
(1845, 130, 1841),
(1846, 130, 1842),
(1847, 130, 1843),
(1848, 130, 1844),
(1849, 130, 1845),
(1850, 130, 1846),
(1851, 130, 1847),
(1852, 130, 1848),
(1853, 130, 1849),
(1854, 130, 1850),
(1855, 130, 1851),
(1856, 130, 1852),
(1857, 130, 1853),
(1858, 130, 1854),
(1859, 130, 1855),
(1860, 130, 1856),
(1861, 130, 1857),
(1862, 130, 1858),
(1863, 130, 1859),
(1864, 130, 1860),
(1865, 130, 1861),
(1866, 130, 1862),
(1867, 130, 1863),
(1868, 130, 1864),
(1869, 130, 1865),
(1870, 130, 1866),
(1871, 130, 1867),
(1872, 130, 1868),
(1873, 130, 1869),
(1874, 130, 1870),
(1875, 130, 1871),
(1876, 130, 1872),
(1877, 130, 1873),
(1878, 130, 1874),
(1879, 130, 1875),
(1880, 130, 1876),
(1881, 130, 1877),
(1882, 130, 1878),
(1883, 130, 1879),
(1884, 130, 1880),
(1885, 130, 1881),
(1886, 130, 1882),
(1887, 130, 1883),
(1888, 130, 1884),
(1889, 130, 1885),
(1890, 130, 1886),
(1891, 130, 1887),
(1892, 130, 1888),
(1893, 130, 1889),
(1894, 130, 1890),
(1895, 130, 1891),
(1896, 130, 1892),
(1897, 130, 1893),
(1898, 130, 1894),
(1899, 130, 1895),
(1900, 130, 1896),
(1901, 130, 1897),
(1902, 130, 1898),
(1903, 130, 1899),
(1904, 130, 1900),
(1905, 130, 1901),
(1906, 130, 1902),
(1907, 130, 1903),
(1908, 130, 1904),
(1909, 130, 1905),
(1910, 130, 1906),
(1911, 130, 1907),
(1912, 130, 1908),
(1913, 130, 1909),
(1914, 130, 1910),
(1915, 130, 1911),
(1916, 130, 1912),
(1917, 130, 1913),
(1918, 130, 1914),
(1919, 130, 1915),
(1920, 130, 1916),
(1921, 130, 1917),
(1922, 130, 1918),
(1923, 130, 1919),
(1924, 130, 1920),
(1925, 130, 1921),
(1926, 130, 1922),
(1927, 130, 1923),
(1928, 130, 1924),
(1929, 130, 1925),
(1930, 130, 1926),
(1931, 130, 1927),
(1932, 130, 1928),
(1933, 130, 1929),
(1934, 130, 1930),
(1935, 130, 1931),
(1936, 130, 1932),
(1937, 130, 1933),
(1938, 130, 1934),
(1939, 130, 1935),
(1940, 130, 1936),
(1941, 130, 1937),
(1942, 130, 1938),
(1943, 130, 1939),
(1944, 130, 1940),
(1945, 130, 1941),
(1946, 130, 1942),
(1947, 130, 1943),
(1948, 130, 1944),
(1949, 130, 1945),
(1950, 130, 1946),
(1951, 130, 1947),
(1952, 130, 1948),
(1953, 130, 1949),
(1954, 130, 1950),
(1955, 130, 1951),
(1956, 130, 1952),
(1957, 130, 1953),
(1958, 130, 1954),
(1959, 130, 1955),
(1960, 130, 1956),
(1961, 130, 1957),
(1962, 130, 1958),
(1963, 130, 1959),
(1964, 130, 1960),
(1965, 130, 1961),
(1966, 130, 1962),
(1967, 130, 1963),
(1968, 130, 1964),
(1969, 130, 1965),
(1970, 130, 1966),
(1971, 130, 1967),
(1972, 130, 1968),
(1973, 130, 1969),
(1974, 130, 1970),
(1975, 130, 1971),
(1976, 130, 1972),
(1977, 130, 1973),
(1978, 130, 1974),
(1979, 130, 1975),
(1980, 130, 1976),
(1981, 130, 1977),
(1982, 130, 1978),
(1983, 130, 1979),
(1984, 130, 1980),
(1985, 130, 1981),
(1986, 130, 1982),
(1987, 130, 1983),
(1988, 130, 1984),
(1989, 130, 1985),
(1990, 130, 1986),
(1991, 130, 1987),
(1992, 130, 1988),
(1993, 130, 1989),
(1994, 130, 1990),
(1995, 130, 1991),
(1996, 130, 1992),
(1997, 130, 1993),
(1998, 130, 1994),
(1999, 130, 1995),
(2000, 130, 1996),
(2001, 130, 1997),
(2002, 130, 1998),
(2003, 130, 1999),
(2004, 130, 2000),
(2005, 130, 2001),
(2006, 130, 2002),
(2007, 130, 2003),
(2008, 130, 2004),
(2009, 130, 2005),
(2010, 130, 2006),
(2011, 130, 2007),
(2012, 130, 2008),
(2013, 130, 2009),
(2014, 130, 2010),
(2015, 130, 2011),
(2016, 130, 2012),
(2017, 130, 2013),
(2018, 130, 2014),
(2019, 130, 2015),
(2020, 130, 2016),
(2021, 130, 2017),
(2022, 130, 2018),
(2023, 130, 2019),
(2024, 130, 2020),
(2025, 130, 2021),
(2026, 130, 2022),
(2027, 130, 2023),
(2028, 130, 2024),
(2029, 130, 2025),
(2030, 130, 2026),
(2031, 130, 2027),
(2032, 130, 2028),
(2033, 130, 2029),
(2034, 130, 2030),
(2035, 130, 2031),
(2036, 130, 2032),
(2037, 130, 2033),
(2038, 130, 2034),
(2039, 130, 2035),
(2040, 130, 2036),
(2041, 130, 2037),
(2042, 130, 2038),
(2043, 130, 2039),
(2044, 130, 2040),
(2045, 130, 2041),
(2046, 130, 2042),
(2047, 130, 2043),
(2048, 130, 2044),
(2049, 130, 2045),
(2050, 130, 2046),
(2051, 130, 2047),
(2052, 130, 2048),
(2053, 130, 2049),
(2054, 130, 2050),
(2055, 130, 2051),
(2056, 130, 2052),
(2057, 130, 2053),
(2058, 130, 2054),
(2059, 130, 2055),
(2060, 130, 2056),
(2061, 130, 2057),
(2062, 130, 2058),
(2063, 130, 2059),
(2064, 130, 2060),
(2065, 130, 2061),
(2066, 130, 2062),
(2067, 130, 2063),
(2068, 130, 2064),
(2069, 130, 2065),
(2070, 130, 2066),
(2071, 130, 2067),
(2072, 130, 2068),
(2073, 130, 2069),
(2074, 130, 2070),
(2075, 130, 2071),
(2076, 130, 2072),
(2077, 130, 2073),
(2078, 130, 2074),
(2079, 130, 2075),
(2080, 130, 2076),
(2081, 130, 2077),
(2082, 130, 2078),
(2083, 130, 2079),
(2084, 130, 2080),
(2085, 130, 2081),
(2086, 130, 2082),
(2087, 130, 2083),
(2088, 130, 2084),
(2089, 130, 2085),
(2090, 130, 2086),
(2091, 130, 2087),
(2092, 130, 2088),
(2093, 130, 2089),
(2094, 130, 2090),
(2095, 130, 2091),
(2096, 130, 2092),
(2097, 130, 2093),
(2098, 130, 2094),
(2099, 130, 2095),
(2100, 130, 2096),
(2101, 130, 2097),
(2102, 130, 2098),
(2103, 130, 2099),
(2104, 130, 2100),
(2105, 130, 2101),
(2106, 130, 2102),
(2107, 130, 2103),
(2108, 130, 2104),
(2109, 130, 2105),
(2110, 130, 2106),
(2111, 130, 2107),
(2112, 130, 2108),
(2113, 130, 2109),
(2114, 130, 2110),
(2115, 130, 2111),
(2116, 130, 2112),
(2117, 130, 2113),
(2118, 130, 2114),
(2119, 130, 2115),
(2120, 130, 2116),
(2121, 130, 2117),
(2122, 130, 2118),
(2123, 130, 2119),
(2124, 130, 2120),
(2125, 130, 2121),
(2126, 130, 2122),
(2127, 130, 2123),
(2128, 130, 2124),
(2129, 130, 2125),
(2130, 130, 2126),
(2131, 130, 2127),
(2132, 130, 2128),
(2133, 130, 2129),
(2134, 130, 2130),
(2135, 130, 2131),
(2136, 130, 2132),
(2137, 130, 2133),
(2138, 130, 2134),
(2139, 130, 2135),
(2140, 130, 2136),
(2141, 130, 2137),
(2142, 130, 2138),
(2143, 130, 2139),
(2144, 130, 2140),
(2145, 130, 2141),
(2146, 130, 2142),
(2147, 130, 2143),
(2148, 130, 2144),
(2149, 130, 2145),
(2150, 130, 2146),
(2151, 130, 2147),
(2152, 130, 2148),
(2153, 130, 2149),
(2154, 130, 2150),
(2155, 130, 2151),
(2156, 130, 2152),
(2157, 130, 2153),
(2158, 130, 2154),
(2159, 130, 2155),
(2160, 130, 2156),
(2161, 130, 2157),
(2162, 130, 2158),
(2163, 130, 2159),
(2164, 130, 2160),
(2165, 130, 2161),
(2166, 130, 2162),
(2167, 130, 2163),
(2168, 130, 2164),
(2169, 130, 2165),
(2170, 130, 2166),
(2171, 130, 2167),
(2172, 130, 2168),
(2173, 130, 2169),
(2174, 130, 2170),
(2175, 130, 2171),
(2176, 130, 2172),
(2177, 130, 2173),
(2178, 130, 2174),
(2179, 130, 2175),
(2180, 130, 2176),
(2181, 130, 2177),
(2182, 130, 2178),
(2183, 130, 2179),
(2184, 130, 2180),
(2185, 130, 2181),
(2186, 130, 2182),
(2187, 130, 2183),
(2188, 130, 2184),
(2189, 130, 2185),
(2190, 130, 2186),
(2191, 130, 2187),
(2192, 130, 2188),
(2193, 130, 2189),
(2194, 130, 2190),
(2195, 130, 2191),
(2196, 130, 2192),
(2197, 130, 2193),
(2198, 130, 2194),
(2199, 130, 2195),
(2200, 130, 2196),
(2201, 130, 2197),
(2202, 130, 2198),
(2203, 130, 2199),
(2204, 130, 2200),
(2205, 130, 2201),
(2206, 130, 2202),
(2207, 130, 2203),
(2208, 130, 2204),
(2209, 130, 2205),
(2210, 130, 2206),
(2211, 130, 2207),
(2212, 130, 2208),
(2213, 130, 2209),
(2214, 130, 2210),
(2215, 130, 2211),
(2216, 130, 2212),
(2217, 130, 2213),
(2218, 130, 2214),
(2219, 130, 2215),
(2220, 130, 2216),
(2221, 130, 2217),
(2222, 130, 2218),
(2223, 130, 2219),
(2224, 130, 2220),
(2225, 130, 2221),
(2226, 130, 2222),
(2227, 130, 2223),
(2228, 130, 2224),
(2229, 130, 2225),
(2230, 130, 2226),
(2231, 130, 2227),
(2232, 130, 2228),
(2233, 130, 2229),
(2234, 130, 2230),
(2235, 130, 2231),
(2236, 130, 2232),
(2237, 130, 2233),
(2238, 130, 2234),
(2239, 130, 2235),
(2240, 130, 2236),
(2241, 130, 2237),
(2242, 130, 2238),
(2243, 130, 2239),
(2244, 130, 2240),
(2245, 130, 2241),
(2246, 130, 2242),
(2247, 130, 2243),
(2248, 130, 2244),
(2249, 130, 2245),
(2250, 130, 2246),
(2251, 130, 2247),
(2252, 130, 2248),
(2253, 130, 2249),
(2254, 130, 2250),
(2255, 130, 2251),
(2256, 130, 2252),
(2257, 130, 2253),
(2258, 130, 2254),
(2259, 130, 2255),
(2260, 130, 2256),
(2261, 130, 2257),
(2262, 130, 2258),
(2263, 130, 2259),
(2264, 130, 2260),
(2265, 130, 2261),
(2266, 130, 2262),
(2267, 130, 2263),
(2268, 130, 2264),
(2269, 130, 2265),
(2270, 130, 2266),
(2271, 130, 2267),
(2272, 130, 2268),
(2273, 130, 2269),
(2274, 130, 2270),
(2275, 130, 2271),
(2276, 130, 2272),
(2277, 130, 2273),
(2278, 130, 2274),
(2279, 130, 2275),
(2280, 130, 2276),
(2281, 130, 2277),
(2282, 130, 2278),
(2283, 130, 2279),
(2284, 130, 2280),
(2285, 130, 2281),
(2286, 130, 2282),
(2287, 130, 2283),
(2288, 130, 2284),
(2289, 130, 2285),
(2290, 130, 2286),
(2291, 130, 2287),
(2292, 130, 2288),
(2293, 130, 2289),
(2294, 130, 2290),
(2295, 130, 2291),
(2296, 130, 2292),
(2297, 130, 2293),
(2298, 130, 2294),
(2299, 130, 2295),
(2300, 130, 2296),
(2301, 130, 2297),
(2302, 130, 2298),
(2303, 130, 2299),
(2304, 130, 2300),
(2305, 130, 2301),
(2306, 130, 2302),
(2307, 130, 2303),
(2308, 130, 2304),
(2309, 130, 2305),
(2310, 130, 2306),
(2311, 130, 2307),
(2312, 130, 2308),
(2313, 130, 2309),
(2314, 130, 2310),
(2315, 130, 2311),
(2316, 130, 2312),
(2317, 130, 2313),
(2318, 130, 2314),
(2319, 130, 2315),
(2320, 130, 2316),
(2321, 130, 2317),
(2322, 130, 2318),
(2323, 130, 2319),
(2324, 130, 2320),
(2325, 130, 2321),
(2326, 130, 2322),
(2327, 130, 2323),
(2328, 130, 2324),
(2329, 130, 2325),
(2330, 130, 2326),
(2331, 130, 2327),
(2332, 130, 2328),
(2333, 130, 2329),
(2334, 130, 2330),
(2335, 130, 2331),
(2336, 130, 2332),
(2337, 130, 2333),
(2338, 130, 2334),
(2339, 130, 2335),
(2340, 130, 2336),
(2341, 130, 2337),
(2342, 130, 2338),
(2343, 130, 2339),
(2344, 130, 2340),
(2345, 130, 2341),
(2346, 130, 2342),
(2347, 130, 2343),
(2348, 130, 2344),
(2349, 130, 2345),
(2350, 130, 2346),
(2351, 130, 2347),
(2352, 130, 2348),
(2353, 130, 2349),
(2354, 130, 2350),
(2355, 130, 2351),
(2356, 130, 2352),
(2357, 130, 2353),
(2358, 130, 2354),
(2359, 130, 2355),
(2360, 130, 2356),
(2361, 130, 2357),
(2362, 130, 2358),
(2363, 130, 2359),
(2364, 130, 2360),
(2365, 130, 2361),
(2366, 130, 2362),
(2367, 130, 2363),
(2368, 130, 2364),
(2369, 130, 2365),
(2370, 130, 2366),
(2371, 130, 2367),
(2372, 130, 2368),
(2373, 130, 2369),
(2374, 130, 2370),
(2375, 130, 2371),
(2376, 130, 2372),
(2377, 130, 2373),
(2378, 130, 2374),
(2379, 130, 2375),
(2380, 130, 2376),
(2381, 130, 2377),
(2382, 130, 2378),
(2383, 130, 2379),
(2384, 130, 2380),
(2385, 130, 2381),
(2386, 130, 2382),
(2387, 130, 2383),
(2388, 130, 2384),
(2389, 130, 2385),
(2390, 130, 2386),
(2391, 130, 2387),
(2392, 130, 2388),
(2393, 130, 2389),
(2394, 130, 2390),
(2395, 130, 2391),
(2396, 130, 2392),
(2397, 130, 2393),
(2398, 130, 2394),
(2399, 130, 2395),
(2400, 130, 2396),
(2401, 130, 2397),
(2402, 130, 2398),
(2403, 130, 2399),
(2404, 130, 2400),
(2405, 130, 2401),
(2406, 130, 2402),
(2407, 130, 2403),
(2408, 130, 2404),
(2409, 130, 2405),
(2410, 130, 2406),
(2411, 130, 2407),
(2412, 130, 2408),
(2413, 130, 2409),
(2414, 130, 2410),
(2415, 130, 2411),
(2416, 130, 2412),
(2417, 130, 2413),
(2418, 130, 2414),
(2419, 130, 2415),
(2420, 130, 2416),
(2421, 130, 2417),
(2422, 130, 2418),
(2423, 130, 2419),
(2424, 130, 2420),
(2425, 130, 2421),
(2426, 130, 2422),
(2427, 130, 2423),
(2428, 130, 2424),
(2429, 130, 2425),
(2430, 130, 2426),
(2431, 130, 2427),
(2432, 130, 2428),
(2433, 130, 2429),
(2434, 130, 2430),
(2435, 130, 2431),
(2436, 130, 2432),
(2437, 130, 2433),
(2438, 130, 2434),
(2439, 130, 2435),
(2440, 130, 2436),
(2441, 130, 2437),
(2442, 130, 2438),
(2443, 130, 2439),
(2444, 130, 2440),
(2445, 130, 2441),
(2446, 130, 2442),
(2447, 130, 2443),
(2448, 130, 2444),
(2449, 130, 2445),
(2450, 130, 2446),
(2451, 130, 2447),
(2452, 130, 2448),
(2453, 130, 2449),
(2454, 130, 2450),
(2455, 130, 2451),
(2456, 130, 2452),
(2457, 130, 2453),
(2458, 130, 2454),
(2459, 130, 2455),
(2460, 130, 2456),
(2461, 130, 2457),
(2462, 130, 2458),
(2463, 130, 2459),
(2464, 130, 2460),
(2465, 130, 2461),
(2466, 130, 2462),
(2467, 130, 2463),
(2468, 130, 2464),
(2469, 130, 2465),
(2470, 130, 2466),
(2471, 130, 2467),
(2472, 130, 2468),
(2473, 130, 2469),
(2474, 130, 2470),
(2475, 130, 2471),
(2476, 130, 2472),
(2477, 130, 2473),
(2478, 130, 2474),
(2479, 130, 2475),
(2480, 130, 2476),
(2481, 130, 2477),
(2482, 130, 2478),
(2483, 130, 2479),
(2484, 130, 2480),
(2485, 130, 2481),
(2486, 130, 2482),
(2487, 130, 2483),
(2488, 130, 2484),
(2489, 130, 2485),
(2490, 130, 2486),
(2491, 130, 2487),
(2492, 130, 2488),
(2493, 130, 2489),
(2494, 130, 2490),
(2495, 130, 2491),
(2496, 130, 2492),
(2497, 130, 2493),
(2498, 130, 2494),
(2499, 130, 2495),
(2500, 130, 2496),
(2501, 130, 2497),
(2502, 130, 2498),
(2503, 130, 2499),
(2504, 130, 2500),
(2505, 130, 2501),
(2506, 130, 2502),
(2507, 130, 2503),
(2508, 130, 2504),
(2509, 130, 2505),
(2510, 130, 2506),
(2511, 130, 2507),
(2512, 130, 2508),
(2513, 130, 2509),
(2514, 130, 2510),
(2515, 130, 2511),
(2516, 130, 2512),
(2517, 130, 2513),
(2518, 130, 2514),
(2519, 130, 2515),
(2520, 130, 2516),
(2521, 130, 2517),
(2522, 130, 2518),
(2523, 130, 2519),
(2524, 130, 2520),
(2525, 130, 2521),
(2526, 130, 2522),
(2527, 130, 2523),
(2528, 130, 2524),
(2529, 130, 2525),
(2530, 130, 2526),
(2531, 130, 2527),
(2532, 130, 2528),
(2533, 130, 2529),
(2534, 130, 2530),
(2535, 130, 2531),
(2536, 130, 2532),
(2537, 130, 2533),
(2538, 130, 2534),
(2539, 130, 2535),
(2540, 130, 2536),
(2541, 130, 2537),
(2542, 130, 2538),
(2543, 130, 2539),
(2544, 130, 2540),
(2545, 130, 2541),
(2546, 130, 2542),
(2547, 130, 2543),
(2548, 130, 2544),
(2549, 130, 2545),
(2550, 130, 2546),
(2551, 130, 2547),
(2552, 130, 2548),
(2553, 130, 2549),
(2554, 130, 2550),
(2555, 130, 2551),
(2556, 130, 2552),
(2557, 130, 2553),
(2558, 130, 2554),
(2559, 130, 2555),
(2560, 130, 2556),
(2561, 130, 2557),
(2562, 130, 2558),
(2563, 130, 2559),
(2564, 130, 2560),
(2565, 130, 2561),
(2566, 130, 2562),
(2567, 130, 2563),
(2568, 130, 2564),
(2569, 130, 2565),
(2570, 130, 2566),
(2571, 130, 2567),
(2572, 130, 2568),
(2573, 130, 2569),
(2574, 130, 2570),
(2575, 130, 2571),
(2576, 130, 2572),
(2577, 130, 2573),
(2578, 130, 2574),
(2579, 130, 2575),
(2580, 130, 2576),
(2581, 130, 2577),
(2582, 130, 2578),
(2583, 130, 2579),
(2584, 130, 2580),
(2585, 130, 2581),
(2586, 130, 2582),
(2587, 130, 2583),
(2588, 130, 2584),
(2589, 130, 2585),
(2590, 130, 2586),
(2591, 130, 2587),
(2592, 130, 2588),
(2593, 130, 2589),
(2594, 130, 2590),
(2595, 130, 2591),
(2596, 130, 2592),
(2597, 130, 2593),
(2598, 130, 2594),
(2599, 130, 2595),
(2600, 130, 2596),
(2601, 130, 2597),
(2602, 130, 2598),
(2603, 130, 2599),
(2604, 130, 2600),
(2605, 130, 2601),
(2606, 130, 2602),
(2607, 130, 2603),
(2608, 130, 2604),
(2609, 130, 2605),
(2610, 130, 2606),
(2611, 130, 2607),
(2612, 130, 2608),
(2613, 130, 2609),
(2614, 130, 2610),
(2615, 130, 2611),
(2616, 130, 2612),
(2617, 130, 2613),
(2618, 130, 2614),
(2619, 130, 2615),
(2620, 130, 2616),
(2621, 130, 2617),
(2622, 130, 2618),
(2623, 130, 2619),
(2624, 130, 2620),
(2625, 130, 2621),
(2626, 130, 2622),
(2627, 130, 2623),
(2628, 130, 2624),
(2629, 130, 2625),
(2630, 130, 2626),
(2631, 130, 2627),
(2632, 130, 2628),
(2633, 130, 2629),
(2634, 130, 2630),
(2635, 130, 2631),
(2636, 130, 2632),
(2637, 130, 2633),
(2638, 130, 2634),
(2639, 130, 2635),
(2640, 130, 2636),
(2641, 130, 2637),
(2642, 130, 2638),
(2643, 130, 2639),
(2644, 130, 2640),
(2645, 130, 2641),
(2646, 130, 2642),
(2647, 130, 2643),
(2648, 130, 2644),
(2649, 130, 2645),
(2650, 130, 2646),
(2651, 130, 2647),
(2652, 130, 2648),
(2653, 130, 2649),
(2654, 130, 2650),
(2655, 130, 2651),
(2656, 130, 2652),
(2657, 130, 2653),
(2658, 130, 2654),
(2659, 130, 2655),
(2660, 130, 2656),
(2661, 130, 2657),
(2662, 130, 2658),
(2663, 130, 2659),
(2664, 130, 2660),
(2665, 130, 2661),
(2666, 130, 2662),
(2667, 130, 2663),
(2668, 130, 2664),
(2669, 130, 2665),
(2670, 130, 2666),
(2671, 130, 2667),
(2672, 130, 2668),
(2673, 130, 2669),
(2674, 130, 2670),
(2675, 130, 2671),
(2676, 130, 2672),
(2677, 130, 2673),
(2678, 130, 2674),
(2679, 130, 2675),
(2680, 130, 2676),
(2681, 130, 2677),
(2682, 130, 2678),
(2683, 130, 2679),
(2684, 130, 2680),
(2685, 130, 2681),
(2686, 130, 2682),
(2687, 130, 2683),
(2688, 130, 2684),
(2689, 130, 2685),
(2690, 130, 2686),
(2691, 130, 2687),
(2692, 130, 2688),
(2693, 130, 2689),
(2694, 130, 2690),
(2695, 130, 2691),
(2696, 130, 2692),
(2697, 130, 2693),
(2698, 130, 2694),
(2699, 130, 2695),
(2700, 130, 2696),
(2701, 130, 2697),
(2702, 130, 2698),
(2703, 130, 2699),
(2704, 130, 2700),
(2705, 130, 2701),
(2706, 130, 2702),
(2707, 130, 2703),
(2708, 130, 2704),
(2709, 130, 2705),
(2710, 130, 2706),
(2711, 130, 2707),
(2712, 130, 2708),
(2713, 130, 2709),
(2714, 130, 2710),
(2715, 130, 2711),
(2716, 130, 2712),
(2717, 130, 2713),
(2718, 130, 2714),
(2719, 130, 2715),
(2720, 130, 2716),
(2721, 130, 2717),
(2722, 130, 2718),
(2723, 130, 2719),
(2724, 130, 2720),
(2725, 130, 2721),
(2726, 130, 2722),
(2727, 130, 2723),
(2728, 130, 2724),
(2729, 130, 2725),
(2730, 130, 2726),
(2731, 130, 2727),
(2732, 130, 2728),
(2733, 130, 2729),
(2734, 130, 2730),
(2735, 130, 2731),
(2736, 130, 2732),
(2737, 130, 2733),
(2738, 130, 2734),
(2739, 130, 2735),
(2740, 130, 2736),
(2741, 130, 2737),
(2742, 130, 2738),
(2743, 130, 2739),
(2744, 130, 2740),
(2745, 130, 2741),
(2746, 130, 2742),
(2747, 130, 2743),
(2748, 130, 2744),
(2749, 130, 2745),
(2750, 130, 2746),
(2751, 130, 2747),
(2752, 130, 2748),
(2753, 130, 2749),
(2754, 130, 2750),
(2755, 130, 2751),
(2756, 130, 2752),
(2757, 130, 2753),
(2758, 130, 2754),
(2759, 130, 2755),
(2760, 130, 2756),
(2761, 130, 2757),
(2762, 130, 2758),
(2763, 130, 2759),
(2764, 130, 2760),
(2765, 130, 2761),
(2766, 130, 2762),
(2767, 130, 2763),
(2768, 130, 2764),
(2769, 130, 2765),
(2770, 130, 2766),
(2771, 130, 2767),
(2772, 130, 2768),
(2773, 130, 2769),
(2774, 130, 2770),
(2775, 130, 2771),
(2776, 130, 2772),
(2777, 130, 2773),
(2778, 130, 2774),
(2779, 130, 2775),
(2780, 130, 2776),
(2781, 130, 2777),
(2782, 130, 2778),
(2783, 130, 2779),
(2784, 130, 2780),
(2785, 130, 2781),
(2786, 130, 2782),
(2787, 130, 2783),
(2788, 130, 2784),
(2789, 130, 2785),
(2790, 130, 2786),
(2791, 130, 2787),
(2792, 130, 2788),
(2793, 130, 2789),
(2794, 130, 2790),
(2795, 130, 2791),
(2796, 130, 2792),
(2797, 130, 2793),
(2798, 130, 2794),
(2799, 130, 2795),
(2800, 130, 2796),
(2801, 130, 2797),
(2802, 130, 2798),
(2803, 130, 2799),
(2804, 130, 2800),
(2805, 130, 2801),
(2806, 130, 2802),
(2807, 130, 2803),
(2808, 130, 2804),
(2809, 130, 2805),
(2810, 130, 2806),
(2811, 130, 2807),
(2812, 130, 2808),
(2813, 130, 2809),
(2814, 130, 2810),
(2815, 130, 2811),
(2816, 130, 2812),
(2817, 130, 2813),
(2818, 130, 2814),
(2819, 130, 2815),
(2820, 130, 2816),
(2821, 130, 2817),
(2822, 130, 2818),
(2823, 130, 2819),
(2824, 130, 2820),
(2825, 130, 2821),
(2826, 130, 2822),
(2827, 130, 2823),
(2828, 130, 2824),
(2829, 130, 2825),
(2830, 130, 2826),
(2831, 130, 2827),
(2832, 130, 2828),
(2833, 130, 2829),
(2834, 130, 2830),
(2835, 130, 2831),
(2836, 130, 2832),
(2837, 130, 2833),
(2838, 130, 2834),
(2839, 130, 2835),
(2840, 130, 2836),
(2841, 130, 2837),
(2842, 130, 2838),
(2843, 130, 2839),
(2844, 130, 2840),
(2845, 130, 2841),
(2846, 130, 2842),
(2847, 130, 2843),
(2848, 130, 2844),
(2849, 130, 2845),
(2850, 130, 2846),
(2851, 130, 2847),
(2852, 130, 2848),
(2853, 130, 2849),
(2854, 130, 2850),
(2855, 130, 2851),
(2856, 130, 2852),
(2857, 130, 2853),
(2858, 130, 2854),
(2859, 130, 2855),
(2860, 130, 2856),
(2861, 130, 2857),
(2862, 130, 2858),
(2863, 130, 2859),
(2864, 130, 2860),
(2865, 130, 2861),
(2866, 130, 2862),
(2867, 130, 2863),
(2868, 130, 2864),
(2869, 130, 2865),
(2870, 130, 2866),
(2871, 130, 2867),
(2872, 130, 2868),
(2873, 130, 2869),
(2874, 130, 2870),
(2875, 130, 2871),
(2876, 130, 2872),
(2877, 130, 2873),
(2878, 130, 2874),
(2879, 130, 2875),
(2880, 130, 2876),
(2881, 130, 2877),
(2882, 130, 2878),
(2883, 130, 2879),
(2884, 130, 2880),
(2885, 130, 2881),
(2886, 130, 2882),
(2887, 130, 2883),
(2888, 130, 2884),
(2889, 130, 2885),
(2890, 130, 2886),
(2891, 130, 2887),
(2892, 130, 2888),
(2893, 130, 2889),
(2894, 130, 2890),
(2895, 130, 2891),
(2896, 130, 2892),
(2897, 130, 2893),
(2898, 130, 2894),
(2899, 130, 2895),
(2900, 130, 2896),
(2901, 130, 2897),
(2902, 130, 2898),
(2903, 130, 2899),
(2904, 130, 2900),
(2905, 130, 2901),
(2906, 130, 2902),
(2907, 130, 2903),
(2908, 130, 2904),
(2909, 130, 2905),
(2910, 130, 2906),
(2911, 130, 2907),
(2912, 130, 2908),
(2913, 130, 2909),
(2914, 130, 2910),
(2915, 130, 2911),
(2916, 130, 2912),
(2917, 130, 2913),
(2918, 130, 2914),
(2919, 130, 2915),
(2920, 130, 2916),
(2921, 130, 2917),
(2922, 130, 2918),
(2923, 130, 2919),
(2924, 130, 2920),
(2925, 130, 2921),
(2926, 130, 2922),
(2927, 130, 2923),
(2928, 130, 2924),
(2929, 130, 2925),
(2930, 130, 2926),
(2931, 130, 2927),
(2932, 130, 2928),
(2933, 130, 2929),
(2934, 130, 2930),
(2935, 130, 2931),
(2936, 130, 2932),
(2937, 130, 2933),
(2938, 130, 2934),
(2939, 130, 2935),
(2940, 130, 2936),
(2941, 130, 2937),
(2942, 130, 2938),
(2943, 130, 2939),
(2944, 130, 2940),
(2945, 130, 2941),
(2946, 130, 2942),
(2947, 130, 2943),
(2948, 130, 2944),
(2949, 130, 2945),
(2950, 130, 2946),
(2951, 130, 2947),
(2952, 130, 2948),
(2953, 130, 2949),
(2954, 130, 2950),
(2955, 130, 2951),
(2956, 130, 2952),
(2957, 130, 2953),
(2958, 130, 2954),
(2959, 130, 2955),
(2960, 130, 2956),
(2961, 130, 2957),
(2962, 130, 2958),
(2963, 130, 2959),
(2964, 130, 2960),
(2965, 130, 2961),
(2966, 130, 2962),
(2967, 130, 2963),
(2968, 130, 2964),
(2969, 130, 2965),
(2970, 130, 2966),
(2971, 130, 2967),
(2972, 130, 2968),
(2973, 130, 2969),
(2974, 130, 2970),
(2975, 130, 2971),
(2976, 130, 2972),
(2977, 130, 2973),
(2978, 130, 2974),
(2979, 130, 2975),
(2980, 130, 2976),
(2981, 130, 2977),
(2982, 130, 2978),
(2983, 130, 2979),
(2984, 130, 2980),
(2985, 130, 2981),
(2986, 130, 2982),
(2987, 130, 2983),
(2988, 130, 2984),
(2989, 130, 2985),
(2990, 130, 2986),
(2991, 130, 2987),
(2992, 130, 2988),
(2993, 130, 2989),
(2994, 130, 2990),
(2995, 130, 2991),
(2996, 130, 2992),
(2997, 130, 2993),
(2998, 130, 2994),
(2999, 130, 2995),
(3000, 130, 2996),
(3001, 130, 2997),
(3002, 130, 2998),
(3003, 130, 2999),
(3004, 130, 3000),
(3005, 130, 3001),
(3006, 130, 3002),
(3007, 130, 3003),
(3008, 130, 3004),
(3009, 130, 3005),
(3010, 130, 3006),
(3011, 130, 3007),
(3012, 130, 3008),
(3013, 130, 3009),
(3014, 130, 3010),
(3015, 130, 3011),
(3016, 130, 3012),
(3017, 130, 3013),
(3018, 130, 3014),
(3019, 130, 3015),
(3020, 130, 3016),
(3021, 130, 3017),
(3022, 130, 3018),
(3023, 130, 3019),
(3024, 130, 3020),
(3025, 130, 3021),
(3026, 130, 3022),
(3027, 130, 3023),
(3028, 130, 3024),
(3029, 130, 3025),
(3030, 130, 3026),
(3031, 130, 3027),
(3032, 130, 3028),
(3033, 130, 3029),
(3034, 130, 3030),
(3035, 130, 3031),
(3036, 130, 3032),
(3037, 130, 3033),
(3038, 130, 3034),
(3039, 130, 3035),
(3040, 130, 3036),
(3041, 130, 3037),
(3042, 130, 3038),
(3043, 130, 3039),
(3044, 130, 3040),
(3045, 130, 3041),
(3046, 130, 3042),
(3047, 130, 3043),
(3048, 130, 3044),
(3049, 130, 3045),
(3050, 130, 3046),
(3051, 130, 3047),
(3052, 130, 3048),
(3053, 130, 3049),
(3054, 130, 3050),
(3055, 130, 3051),
(3056, 130, 3052),
(3057, 130, 3053),
(3058, 130, 3054),
(3059, 130, 3055),
(3060, 130, 3056),
(3061, 130, 3057),
(3062, 130, 3058),
(3063, 130, 3059),
(3064, 130, 3060),
(3065, 130, 3061),
(3066, 130, 3062),
(3067, 130, 3063);
INSERT INTO `eav_attribute_option` (`option_id`, `attribute_id`, `sort_order`) VALUES
(3068, 130, 3064),
(3069, 130, 3065),
(3070, 130, 3066),
(3071, 130, 3067),
(3072, 130, 3068),
(3073, 130, 3069),
(3074, 130, 3070),
(3075, 130, 3071),
(3076, 130, 3072),
(3077, 130, 3073),
(3078, 130, 3074),
(3079, 130, 3075),
(3080, 130, 3076),
(3081, 130, 3077),
(3082, 130, 3078),
(3083, 130, 3079),
(3084, 130, 3080),
(3085, 130, 3081),
(3086, 130, 3082),
(3087, 130, 3083),
(3088, 130, 3084),
(3089, 130, 3085),
(3090, 130, 3086),
(3091, 130, 3087),
(3092, 130, 3088),
(3093, 130, 3089),
(3094, 130, 3090),
(3095, 130, 3091),
(3096, 130, 3092),
(3097, 130, 3093),
(3098, 130, 3094),
(3099, 130, 3095),
(3100, 130, 3096),
(3101, 130, 3097),
(3102, 130, 3098),
(3103, 130, 3099),
(3104, 130, 3100),
(3105, 130, 3101),
(3106, 130, 3102),
(3107, 130, 3103),
(3108, 130, 3104),
(3109, 130, 3105),
(3110, 130, 3106),
(3111, 130, 3107),
(3112, 130, 3108),
(3113, 130, 3109),
(3114, 130, 3110),
(3115, 130, 3111),
(3116, 130, 3112),
(3117, 130, 3113),
(3118, 130, 3114),
(3119, 130, 3115),
(3120, 130, 3116),
(3121, 130, 3117),
(3122, 130, 3118),
(3123, 130, 3119),
(3124, 130, 3120),
(3125, 130, 3121),
(3126, 130, 3122),
(3127, 130, 3123),
(3128, 130, 3124),
(3129, 130, 3125),
(3130, 130, 3126),
(3131, 130, 3127),
(3132, 130, 3128),
(3133, 130, 3129),
(3134, 130, 3130),
(3135, 130, 3131),
(3136, 130, 3132),
(3137, 130, 3133),
(3138, 130, 3134),
(3139, 130, 3135),
(3140, 130, 3136),
(3141, 130, 3137),
(3142, 130, 3138),
(3143, 130, 3139),
(3144, 130, 3140),
(3145, 130, 3141),
(3146, 130, 3142),
(3147, 130, 3143),
(3148, 130, 3144),
(3149, 130, 3145),
(3150, 130, 3146),
(3151, 130, 3147),
(3152, 130, 3148),
(3153, 130, 3149),
(3154, 130, 3150),
(3155, 130, 3151),
(3156, 130, 3152),
(3157, 130, 3153),
(3158, 130, 3154),
(3159, 130, 3155),
(3160, 130, 3156),
(3161, 130, 3157),
(3162, 130, 3158),
(3163, 130, 3159),
(3164, 130, 3160),
(3165, 130, 3161),
(3166, 130, 3162),
(3167, 130, 3163),
(3168, 130, 3164),
(3169, 130, 3165),
(3170, 130, 3166),
(3171, 130, 3167),
(3172, 130, 3168),
(3173, 130, 3169),
(3174, 130, 3170),
(3175, 130, 3171),
(3176, 130, 3172),
(3177, 130, 3173),
(3178, 130, 3174),
(3179, 130, 3175),
(3180, 130, 3176),
(3181, 130, 3177),
(3182, 130, 3178),
(3183, 130, 3179),
(3184, 130, 3180),
(3185, 130, 3181),
(3186, 130, 3182),
(3187, 130, 3183),
(3188, 130, 3184),
(3189, 130, 3185),
(3190, 130, 3186),
(3191, 130, 3187),
(3192, 130, 3188),
(3193, 130, 3189),
(3194, 130, 3190),
(3195, 130, 3191),
(3196, 130, 3192),
(3197, 130, 3193),
(3198, 130, 3194),
(3199, 130, 3195),
(3200, 130, 3196),
(3201, 130, 3197),
(3202, 130, 3198),
(3203, 130, 3199),
(3204, 130, 3200),
(3205, 130, 3201),
(3206, 130, 3202),
(3207, 130, 3203),
(3208, 130, 3204),
(3209, 130, 3205),
(3210, 130, 3206),
(3211, 130, 3207),
(3212, 130, 3208),
(3213, 130, 3209),
(3214, 130, 3210),
(3215, 130, 3211),
(3216, 130, 3212),
(3217, 130, 3213),
(3218, 130, 3214),
(3219, 130, 3215),
(3220, 130, 3216),
(3221, 130, 3217),
(3222, 130, 3218),
(3223, 130, 3219),
(3224, 130, 3220),
(3225, 130, 3221),
(3226, 130, 3222),
(3227, 130, 3223),
(3228, 130, 3224),
(3229, 130, 3225),
(3230, 130, 3226),
(3231, 130, 3227),
(3232, 130, 3228),
(3233, 130, 3229),
(3234, 130, 3230),
(3235, 130, 3231),
(3236, 130, 3232),
(3237, 130, 3233),
(3238, 130, 3234),
(3239, 130, 3235),
(3240, 130, 3236),
(3241, 130, 3237),
(3242, 130, 3238),
(3243, 130, 3239),
(3244, 130, 3240),
(3245, 130, 3241),
(3246, 130, 3242),
(3247, 130, 3243),
(3248, 130, 3244),
(3249, 130, 3245),
(3250, 130, 3246),
(3251, 130, 3247),
(3252, 130, 3248),
(3253, 130, 3249),
(3254, 130, 3250),
(3255, 130, 3251),
(3256, 130, 3252),
(3257, 130, 3253),
(3258, 130, 3254),
(3259, 130, 3255),
(3260, 130, 3256),
(3261, 130, 3257),
(3262, 130, 3258),
(3263, 130, 3259),
(3264, 130, 3260),
(3265, 130, 3261),
(3266, 130, 3262),
(3267, 130, 3263),
(3268, 130, 3264),
(3269, 130, 3265),
(3270, 130, 3266),
(3271, 130, 3267),
(3272, 130, 3268),
(3273, 130, 3269),
(3274, 130, 3270),
(3275, 130, 3271),
(3276, 130, 3272),
(3277, 130, 3273),
(3278, 130, 3274),
(3279, 130, 3275),
(3280, 130, 3276),
(3281, 130, 3277),
(3282, 130, 3278),
(3283, 130, 3279),
(3284, 130, 3280),
(3285, 130, 3281),
(3286, 130, 3282),
(3287, 130, 3283),
(3288, 130, 3284),
(3289, 130, 3285),
(3290, 130, 3286),
(3291, 130, 3287),
(3292, 130, 3288),
(3293, 130, 3289),
(3294, 130, 3290),
(3295, 130, 3291),
(3296, 130, 3292),
(3297, 130, 3293),
(3298, 130, 3294),
(3299, 130, 3295),
(3300, 130, 3296),
(3301, 130, 3297),
(3302, 130, 3298),
(3303, 130, 3299),
(3304, 130, 3300),
(3305, 130, 3301),
(3306, 130, 3302),
(3307, 130, 3303),
(3308, 130, 3304),
(3309, 130, 3305),
(3310, 130, 3306),
(3311, 130, 3307),
(3312, 130, 3308),
(3313, 130, 3309),
(3314, 130, 3310),
(3315, 130, 3311),
(3316, 130, 3312),
(3317, 130, 3313),
(3318, 130, 3314),
(3319, 130, 3315),
(3320, 130, 3316),
(3321, 130, 3317),
(3322, 130, 3318),
(3323, 130, 3319),
(3324, 130, 3320),
(3325, 130, 3321),
(3326, 130, 3322),
(3327, 130, 3323),
(3328, 130, 3324),
(3329, 130, 3325),
(3330, 130, 3326),
(3331, 130, 3327),
(3332, 130, 3328),
(3333, 130, 3329),
(3334, 130, 3330),
(3335, 130, 3331),
(3336, 130, 3332),
(3337, 130, 3333),
(3338, 130, 3334),
(3339, 130, 3335),
(3340, 130, 3336),
(3341, 130, 3337),
(3342, 130, 3338),
(3343, 130, 3339),
(3344, 130, 3340),
(3345, 130, 3341),
(3346, 130, 3342),
(3347, 130, 3343),
(3348, 130, 3344),
(3349, 130, 3345),
(3350, 130, 3346),
(3351, 130, 3347),
(3352, 130, 3348),
(3353, 130, 3349),
(3354, 130, 3350),
(3355, 130, 3351),
(3356, 130, 3352),
(3357, 130, 3353),
(3358, 130, 3354),
(3359, 130, 3355),
(3360, 130, 3356),
(3361, 130, 3357),
(3362, 130, 3358),
(3363, 130, 3359),
(3364, 130, 3360),
(3365, 130, 3361),
(3366, 130, 3362),
(3367, 130, 3363),
(3368, 130, 3364),
(3369, 130, 3365),
(3370, 130, 3366),
(3371, 130, 3367),
(3372, 130, 3368),
(3373, 130, 3369),
(3374, 130, 3370),
(3375, 130, 3371),
(3376, 130, 3372),
(3377, 130, 3373),
(3378, 130, 3374),
(3379, 130, 3375),
(3380, 130, 3376),
(3381, 130, 3377),
(3382, 130, 3378),
(3383, 130, 3379),
(3384, 130, 3380),
(3385, 130, 3381),
(3386, 130, 3382),
(3387, 130, 3383),
(3388, 130, 3384),
(3389, 130, 3385),
(3390, 130, 3386),
(3391, 130, 3387),
(3392, 130, 3388),
(3393, 130, 3389),
(3394, 130, 3390),
(3395, 130, 3391),
(3396, 130, 3392),
(3397, 130, 3393),
(3398, 130, 3394),
(3399, 130, 3395),
(3400, 130, 3396),
(3401, 130, 3397),
(3402, 130, 3398),
(3403, 130, 3399),
(3404, 130, 3400),
(3405, 130, 3401),
(3406, 130, 3402),
(3407, 130, 3403),
(3408, 130, 3404),
(3409, 130, 3405),
(3410, 130, 3406),
(3411, 130, 3407),
(3412, 130, 3408),
(3413, 130, 3409),
(3414, 130, 3410),
(3415, 130, 3411),
(3416, 130, 3412),
(3417, 130, 3413),
(3418, 130, 3414),
(3419, 130, 3415),
(3420, 130, 3416),
(3421, 130, 3417),
(3422, 130, 3418),
(3423, 130, 3419),
(3424, 130, 3420),
(3425, 130, 3421),
(3426, 130, 3422),
(3427, 130, 3423),
(3428, 130, 3424),
(3429, 130, 3425),
(3430, 130, 3426),
(3431, 130, 3427),
(3432, 130, 3428),
(3433, 130, 3429),
(3434, 130, 3430),
(3435, 130, 3431),
(3436, 130, 3432),
(3437, 130, 3433),
(3438, 130, 3434),
(3439, 130, 3435),
(3440, 130, 3436),
(3441, 130, 3437),
(3442, 130, 3438),
(3443, 130, 3439),
(3444, 130, 3440),
(3445, 130, 3441),
(3446, 130, 3442),
(3447, 130, 3443),
(3448, 130, 3444),
(3449, 130, 3445),
(3450, 130, 3446),
(3451, 130, 3447),
(3452, 130, 3448),
(3453, 130, 3449),
(3454, 130, 3450),
(3455, 130, 3451),
(3456, 130, 3452),
(3457, 130, 3453),
(3458, 130, 3454),
(3459, 130, 3455),
(3460, 130, 3456),
(3461, 130, 3457),
(3462, 130, 3458),
(3463, 130, 3459),
(3464, 130, 3460),
(3465, 130, 3461),
(3466, 130, 3462),
(3467, 130, 3463),
(3468, 130, 3464),
(3469, 130, 3465),
(3470, 130, 3466),
(3471, 130, 3467),
(3472, 130, 3468),
(3473, 130, 3469),
(3474, 130, 3470),
(3475, 130, 3471),
(3476, 130, 3472),
(3477, 130, 3473),
(3478, 130, 3474),
(3479, 130, 3475),
(3480, 130, 3476),
(3481, 130, 3477),
(3482, 130, 3478),
(3483, 130, 3479),
(3484, 130, 3480),
(3485, 130, 3481),
(3486, 130, 3482),
(3487, 130, 3483),
(3488, 130, 3484),
(3489, 130, 3485),
(3490, 130, 3486),
(3491, 130, 3487),
(3492, 130, 3488),
(3493, 130, 3489),
(3494, 130, 3490),
(3495, 130, 3491),
(3496, 130, 3492),
(3497, 130, 3493),
(3498, 130, 3494),
(3499, 130, 3495),
(3500, 130, 3496),
(3501, 130, 3497),
(3502, 130, 3498),
(3503, 130, 3499),
(3504, 130, 3500),
(3505, 130, 3501),
(3506, 130, 3502),
(3507, 130, 3503),
(3508, 130, 3504),
(3509, 130, 3505),
(3510, 130, 3506),
(3511, 130, 3507),
(3512, 130, 3508),
(3513, 130, 3509),
(3514, 130, 3510),
(3515, 130, 3511),
(3516, 130, 3512),
(3517, 130, 3513),
(3518, 130, 3514),
(3519, 130, 3515),
(3520, 130, 3516),
(3521, 130, 3517),
(3522, 130, 3518),
(3523, 130, 3519),
(3524, 130, 3520),
(3525, 130, 3521),
(3526, 130, 3522),
(3527, 130, 3523),
(3528, 130, 3524),
(3529, 130, 3525),
(3530, 130, 3526),
(3531, 130, 3527),
(3532, 130, 3528),
(3533, 130, 3529),
(3534, 130, 3530),
(3535, 130, 3531),
(3536, 130, 3532),
(3537, 130, 3533),
(3538, 130, 3534),
(3539, 130, 3535),
(3540, 130, 3536),
(3541, 130, 3537),
(3542, 130, 3538),
(3543, 130, 3539),
(3544, 130, 3540),
(3545, 130, 3541),
(3546, 130, 3542),
(3547, 130, 3543),
(3548, 130, 3544),
(3549, 130, 3545),
(3550, 130, 3546),
(3551, 130, 3547),
(3552, 130, 3548),
(3553, 130, 3549),
(3554, 130, 3550),
(3555, 130, 3551),
(3556, 130, 3552),
(3557, 130, 3553),
(3558, 130, 3554),
(3559, 130, 3555),
(3560, 130, 3556),
(3561, 130, 3557),
(3562, 130, 3558),
(3563, 130, 3559),
(3564, 130, 3560),
(3565, 130, 3561),
(3566, 130, 3562),
(3567, 130, 3563),
(3568, 130, 3564),
(3569, 130, 3565),
(3570, 130, 3566),
(3571, 130, 3567),
(3572, 130, 3568),
(3573, 130, 3569),
(3574, 130, 3570),
(3575, 130, 3571),
(3576, 130, 3572),
(3577, 130, 3573),
(3578, 130, 3574),
(3579, 130, 3575),
(3580, 130, 3576),
(3581, 130, 3577),
(3582, 130, 3578),
(3583, 130, 3579),
(3584, 130, 3580),
(3585, 130, 3581),
(3586, 130, 3582),
(3587, 130, 3583),
(3588, 130, 3584),
(3589, 130, 3585),
(3590, 130, 3586),
(3591, 130, 3587),
(3592, 130, 3588),
(3593, 130, 3589),
(3594, 130, 3590),
(3595, 130, 3591),
(3596, 130, 3592),
(3597, 130, 3593),
(3598, 130, 3594),
(3599, 130, 3595),
(3600, 130, 3596),
(3601, 130, 3597),
(3602, 130, 3598),
(3603, 130, 3599),
(3604, 130, 3600),
(3605, 130, 3601),
(3606, 130, 3602),
(3607, 130, 3603),
(3608, 130, 3604),
(3609, 130, 3605),
(3610, 130, 3606),
(3611, 130, 3607),
(3612, 130, 3608),
(3613, 130, 3609),
(3614, 130, 3610),
(3615, 130, 3611),
(3616, 130, 3612),
(3617, 130, 3613),
(3618, 130, 3614),
(3619, 130, 3615),
(3620, 130, 3616),
(3621, 130, 3617),
(3622, 130, 3618),
(3623, 130, 3619),
(3624, 130, 3620),
(3625, 130, 3621),
(3626, 130, 3622),
(3627, 130, 3623),
(3628, 130, 3624),
(3629, 130, 3625),
(3630, 130, 3626),
(3631, 130, 3627),
(3632, 130, 3628),
(3633, 130, 3629),
(3634, 130, 3630),
(3635, 130, 3631),
(3636, 130, 3632),
(3637, 130, 3633),
(3638, 130, 3634),
(3639, 130, 3635),
(3640, 130, 3636),
(3641, 130, 3637),
(3642, 130, 3638),
(3643, 130, 3639),
(3644, 130, 3640),
(3645, 130, 3641),
(3646, 130, 3642),
(3647, 130, 3643),
(3648, 130, 3644),
(3649, 130, 3645),
(3650, 130, 3646),
(3651, 130, 3647),
(3652, 130, 3648),
(3653, 130, 3649),
(3654, 130, 3650),
(3655, 130, 3651),
(3656, 130, 3652),
(3657, 130, 3653),
(3658, 130, 3654),
(3659, 130, 3655),
(3660, 130, 3656),
(3661, 130, 3657),
(3662, 130, 3658),
(3663, 130, 3659),
(3664, 130, 3660),
(3665, 130, 3661),
(3666, 130, 3662),
(3667, 130, 3663),
(3668, 130, 3664),
(3669, 130, 3665),
(3670, 130, 3666),
(3671, 130, 3667),
(3672, 130, 3668),
(3673, 130, 3669),
(3674, 130, 3670),
(3675, 130, 3671),
(3676, 130, 3672),
(3677, 130, 3673),
(3678, 130, 3674),
(3679, 130, 3675),
(3680, 130, 3676),
(3681, 130, 3677),
(3682, 130, 3678),
(3683, 130, 3679),
(3684, 130, 3680),
(3685, 130, 3681),
(3686, 130, 3682),
(3687, 130, 3683),
(3688, 130, 3684),
(3689, 130, 3685),
(3690, 130, 3686),
(3691, 130, 3687),
(3692, 130, 3688),
(3693, 130, 3689),
(3694, 130, 3690),
(3695, 130, 3691),
(3696, 130, 3692),
(3697, 130, 3693),
(3698, 130, 3694),
(3699, 130, 3695),
(3700, 130, 3696),
(3701, 130, 3697),
(3702, 130, 3698),
(3703, 130, 3699),
(3704, 130, 3700),
(3705, 130, 3701),
(3706, 130, 3702),
(3707, 130, 3703),
(3708, 130, 3704),
(3709, 130, 3705),
(3710, 130, 3706),
(3711, 130, 3707),
(3712, 130, 3708),
(3713, 130, 3709),
(3714, 130, 3710),
(3715, 130, 3711),
(3716, 130, 3712),
(3717, 130, 3713),
(3718, 130, 3714),
(3719, 130, 3715),
(3720, 130, 3716),
(3721, 130, 3717),
(3722, 130, 3718),
(3723, 130, 3719),
(3724, 130, 3720),
(3725, 130, 3721),
(3726, 130, 3722),
(3727, 130, 3723),
(3728, 130, 3724),
(3729, 130, 3725),
(3730, 130, 3726),
(3731, 130, 3727),
(3732, 130, 3728),
(3733, 130, 3729),
(3734, 130, 3730),
(3735, 130, 3731),
(3736, 130, 3732),
(3737, 130, 3733),
(3738, 130, 3734),
(3739, 130, 3735),
(3740, 130, 3736),
(3741, 130, 3737),
(3742, 130, 3738),
(3743, 130, 3739),
(3744, 130, 3740),
(3745, 130, 3741),
(3746, 130, 3742),
(3747, 130, 3743),
(3748, 130, 3744),
(3749, 130, 3745),
(3750, 130, 3746),
(3751, 130, 3747),
(3752, 130, 3748),
(3753, 130, 3749),
(3754, 130, 3750),
(3755, 130, 3751),
(3756, 130, 3752),
(3757, 130, 3753),
(3758, 130, 3754),
(3759, 130, 3755),
(3760, 130, 3756),
(3761, 130, 3757),
(3762, 130, 3758),
(3763, 130, 3759),
(3764, 130, 3760),
(3765, 130, 3761),
(3766, 130, 3762),
(3767, 130, 3763),
(3768, 130, 3764),
(3769, 130, 3765),
(3770, 130, 3766),
(3771, 130, 3767),
(3772, 130, 3768),
(3773, 130, 3769),
(3774, 130, 3770),
(3775, 130, 3771),
(3776, 130, 3772),
(3777, 130, 3773),
(3778, 130, 3774),
(3779, 130, 3775),
(3780, 130, 3776),
(3781, 130, 3777),
(3782, 130, 3778),
(3783, 130, 3779),
(3784, 130, 3780),
(3785, 130, 3781),
(3786, 130, 3782),
(3787, 130, 3783),
(3788, 130, 3784),
(3789, 130, 3785),
(3790, 130, 3786),
(3791, 130, 3787),
(3792, 130, 3788),
(3793, 130, 3789),
(3794, 130, 3790),
(3795, 130, 3791),
(3796, 130, 3792),
(3797, 130, 3793),
(3798, 130, 3794),
(3799, 130, 3795),
(3800, 130, 3796),
(3801, 130, 3797),
(3802, 130, 3798),
(3803, 130, 3799),
(3804, 130, 3800),
(3805, 130, 3801),
(3806, 130, 3802),
(3807, 130, 3803),
(3808, 130, 3804),
(3809, 130, 3805),
(3810, 130, 3806),
(3811, 130, 3807),
(3812, 130, 3808),
(3813, 130, 3809),
(3814, 130, 3810),
(3815, 130, 3811),
(3816, 130, 3812),
(3817, 130, 3813),
(3818, 130, 3814),
(3819, 130, 3815),
(3820, 130, 3816),
(3821, 130, 3817),
(3822, 130, 3818),
(3823, 130, 3819),
(3824, 130, 3820),
(3825, 130, 3821),
(3826, 130, 3822),
(3827, 130, 3823),
(3828, 130, 3824),
(3829, 130, 3825),
(3830, 130, 3826),
(3831, 130, 3827),
(3832, 130, 3828),
(3833, 130, 3829),
(3834, 130, 3830),
(3835, 130, 3831),
(3836, 130, 3832),
(3837, 130, 3833),
(3838, 130, 3834),
(3839, 130, 3835),
(3840, 130, 3836),
(3841, 130, 3837),
(3842, 130, 3838),
(3843, 130, 3839),
(3844, 130, 3840),
(3845, 130, 3841),
(3846, 130, 3842),
(3847, 130, 3843),
(3848, 130, 3844),
(3849, 130, 3845),
(3850, 130, 3846),
(3851, 130, 3847),
(3852, 130, 3848),
(3853, 130, 3849),
(3854, 130, 3850),
(3855, 130, 3851),
(3856, 130, 3852),
(3857, 130, 3853),
(3858, 130, 3854),
(3859, 130, 3855),
(3860, 130, 3856),
(3861, 130, 3857),
(3862, 130, 3858),
(3863, 130, 3859),
(3864, 130, 3860),
(3865, 130, 3861),
(3866, 130, 3862),
(3867, 130, 3863),
(3868, 130, 3864),
(3869, 130, 3865),
(3870, 130, 3866),
(3871, 130, 3867),
(3872, 130, 3868),
(3873, 130, 3869),
(3874, 130, 3870),
(3875, 130, 3871),
(3876, 130, 3872),
(3877, 130, 3873),
(3878, 130, 3874),
(3879, 130, 3875),
(3880, 130, 3876),
(3881, 130, 3877),
(3882, 130, 3878),
(3883, 130, 3879),
(3884, 130, 3880),
(3885, 130, 3881),
(3886, 130, 3882),
(3887, 130, 3883),
(3888, 130, 3884),
(3889, 130, 3885),
(3890, 130, 3886),
(3891, 130, 3887),
(3892, 130, 3888),
(3893, 130, 3889),
(3894, 130, 3890),
(3895, 130, 3891),
(3896, 130, 3892),
(3897, 130, 3893),
(3898, 130, 3894),
(3899, 130, 3895),
(3900, 130, 3896),
(3901, 130, 3897),
(3902, 130, 3898),
(3903, 130, 3899),
(3904, 130, 3900),
(3905, 130, 3901),
(3906, 130, 3902),
(3907, 130, 3903),
(3908, 130, 3904),
(3909, 130, 3905),
(3910, 130, 3906),
(3911, 130, 3907),
(3912, 130, 3908),
(3913, 130, 3909),
(3914, 130, 3910),
(3915, 130, 3911),
(3916, 130, 3912),
(3917, 130, 3913),
(3918, 130, 3914),
(3919, 130, 3915),
(3920, 130, 3916),
(3921, 130, 3917),
(3922, 130, 3918),
(3923, 130, 3919),
(3924, 130, 3920),
(3925, 130, 3921),
(3926, 130, 3922),
(3927, 130, 3923),
(3928, 130, 3924),
(3929, 130, 3925),
(3930, 130, 3926),
(3931, 130, 3927),
(3932, 130, 3928),
(3933, 130, 3929),
(3934, 130, 3930),
(3935, 130, 3931),
(3936, 130, 3932),
(3937, 130, 3933),
(3938, 130, 3934),
(3939, 130, 3935),
(3940, 130, 3936),
(3941, 130, 3937),
(3942, 130, 3938),
(3943, 130, 3939),
(3944, 130, 3940),
(3945, 130, 3941),
(3946, 130, 3942),
(3947, 130, 3943),
(3948, 130, 3944),
(3949, 130, 3945),
(3950, 130, 3946),
(3951, 130, 3947),
(3952, 130, 3948),
(3953, 130, 3949),
(3954, 130, 3950),
(3955, 130, 3951),
(3956, 130, 3952),
(3957, 130, 3953),
(3958, 130, 3954),
(3959, 130, 3955),
(3960, 130, 3956),
(3961, 130, 3957),
(3962, 130, 3958),
(3963, 130, 3959),
(3964, 130, 3960),
(3965, 130, 3961),
(3966, 130, 3962),
(3967, 130, 3963),
(3968, 130, 3964),
(3969, 130, 3965),
(3970, 130, 3966),
(3971, 130, 3967),
(3972, 130, 3968),
(3973, 130, 3969),
(3974, 130, 3970),
(3975, 130, 3971),
(3976, 130, 3972),
(3977, 130, 3973),
(3978, 130, 3974),
(3979, 130, 3975),
(3980, 130, 3976),
(3981, 130, 3977),
(3982, 130, 3978),
(3983, 130, 3979),
(3984, 130, 3980),
(3985, 130, 3981),
(3986, 130, 3982),
(3987, 130, 3983),
(3988, 130, 3984),
(3989, 130, 3985),
(3990, 130, 3986),
(3991, 130, 3987),
(3992, 130, 3988),
(3993, 130, 3989),
(3994, 130, 3990),
(3995, 130, 3991),
(3996, 130, 3992),
(3997, 130, 3993),
(3998, 130, 3994),
(3999, 130, 3995),
(4000, 130, 3996),
(4001, 130, 3997),
(4002, 130, 3998),
(4003, 130, 3999),
(4004, 130, 4000),
(4005, 130, 4001),
(4006, 130, 4002),
(4007, 130, 4003),
(4008, 130, 4004),
(4009, 130, 4005),
(4010, 130, 4006),
(4011, 130, 4007),
(4012, 130, 4008),
(4013, 130, 4009),
(4014, 130, 4010),
(4015, 130, 4011),
(4016, 130, 4012),
(4017, 130, 4013),
(4018, 130, 4014),
(4019, 130, 4015),
(4020, 130, 4016),
(4021, 130, 4017),
(4022, 130, 4018),
(4023, 130, 4019),
(4024, 130, 4020),
(4025, 130, 4021),
(4026, 130, 4022),
(4027, 130, 4023),
(4028, 130, 4024),
(4029, 130, 4025),
(4030, 130, 4026),
(4031, 130, 4027),
(4032, 130, 4028),
(4033, 130, 4029),
(4034, 130, 4030),
(4035, 130, 4031),
(4036, 130, 4032),
(4037, 130, 4033),
(4038, 130, 4034),
(4039, 130, 4035),
(4040, 130, 4036),
(4041, 130, 4037),
(4042, 130, 4038),
(4043, 130, 4039),
(4044, 130, 4040),
(4045, 130, 4041),
(4046, 130, 4042),
(4047, 130, 4043),
(4048, 130, 4044),
(4049, 130, 4045),
(4050, 130, 4046),
(4051, 130, 4047),
(4052, 130, 4048),
(4053, 130, 4049),
(4054, 130, 4050),
(4055, 130, 4051),
(4056, 130, 4052),
(4057, 130, 4053),
(4058, 130, 4054),
(4059, 130, 4055),
(4060, 130, 4056),
(4061, 130, 4057),
(4062, 130, 4058),
(4063, 130, 4059),
(4064, 130, 4060),
(4065, 130, 4061),
(4066, 130, 4062),
(4067, 130, 4063),
(4068, 130, 4064),
(4069, 130, 4065),
(4070, 130, 4066),
(4071, 130, 4067),
(4072, 130, 4068),
(4073, 130, 4069),
(4074, 130, 4070),
(4075, 130, 4071),
(4076, 130, 4072),
(4077, 130, 4073),
(4078, 130, 4074),
(4079, 130, 4075),
(4080, 130, 4076),
(4081, 130, 4077),
(4082, 130, 4078),
(4083, 130, 4079),
(4084, 130, 4080),
(4085, 130, 4081),
(4086, 130, 4082),
(4087, 130, 4083),
(4088, 130, 4084),
(4089, 130, 4085),
(4090, 130, 4086),
(4091, 130, 4087),
(4092, 130, 4088),
(4093, 130, 4089),
(4094, 130, 4090),
(4095, 130, 4091),
(4096, 130, 4092),
(4097, 130, 4093),
(4098, 130, 4094),
(4099, 130, 4095),
(4100, 130, 4096),
(4101, 130, 4097),
(4102, 130, 4098),
(4103, 130, 4099),
(4104, 130, 4100),
(4105, 130, 4101),
(4106, 130, 4102),
(4107, 130, 4103),
(4108, 130, 4104),
(4109, 130, 4105),
(4110, 130, 4106),
(4111, 130, 4107),
(4112, 130, 4108),
(4113, 130, 4109),
(4114, 130, 4110),
(4115, 130, 4111),
(4116, 130, 4112),
(4117, 130, 4113),
(4118, 130, 4114),
(4119, 130, 4115),
(4120, 130, 4116),
(4121, 130, 4117),
(4122, 130, 4118),
(4123, 130, 4119),
(4124, 130, 4120),
(4125, 130, 4121),
(4126, 130, 4122),
(4127, 130, 4123),
(4128, 130, 4124),
(4129, 130, 4125),
(4130, 130, 4126),
(4131, 130, 4127),
(4132, 130, 4128),
(4133, 130, 4129),
(4134, 130, 4130),
(4135, 130, 4131),
(4136, 130, 4132),
(4137, 130, 4133),
(4138, 130, 4134),
(4139, 130, 4135),
(4140, 130, 4136),
(4141, 130, 4137),
(4142, 130, 4138),
(4143, 130, 4139),
(4144, 130, 4140),
(4145, 130, 4141),
(4146, 130, 4142),
(4147, 130, 4143),
(4148, 130, 4144),
(4149, 130, 4145),
(4150, 130, 4146),
(4151, 130, 4147),
(4152, 130, 4148),
(4153, 130, 4149),
(4154, 130, 4150),
(4155, 130, 4151),
(4156, 130, 4152),
(4157, 130, 4153),
(4158, 130, 4154),
(4159, 130, 4155),
(4160, 130, 4156),
(4161, 130, 4157),
(4162, 130, 4158),
(4163, 130, 4159),
(4164, 130, 4160),
(4165, 130, 4161),
(4166, 130, 4162),
(4167, 130, 4163),
(4168, 130, 4164),
(4169, 130, 4165),
(4170, 130, 4166),
(4171, 130, 4167),
(4172, 130, 4168),
(4173, 130, 4169),
(4174, 130, 4170),
(4175, 130, 4171),
(4176, 130, 4172),
(4177, 130, 4173),
(4178, 130, 4174),
(4179, 130, 4175),
(4180, 130, 4176),
(4181, 130, 4177),
(4182, 130, 4178),
(4183, 130, 4179),
(4184, 130, 4180),
(4185, 130, 4181),
(4186, 130, 4182),
(4187, 130, 4183),
(4188, 130, 4184),
(4189, 130, 4185),
(4190, 130, 4186),
(4191, 130, 4187),
(4192, 130, 4188),
(4193, 130, 4189),
(4194, 130, 4190),
(4195, 130, 4191),
(4196, 130, 4192),
(4197, 130, 4193),
(4198, 130, 4194),
(4199, 130, 4195),
(4200, 130, 4196),
(4201, 130, 4197),
(4202, 130, 4198),
(4203, 130, 4199),
(4204, 130, 4200),
(4205, 130, 4201),
(4206, 130, 4202),
(4207, 130, 4203),
(4208, 130, 4204),
(4209, 130, 4205),
(4210, 130, 4206),
(4211, 130, 4207),
(4212, 130, 4208),
(4213, 130, 4209),
(4214, 130, 4210),
(4215, 130, 4211),
(4216, 130, 4212),
(4217, 130, 4213),
(4218, 130, 4214),
(4219, 130, 4215),
(4220, 130, 4216),
(4221, 130, 4217),
(4222, 130, 4218),
(4223, 130, 4219),
(4224, 130, 4220),
(4225, 130, 4221),
(4226, 130, 4222),
(4227, 130, 4223),
(4228, 130, 4224),
(4229, 130, 4225),
(4230, 130, 4226),
(4231, 130, 4227),
(4232, 130, 4228),
(4233, 130, 4229),
(4234, 130, 4230),
(4235, 130, 4231),
(4236, 130, 4232),
(4237, 130, 4233),
(4238, 130, 4234),
(4239, 130, 4235),
(4240, 130, 4236),
(4241, 130, 4237),
(4242, 130, 4238),
(4243, 130, 4239),
(4244, 130, 4240),
(4245, 130, 4241),
(4246, 130, 4242),
(4247, 130, 4243),
(4248, 130, 4244),
(4249, 130, 4245),
(4250, 130, 4246),
(4251, 130, 4247),
(4252, 130, 4248),
(4253, 130, 4249),
(4254, 130, 4250),
(4255, 130, 4251),
(4256, 130, 4252),
(4257, 130, 4253),
(4258, 130, 4254),
(4259, 130, 4255),
(4260, 130, 4256),
(4261, 130, 4257),
(4262, 130, 4258),
(4263, 130, 4259),
(4264, 130, 4260),
(4265, 130, 4261),
(4266, 130, 4262),
(4267, 130, 4263),
(4268, 130, 4264),
(4269, 130, 4265),
(4270, 130, 4266),
(4271, 130, 4267),
(4272, 130, 4268),
(4273, 130, 4269),
(4274, 130, 4270),
(4275, 130, 4271),
(4276, 130, 4272),
(4277, 130, 4273),
(4278, 130, 4274),
(4279, 130, 4275),
(4280, 130, 4276),
(4281, 130, 4277),
(4282, 130, 4278),
(4283, 130, 4279),
(4284, 130, 4280),
(4285, 130, 4281),
(4286, 130, 4282),
(4287, 130, 4283),
(4288, 130, 4284),
(4289, 130, 4285),
(4290, 130, 4286),
(4291, 130, 4287),
(4292, 130, 4288),
(4293, 130, 4289),
(4294, 130, 4290),
(4295, 130, 4291),
(4296, 130, 4292),
(4297, 130, 4293),
(4298, 130, 4294),
(4299, 130, 4295),
(4300, 130, 4296),
(4301, 130, 4297),
(4302, 130, 4298),
(4303, 130, 4299),
(4304, 130, 4300),
(4305, 130, 4301),
(4306, 130, 4302),
(4307, 130, 4303),
(4308, 130, 4304),
(4309, 130, 4305),
(4310, 130, 4306),
(4311, 130, 4307),
(4312, 130, 4308),
(4313, 130, 4309),
(4314, 130, 4310),
(4315, 130, 4311),
(4316, 130, 4312),
(4317, 130, 4313),
(4318, 130, 4314),
(4319, 130, 4315),
(4320, 130, 4316),
(4321, 130, 4317),
(4322, 130, 4318),
(4323, 130, 4319),
(4324, 130, 4320),
(4325, 130, 4321),
(4326, 130, 4322),
(4327, 130, 4323),
(4328, 130, 4324),
(4329, 130, 4325),
(4330, 130, 4326),
(4331, 130, 4327),
(4332, 130, 4328),
(4333, 130, 4329),
(4334, 130, 4330),
(4335, 130, 4331),
(4336, 130, 4332),
(4337, 130, 4333),
(4338, 130, 4334),
(4339, 130, 4335),
(4340, 130, 4336),
(4341, 130, 4337),
(4342, 130, 4338),
(4343, 130, 4339),
(4344, 130, 4340),
(4345, 130, 4341),
(4346, 130, 4342),
(4347, 130, 4343),
(4348, 130, 4344),
(4349, 130, 4345),
(4350, 130, 4346),
(4351, 130, 4347),
(4352, 130, 4348),
(4353, 130, 4349),
(4354, 130, 4350),
(4355, 130, 4351),
(4356, 130, 4352),
(4357, 130, 4353),
(4358, 130, 4354),
(4359, 130, 4355),
(4360, 130, 4356),
(4361, 130, 4357),
(4362, 130, 4358),
(4363, 130, 4359),
(4364, 130, 4360),
(4365, 130, 4361),
(4366, 130, 4362),
(4367, 130, 4363),
(4368, 130, 4364),
(4369, 130, 4365),
(4370, 130, 4366),
(4371, 130, 4367),
(4372, 130, 4368),
(4373, 130, 4369),
(4374, 130, 4370),
(4375, 130, 4371),
(4376, 130, 4372),
(4377, 130, 4373),
(4378, 130, 4374),
(4379, 130, 4375),
(4380, 130, 4376),
(4381, 130, 4377),
(4382, 130, 4378),
(4383, 130, 4379),
(4384, 130, 4380),
(4385, 130, 4381),
(4386, 130, 4382),
(4387, 130, 4383),
(4388, 130, 4384),
(4389, 130, 4385),
(4390, 130, 4386),
(4391, 130, 4387),
(4392, 130, 4388),
(4393, 130, 4389),
(4394, 130, 4390),
(4395, 130, 4391),
(4396, 130, 4392),
(4397, 130, 4393),
(4398, 130, 4394),
(4399, 130, 4395),
(4400, 130, 4396),
(4401, 130, 4397),
(4402, 130, 4398),
(4403, 130, 4399),
(4404, 130, 4400),
(4405, 130, 4401),
(4406, 130, 4402),
(4407, 130, 4403),
(4408, 130, 4404),
(4409, 130, 4405),
(4410, 130, 4406),
(4411, 130, 4407),
(4412, 130, 4408),
(4413, 130, 4409),
(4414, 130, 4410),
(4415, 130, 4411),
(4416, 130, 4412),
(4417, 130, 4413),
(4418, 130, 4414),
(4419, 130, 4415),
(4420, 130, 4416),
(4421, 130, 4417),
(4422, 130, 4418),
(4423, 130, 4419),
(4424, 130, 4420),
(4425, 130, 4421),
(4426, 130, 4422),
(4427, 130, 4423),
(4428, 130, 4424),
(4429, 130, 4425),
(4430, 130, 4426),
(4431, 130, 4427),
(4432, 130, 4428),
(4433, 130, 4429),
(4434, 130, 4430),
(4435, 130, 4431),
(4436, 130, 4432),
(4437, 130, 4433),
(4438, 130, 4434),
(4439, 130, 4435),
(4440, 130, 4436),
(4441, 130, 4437),
(4442, 130, 4438),
(4443, 130, 4439),
(4444, 130, 4440),
(4445, 130, 4441),
(4446, 130, 4442),
(4447, 130, 4443),
(4448, 130, 4444),
(4449, 130, 4445),
(4450, 130, 4446),
(4451, 130, 4447),
(4452, 130, 4448),
(4453, 130, 4449),
(4454, 130, 4450),
(4455, 130, 4451),
(4456, 130, 4452),
(4457, 130, 4453),
(4458, 130, 4454),
(4459, 130, 4455),
(4460, 130, 4456),
(4461, 130, 4457),
(4462, 130, 4458),
(4463, 130, 4459),
(4464, 130, 4460),
(4465, 130, 4461),
(4466, 130, 4462),
(4467, 130, 4463),
(4468, 130, 4464),
(4469, 130, 4465),
(4470, 130, 4466),
(4471, 130, 4467),
(4472, 130, 4468),
(4473, 130, 4469),
(4474, 130, 4470),
(4475, 130, 4471),
(4476, 130, 4472),
(4477, 130, 4473),
(4478, 130, 4474),
(4479, 130, 4475),
(4480, 130, 4476),
(4481, 130, 4477),
(4482, 130, 4478),
(4483, 130, 4479),
(4484, 130, 4480),
(4485, 130, 4481),
(4486, 130, 4482),
(4487, 130, 4483),
(4488, 130, 4484),
(4489, 130, 4485),
(4490, 130, 4486),
(4491, 130, 4487),
(4492, 130, 4488),
(4493, 130, 4489),
(4494, 130, 4490),
(4495, 130, 4491),
(4496, 130, 4492),
(4497, 130, 4493),
(4498, 130, 4494),
(4499, 130, 4495),
(4500, 130, 4496),
(4501, 130, 4497),
(4502, 130, 4498),
(4503, 130, 4499),
(4504, 130, 4500),
(4505, 130, 4501),
(4506, 130, 4502),
(4507, 130, 4503),
(4508, 130, 4504),
(4509, 130, 4505),
(4510, 130, 4506),
(4511, 130, 4507),
(4512, 130, 4508),
(4513, 130, 4509),
(4514, 130, 4510),
(4515, 130, 4511),
(4516, 130, 4512),
(4517, 130, 4513),
(4518, 130, 4514),
(4519, 130, 4515),
(4520, 130, 4516),
(4521, 130, 4517),
(4522, 130, 4518),
(4523, 130, 4519),
(4524, 130, 4520),
(4525, 130, 4521),
(4526, 130, 4522),
(4527, 130, 4523),
(4528, 130, 4524),
(4529, 130, 4525),
(4530, 130, 4526),
(4531, 130, 4527),
(4532, 130, 4528),
(4533, 130, 4529),
(4534, 130, 4530),
(4535, 130, 4531),
(4536, 130, 4532),
(4537, 130, 4533),
(4538, 130, 4534),
(4539, 130, 4535),
(4540, 130, 4536),
(4541, 130, 4537),
(4542, 130, 4538),
(4543, 130, 4539),
(4544, 130, 4540),
(4545, 130, 4541),
(4546, 130, 4542),
(4547, 130, 4543),
(4548, 130, 4544),
(4549, 130, 4545),
(4550, 130, 4546),
(4551, 130, 4547),
(4552, 130, 4548),
(4553, 130, 4549),
(4554, 130, 4550),
(4555, 130, 4551),
(4556, 130, 4552),
(4557, 130, 4553),
(4558, 130, 4554),
(4559, 130, 4555),
(4560, 130, 4556),
(4561, 130, 4557),
(4562, 130, 4558),
(4563, 130, 4559),
(4564, 130, 4560),
(4565, 130, 4561),
(4566, 130, 4562),
(4567, 130, 4563),
(4568, 130, 4564),
(4569, 130, 4565),
(4570, 130, 4566),
(4571, 130, 4567),
(4572, 130, 4568),
(4573, 130, 4569),
(4574, 130, 4570),
(4575, 130, 4571),
(4576, 130, 4572),
(4577, 130, 4573),
(4578, 130, 4574),
(4579, 130, 4575),
(4580, 130, 4576),
(4581, 130, 4577),
(4582, 130, 4578),
(4583, 130, 4579),
(4584, 130, 4580),
(4585, 130, 4581),
(4586, 130, 4582),
(4587, 130, 4583),
(4588, 130, 4584),
(4589, 130, 4585),
(4590, 130, 4586),
(4591, 130, 4587),
(4592, 130, 4588),
(4593, 130, 4589),
(4594, 130, 4590),
(4595, 130, 4591),
(4596, 130, 4592),
(4597, 130, 4593),
(4598, 130, 4594),
(4599, 130, 4595),
(4600, 130, 4596),
(4601, 130, 4597),
(4602, 130, 4598),
(4603, 130, 4599),
(4604, 130, 4600),
(4605, 130, 4601),
(4606, 130, 4602),
(4607, 130, 4603),
(4608, 130, 4604),
(4609, 130, 4605),
(4610, 130, 4606),
(4611, 130, 4607),
(4612, 130, 4608),
(4613, 130, 4609),
(4614, 130, 4610),
(4615, 130, 4611),
(4616, 130, 4612),
(4617, 130, 4613),
(4618, 130, 4614),
(4619, 130, 4615),
(4620, 130, 4616),
(4621, 130, 4617),
(4622, 130, 4618),
(4623, 130, 4619),
(4624, 130, 4620),
(4625, 130, 4621),
(4626, 130, 4622),
(4627, 130, 4623),
(4628, 130, 4624),
(4629, 130, 4625),
(4630, 130, 4626),
(4631, 130, 4627),
(4632, 130, 4628),
(4633, 130, 4629),
(4634, 130, 4630),
(4635, 130, 4631),
(4636, 130, 4632),
(4637, 130, 4633),
(4638, 130, 4634),
(4639, 130, 4635),
(4640, 130, 4636),
(4641, 130, 4637),
(4642, 130, 4638),
(4643, 130, 4639),
(4644, 130, 4640),
(4645, 130, 4641),
(4646, 130, 4642),
(4647, 130, 4643),
(4648, 130, 4644),
(4649, 130, 4645),
(4650, 130, 4646),
(4651, 130, 4647),
(4652, 130, 4648),
(4653, 130, 4649),
(4654, 130, 4650),
(4655, 130, 4651),
(4656, 130, 4652),
(4657, 130, 4653),
(4658, 130, 4654),
(4659, 130, 4655),
(4660, 130, 4656),
(4661, 130, 4657),
(4662, 130, 4658),
(4663, 130, 4659),
(4664, 130, 4660),
(4665, 130, 4661),
(4666, 130, 4662),
(4667, 130, 4663),
(4668, 130, 4664),
(4669, 130, 4665),
(4670, 130, 4666),
(4671, 130, 4667),
(4672, 130, 4668),
(4673, 130, 4669),
(4674, 130, 4670),
(4675, 130, 4671),
(4676, 130, 4672),
(4677, 130, 4673),
(4678, 130, 4674),
(4679, 130, 4675),
(4680, 130, 4676),
(4681, 130, 4677),
(4682, 130, 4678),
(4683, 130, 4679),
(4684, 130, 4680),
(4685, 130, 4681),
(4686, 130, 4682),
(4687, 130, 4683),
(4688, 130, 4684),
(4689, 130, 4685),
(4690, 130, 4686),
(4691, 130, 4687),
(4692, 130, 4688),
(4693, 130, 4689),
(4694, 130, 4690),
(4695, 130, 4691),
(4696, 130, 4692),
(4697, 130, 4693),
(4698, 130, 4694),
(4699, 130, 4695),
(4700, 130, 4696),
(4701, 130, 4697),
(4702, 130, 4698),
(4703, 130, 4699),
(4704, 130, 4700),
(4705, 130, 4701),
(4706, 130, 4702),
(4707, 130, 4703),
(4708, 130, 4704),
(4709, 130, 4705),
(4710, 130, 4706),
(4711, 130, 4707),
(4712, 130, 4708),
(4713, 130, 4709),
(4714, 130, 4710),
(4715, 130, 4711),
(4716, 130, 4712),
(4717, 130, 4713),
(4718, 130, 4714),
(4719, 130, 4715),
(4720, 130, 4716),
(4721, 130, 4717),
(4722, 130, 4718),
(4723, 130, 4719),
(4724, 130, 4720),
(4725, 130, 4721),
(4726, 130, 4722),
(4727, 130, 4723),
(4728, 130, 4724),
(4729, 130, 4725),
(4730, 130, 4726),
(4731, 130, 4727),
(4732, 130, 4728),
(4733, 130, 4729),
(4734, 130, 4730),
(4735, 130, 4731),
(4736, 130, 4732),
(4737, 130, 4733),
(4738, 130, 4734),
(4739, 130, 4735),
(4740, 130, 4736),
(4741, 130, 4737),
(4742, 130, 4738),
(4743, 130, 4739),
(4744, 130, 4740),
(4745, 130, 4741),
(4746, 130, 4742),
(4747, 130, 4743),
(4748, 130, 4744),
(4749, 130, 4745),
(4750, 130, 4746),
(4751, 130, 4747),
(4752, 130, 4748),
(4753, 130, 4749),
(4754, 130, 4750),
(4755, 130, 4751),
(4756, 130, 4752),
(4757, 130, 4753),
(4758, 130, 4754),
(4759, 130, 4755),
(4760, 130, 4756),
(4761, 130, 4757),
(4762, 130, 4758),
(4763, 130, 4759),
(4764, 130, 4760),
(4765, 130, 4761),
(4766, 130, 4762),
(4767, 130, 4763),
(4768, 130, 4764),
(4769, 130, 4765),
(4770, 130, 4766),
(4771, 130, 4767),
(4772, 130, 4768),
(4773, 130, 4769),
(4774, 130, 4770),
(4775, 130, 4771),
(4776, 130, 4772),
(4777, 130, 4773),
(4778, 130, 4774),
(4779, 130, 4775),
(4780, 130, 4776),
(4781, 130, 4777),
(4782, 130, 4778),
(4783, 130, 4779),
(4784, 130, 4780),
(4785, 130, 4781),
(4786, 130, 4782),
(4787, 130, 4783),
(4788, 130, 4784),
(4789, 130, 4785),
(4790, 130, 4786),
(4791, 130, 4787),
(4792, 130, 4788),
(4793, 130, 4789),
(4794, 130, 4790),
(4795, 130, 4791),
(4796, 130, 4792),
(4797, 130, 4793),
(4798, 130, 4794),
(4799, 130, 4795),
(4800, 130, 4796),
(4801, 130, 4797),
(4802, 130, 4798),
(4803, 130, 4799),
(4804, 130, 4800),
(4805, 130, 4801),
(4806, 130, 4802),
(4807, 130, 4803),
(4808, 130, 4804),
(4809, 130, 4805),
(4810, 130, 4806),
(4811, 130, 4807),
(4812, 130, 4808),
(4813, 130, 4809),
(4814, 130, 4810),
(4815, 130, 4811),
(4816, 130, 4812),
(4817, 130, 4813),
(4818, 130, 4814),
(4819, 130, 4815),
(4820, 130, 4816),
(4821, 130, 4817),
(4822, 130, 4818),
(4823, 130, 4819),
(4824, 130, 4820),
(4825, 130, 4821),
(4826, 130, 4822),
(4827, 130, 4823),
(4828, 130, 4824),
(4829, 130, 4825),
(4830, 130, 4826),
(4831, 130, 4827),
(4832, 130, 4828),
(4833, 130, 4829),
(4834, 130, 4830),
(4835, 130, 4831),
(4836, 130, 4832),
(4837, 130, 4833),
(4838, 130, 4834),
(4839, 130, 4835),
(4840, 130, 4836),
(4841, 130, 4837),
(4842, 130, 4838),
(4843, 130, 4839),
(4844, 130, 4840),
(4845, 130, 4841),
(4846, 130, 4842),
(4847, 130, 4843),
(4848, 130, 4844),
(4849, 130, 4845),
(4850, 130, 4846),
(4851, 130, 4847),
(4852, 130, 4848),
(4853, 130, 4849),
(4854, 130, 4850),
(4855, 130, 4851),
(4856, 130, 4852),
(4857, 130, 4853),
(4858, 130, 4854),
(4859, 130, 4855),
(4860, 130, 4856),
(4861, 130, 4857),
(4862, 130, 4858),
(4863, 130, 4859),
(4864, 130, 4860),
(4865, 130, 4861),
(4866, 130, 4862),
(4867, 130, 4863),
(4868, 130, 4864),
(4869, 130, 4865),
(4870, 130, 4866),
(4871, 130, 4867),
(4872, 130, 4868),
(4873, 130, 4869),
(4874, 130, 4870),
(4875, 130, 4871),
(4876, 130, 4872),
(4877, 130, 4873),
(4878, 130, 4874),
(4879, 130, 4875),
(4880, 130, 4876),
(4881, 130, 4877),
(4882, 130, 4878),
(4883, 130, 4879),
(4884, 130, 4880),
(4885, 130, 4881),
(4886, 130, 4882),
(4887, 130, 4883),
(4888, 130, 4884),
(4889, 130, 4885),
(4890, 130, 4886),
(4891, 130, 4887),
(4892, 130, 4888),
(4893, 130, 4889),
(4894, 130, 4890),
(4895, 130, 4891),
(4896, 130, 4892),
(4897, 130, 4893),
(4898, 130, 4894),
(4899, 130, 4895),
(4900, 130, 4896),
(4901, 130, 4897),
(4902, 130, 4898),
(4903, 130, 4899),
(4904, 130, 4900),
(4905, 130, 4901),
(4906, 130, 4902),
(4907, 130, 4903),
(4908, 130, 4904),
(4909, 130, 4905),
(4910, 130, 4906),
(4911, 130, 4907),
(4912, 130, 4908),
(4913, 130, 4909),
(4914, 130, 4910),
(4915, 130, 4911),
(4916, 130, 4912),
(4917, 130, 4913),
(4918, 130, 4914),
(4919, 130, 4915),
(4920, 130, 4916),
(4921, 130, 4917),
(4922, 130, 4918),
(4923, 130, 4919),
(4924, 130, 4920),
(4925, 130, 4921),
(4926, 130, 4922),
(4927, 130, 4923),
(4928, 130, 4924),
(4929, 130, 4925),
(4930, 130, 4926),
(4931, 130, 4927),
(4932, 130, 4928),
(4933, 130, 4929),
(4934, 130, 4930),
(4935, 130, 4931),
(4936, 130, 4932),
(4937, 130, 4933),
(4938, 130, 4934),
(4939, 130, 4935),
(4940, 130, 4936),
(4941, 130, 4937),
(4942, 130, 4938),
(4943, 130, 4939),
(4944, 130, 4940),
(4945, 130, 4941),
(4946, 130, 4942),
(4947, 130, 4943),
(4948, 130, 4944),
(4949, 130, 4945),
(4950, 130, 4946),
(4951, 130, 4947),
(4952, 130, 4948),
(4953, 130, 4949),
(4954, 130, 4950),
(4955, 130, 4951),
(4956, 130, 4952),
(4957, 130, 4953),
(4958, 130, 4954),
(4959, 130, 4955),
(4960, 130, 4956),
(4961, 130, 4957),
(4962, 130, 4958),
(4963, 130, 4959),
(4964, 130, 4960),
(4965, 130, 4961),
(4966, 130, 4962),
(4967, 130, 4963),
(4968, 130, 4964),
(4969, 130, 4965),
(4970, 130, 4966),
(4971, 130, 4967),
(4972, 130, 4968),
(4973, 130, 4969),
(4974, 130, 4970),
(4975, 130, 4971),
(4976, 130, 4972),
(4977, 130, 4973),
(4978, 130, 4974),
(4979, 130, 4975),
(4980, 130, 4976),
(4981, 130, 4977),
(4982, 130, 4978),
(4983, 130, 4979),
(4984, 130, 4980),
(4985, 130, 4981),
(4986, 130, 4982),
(4987, 130, 4983),
(4988, 130, 4984),
(4989, 130, 4985),
(4990, 130, 4986),
(4991, 130, 4987),
(4992, 130, 4988),
(4993, 130, 4989),
(4994, 130, 4990),
(4995, 130, 4991),
(4996, 130, 4992),
(4997, 130, 4993),
(4998, 130, 4994),
(4999, 130, 4995),
(5000, 130, 4996),
(5001, 130, 4997),
(5002, 130, 4998),
(5003, 130, 4999),
(5004, 130, 5000),
(5005, 130, 5001),
(5006, 130, 5002),
(5007, 130, 5003),
(5008, 130, 5004),
(5009, 130, 5005),
(5010, 130, 5006),
(5011, 130, 5007),
(5012, 130, 5008),
(5013, 130, 5009),
(5014, 130, 5010),
(5015, 130, 5011),
(5016, 130, 5012),
(5017, 130, 5013),
(5018, 130, 5014),
(5019, 130, 5015),
(5020, 130, 5016),
(5021, 130, 5017),
(5022, 130, 5018),
(5023, 130, 5019),
(5024, 130, 5020),
(5025, 130, 5021),
(5026, 130, 5022),
(5027, 130, 5023),
(5028, 130, 5024),
(5029, 130, 5025),
(5030, 130, 5026),
(5031, 130, 5027),
(5032, 130, 5028),
(5033, 130, 5029),
(5034, 130, 5030),
(5035, 130, 5031),
(5036, 130, 5032),
(5037, 130, 5033),
(5038, 130, 5034),
(5039, 130, 5035),
(5040, 130, 5036),
(5041, 130, 5037),
(5042, 130, 5038),
(5043, 130, 5039),
(5044, 130, 5040),
(5045, 130, 5041),
(5046, 130, 5042),
(5047, 130, 5043),
(5048, 130, 5044),
(5049, 130, 5045),
(5050, 130, 5046),
(5051, 130, 5047),
(5052, 130, 5048),
(5053, 130, 5049),
(5054, 130, 5050),
(5055, 130, 5051),
(5056, 130, 5052),
(5057, 130, 5053),
(5058, 130, 5054),
(5059, 130, 5055),
(5060, 130, 5056),
(5061, 130, 5057),
(5062, 130, 5058),
(5063, 130, 5059),
(5064, 130, 5060),
(5065, 130, 5061),
(5066, 130, 5062),
(5067, 130, 5063),
(5068, 130, 5064),
(5069, 130, 5065),
(5070, 130, 5066),
(5071, 130, 5067),
(5072, 130, 5068),
(5073, 130, 5069),
(5074, 130, 5070),
(5075, 130, 5071),
(5076, 130, 5072),
(5077, 130, 5073),
(5078, 130, 5074),
(5079, 130, 5075),
(5080, 130, 5076),
(5081, 130, 5077),
(5082, 130, 5078),
(5083, 130, 5079),
(5084, 130, 5080),
(5085, 130, 5081),
(5086, 130, 5082),
(5087, 130, 5083),
(5088, 130, 5084),
(5089, 130, 5085),
(5090, 130, 5086),
(5091, 130, 5087),
(5092, 130, 5088),
(5093, 130, 5089),
(5094, 130, 5090),
(5095, 130, 5091),
(5096, 130, 5092),
(5097, 130, 5093),
(5098, 130, 5094),
(5099, 130, 5095),
(5100, 130, 5096),
(5101, 130, 5097),
(5102, 130, 5098),
(5103, 130, 5099),
(5104, 130, 5100),
(5105, 130, 5101),
(5106, 130, 5102),
(5107, 130, 5103),
(5108, 130, 5104),
(5109, 130, 5105),
(5110, 130, 5106),
(5111, 130, 5107),
(5112, 130, 5108),
(5113, 130, 5109),
(5114, 130, 5110),
(5115, 130, 5111),
(5116, 130, 5112),
(5117, 130, 5113),
(5118, 130, 5114),
(5119, 130, 5115),
(5120, 130, 5116),
(5121, 130, 5117),
(5122, 130, 5118),
(5123, 130, 5119),
(5124, 130, 5120),
(5125, 130, 5121),
(5126, 130, 5122),
(5127, 130, 5123),
(5128, 130, 5124),
(5129, 130, 5125),
(5130, 130, 5126),
(5131, 130, 5127),
(5132, 130, 5128),
(5133, 130, 5129),
(5134, 130, 5130),
(5135, 130, 5131),
(5136, 130, 5132),
(5137, 130, 5133),
(5138, 130, 5134),
(5139, 130, 5135),
(5140, 130, 5136),
(5141, 130, 5137),
(5142, 130, 5138),
(5143, 130, 5139),
(5144, 130, 5140),
(5145, 130, 5141),
(5146, 130, 5142),
(5147, 130, 5143),
(5148, 130, 5144),
(5149, 130, 5145),
(5150, 130, 5146),
(5151, 130, 5147),
(5152, 130, 5148),
(5153, 130, 5149),
(5154, 130, 5150),
(5155, 130, 5151),
(5156, 130, 5152),
(5157, 130, 5153),
(5158, 130, 5154),
(5159, 130, 5155),
(5160, 130, 5156),
(5161, 130, 5157),
(5162, 130, 5158),
(5163, 130, 5159),
(5164, 130, 5160),
(5165, 130, 5161),
(5166, 130, 5162),
(5167, 130, 5163),
(5168, 130, 5164),
(5169, 130, 5165),
(5170, 130, 5166),
(5171, 130, 5167),
(5172, 130, 5168),
(5173, 130, 5169),
(5174, 130, 5170),
(5175, 130, 5171),
(5176, 130, 5172),
(5177, 130, 5173),
(5178, 130, 5174),
(5179, 130, 5175),
(5180, 130, 5176),
(5181, 130, 5177),
(5182, 130, 5178),
(5183, 130, 5179),
(5184, 130, 5180),
(5185, 130, 5181),
(5186, 130, 5182),
(5187, 130, 5183),
(5188, 130, 5184),
(5189, 130, 5185),
(5190, 130, 5186),
(5191, 130, 5187),
(5192, 130, 5188),
(5193, 130, 5189),
(5194, 130, 5190),
(5195, 130, 5191),
(5196, 130, 5192),
(5197, 130, 5193),
(5198, 130, 5194),
(5199, 130, 5195),
(5200, 130, 5196),
(5201, 130, 5197),
(5202, 130, 5198),
(5203, 130, 5199),
(5204, 130, 5200),
(5205, 130, 5201),
(5206, 130, 5202),
(5207, 130, 5203),
(5208, 130, 5204),
(5209, 130, 5205),
(5210, 130, 5206),
(5211, 130, 5207),
(5212, 130, 5208),
(5213, 130, 5209),
(5214, 130, 5210),
(5215, 130, 5211),
(5216, 130, 5212),
(5217, 130, 5213),
(5218, 130, 5214),
(5219, 130, 5215),
(5220, 130, 5216),
(5221, 130, 5217),
(5222, 130, 5218),
(5223, 130, 5219),
(5224, 130, 5220),
(5225, 130, 5221),
(5226, 130, 5222),
(5227, 130, 5223),
(5228, 130, 5224),
(5229, 130, 5225),
(5230, 130, 5226),
(5231, 130, 5227),
(5232, 130, 5228),
(5233, 130, 5229),
(5234, 130, 5230),
(5235, 130, 5231),
(5236, 130, 5232),
(5237, 130, 5233),
(5238, 130, 5234),
(5239, 130, 5235),
(5240, 130, 5236),
(5241, 130, 5237),
(5242, 130, 5238),
(5243, 130, 5239),
(5244, 130, 5240),
(5245, 130, 5241),
(5246, 130, 5242),
(5247, 130, 5243),
(5248, 130, 5244),
(5249, 130, 5245),
(5250, 130, 5246),
(5251, 130, 5247),
(5252, 130, 5248),
(5253, 130, 5249),
(5254, 130, 5250),
(5255, 130, 5251),
(5256, 130, 5252),
(5257, 130, 5253),
(5258, 130, 5254),
(5259, 130, 5255),
(5260, 130, 5256),
(5261, 130, 5257),
(5262, 130, 5258),
(5263, 130, 5259),
(5264, 130, 5260),
(5265, 130, 5261),
(5266, 130, 5262),
(5267, 130, 5263),
(5268, 130, 5264),
(5269, 130, 5265),
(5270, 130, 5266),
(5271, 130, 5267),
(5272, 130, 5268),
(5273, 130, 5269),
(5274, 130, 5270),
(5275, 130, 5271),
(5276, 130, 5272),
(5277, 130, 5273),
(5278, 130, 5274),
(5279, 130, 5275),
(5280, 130, 5276),
(5281, 130, 5277),
(5282, 130, 5278),
(5283, 130, 5279),
(5284, 130, 5280),
(5285, 130, 5281),
(5286, 130, 5282),
(5287, 130, 5283),
(5288, 130, 5284),
(5289, 130, 5285),
(5290, 130, 5286),
(5291, 130, 5287),
(5292, 130, 5288),
(5293, 130, 5289),
(5294, 130, 5290),
(5295, 130, 5291),
(5296, 130, 5292),
(5297, 130, 5293),
(5298, 130, 5294),
(5299, 130, 5295),
(5300, 130, 5296),
(5301, 130, 5297),
(5302, 130, 5298),
(5303, 130, 5299),
(5304, 130, 5300),
(5305, 130, 5301),
(5306, 130, 5302),
(5307, 130, 5303),
(5308, 130, 5304),
(5309, 130, 5305),
(5310, 130, 5306),
(5311, 130, 5307),
(5312, 130, 5308),
(5313, 130, 5309),
(5314, 130, 5310),
(5315, 130, 5311),
(5316, 130, 5312),
(5317, 130, 5313),
(5318, 130, 5314),
(5319, 130, 5315),
(5320, 130, 5316),
(5321, 130, 5317),
(5322, 130, 5318),
(5323, 130, 5319),
(5324, 130, 5320),
(5325, 130, 5321),
(5326, 130, 5322),
(5327, 130, 5323),
(5328, 130, 5324),
(5329, 130, 5325),
(5330, 130, 5326),
(5331, 130, 5327),
(5332, 130, 5328),
(5333, 130, 5329),
(5334, 130, 5330),
(5335, 130, 5331),
(5336, 130, 5332),
(5337, 130, 5333),
(5338, 130, 5334),
(5339, 130, 5335),
(5340, 130, 5336),
(5341, 130, 5337),
(5342, 130, 5338),
(5343, 130, 5339),
(5344, 130, 5340),
(5345, 130, 5341),
(5346, 130, 5342),
(5347, 130, 5343),
(5348, 130, 5344),
(5349, 130, 5345),
(5350, 130, 5346),
(5351, 130, 5347),
(5352, 130, 5348),
(5353, 130, 5349),
(5354, 130, 5350),
(5355, 130, 5351),
(5356, 130, 5352),
(5357, 130, 5353),
(5358, 130, 5354),
(5359, 130, 5355),
(5360, 130, 5356),
(5361, 130, 5357),
(5362, 130, 5358),
(5363, 130, 5359),
(5364, 130, 5360),
(5365, 130, 5361),
(5366, 130, 5362),
(5367, 130, 5363),
(5368, 130, 5364),
(5369, 130, 5365),
(5370, 130, 5366),
(5371, 130, 5367),
(5372, 130, 5368),
(5373, 130, 5369),
(5374, 130, 5370),
(5375, 130, 5371),
(5376, 130, 5372),
(5377, 130, 5373),
(5378, 130, 5374),
(5379, 130, 5375),
(5380, 130, 5376),
(5381, 130, 5377),
(5382, 130, 5378),
(5383, 130, 5379),
(5384, 130, 5380),
(5385, 130, 5381),
(5386, 130, 5382),
(5387, 130, 5383),
(5388, 130, 5384),
(5389, 130, 5385),
(5390, 130, 5386),
(5391, 130, 5387),
(5392, 130, 5388),
(5393, 130, 5389),
(5394, 130, 5390),
(5395, 130, 5391),
(5396, 130, 5392),
(5397, 130, 5393),
(5398, 130, 5394),
(5399, 130, 5395),
(5400, 130, 5396),
(5401, 130, 5397),
(5402, 130, 5398),
(5403, 130, 5399),
(5404, 130, 5400),
(5405, 130, 5401),
(5406, 130, 5402),
(5407, 130, 5403),
(5408, 130, 5404),
(5409, 130, 5405),
(5410, 130, 5406),
(5411, 130, 5407),
(5412, 130, 5408),
(5413, 130, 5409),
(5414, 130, 5410),
(5415, 130, 5411),
(5416, 130, 5412),
(5417, 130, 5413),
(5418, 130, 5414),
(5419, 130, 5415),
(5420, 130, 5416),
(5421, 130, 5417),
(5422, 130, 5418),
(5423, 130, 5419),
(5424, 130, 5420),
(5425, 130, 5421),
(5426, 130, 5422),
(5427, 130, 5423),
(5428, 130, 5424),
(5429, 130, 5425),
(5430, 130, 5426),
(5432, 145, 2),
(5433, 145, 3),
(5434, 146, 1),
(5435, 147, 1),
(5436, 148, 1),
(5438, 150, 1),
(5440, 152, 1),
(5441, 153, 1),
(5442, 154, 1),
(5449, 161, 1),
(5450, 162, 1),
(5451, 163, 1),
(5452, 164, 1),
(5453, 165, 1),
(5457, 168, 1),
(5473, 174, 1),
(5474, 174, 2),
(5475, 174, 3),
(5476, 174, 4),
(5477, 174, 5),
(5478, 174, 6),
(5479, 174, 7),
(5480, 174, 8),
(5481, 174, 9);

-- --------------------------------------------------------

--
