INSERT INTO `eav_attribute_option_value` (`value_id`, `option_id`, `store_id`, `value`) VALUES
(4235, 4235, 0, 'Sporting Goods > Athletics > Baseball & Softball > Baseball & Softball Bases & Plates'),
(4236, 4236, 0, 'Sporting Goods > Athletics > Baseball & Softball > Baseball & Softball Batting Gloves'),
(4237, 4237, 0, 'Sporting Goods > Athletics > Baseball & Softball > Baseball & Softball Gloves & Mitts'),
(4238, 4238, 0, 'Sporting Goods > Athletics > Baseball & Softball > Baseball & Softball Pitching Mats'),
(4239, 4239, 0, 'Sporting Goods > Athletics > Baseball & Softball > Baseball & Softball Pitching Mounds'),
(4240, 4240, 0, 'Sporting Goods > Athletics > Baseball & Softball > Baseball & Softball Protective Gear'),
(4241, 4241, 0, 'Sporting Goods > Athletics > Baseball & Softball > Baseball & Softball Protective Gear > Baseball & Softball Batting Helmets'),
(4242, 4242, 0, 'Sporting Goods > Athletics > Baseball & Softball > Baseball & Softball Protective Gear > Baseball & Softball Chest Protectors'),
(4243, 4243, 0, 'Sporting Goods > Athletics > Baseball & Softball > Baseball & Softball Protective Gear > Baseball & Softball Leg Guards'),
(4244, 4244, 0, 'Sporting Goods > Athletics > Baseball & Softball > Baseball & Softball Protective Gear > Catchers Equipment Sets'),
(4245, 4245, 0, 'Sporting Goods > Athletics > Baseball & Softball > Baseball & Softball Protective Gear > Catchers Helmets & Masks'),
(4246, 4246, 0, 'Sporting Goods > Athletics > Baseball & Softball > Baseball Bats'),
(4247, 4247, 0, 'Sporting Goods > Athletics > Baseball & Softball > Baseballs'),
(4248, 4248, 0, 'Sporting Goods > Athletics > Baseball & Softball > Pitching Machines'),
(4249, 4249, 0, 'Sporting Goods > Athletics > Baseball & Softball > Softball Bats'),
(4250, 4250, 0, 'Sporting Goods > Athletics > Baseball & Softball > Softballs'),
(4251, 4251, 0, 'Sporting Goods > Athletics > Basketball'),
(4252, 4252, 0, 'Sporting Goods > Athletics > Basketball > Basketball Hoop Parts & Accessories'),
(4253, 4253, 0, 'Sporting Goods > Athletics > Basketball > Basketball Hoop Parts & Accessories > Basketball Backboards'),
(4254, 4254, 0, 'Sporting Goods > Athletics > Basketball > Basketball Hoop Parts & Accessories > Basketball Hoop Padding'),
(4255, 4255, 0, 'Sporting Goods > Athletics > Basketball > Basketball Hoop Parts & Accessories > Basketball Hoop Posts'),
(4256, 4256, 0, 'Sporting Goods > Athletics > Basketball > Basketball Hoop Parts & Accessories > Basketball Nets'),
(4257, 4257, 0, 'Sporting Goods > Athletics > Basketball > Basketball Hoop Parts & Accessories > Basketball Rims'),
(4258, 4258, 0, 'Sporting Goods > Athletics > Basketball > Basketball Hoops'),
(4259, 4259, 0, 'Sporting Goods > Athletics > Basketball > Basketball Training Aids'),
(4260, 4260, 0, 'Sporting Goods > Athletics > Basketball > Basketballs'),
(4261, 4261, 0, 'Sporting Goods > Athletics > Boxing & Martial Arts'),
(4262, 4262, 0, 'Sporting Goods > Athletics > Boxing & Martial Arts > Boxing & Martial Arts Protective Gear'),
(4263, 4263, 0, 'Sporting Goods > Athletics > Boxing & Martial Arts > Boxing & Martial Arts Protective Gear > Boxing & MMA Hand Wraps'),
(4264, 4264, 0, 'Sporting Goods > Athletics > Boxing & Martial Arts > Boxing & Martial Arts Protective Gear > Boxing & Martial Arts Arm Guards'),
(4265, 4265, 0, 'Sporting Goods > Athletics > Boxing & Martial Arts > Boxing & Martial Arts Protective Gear > Boxing & Martial Arts Body Protectors'),
(4266, 4266, 0, 'Sporting Goods > Athletics > Boxing & Martial Arts > Boxing & Martial Arts Protective Gear > Boxing & Martial Arts Headgear'),
(4267, 4267, 0, 'Sporting Goods > Athletics > Boxing & Martial Arts > Boxing & Martial Arts Protective Gear > Boxing Gloves & Mitts'),
(4268, 4268, 0, 'Sporting Goods > Athletics > Boxing & Martial Arts > Boxing & Martial Arts Protective Gear > MMA Shin Guards'),
(4269, 4269, 0, 'Sporting Goods > Athletics > Boxing & Martial Arts > Boxing & Martial Arts Training Equipment'),
(4270, 4270, 0, 'Sporting Goods > Athletics > Boxing & Martial Arts > Boxing & Martial Arts Training Equipment > Boxing & MMA Punch Mitts'),
(4271, 4271, 0, 'Sporting Goods > Athletics > Boxing & Martial Arts > Boxing & Martial Arts Training Equipment > Grappling Dummies'),
(4272, 4272, 0, 'Sporting Goods > Athletics > Boxing & Martial Arts > Boxing & Martial Arts Training Equipment > Punching & Training Bag Accessories'),
(4273, 4273, 0, 'Sporting Goods > Athletics > Boxing & Martial Arts > Boxing & Martial Arts Training Equipment > Punching & Training Bags'),
(4274, 4274, 0, 'Sporting Goods > Athletics > Boxing & Martial Arts > Boxing & Martial Arts Training Equipment > Strike Shields'),
(4275, 4275, 0, 'Sporting Goods > Athletics > Boxing & Martial Arts > Boxing Ring Parts'),
(4276, 4276, 0, 'Sporting Goods > Athletics > Boxing & Martial Arts > Boxing Rings'),
(4277, 4277, 0, 'Sporting Goods > Athletics > Boxing & Martial Arts > Martial Arts Belts'),
(4278, 4278, 0, 'Sporting Goods > Athletics > Boxing & Martial Arts > Martial Arts Weapons'),
(4279, 4279, 0, 'Sporting Goods > Athletics > Broomball Equipment'),
(4280, 4280, 0, 'Sporting Goods > Athletics > Cheerleading'),
(4281, 4281, 0, 'Sporting Goods > Athletics > Cheerleading > Cheerleading Pom Poms'),
(4282, 4282, 0, 'Sporting Goods > Athletics > Coaching & Officiating'),
(4283, 4283, 0, 'Sporting Goods > Athletics > Coaching & Officiating > Captains Armbands'),
(4284, 4284, 0, 'Sporting Goods > Athletics > Coaching & Officiating > Field & Court Boundary Markers'),
(4285, 4285, 0, 'Sporting Goods > Athletics > Coaching & Officiating > Flip Coins & Discs'),
(4286, 4286, 0, 'Sporting Goods > Athletics > Coaching & Officiating > Linesman Flags'),
(4287, 4287, 0, 'Sporting Goods > Athletics > Coaching & Officiating > Penalty Cards & Flags'),
(4288, 4288, 0, 'Sporting Goods > Athletics > Coaching & Officiating > Pitch Counters'),
(4289, 4289, 0, 'Sporting Goods > Athletics > Coaching & Officiating > Referee Stands & Chairs'),
(4290, 4290, 0, 'Sporting Goods > Athletics > Coaching & Officiating > Referee Wallets'),
(4291, 4291, 0, 'Sporting Goods > Athletics > Coaching & Officiating > Scoreboards'),
(4292, 4292, 0, 'Sporting Goods > Athletics > Coaching & Officiating > Sport & Safety Whistles'),
(4293, 4293, 0, 'Sporting Goods > Athletics > Coaching & Officiating > Umpire Indicators'),
(4294, 4294, 0, 'Sporting Goods > Athletics > Cricket'),
(4295, 4295, 0, 'Sporting Goods > Athletics > Cricket > Cricket Balls'),
(4296, 4296, 0, 'Sporting Goods > Athletics > Cricket > Cricket Bat Accessories'),
(4297, 4297, 0, 'Sporting Goods > Athletics > Cricket > Cricket Bat Accessories > Cricket Bat Grips'),
(4298, 4298, 0, 'Sporting Goods > Athletics > Cricket > Cricket Bats'),
(4299, 4299, 0, 'Sporting Goods > Athletics > Cricket > Cricket Equipment Sets'),
(4300, 4300, 0, 'Sporting Goods > Athletics > Cricket > Cricket Protective Gear'),
(4301, 4301, 0, 'Sporting Goods > Athletics > Cricket > Cricket Protective Gear > Cricket Gloves'),
(4302, 4302, 0, 'Sporting Goods > Athletics > Cricket > Cricket Protective Gear > Cricket Helmets'),
(4303, 4303, 0, 'Sporting Goods > Athletics > Cricket > Cricket Protective Gear > Cricket Leg Guards'),
(4304, 4304, 0, 'Sporting Goods > Athletics > Cricket > Cricket Stumps'),
(4305, 4305, 0, 'Sporting Goods > Athletics > Dancing'),
(4306, 4306, 0, 'Sporting Goods > Athletics > Dancing > Ballet Barres'),
(4307, 4307, 0, 'Sporting Goods > Athletics > Fencing'),
(4308, 4308, 0, 'Sporting Goods > Athletics > Fencing > Fencing Protective Gear'),
(4309, 4309, 0, 'Sporting Goods > Athletics > Fencing > Fencing Protective Gear > Fencing Gloves & Cuffs'),
(4310, 4310, 0, 'Sporting Goods > Athletics > Fencing > Fencing Protective Gear > Fencing Jackets & Lamés'),
(4311, 4311, 0, 'Sporting Goods > Athletics > Fencing > Fencing Protective Gear > Fencing Masks'),
(4312, 4312, 0, 'Sporting Goods > Athletics > Fencing > Fencing Weapons'),
(4313, 4313, 0, 'Sporting Goods > Athletics > Field Hockey & Lacrosse'),
(4314, 4314, 0, 'Sporting Goods > Athletics > Field Hockey & Lacrosse > Field Hockey & Lacrosse Protective Gear'),
(4315, 4315, 0, 'Sporting Goods > Athletics > Field Hockey & Lacrosse > Field Hockey & Lacrosse Protective Gear > Field Hockey & Lacrosse Gloves'),
(4316, 4316, 0, 'Sporting Goods > Athletics > Field Hockey & Lacrosse > Field Hockey & Lacrosse Protective Gear > Field Hockey & Lacrosse Helmets'),
(4317, 4317, 0, 'Sporting Goods > Athletics > Field Hockey & Lacrosse > Field Hockey & Lacrosse Protective Gear > Field Hockey & Lacrosse Masks & Goggles'),
(4318, 4318, 0, 'Sporting Goods > Athletics > Field Hockey & Lacrosse > Field Hockey & Lacrosse Protective Gear > Field Hockey & Lacrosse Pads'),
(4319, 4319, 0, 'Sporting Goods > Athletics > Field Hockey & Lacrosse > Field Hockey Balls'),
(4320, 4320, 0, 'Sporting Goods > Athletics > Field Hockey & Lacrosse > Field Hockey Goals'),
(4321, 4321, 0, 'Sporting Goods > Athletics > Field Hockey & Lacrosse > Field Hockey Sticks'),
(4322, 4322, 0, 'Sporting Goods > Athletics > Field Hockey & Lacrosse > Lacrosse Balls'),
(4323, 4323, 0, 'Sporting Goods > Athletics > Field Hockey & Lacrosse > Lacrosse Equipment Sets'),
(4324, 4324, 0, 'Sporting Goods > Athletics > Field Hockey & Lacrosse > Lacrosse Goals'),
(4325, 4325, 0, 'Sporting Goods > Athletics > Field Hockey & Lacrosse > Lacrosse Stick Parts'),
(4326, 4326, 0, 'Sporting Goods > Athletics > Field Hockey & Lacrosse > Lacrosse Stick Parts > Lacrosse Mesh & String'),
(4327, 4327, 0, 'Sporting Goods > Athletics > Field Hockey & Lacrosse > Lacrosse Stick Parts > Lacrosse Stick Heads'),
(4328, 4328, 0, 'Sporting Goods > Athletics > Field Hockey & Lacrosse > Lacrosse Stick Parts > Lacrosse Stick Shafts'),
(4329, 4329, 0, 'Sporting Goods > Athletics > Field Hockey & Lacrosse > Lacrosse Sticks'),
(4330, 4330, 0, 'Sporting Goods > Athletics > Field Hockey & Lacrosse > Lacrosse Training Aids'),
(4331, 4331, 0, 'Sporting Goods > Athletics > Figure Skating & Hockey'),
(4332, 4332, 0, 'Sporting Goods > Athletics > Figure Skating & Hockey > Hockey Balls & Pucks'),
(4333, 4333, 0, 'Sporting Goods > Athletics > Figure Skating & Hockey > Hockey Goals'),
(4334, 4334, 0, 'Sporting Goods > Athletics > Figure Skating & Hockey > Hockey Protective Gear'),
(4335, 4335, 0, 'Sporting Goods > Athletics > Figure Skating & Hockey > Hockey Protective Gear > Hockey Elbow Pads'),
(4336, 4336, 0, 'Sporting Goods > Athletics > Figure Skating & Hockey > Hockey Protective Gear > Hockey Gloves'),
(4337, 4337, 0, 'Sporting Goods > Athletics > Figure Skating & Hockey > Hockey Protective Gear > Hockey Goalie Equipment Sets'),
(4338, 4338, 0, 'Sporting Goods > Athletics > Figure Skating & Hockey > Hockey Protective Gear > Hockey Helmets'),
(4339, 4339, 0, 'Sporting Goods > Athletics > Figure Skating & Hockey > Hockey Protective Gear > Hockey Pants'),
(4340, 4340, 0, 'Sporting Goods > Athletics > Figure Skating & Hockey > Hockey Protective Gear > Hockey Shin Guards & Leg Pads'),
(4341, 4341, 0, 'Sporting Goods > Athletics > Figure Skating & Hockey > Hockey Protective Gear > Hockey Shoulder Pads & Chest Protectors'),
(4342, 4342, 0, 'Sporting Goods > Athletics > Figure Skating & Hockey > Hockey Protective Gear > Hockey Suspenders & Belts'),
(4343, 4343, 0, 'Sporting Goods > Athletics > Figure Skating & Hockey > Hockey Sledges'),
(4344, 4344, 0, 'Sporting Goods > Athletics > Figure Skating & Hockey > Hockey Stick Care'),
(4345, 4345, 0, 'Sporting Goods > Athletics > Figure Skating & Hockey > Hockey Stick Parts'),
(4346, 4346, 0, 'Sporting Goods > Athletics > Figure Skating & Hockey > Hockey Stick Parts > Hockey Stick Blades'),
(4347, 4347, 0, 'Sporting Goods > Athletics > Figure Skating & Hockey > Hockey Stick Parts > Hockey Stick Shafts'),
(4348, 4348, 0, 'Sporting Goods > Athletics > Figure Skating & Hockey > Hockey Sticks'),
(4349, 4349, 0, 'Sporting Goods > Athletics > Figure Skating & Hockey > Ice Skate Parts & Accessories'),
(4350, 4350, 0, 'Sporting Goods > Athletics > Figure Skating & Hockey > Ice Skate Parts & Accessories > Figure Skate Boots'),
(4351, 4351, 0, 'Sporting Goods > Athletics > Figure Skating & Hockey > Ice Skate Parts & Accessories > Ice Skate Blades'),
(4352, 4352, 0, 'Sporting Goods > Athletics > Figure Skating & Hockey > Ice Skate Parts & Accessories > Ice Skate Sharpeners'),
(4353, 4353, 0, 'Sporting Goods > Athletics > Figure Skating & Hockey > Ice Skate Parts & Accessories > Skate Blade Guards'),
(4354, 4354, 0, 'Sporting Goods > Athletics > Figure Skating & Hockey > Ice Skate Parts & Accessories > Skate Lace Tighteners'),
(4355, 4355, 0, 'Sporting Goods > Athletics > Figure Skating & Hockey > Ice Skates'),
(4356, 4356, 0, 'Sporting Goods > Athletics > Football'),
(4357, 4357, 0, 'Sporting Goods > Athletics > Football > Football Gloves'),
(4358, 4358, 0, 'Sporting Goods > Athletics > Football > Football Goal Posts'),
(4359, 4359, 0, 'Sporting Goods > Athletics > Football > Football Kicking Tees & Holders'),
(4360, 4360, 0, 'Sporting Goods > Athletics > Football > Football Protective Gear'),
(4361, 4361, 0, 'Sporting Goods > Athletics > Football > Football Protective Gear > Football Girdles'),
(4362, 4362, 0, 'Sporting Goods > Athletics > Football > Football Protective Gear > Football Helmet Accessories'),
(4363, 4363, 0, 'Sporting Goods > Athletics > Football > Football Protective Gear > Football Helmet Accessories > Football Chin Straps'),
(4364, 4364, 0, 'Sporting Goods > Athletics > Football > Football Protective Gear > Football Helmet Accessories > Football Face Masks'),
(4365, 4365, 0, 'Sporting Goods > Athletics > Football > Football Protective Gear > Football Helmet Accessories > Football Helmet Padding'),
(4366, 4366, 0, 'Sporting Goods > Athletics > Football > Football Protective Gear > Football Helmet Accessories > Football Helmet Visors'),
(4367, 4367, 0, 'Sporting Goods > Athletics > Football > Football Protective Gear > Football Helmets'),
(4368, 4368, 0, 'Sporting Goods > Athletics > Football > Football Protective Gear > Football Neck Rolls'),
(4369, 4369, 0, 'Sporting Goods > Athletics > Football > Football Protective Gear > Football Rib Protection Shirts & Vests'),
(4370, 4370, 0, 'Sporting Goods > Athletics > Football > Football Protective Gear > Football Shoulder Pads'),
(4371, 4371, 0, 'Sporting Goods > Athletics > Football > Football Training Equipment'),
(4372, 4372, 0, 'Sporting Goods > Athletics > Football > Football Training Equipment > Football Dummies & Sleds'),
(4373, 4373, 0, 'Sporting Goods > Athletics > Football > Footballs'),
(4374, 4374, 0, 'Sporting Goods > Athletics > General Purpose Athletic Equipment'),
(4375, 4375, 0, 'Sporting Goods > Athletics > General Purpose Athletic Equipment > Altitude Training Masks'),
(4376, 4376, 0, 'Sporting Goods > Athletics > General Purpose Athletic Equipment > Athletic Cups'),
(4377, 4377, 0, 'Sporting Goods > Athletics > General Purpose Athletic Equipment > Ball Carrying Bags & Carts'),
(4378, 4378, 0, 'Sporting Goods > Athletics > General Purpose Athletic Equipment > Ball Pump Accessories'),
(4379, 4379, 0, 'Sporting Goods > Athletics > General Purpose Athletic Equipment > Ball Pump Accessories > Ball Pump Needles'),
(4380, 4380, 0, 'Sporting Goods > Athletics > General Purpose Athletic Equipment > Ball Pumps'),
(4381, 4381, 0, 'Sporting Goods > Athletics > General Purpose Athletic Equipment > Exercise & Gym Mat Storage Racks & Carts'),
(4382, 4382, 0, 'Sporting Goods > Athletics > General Purpose Athletic Equipment > Grip Spray & Chalk'),
(4383, 4383, 0, 'Sporting Goods > Athletics > General Purpose Athletic Equipment > Gym Mats'),
(4384, 4384, 0, 'Sporting Goods > Athletics > General Purpose Athletic Equipment > Practice Nets & Screens'),
(4385, 4385, 0, 'Sporting Goods > Athletics > General Purpose Athletic Equipment > Speed & Agility Ladders & Hurdles'),
(4386, 4386, 0, 'Sporting Goods > Athletics > General Purpose Athletic Equipment > Sports & Agility Cones'),
(4387, 4387, 0, 'Sporting Goods > Athletics > General Purpose Athletic Equipment > Sports Megaphones'),
(4388, 4388, 0, 'Sporting Goods > Athletics > General Purpose Athletic Equipment > Sports Mouthguards'),
(4389, 4389, 0, 'Sporting Goods > Athletics > General Purpose Athletic Equipment > Stadium Seats & Cushions'),
(4390, 4390, 0, 'Sporting Goods > Athletics > Gymnastics'),
(4391, 4391, 0, 'Sporting Goods > Athletics > Gymnastics > Gymnastics Bars & Balance Beams'),
(4392, 4392, 0, 'Sporting Goods > Athletics > Gymnastics > Gymnastics Protective Gear'),
(4393, 4393, 0, 'Sporting Goods > Athletics > Gymnastics > Gymnastics Protective Gear > Gymnastics Grips'),
(4394, 4394, 0, 'Sporting Goods > Athletics > Gymnastics > Gymnastics Rings'),
(4395, 4395, 0, 'Sporting Goods > Athletics > Gymnastics > Gymnastics Springboards'),
(4396, 4396, 0, 'Sporting Goods > Athletics > Gymnastics > Pommel Horses'),
(4397, 4397, 0, 'Sporting Goods > Athletics > Gymnastics > Vaulting Horses'),
(4398, 4398, 0, 'Sporting Goods > Athletics > Racquetball & Squash'),
(4399, 4399, 0, 'Sporting Goods > Athletics > Racquetball & Squash > Racquetball & Squash Balls'),
(4400, 4400, 0, 'Sporting Goods > Athletics > Racquetball & Squash > Racquetball & Squash Eyewear'),
(4401, 4401, 0, 'Sporting Goods > Athletics > Racquetball & Squash > Racquetball & Squash Gloves'),
(4402, 4402, 0, 'Sporting Goods > Athletics > Racquetball & Squash > Racquetball Racquets'),
(4403, 4403, 0, 'Sporting Goods > Athletics > Racquetball & Squash > Squash Racquets'),
(4404, 4404, 0, 'Sporting Goods > Athletics > Rounders'),
(4405, 4405, 0, 'Sporting Goods > Athletics > Rounders > Rounders Bats'),
(4406, 4406, 0, 'Sporting Goods > Athletics > Rounders > Rounders Gloves'),
(4407, 4407, 0, 'Sporting Goods > Athletics > Rugby'),
(4408, 4408, 0, 'Sporting Goods > Athletics > Rugby > Rugby Balls'),
(4409, 4409, 0, 'Sporting Goods > Athletics > Rugby > Rugby Gloves'),
(4410, 4410, 0, 'Sporting Goods > Athletics > Rugby > Rugby Posts'),
(4411, 4411, 0, 'Sporting Goods > Athletics > Rugby > Rugby Protective Gear'),
(4412, 4412, 0, 'Sporting Goods > Athletics > Rugby > Rugby Protective Gear > Rugby Headgear'),
(4413, 4413, 0, 'Sporting Goods > Athletics > Rugby > Rugby Training Aids'),
(4414, 4414, 0, 'Sporting Goods > Athletics > Soccer'),
(4415, 4415, 0, 'Sporting Goods > Athletics > Soccer > Soccer Balls'),
(4416, 4416, 0, 'Sporting Goods > Athletics > Soccer > Soccer Corner Flags'),
(4417, 4417, 0, 'Sporting Goods > Athletics > Soccer > Soccer Gloves'),
(4418, 4418, 0, 'Sporting Goods > Athletics > Soccer > Soccer Goal Accessories'),
(4419, 4419, 0, 'Sporting Goods > Athletics > Soccer > Soccer Goals'),
(4420, 4420, 0, 'Sporting Goods > Athletics > Soccer > Soccer Protective Gear'),
(4421, 4421, 0, 'Sporting Goods > Athletics > Soccer > Soccer Protective Gear > Soccer Shin Guards'),
(4422, 4422, 0, 'Sporting Goods > Athletics > Team Handball'),
(4423, 4423, 0, 'Sporting Goods > Athletics > Team Handball > Handballs'),
(4424, 4424, 0, 'Sporting Goods > Athletics > Tennis'),
(4425, 4425, 0, 'Sporting Goods > Athletics > Tennis > Tennis Ball Hoppers & Carts'),
(4426, 4426, 0, 'Sporting Goods > Athletics > Tennis > Tennis Ball Machines'),
(4427, 4427, 0, 'Sporting Goods > Athletics > Tennis > Tennis Ball Savers'),
(4428, 4428, 0, 'Sporting Goods > Athletics > Tennis > Tennis Balls'),
(4429, 4429, 0, 'Sporting Goods > Athletics > Tennis > Tennis Nets'),
(4430, 4430, 0, 'Sporting Goods > Athletics > Tennis > Tennis Racquet Accessories'),
(4431, 4431, 0, 'Sporting Goods > Athletics > Tennis > Tennis Racquet Accessories > Racquet Vibration Dampeners'),
(4432, 4432, 0, 'Sporting Goods > Athletics > Tennis > Tennis Racquet Accessories > Tennis Racquet Bags'),
(4433, 4433, 0, 'Sporting Goods > Athletics > Tennis > Tennis Racquet Accessories > Tennis Racquet Grips & Tape'),
(4434, 4434, 0, 'Sporting Goods > Athletics > Tennis > Tennis Racquet Accessories > Tennis Racquet Grommets'),
(4435, 4435, 0, 'Sporting Goods > Athletics > Tennis > Tennis Racquet Accessories > Tennis Racquet String'),
(4436, 4436, 0, 'Sporting Goods > Athletics > Tennis > Tennis Racquets'),
(4437, 4437, 0, 'Sporting Goods > Athletics > Track & Field'),
(4438, 4438, 0, 'Sporting Goods > Athletics > Track & Field > Discus'),
(4439, 4439, 0, 'Sporting Goods > Athletics > Track & Field > High Jump Crossbars'),
(4440, 4440, 0, 'Sporting Goods > Athletics > Track & Field > High Jump Pits'),
(4441, 4441, 0, 'Sporting Goods > Athletics > Track & Field > Javelins'),
(4442, 4442, 0, 'Sporting Goods > Athletics > Track & Field > Pole Vault Pits'),
(4443, 4443, 0, 'Sporting Goods > Athletics > Track & Field > Relay Batons'),
(4444, 4444, 0, 'Sporting Goods > Athletics > Track & Field > Shot Puts'),
(4445, 4445, 0, 'Sporting Goods > Athletics > Track & Field > Starter Pistols'),
(4446, 4446, 0, 'Sporting Goods > Athletics > Track & Field > Throwing Hammers'),
(4447, 4447, 0, 'Sporting Goods > Athletics > Track & Field > Track Hurdles'),
(4448, 4448, 0, 'Sporting Goods > Athletics > Track & Field > Track Starting Blocks'),
(4449, 4449, 0, 'Sporting Goods > Athletics > Track & Field > Vaulting Poles'),
(4450, 4450, 0, 'Sporting Goods > Athletics > Volleyball'),
(4451, 4451, 0, 'Sporting Goods > Athletics > Volleyball > Volleyball Nets'),
(4452, 4452, 0, 'Sporting Goods > Athletics > Volleyball > Volleyball Protective Gear'),
(4453, 4453, 0, 'Sporting Goods > Athletics > Volleyball > Volleyball Protective Gear > Volleyball Knee Pads'),
(4454, 4454, 0, 'Sporting Goods > Athletics > Volleyball > Volleyball Training Aids'),
(4455, 4455, 0, 'Sporting Goods > Athletics > Volleyball > Volleyballs'),
(4456, 4456, 0, 'Sporting Goods > Athletics > Wallyball Equipment'),
(4457, 4457, 0, 'Sporting Goods > Athletics > Water Polo'),
(4458, 4458, 0, 'Sporting Goods > Athletics > Water Polo > Water Polo Balls'),
(4459, 4459, 0, 'Sporting Goods > Athletics > Water Polo > Water Polo Caps'),
(4460, 4460, 0, 'Sporting Goods > Athletics > Water Polo > Water Polo Goals'),
(4461, 4461, 0, 'Sporting Goods > Athletics > Wrestling'),
(4462, 4462, 0, 'Sporting Goods > Athletics > Wrestling > Wrestling Protective Gear'),
(4463, 4463, 0, 'Sporting Goods > Athletics > Wrestling > Wrestling Protective Gear > Wrestling Headgear'),
(4464, 4464, 0, 'Sporting Goods > Athletics > Wrestling > Wrestling Protective Gear > Wrestling Knee Pads'),
(4465, 4465, 0, 'Sporting Goods > Exercise & Fitness'),
(4466, 4466, 0, 'Sporting Goods > Exercise & Fitness > Ab Wheels & Rollers'),
(4467, 4467, 0, 'Sporting Goods > Exercise & Fitness > Aerobic Steps'),
(4468, 4468, 0, 'Sporting Goods > Exercise & Fitness > Balance Trainers'),
(4469, 4469, 0, 'Sporting Goods > Exercise & Fitness > Cardio'),
(4470, 4470, 0, 'Sporting Goods > Exercise & Fitness > Cardio > Cardio Machine Accessories'),
(4471, 4471, 0, 'Sporting Goods > Exercise & Fitness > Cardio > Cardio Machine Accessories > Elliptical Trainer Accessories'),
(4472, 4472, 0, 'Sporting Goods > Exercise & Fitness > Cardio > Cardio Machine Accessories > Exercise Bike Accessories'),
(4473, 4473, 0, 'Sporting Goods > Exercise & Fitness > Cardio > Cardio Machine Accessories > Rowing Machine Accessories'),
(4474, 4474, 0, 'Sporting Goods > Exercise & Fitness > Cardio > Cardio Machine Accessories > Stair Climber & Stepper Accessories'),
(4475, 4475, 0, 'Sporting Goods > Exercise & Fitness > Cardio > Cardio Machine Accessories > Treadmill Accessories'),
(4476, 4476, 0, 'Sporting Goods > Exercise & Fitness > Cardio > Cardio Machines'),
(4477, 4477, 0, 'Sporting Goods > Exercise & Fitness > Cardio > Cardio Machines > Elliptical Trainers'),
(4478, 4478, 0, 'Sporting Goods > Exercise & Fitness > Cardio > Cardio Machines > Exercise Bikes'),
(4479, 4479, 0, 'Sporting Goods > Exercise & Fitness > Cardio > Cardio Machines > Rowing Machines'),
(4480, 4480, 0, 'Sporting Goods > Exercise & Fitness > Cardio > Cardio Machines > Stair Climbers & Steppers'),
(4481, 4481, 0, 'Sporting Goods > Exercise & Fitness > Cardio > Cardio Machines > Treadmills'),
(4482, 4482, 0, 'Sporting Goods > Exercise & Fitness > Cardio > Jump Ropes'),
(4483, 4483, 0, 'Sporting Goods > Exercise & Fitness > Exercise Balls'),
(4484, 4484, 0, 'Sporting Goods > Exercise & Fitness > Exercise Bands'),
(4485, 4485, 0, 'Sporting Goods > Exercise & Fitness > Exercise Benches'),
(4486, 4486, 0, 'Sporting Goods > Exercise & Fitness > Exercise Equipment Mats'),
(4487, 4487, 0, 'Sporting Goods > Exercise & Fitness > Exercise Machine & Equipment Sets'),
(4488, 4488, 0, 'Sporting Goods > Exercise & Fitness > Exercise Wedges'),
(4489, 4489, 0, 'Sporting Goods > Exercise & Fitness > Foam Roller Accessories'),
(4490, 4490, 0, 'Sporting Goods > Exercise & Fitness > Foam Roller Accessories > Foam Roller Storage Bags'),
(4491, 4491, 0, 'Sporting Goods > Exercise & Fitness > Foam Rollers'),
(4492, 4492, 0, 'Sporting Goods > Exercise & Fitness > Hand Exercisers'),
(4493, 4493, 0, 'Sporting Goods > Exercise & Fitness > Inversion Tables & Systems'),
(4494, 4494, 0, 'Sporting Goods > Exercise & Fitness > Medicine Balls'),
(4495, 4495, 0, 'Sporting Goods > Exercise & Fitness > Power Towers'),
(4496, 4496, 0, 'Sporting Goods > Exercise & Fitness > Push Up & Pull Up Bars'),
(4497, 4497, 0, 'Sporting Goods > Exercise & Fitness > Reaction Balls'),
(4498, 4498, 0, 'Sporting Goods > Exercise & Fitness > Speed & Resistance Parachutes'),
(4499, 4499, 0, 'Sporting Goods > Exercise & Fitness > Sport Safety Lights & Reflectors'),
(4500, 4500, 0, 'Sporting Goods > Exercise & Fitness > Stopwatches'),
(4501, 4501, 0, 'Sporting Goods > Exercise & Fitness > Suspension Trainers'),
(4502, 4502, 0, 'Sporting Goods > Exercise & Fitness > Vibration Exercise Machines'),
(4503, 4503, 0, 'Sporting Goods > Exercise & Fitness > Weight Lifting'),
(4504, 4504, 0, 'Sporting Goods > Exercise & Fitness > Weight Lifting > Free Weight Accessories'),
(4505, 4505, 0, 'Sporting Goods > Exercise & Fitness > Weight Lifting > Free Weight Accessories > Free Weight Storage Racks'),
(4506, 4506, 0, 'Sporting Goods > Exercise & Fitness > Weight Lifting > Free Weight Accessories > Weight Bar Collars'),
(4507, 4507, 0, 'Sporting Goods > Exercise & Fitness > Weight Lifting > Free Weight Accessories > Weight Bars'),
(4508, 4508, 0, 'Sporting Goods > Exercise & Fitness > Weight Lifting > Free Weights'),
(4509, 4509, 0, 'Sporting Goods > Exercise & Fitness > Weight Lifting > Weight Lifting Belts'),
(4510, 4510, 0, 'Sporting Goods > Exercise & Fitness > Weight Lifting > Weight Lifting Gloves & Hand Supports'),
(4511, 4511, 0, 'Sporting Goods > Exercise & Fitness > Weight Lifting > Weight Lifting Machine & Exercise Bench Accessories'),
(4512, 4512, 0, 'Sporting Goods > Exercise & Fitness > Weight Lifting > Weight Lifting Machines & Racks'),
(4513, 4513, 0, 'Sporting Goods > Exercise & Fitness > Weighted Clothing'),
(4514, 4514, 0, 'Sporting Goods > Exercise & Fitness > Yoga & Pilates'),
(4515, 4515, 0, 'Sporting Goods > Exercise & Fitness > Yoga & Pilates > Pilates Machines'),
(4516, 4516, 0, 'Sporting Goods > Exercise & Fitness > Yoga & Pilates > Yoga & Pilates Blocks'),
(4517, 4517, 0, 'Sporting Goods > Exercise & Fitness > Yoga & Pilates > Yoga & Pilates Mats'),
(4518, 4518, 0, 'Sporting Goods > Exercise & Fitness > Yoga & Pilates > Yoga & Pilates Towels'),
(4519, 4519, 0, 'Sporting Goods > Exercise & Fitness > Yoga & Pilates > Yoga Mat Bags & Straps'),
(4520, 4520, 0, 'Sporting Goods > Indoor Games'),
(4521, 4521, 0, 'Sporting Goods > Indoor Games > Air Hockey'),
(4522, 4522, 0, 'Sporting Goods > Indoor Games > Air Hockey > Air Hockey Equipment'),
(4523, 4523, 0, 'Sporting Goods > Indoor Games > Air Hockey > Air Hockey Table Parts'),
(4524, 4524, 0, 'Sporting Goods > Indoor Games > Air Hockey > Air Hockey Tables'),
(4525, 4525, 0, 'Sporting Goods > Indoor Games > Billiards'),
(4526, 4526, 0, 'Sporting Goods > Indoor Games > Billiards > Billiard Ball Racks'),
(4527, 4527, 0, 'Sporting Goods > Indoor Games > Billiards > Billiard Balls'),
(4528, 4528, 0, 'Sporting Goods > Indoor Games > Billiards > Billiard Cue Accessories'),
(4529, 4529, 0, 'Sporting Goods > Indoor Games > Billiards > Billiard Cue Accessories > Billiard Cue Cases'),
(4530, 4530, 0, 'Sporting Goods > Indoor Games > Billiards > Billiard Cue Accessories > Billiard Cue Chalk'),
(4531, 4531, 0, 'Sporting Goods > Indoor Games > Billiards > Billiard Cue Accessories > Billiard Cue Racks'),
(4532, 4532, 0, 'Sporting Goods > Indoor Games > Billiards > Billiard Cues & Bridges'),
(4533, 4533, 0, 'Sporting Goods > Indoor Games > Billiards > Billiard Gloves'),
(4534, 4534, 0, 'Sporting Goods > Indoor Games > Billiards > Billiard Table Lights'),
(4535, 4535, 0, 'Sporting Goods > Indoor Games > Billiards > Billiard Table Parts & Accessories'),
(4536, 4536, 0, 'Sporting Goods > Indoor Games > Billiards > Billiard Table Parts & Accessories > Billiard Pockets'),
(4537, 4537, 0, 'Sporting Goods > Indoor Games > Billiards > Billiard Table Parts & Accessories > Billiard Table Brushes'),
(4538, 4538, 0, 'Sporting Goods > Indoor Games > Billiards > Billiard Table Parts & Accessories > Billiard Table Cloth'),
(4539, 4539, 0, 'Sporting Goods > Indoor Games > Billiards > Billiard Table Parts & Accessories > Billiard Table Covers'),
(4540, 4540, 0, 'Sporting Goods > Indoor Games > Billiards > Billiard Tables'),
(4541, 4541, 0, 'Sporting Goods > Indoor Games > Bowling'),
(4542, 4542, 0, 'Sporting Goods > Indoor Games > Bowling > Bowling Ball Bags'),
(4543, 4543, 0, 'Sporting Goods > Indoor Games > Bowling > Bowling Balls'),
(4544, 4544, 0, 'Sporting Goods > Indoor Games > Bowling > Bowling Gloves'),
(4545, 4545, 0, 'Sporting Goods > Indoor Games > Bowling > Bowling Pins'),
(4546, 4546, 0, 'Sporting Goods > Indoor Games > Bowling > Bowling Wrist Supports'),
(4547, 4547, 0, 'Sporting Goods > Indoor Games > Foosball'),
(4548, 4548, 0, 'Sporting Goods > Indoor Games > Foosball > Foosball Balls'),
(4549, 4549, 0, 'Sporting Goods > Indoor Games > Foosball > Foosball Table Parts & Accessories'),
(4550, 4550, 0, 'Sporting Goods > Indoor Games > Foosball > Foosball Tables'),
(4551, 4551, 0, 'Sporting Goods > Indoor Games > Multi-Game Tables'),
(4552, 4552, 0, 'Sporting Goods > Indoor Games > Ping Pong'),
(4553, 4553, 0, 'Sporting Goods > Indoor Games > Ping Pong > Ping Pong Balls'),
(4554, 4554, 0, 'Sporting Goods > Indoor Games > Ping Pong > Ping Pong Nets & Posts'),
(4555, 4555, 0, 'Sporting Goods > Indoor Games > Ping Pong > Ping Pong Paddle Accessories'),
(4556, 4556, 0, 'Sporting Goods > Indoor Games > Ping Pong > Ping Pong Paddles & Sets'),
(4557, 4557, 0, 'Sporting Goods > Indoor Games > Ping Pong > Ping Pong Robot Accessories'),
(4558, 4558, 0, 'Sporting Goods > Indoor Games > Ping Pong > Ping Pong Robots'),
(4559, 4559, 0, 'Sporting Goods > Indoor Games > Ping Pong > Ping Pong Tables'),
(4560, 4560, 0, 'Sporting Goods > Indoor Games > Table Shuffleboard'),
(4561, 4561, 0, 'Sporting Goods > Indoor Games > Table Shuffleboard > Shuffleboard Tables'),
(4562, 4562, 0, 'Sporting Goods > Indoor Games > Table Shuffleboard > Table Shuffleboard Powder'),
(4563, 4563, 0, 'Sporting Goods > Indoor Games > Table Shuffleboard > Table Shuffleboard Pucks'),
(4564, 4564, 0, 'Sporting Goods > Indoor Games > Throwing Darts'),
(4565, 4565, 0, 'Sporting Goods > Indoor Games > Throwing Darts > Dart Backboards'),
(4566, 4566, 0, 'Sporting Goods > Indoor Games > Throwing Darts > Dart Parts'),
(4567, 4567, 0, 'Sporting Goods > Indoor Games > Throwing Darts > Dart Parts > Dart Flights'),
(4568, 4568, 0, 'Sporting Goods > Indoor Games > Throwing Darts > Dart Parts > Dart Shafts'),
(4569, 4569, 0, 'Sporting Goods > Indoor Games > Throwing Darts > Dart Parts > Dart Tips'),
(4570, 4570, 0, 'Sporting Goods > Indoor Games > Throwing Darts > Dartboards'),
(4571, 4571, 0, 'Sporting Goods > Indoor Games > Throwing Darts > Darts'),
(4572, 4572, 0, 'Sporting Goods > Outdoor Recreation'),
(4573, 4573, 0, 'Sporting Goods > Outdoor Recreation > Boating & Water Sports'),
(4574, 4574, 0, 'Sporting Goods > Outdoor Recreation > Boating & Water Sports > Boating & Rafting'),
(4575, 4575, 0, 'Sporting Goods > Outdoor Recreation > Boating & Water Sports > Boating & Rafting > Boating Gloves'),
(4576, 4576, 0, 'Sporting Goods > Outdoor Recreation > Boating & Water Sports > Boating & Rafting > Canoe Accessories'),
(4577, 4577, 0, 'Sporting Goods > Outdoor Recreation > Boating & Water Sports > Boating & Rafting > Canoes'),
(4578, 4578, 0, 'Sporting Goods > Outdoor Recreation > Boating & Water Sports > Boating & Rafting > Kayak Accessories'),
(4579, 4579, 0, 'Sporting Goods > Outdoor Recreation > Boating & Water Sports > Boating & Rafting > Kayaks'),
(4580, 4580, 0, 'Sporting Goods > Outdoor Recreation > Boating & Water Sports > Boating & Rafting > Paddle Leashes'),
(4581, 4581, 0, 'Sporting Goods > Outdoor Recreation > Boating & Water Sports > Boating & Rafting > Paddles & Oars'),
(4582, 4582, 0, 'Sporting Goods > Outdoor Recreation > Boating & Water Sports > Boating & Rafting > Pedal Boats'),
(4583, 4583, 0, 'Sporting Goods > Outdoor Recreation > Boating & Water Sports > Boating & Rafting > Row Boats'),
(4584, 4584, 0, 'Sporting Goods > Outdoor Recreation > Boating & Water Sports > Boating & Rafting > Whitewater Rafts'),
(4585, 4585, 0, 'Sporting Goods > Outdoor Recreation > Boating & Water Sports > Boating & Water Sport Apparel'),
(4586, 4586, 0, 'Sporting Goods > Outdoor Recreation > Boating & Water Sports > Boating & Water Sport Apparel > Drysuits'),
(4587, 4587, 0, 'Sporting Goods > Outdoor Recreation > Boating & Water Sports > Boating & Water Sport Apparel > Life Jacket Accessories'),
(4588, 4588, 0, 'Sporting Goods > Outdoor Recreation > Boating & Water Sports > Boating & Water Sport Apparel > Life Jackets'),
(4589, 4589, 0, 'Sporting Goods > Outdoor Recreation > Boating & Water Sports > Boating & Water Sport Apparel > Rash Guards & Swim Shirts'),
(4590, 4590, 0, 'Sporting Goods > Outdoor Recreation > Boating & Water Sports > Boating & Water Sport Apparel > Water Sport Helmets'),
(4591, 4591, 0, 'Sporting Goods > Outdoor Recreation > Boating & Water Sports > Boating & Water Sport Apparel > Wetsuit Pieces'),
(4592, 4592, 0, 'Sporting Goods > Outdoor Recreation > Boating & Water Sports > Boating & Water Sport Apparel > Wetsuit Pieces > Wetsuit Bottoms'),
(4593, 4593, 0, 'Sporting Goods > Outdoor Recreation > Boating & Water Sports > Boating & Water Sport Apparel > Wetsuit Pieces > Wetsuit Hoods, Gloves & Boots'),
(4594, 4594, 0, 'Sporting Goods > Outdoor Recreation > Boating & Water Sports > Boating & Water Sport Apparel > Wetsuit Pieces > Wetsuit Tops'),
(4595, 4595, 0, 'Sporting Goods > Outdoor Recreation > Boating & Water Sports > Boating & Water Sport Apparel > Wetsuits'),
(4596, 4596, 0, 'Sporting Goods > Outdoor Recreation > Boating & Water Sports > Diving & Snorkeling'),
(4597, 4597, 0, 'Sporting Goods > Outdoor Recreation > Boating & Water Sports > Diving & Snorkeling > Buoyancy Compensators'),
(4598, 4598, 0, 'Sporting Goods > Outdoor Recreation > Boating & Water Sports > Diving & Snorkeling > Dive Computers'),
(4599, 4599, 0, 'Sporting Goods > Outdoor Recreation > Boating & Water Sports > Diving & Snorkeling > Diving & Snorkeling Equipment Sets'),
(4600, 4600, 0, 'Sporting Goods > Outdoor Recreation > Boating & Water Sports > Diving & Snorkeling > Diving & Snorkeling Fins'),
(4601, 4601, 0, 'Sporting Goods > Outdoor Recreation > Boating & Water Sports > Diving & Snorkeling > Diving & Snorkeling Masks'),
(4602, 4602, 0, 'Sporting Goods > Outdoor Recreation > Boating & Water Sports > Diving & Snorkeling > Diving Belts'),
(4603, 4603, 0, 'Sporting Goods > Outdoor Recreation > Boating & Water Sports > Diving & Snorkeling > Diving Knives & Shears'),
(4604, 4604, 0, 'Sporting Goods > Outdoor Recreation > Boating & Water Sports > Diving & Snorkeling > Diving Regulators'),
(4605, 4605, 0, 'Sporting Goods > Outdoor Recreation > Boating & Water Sports > Diving & Snorkeling > Snorkels'),
(4606, 4606, 0, 'Sporting Goods > Outdoor Recreation > Boating & Water Sports > Kitesurfing'),
(4607, 4607, 0, 'Sporting Goods > Outdoor Recreation > Boating & Water Sports > Kitesurfing > Kiteboard Cases'),
(4608, 4608, 0, 'Sporting Goods > Outdoor Recreation > Boating & Water Sports > Kitesurfing > Kiteboard Parts'),
(4609, 4609, 0, 'Sporting Goods > Outdoor Recreation > Boating & Water Sports > Kitesurfing > Kiteboards'),
(4610, 4610, 0, 'Sporting Goods > Outdoor Recreation > Boating & Water Sports > Kitesurfing > Kitesurfing & Windsurfing Harnesses'),
(4611, 4611, 0, 'Sporting Goods > Outdoor Recreation > Boating & Water Sports > Kitesurfing > Kitesurfing Kites'),
(4612, 4612, 0, 'Sporting Goods > Outdoor Recreation > Boating & Water Sports > Surfing'),
(4613, 4613, 0, 'Sporting Goods > Outdoor Recreation > Boating & Water Sports > Surfing > Bodyboards'),
(4614, 4614, 0, 'Sporting Goods > Outdoor Recreation > Boating & Water Sports > Surfing > Paddleboards'),
(4615, 4615, 0, 'Sporting Goods > Outdoor Recreation > Boating & Water Sports > Surfing > Skimboards'),
(4616, 4616, 0, 'Sporting Goods > Outdoor Recreation > Boating & Water Sports > Surfing > Surf Leashes'),
(4617, 4617, 0, 'Sporting Goods > Outdoor Recreation > Boating & Water Sports > Surfing > Surfboard Cases & Bags'),
(4618, 4618, 0, 'Sporting Goods > Outdoor Recreation > Boating & Water Sports > Surfing > Surfboard Fins'),
(4619, 4619, 0, 'Sporting Goods > Outdoor Recreation > Boating & Water Sports > Surfing > Surfboard Wax'),
(4620, 4620, 0, 'Sporting Goods > Outdoor Recreation > Boating & Water Sports > Surfing > Surfboards'),
(4621, 4621, 0, 'Sporting Goods > Outdoor Recreation > Boating & Water Sports > Surfing > Surfing Gloves'),
(4622, 4622, 0, 'Sporting Goods > Outdoor Recreation > Boating & Water Sports > Surfing > Surfing Tail Pads'),
(4623, 4623, 0, 'Sporting Goods > Outdoor Recreation > Boating & Water Sports > Swimming'),
(4624, 4624, 0, 'Sporting Goods > Outdoor Recreation > Boating & Water Sports > Swimming > Child Swimming Aids'),
(4625, 4625, 0, 'Sporting Goods > Outdoor Recreation > Boating & Water Sports > Swimming > Hand Paddles'),
(4626, 4626, 0, 'Sporting Goods > Outdoor Recreation > Boating & Water Sports > Swimming > Kickboards'),
(4627, 4627, 0, 'Sporting Goods > Outdoor Recreation > Boating & Water Sports > Swimming > Pull Buoys'),
(4628, 4628, 0, 'Sporting Goods > Outdoor Recreation > Boating & Water Sports > Swimming > Swim Belts'),
(4629, 4629, 0, 'Sporting Goods > Outdoor Recreation > Boating & Water Sports > Swimming > Swim Caps'),
(4630, 4630, 0, 'Sporting Goods > Outdoor Recreation > Boating & Water Sports > Swimming > Swim Gloves'),
(4631, 4631, 0, 'Sporting Goods > Outdoor Recreation > Boating & Water Sports > Swimming > Swim Goggle & Mask Accessories'),
(4632, 4632, 0, 'Sporting Goods > Outdoor Recreation > Boating & Water Sports > Swimming > Swim Goggles & Masks'),
(4633, 4633, 0, 'Sporting Goods > Outdoor Recreation > Boating & Water Sports > Swimming > Swim Weights'),
(4634, 4634, 0, 'Sporting Goods > Outdoor Recreation > Boating & Water Sports > Swimming > Swimming Fins'),
(4635, 4635, 0, 'Sporting Goods > Outdoor Recreation > Boating & Water Sports > Swimming > Swimming Fins > Monofins'),
(4636, 4636, 0, 'Sporting Goods > Outdoor Recreation > Boating & Water Sports > Swimming > Swimming Fins > Training Fins'),
(4637, 4637, 0, 'Sporting Goods > Outdoor Recreation > Boating & Water Sports > Swimming > Swimming Machines'),
(4638, 4638, 0, 'Sporting Goods > Outdoor Recreation > Boating & Water Sports > Swimming > Swimming Nose Clips'),
(4639, 4639, 0, 'Sporting Goods > Outdoor Recreation > Boating & Water Sports > Towed Water Sports'),
(4640, 4640, 0, 'Sporting Goods > Outdoor Recreation > Boating & Water Sports > Towed Water Sports > Kneeboarding'),
(4641, 4641, 0, 'Sporting Goods > Outdoor Recreation > Boating & Water Sports > Towed Water Sports > Kneeboarding > Kneeboards'),
(4642, 4642, 0, 'Sporting Goods > Outdoor Recreation > Boating & Water Sports > Towed Water Sports > Towable Rafts & Tubes'),
(4643, 4643, 0, 'Sporting Goods > Outdoor Recreation > Boating & Water Sports > Towed Water Sports > Towed Water Sport Gloves'),
(4644, 4644, 0, 'Sporting Goods > Outdoor Recreation > Boating & Water Sports > Towed Water Sports > Wakeboarding'),
(4645, 4645, 0, 'Sporting Goods > Outdoor Recreation > Boating & Water Sports > Towed Water Sports > Wakeboarding > Kiteboard & Wakeboard Bindings'),
(4646, 4646, 0, 'Sporting Goods > Outdoor Recreation > Boating & Water Sports > Towed Water Sports > Wakeboarding > Wakeboard Parts'),
(4647, 4647, 0, 'Sporting Goods > Outdoor Recreation > Boating & Water Sports > Towed Water Sports > Wakeboarding > Wakeboards'),
(4648, 4648, 0, 'Sporting Goods > Outdoor Recreation > Boating & Water Sports > Towed Water Sports > Water Skiing'),
(4649, 4649, 0, 'Sporting Goods > Outdoor Recreation > Boating & Water Sports > Towed Water Sports > Water Skiing > Sit-Down Hydrofoils'),
(4650, 4650, 0, 'Sporting Goods > Outdoor Recreation > Boating & Water Sports > Towed Water Sports > Water Skiing > Water Ski Bindings'),
(4651, 4651, 0, 'Sporting Goods > Outdoor Recreation > Boating & Water Sports > Towed Water Sports > Water Skiing > Water Ski Cases & Bags'),
(4652, 4652, 0, 'Sporting Goods > Outdoor Recreation > Boating & Water Sports > Towed Water Sports > Water Skiing > Water Skis'),
(4653, 4653, 0, 'Sporting Goods > Outdoor Recreation > Boating & Water Sports > Towed Water Sports > Water Sport Tow Cables'),
(4654, 4654, 0, 'Sporting Goods > Outdoor Recreation > Boating & Water Sports > Watercraft Storage Racks'),
(4655, 4655, 0, 'Sporting Goods > Outdoor Recreation > Boating & Water Sports > Watercraft Storage Racks > Boat Storage Racks'),
(4656, 4656, 0, 'Sporting Goods > Outdoor Recreation > Boating & Water Sports > Watercraft Storage Racks > Water Sport Board Storage Racks'),
(4657, 4657, 0, 'Sporting Goods > Outdoor Recreation > Boating & Water Sports > Windsurfing'),
(4658, 4658, 0, 'Sporting Goods > Outdoor Recreation > Boating & Water Sports > Windsurfing > Windsurfing Board Parts'),
(4659, 4659, 0, 'Sporting Goods > Outdoor Recreation > Boating & Water Sports > Windsurfing > Windsurfing Board Parts > Windsurfing Board Fins'),
(4660, 4660, 0, 'Sporting Goods > Outdoor Recreation > Boating & Water Sports > Windsurfing > Windsurfing Board Parts > Windsurfing Board Masts'),
(4661, 4661, 0, 'Sporting Goods > Outdoor Recreation > Boating & Water Sports > Windsurfing > Windsurfing Boards'),
(4662, 4662, 0, 'Sporting Goods > Outdoor Recreation > Boating & Water Sports > Windsurfing > Windsurfing Sails'),
(4663, 4663, 0, 'Sporting Goods > Outdoor Recreation > Camping & Hiking'),
(4664, 4664, 0, 'Sporting Goods > Outdoor Recreation > Camping & Hiking > Camp Furniture'),
(4665, 4665, 0, 'Sporting Goods > Outdoor Recreation > Camping & Hiking > Camp Furniture > Air Mattress & Sleeping Pad Accessories'),
(4666, 4666, 0, 'Sporting Goods > Outdoor Recreation > Camping & Hiking > Camp Furniture > Air Mattresses'),
(4667, 4667, 0, 'Sporting Goods > Outdoor Recreation > Camping & Hiking > Camp Furniture > Cots'),
(4668, 4668, 0, 'Sporting Goods > Outdoor Recreation > Camping & Hiking > Camping Cookware & Dinnerware'),
(4669, 4669, 0, 'Sporting Goods > Outdoor Recreation > Camping & Hiking > Camping Lights & Lanterns'),
(4670, 4670, 0, 'Sporting Goods > Outdoor Recreation > Camping & Hiking > Camping Tools'),
(4671, 4671, 0, 'Sporting Goods > Outdoor Recreation > Camping & Hiking > Camping Tools > Hunting & Survival Knives'),
(4672, 4672, 0, 'Sporting Goods > Outdoor Recreation > Camping & Hiking > Camping Tools > Multifunction Tools & Knives'),
(4673, 4673, 0, 'Sporting Goods > Outdoor Recreation > Camping & Hiking > Chemical Hand Warmers'),
(4674, 4674, 0, 'Sporting Goods > Outdoor Recreation > Camping & Hiking > Compression Sacks'),
(4675, 4675, 0, 'Sporting Goods > Outdoor Recreation > Camping & Hiking > Hiking Pole Accessories'),
(4676, 4676, 0, 'Sporting Goods > Outdoor Recreation > Camping & Hiking > Hiking Poles'),
(4677, 4677, 0, 'Sporting Goods > Outdoor Recreation > Camping & Hiking > Mosquito Nets & Insect Screens'),
(4678, 4678, 0, 'Sporting Goods > Outdoor Recreation > Camping & Hiking > Navigational Compasses'),
(4679, 4679, 0, 'Sporting Goods > Outdoor Recreation > Camping & Hiking > Portable Toilets & Showers'),
(4680, 4680, 0, 'Sporting Goods > Outdoor Recreation > Camping & Hiking > Portable Toilets & Showers > Portable Showers & Privacy Enclosures'),
(4681, 4681, 0, 'Sporting Goods > Outdoor Recreation > Camping & Hiking > Portable Toilets & Showers > Portable Toilets & Urination Devices'),
(4682, 4682, 0, 'Sporting Goods > Outdoor Recreation > Camping & Hiking > Portable Water Filters & Purifiers'),
(4683, 4683, 0, 'Sporting Goods > Outdoor Recreation > Camping & Hiking > Sleeping Bag Liners'),
(4684, 4684, 0, 'Sporting Goods > Outdoor Recreation > Camping & Hiking > Sleeping Bags'),
(4685, 4685, 0, 'Sporting Goods > Outdoor Recreation > Camping & Hiking > Sleeping Pads'),
(4686, 4686, 0, 'Sporting Goods > Outdoor Recreation > Camping & Hiking > Tent Accessories'),
(4687, 4687, 0, 'Sporting Goods > Outdoor Recreation > Camping & Hiking > Tent Accessories > Inner Tents'),
(4688, 4688, 0, 'Sporting Goods > Outdoor Recreation > Camping & Hiking > Tent Accessories > Tent Footprints'),
(4689, 4689, 0, 'Sporting Goods > Outdoor Recreation > Camping & Hiking > Tent Accessories > Tent Poles & Stakes'),
(4690, 4690, 0, 'Sporting Goods > Outdoor Recreation > Camping & Hiking > Tent Accessories > Tent Vestibules'),
(4691, 4691, 0, 'Sporting Goods > Outdoor Recreation > Camping & Hiking > Tents'),
(4692, 4692, 0, 'Sporting Goods > Outdoor Recreation > Camping & Hiking > Windbreaks'),
(4693, 4693, 0, 'Sporting Goods > Outdoor Recreation > Climbing'),
(4694, 4694, 0, 'Sporting Goods > Outdoor Recreation > Climbing > Belay Devices'),
(4695, 4695, 0, 'Sporting Goods > Outdoor Recreation > Climbing > Carabiners'),
(4696, 4696, 0, 'Sporting Goods > Outdoor Recreation > Climbing > Climbing Apparel & Accessories'),
(4697, 4697, 0, 'Sporting Goods > Outdoor Recreation > Climbing > Climbing Apparel & Accessories > Climbing Gloves'),
(4698, 4698, 0, 'Sporting Goods > Outdoor Recreation > Climbing > Climbing Apparel & Accessories > Climbing Helmets'),
(4699, 4699, 0, 'Sporting Goods > Outdoor Recreation > Climbing > Climbing Apparel & Accessories > Crampons'),
(4700, 4700, 0, 'Sporting Goods > Outdoor Recreation > Climbing > Climbing Ascenders & Descenders'),
(4701, 4701, 0, 'Sporting Goods > Outdoor Recreation > Climbing > Climbing Chalk Bags'),
(4702, 4702, 0, 'Sporting Goods > Outdoor Recreation > Climbing > Climbing Crash Pads'),
(4703, 4703, 0, 'Sporting Goods > Outdoor Recreation > Climbing > Climbing Harnesses'),
(4704, 4704, 0, 'Sporting Goods > Outdoor Recreation > Climbing > Climbing Protection Devices'),
(4705, 4705, 0, 'Sporting Goods > Outdoor Recreation > Climbing > Climbing Rope'),
(4706, 4706, 0, 'Sporting Goods > Outdoor Recreation > Climbing > Climbing Rope Bags'),
(4707, 4707, 0, 'Sporting Goods > Outdoor Recreation > Climbing > Climbing Webbing'),
(4708, 4708, 0, 'Sporting Goods > Outdoor Recreation > Climbing > Ice Climbing Tools'),
(4709, 4709, 0, 'Sporting Goods > Outdoor Recreation > Climbing > Ice Screws'),
(4710, 4710, 0, 'Sporting Goods > Outdoor Recreation > Climbing > Indoor Climbing Holds'),
(4711, 4711, 0, 'Sporting Goods > Outdoor Recreation > Climbing > Quickdraws'),
(4712, 4712, 0, 'Sporting Goods > Outdoor Recreation > Cycling'),
(4713, 4713, 0, 'Sporting Goods > Outdoor Recreation > Cycling > Bicycle Accessories'),
(4714, 4714, 0, 'Sporting Goods > Outdoor Recreation > Cycling > Bicycle Accessories > Bicycle Bags & Panniers'),
(4715, 4715, 0, 'Sporting Goods > Outdoor Recreation > Cycling > Bicycle Accessories > Bicycle Baskets'),
(4716, 4716, 0, 'Sporting Goods > Outdoor Recreation > Cycling > Bicycle Accessories > Bicycle Bells & Horns'),
(4717, 4717, 0, 'Sporting Goods > Outdoor Recreation > Cycling > Bicycle Accessories > Bicycle Cages'),
(4718, 4718, 0, 'Sporting Goods > Outdoor Recreation > Cycling > Bicycle Accessories > Bicycle Child Seat Accessories'),
(4719, 4719, 0, 'Sporting Goods > Outdoor Recreation > Cycling > Bicycle Accessories > Bicycle Child Seats'),
(4720, 4720, 0, 'Sporting Goods > Outdoor Recreation > Cycling > Bicycle Accessories > Bicycle Computer Accessories'),
(4721, 4721, 0, 'Sporting Goods > Outdoor Recreation > Cycling > Bicycle Accessories > Bicycle Computers'),
(4722, 4722, 0, 'Sporting Goods > Outdoor Recreation > Cycling > Bicycle Accessories > Bicycle Covers'),
(4723, 4723, 0, 'Sporting Goods > Outdoor Recreation > Cycling > Bicycle Accessories > Bicycle Fenders'),
(4724, 4724, 0, 'Sporting Goods > Outdoor Recreation > Cycling > Bicycle Accessories > Bicycle Front & Rear Racks'),
(4725, 4725, 0, 'Sporting Goods > Outdoor Recreation > Cycling > Bicycle Accessories > Bicycle Handlebar Grips & Decor'),
(4726, 4726, 0, 'Sporting Goods > Outdoor Recreation > Cycling > Bicycle Accessories > Bicycle Locks'),
(4727, 4727, 0, 'Sporting Goods > Outdoor Recreation > Cycling > Bicycle Accessories > Bicycle Mirrors'),
(4728, 4728, 0, 'Sporting Goods > Outdoor Recreation > Cycling > Bicycle Accessories > Bicycle Pumps'),
(4729, 4729, 0, 'Sporting Goods > Outdoor Recreation > Cycling > Bicycle Accessories > Bicycle Saddle Pads & Seat Covers'),
(4730, 4730, 0, 'Sporting Goods > Outdoor Recreation > Cycling > Bicycle Accessories > Bicycle Shock Pumps'),
(4731, 4731, 0, 'Sporting Goods > Outdoor Recreation > Cycling > Bicycle Accessories > Bicycle Spoke Beads'),
(4732, 4732, 0, 'Sporting Goods > Outdoor Recreation > Cycling > Bicycle Accessories > Bicycle Stands & Storage'),
(4733, 4733, 0, 'Sporting Goods > Outdoor Recreation > Cycling > Bicycle Accessories > Bicycle Tire Repair Supplies & Kits'),
(4734, 4734, 0, 'Sporting Goods > Outdoor Recreation > Cycling > Bicycle Accessories > Bicycle Toe Straps & Clips'),
(4735, 4735, 0, 'Sporting Goods > Outdoor Recreation > Cycling > Bicycle Accessories > Bicycle Tools'),
(4736, 4736, 0, 'Sporting Goods > Outdoor Recreation > Cycling > Bicycle Accessories > Bicycle Trailers'),
(4737, 4737, 0, 'Sporting Goods > Outdoor Recreation > Cycling > Bicycle Accessories > Bicycle Trainers'),
(4738, 4738, 0, 'Sporting Goods > Outdoor Recreation > Cycling > Bicycle Accessories > Bicycle Training Wheels'),
(4739, 4739, 0, 'Sporting Goods > Outdoor Recreation > Cycling > Bicycle Accessories > Bicycle Transport Bags & Cases'),
(4740, 4740, 0, 'Sporting Goods > Outdoor Recreation > Cycling > Bicycle Accessories > Bicycle Water Sport Board Racks'),
(4741, 4741, 0, 'Sporting Goods > Outdoor Recreation > Cycling > Bicycle Accessories > Electric Bicycle Conversion Kits'),
(4742, 4742, 0, 'Sporting Goods > Outdoor Recreation > Cycling > Bicycle Parts');
INSERT INTO `eav_attribute_option_value` (`value_id`, `option_id`, `store_id`, `value`) VALUES
(4743, 4743, 0, 'Sporting Goods > Outdoor Recreation > Cycling > Bicycle Parts > Bicycle Brake Parts'),
(4744, 4744, 0, 'Sporting Goods > Outdoor Recreation > Cycling > Bicycle Parts > Bicycle Brake Parts > Bicycle Brake Calipers'),
(4745, 4745, 0, 'Sporting Goods > Outdoor Recreation > Cycling > Bicycle Parts > Bicycle Brake Parts > Bicycle Brake Levers'),
(4746, 4746, 0, 'Sporting Goods > Outdoor Recreation > Cycling > Bicycle Parts > Bicycle Brake Parts > Bicycle Brake Rotors'),
(4747, 4747, 0, 'Sporting Goods > Outdoor Recreation > Cycling > Bicycle Parts > Bicycle Brake Parts > Bicycle Brake Sets'),
(4748, 4748, 0, 'Sporting Goods > Outdoor Recreation > Cycling > Bicycle Parts > Bicycle Cable Housings'),
(4749, 4749, 0, 'Sporting Goods > Outdoor Recreation > Cycling > Bicycle Parts > Bicycle Cables'),
(4750, 4750, 0, 'Sporting Goods > Outdoor Recreation > Cycling > Bicycle Parts > Bicycle Drivetrain Parts'),
(4751, 4751, 0, 'Sporting Goods > Outdoor Recreation > Cycling > Bicycle Parts > Bicycle Drivetrain Parts > Bicycle Bottom Brackets'),
(4752, 4752, 0, 'Sporting Goods > Outdoor Recreation > Cycling > Bicycle Parts > Bicycle Drivetrain Parts > Bicycle Cassettes & Freewheels'),
(4753, 4753, 0, 'Sporting Goods > Outdoor Recreation > Cycling > Bicycle Parts > Bicycle Drivetrain Parts > Bicycle Chainrings'),
(4754, 4754, 0, 'Sporting Goods > Outdoor Recreation > Cycling > Bicycle Parts > Bicycle Drivetrain Parts > Bicycle Chains'),
(4755, 4755, 0, 'Sporting Goods > Outdoor Recreation > Cycling > Bicycle Parts > Bicycle Drivetrain Parts > Bicycle Cranks'),
(4756, 4756, 0, 'Sporting Goods > Outdoor Recreation > Cycling > Bicycle Parts > Bicycle Drivetrain Parts > Bicycle Derailleurs'),
(4757, 4757, 0, 'Sporting Goods > Outdoor Recreation > Cycling > Bicycle Parts > Bicycle Drivetrain Parts > Bicycle Pedals'),
(4758, 4758, 0, 'Sporting Goods > Outdoor Recreation > Cycling > Bicycle Parts > Bicycle Drivetrain Parts > Bicycle Shifters'),
(4759, 4759, 0, 'Sporting Goods > Outdoor Recreation > Cycling > Bicycle Parts > Bicycle Forks'),
(4760, 4760, 0, 'Sporting Goods > Outdoor Recreation > Cycling > Bicycle Parts > Bicycle Frames'),
(4761, 4761, 0, 'Sporting Goods > Outdoor Recreation > Cycling > Bicycle Parts > Bicycle Groupsets'),
(4762, 4762, 0, 'Sporting Goods > Outdoor Recreation > Cycling > Bicycle Parts > Bicycle Handlebar Extensions'),
(4763, 4763, 0, 'Sporting Goods > Outdoor Recreation > Cycling > Bicycle Parts > Bicycle Handlebars'),
(4764, 4764, 0, 'Sporting Goods > Outdoor Recreation > Cycling > Bicycle Parts > Bicycle Headset Parts'),
(4765, 4765, 0, 'Sporting Goods > Outdoor Recreation > Cycling > Bicycle Parts > Bicycle Headset Parts > Bicycle Headset Bearings'),
(4766, 4766, 0, 'Sporting Goods > Outdoor Recreation > Cycling > Bicycle Parts > Bicycle Headset Parts > Bicycle Headset Spacers'),
(4767, 4767, 0, 'Sporting Goods > Outdoor Recreation > Cycling > Bicycle Parts > Bicycle Headsets'),
(4768, 4768, 0, 'Sporting Goods > Outdoor Recreation > Cycling > Bicycle Parts > Bicycle Kickstands'),
(4769, 4769, 0, 'Sporting Goods > Outdoor Recreation > Cycling > Bicycle Parts > Bicycle Saddles'),
(4770, 4770, 0, 'Sporting Goods > Outdoor Recreation > Cycling > Bicycle Parts > Bicycle Seatpost Clamps'),
(4771, 4771, 0, 'Sporting Goods > Outdoor Recreation > Cycling > Bicycle Parts > Bicycle Seatposts'),
(4772, 4772, 0, 'Sporting Goods > Outdoor Recreation > Cycling > Bicycle Parts > Bicycle Small Parts'),
(4773, 4773, 0, 'Sporting Goods > Outdoor Recreation > Cycling > Bicycle Parts > Bicycle Stems'),
(4774, 4774, 0, 'Sporting Goods > Outdoor Recreation > Cycling > Bicycle Parts > Bicycle Tire Valve Adapters'),
(4775, 4775, 0, 'Sporting Goods > Outdoor Recreation > Cycling > Bicycle Parts > Bicycle Tire Valve Caps'),
(4776, 4776, 0, 'Sporting Goods > Outdoor Recreation > Cycling > Bicycle Parts > Bicycle Tire Valves'),
(4777, 4777, 0, 'Sporting Goods > Outdoor Recreation > Cycling > Bicycle Parts > Bicycle Tires'),
(4778, 4778, 0, 'Sporting Goods > Outdoor Recreation > Cycling > Bicycle Parts > Bicycle Tubes'),
(4779, 4779, 0, 'Sporting Goods > Outdoor Recreation > Cycling > Bicycle Parts > Bicycle Wheel Parts'),
(4780, 4780, 0, 'Sporting Goods > Outdoor Recreation > Cycling > Bicycle Parts > Bicycle Wheel Parts > Bicycle Foot Pegs'),
(4781, 4781, 0, 'Sporting Goods > Outdoor Recreation > Cycling > Bicycle Parts > Bicycle Wheel Parts > Bicycle Hub Parts'),
(4782, 4782, 0, 'Sporting Goods > Outdoor Recreation > Cycling > Bicycle Parts > Bicycle Wheel Parts > Bicycle Hubs'),
(4783, 4783, 0, 'Sporting Goods > Outdoor Recreation > Cycling > Bicycle Parts > Bicycle Wheel Parts > Bicycle Rim Strips'),
(4784, 4784, 0, 'Sporting Goods > Outdoor Recreation > Cycling > Bicycle Parts > Bicycle Wheel Parts > Bicycle Spokes'),
(4785, 4785, 0, 'Sporting Goods > Outdoor Recreation > Cycling > Bicycle Parts > Bicycle Wheel Parts > Bicycle Wheel Axles & Skewers'),
(4786, 4786, 0, 'Sporting Goods > Outdoor Recreation > Cycling > Bicycle Parts > Bicycle Wheel Parts > Bicycle Wheel Nipples'),
(4787, 4787, 0, 'Sporting Goods > Outdoor Recreation > Cycling > Bicycle Parts > Bicycle Wheel Parts > Bicycle Wheel Rims'),
(4788, 4788, 0, 'Sporting Goods > Outdoor Recreation > Cycling > Bicycle Parts > Bicycle Wheels'),
(4789, 4789, 0, 'Sporting Goods > Outdoor Recreation > Cycling > Bicycles'),
(4790, 4790, 0, 'Sporting Goods > Outdoor Recreation > Cycling > Cycling Apparel & Accessories'),
(4791, 4791, 0, 'Sporting Goods > Outdoor Recreation > Cycling > Cycling Apparel & Accessories > Bicycle Cleat Accessories'),
(4792, 4792, 0, 'Sporting Goods > Outdoor Recreation > Cycling > Cycling Apparel & Accessories > Bicycle Cleat Accessories > Bicycle Cleat Bolts'),
(4793, 4793, 0, 'Sporting Goods > Outdoor Recreation > Cycling > Cycling Apparel & Accessories > Bicycle Cleat Accessories > Bicycle Cleat Covers'),
(4794, 4794, 0, 'Sporting Goods > Outdoor Recreation > Cycling > Cycling Apparel & Accessories > Bicycle Cleat Accessories > Bicycle Cleat Shims & Wedges'),
(4795, 4795, 0, 'Sporting Goods > Outdoor Recreation > Cycling > Cycling Apparel & Accessories > Bicycle Cleats'),
(4796, 4796, 0, 'Sporting Goods > Outdoor Recreation > Cycling > Cycling Apparel & Accessories > Bicycle Gloves'),
(4797, 4797, 0, 'Sporting Goods > Outdoor Recreation > Cycling > Cycling Apparel & Accessories > Bicycle Helmet Parts & Accessories'),
(4798, 4798, 0, 'Sporting Goods > Outdoor Recreation > Cycling > Cycling Apparel & Accessories > Bicycle Helmets'),
(4799, 4799, 0, 'Sporting Goods > Outdoor Recreation > Cycling > Cycling Apparel & Accessories > Bicycle Protective Pads'),
(4800, 4800, 0, 'Sporting Goods > Outdoor Recreation > Cycling > Cycling Apparel & Accessories > Bicycle Shoe Covers'),
(4801, 4801, 0, 'Sporting Goods > Outdoor Recreation > Cycling > Tricycle Accessories'),
(4802, 4802, 0, 'Sporting Goods > Outdoor Recreation > Cycling > Tricycles'),
(4803, 4803, 0, 'Sporting Goods > Outdoor Recreation > Cycling > Unicycle Accessories'),
(4804, 4804, 0, 'Sporting Goods > Outdoor Recreation > Cycling > Unicycles'),
(4805, 4805, 0, 'Sporting Goods > Outdoor Recreation > Equestrian'),
(4806, 4806, 0, 'Sporting Goods > Outdoor Recreation > Equestrian > Horse Care'),
(4807, 4807, 0, 'Sporting Goods > Outdoor Recreation > Equestrian > Horse Care > Horse Blankets & Sheets'),
(4808, 4808, 0, 'Sporting Goods > Outdoor Recreation > Equestrian > Horse Care > Horse Boots & Leg Wraps'),
(4809, 4809, 0, 'Sporting Goods > Outdoor Recreation > Equestrian > Horse Care > Horse Feed'),
(4810, 4810, 0, 'Sporting Goods > Outdoor Recreation > Equestrian > Horse Care > Horse Fly Masks'),
(4811, 4811, 0, 'Sporting Goods > Outdoor Recreation > Equestrian > Horse Care > Horse Grooming'),
(4812, 4812, 0, 'Sporting Goods > Outdoor Recreation > Equestrian > Horse Care > Horse Grooming > Horse Clippers & Trimmers'),
(4813, 4813, 0, 'Sporting Goods > Outdoor Recreation > Equestrian > Horse Care > Horse Grooming > Horse Grooming Combs, Brushes & Mitts'),
(4814, 4814, 0, 'Sporting Goods > Outdoor Recreation > Equestrian > Horse Care > Horse Treats'),
(4815, 4815, 0, 'Sporting Goods > Outdoor Recreation > Equestrian > Horse Care > Horse Vitamins & Supplements'),
(4816, 4816, 0, 'Sporting Goods > Outdoor Recreation > Equestrian > Horse Care > Horse Wormers'),
(4817, 4817, 0, 'Sporting Goods > Outdoor Recreation > Equestrian > Horse Tack'),
(4818, 4818, 0, 'Sporting Goods > Outdoor Recreation > Equestrian > Horse Tack > Bridle Bits'),
(4819, 4819, 0, 'Sporting Goods > Outdoor Recreation > Equestrian > Horse Tack > Bridles'),
(4820, 4820, 0, 'Sporting Goods > Outdoor Recreation > Equestrian > Horse Tack > Cinches'),
(4821, 4821, 0, 'Sporting Goods > Outdoor Recreation > Equestrian > Horse Tack > Horse Halters'),
(4822, 4822, 0, 'Sporting Goods > Outdoor Recreation > Equestrian > Horse Tack > Horse Harnesses'),
(4823, 4823, 0, 'Sporting Goods > Outdoor Recreation > Equestrian > Horse Tack > Horse Leads'),
(4824, 4824, 0, 'Sporting Goods > Outdoor Recreation > Equestrian > Horse Tack > Reins'),
(4825, 4825, 0, 'Sporting Goods > Outdoor Recreation > Equestrian > Horse Tack > Saddles'),
(4826, 4826, 0, 'Sporting Goods > Outdoor Recreation > Equestrian > Horse Tack > Stirrups'),
(4827, 4827, 0, 'Sporting Goods > Outdoor Recreation > Equestrian > Horse Tack Accessories'),
(4828, 4828, 0, 'Sporting Goods > Outdoor Recreation > Equestrian > Horse Tack Accessories > Horse Tack Boxes'),
(4829, 4829, 0, 'Sporting Goods > Outdoor Recreation > Equestrian > Horse Tack Accessories > Saddle Accessories'),
(4830, 4830, 0, 'Sporting Goods > Outdoor Recreation > Equestrian > Horse Tack Accessories > Saddle Accessories > Saddle Bags & Panniers'),
(4831, 4831, 0, 'Sporting Goods > Outdoor Recreation > Equestrian > Horse Tack Accessories > Saddle Accessories > Saddle Covers & Cases'),
(4832, 4832, 0, 'Sporting Goods > Outdoor Recreation > Equestrian > Horse Tack Accessories > Saddle Accessories > Saddle Pads & Blankets'),
(4833, 4833, 0, 'Sporting Goods > Outdoor Recreation > Equestrian > Horse Tack Accessories > Saddle Accessories > Saddle Racks'),
(4834, 4834, 0, 'Sporting Goods > Outdoor Recreation > Equestrian > Riding Apparel & Accessories'),
(4835, 4835, 0, 'Sporting Goods > Outdoor Recreation > Equestrian > Riding Apparel & Accessories > Equestrian Gloves'),
(4836, 4836, 0, 'Sporting Goods > Outdoor Recreation > Equestrian > Riding Apparel & Accessories > Equestrian Helmets'),
(4837, 4837, 0, 'Sporting Goods > Outdoor Recreation > Equestrian > Riding Apparel & Accessories > Riding Crops & Whips'),
(4838, 4838, 0, 'Sporting Goods > Outdoor Recreation > Equestrian > Riding Apparel & Accessories > Riding Pants'),
(4839, 4839, 0, 'Sporting Goods > Outdoor Recreation > Fishing'),
(4840, 4840, 0, 'Sporting Goods > Outdoor Recreation > Fishing > Bite Alarms'),
(4841, 4841, 0, 'Sporting Goods > Outdoor Recreation > Fishing > Fishing & Hunting Waders'),
(4842, 4842, 0, 'Sporting Goods > Outdoor Recreation > Fishing > Fishing Bait & Chum Containers'),
(4843, 4843, 0, 'Sporting Goods > Outdoor Recreation > Fishing > Fishing Gaffs'),
(4844, 4844, 0, 'Sporting Goods > Outdoor Recreation > Fishing > Fishing Hook Removal Tools'),
(4845, 4845, 0, 'Sporting Goods > Outdoor Recreation > Fishing > Fishing Lines & Leaders'),
(4846, 4846, 0, 'Sporting Goods > Outdoor Recreation > Fishing > Fishing Nets'),
(4847, 4847, 0, 'Sporting Goods > Outdoor Recreation > Fishing > Fishing Reel Accessories'),
(4848, 4848, 0, 'Sporting Goods > Outdoor Recreation > Fishing > Fishing Reel Accessories > Fishing Reel Bags & Cases'),
(4849, 4849, 0, 'Sporting Goods > Outdoor Recreation > Fishing > Fishing Reel Accessories > Fishing Reel Lubricants'),
(4850, 4850, 0, 'Sporting Goods > Outdoor Recreation > Fishing > Fishing Reel Accessories > Fishing Reel Replacement Spools'),
(4851, 4851, 0, 'Sporting Goods > Outdoor Recreation > Fishing > Fishing Reels'),
(4852, 4852, 0, 'Sporting Goods > Outdoor Recreation > Fishing > Fishing Rod Accessories'),
(4853, 4853, 0, 'Sporting Goods > Outdoor Recreation > Fishing > Fishing Rod Accessories > Fishing Rod Bags & Cases'),
(4854, 4854, 0, 'Sporting Goods > Outdoor Recreation > Fishing > Fishing Rod Accessories > Fishing Rod Holders & Storage Racks'),
(4855, 4855, 0, 'Sporting Goods > Outdoor Recreation > Fishing > Fishing Rods'),
(4856, 4856, 0, 'Sporting Goods > Outdoor Recreation > Fishing > Fishing Spears'),
(4857, 4857, 0, 'Sporting Goods > Outdoor Recreation > Fishing > Fishing Tackle'),
(4858, 4858, 0, 'Sporting Goods > Outdoor Recreation > Fishing > Fishing Tackle > Fishing Baits & Lures'),
(4859, 4859, 0, 'Sporting Goods > Outdoor Recreation > Fishing > Fishing Tackle > Fishing Floats'),
(4860, 4860, 0, 'Sporting Goods > Outdoor Recreation > Fishing > Fishing Tackle > Fishing Hooks'),
(4861, 4861, 0, 'Sporting Goods > Outdoor Recreation > Fishing > Fishing Tackle > Fishing Sinkers'),
(4862, 4862, 0, 'Sporting Goods > Outdoor Recreation > Fishing > Fishing Tackle > Fishing Snaps & Swivels'),
(4863, 4863, 0, 'Sporting Goods > Outdoor Recreation > Fishing > Fishing Traps'),
(4864, 4864, 0, 'Sporting Goods > Outdoor Recreation > Fishing > Fly Tying Materials'),
(4865, 4865, 0, 'Sporting Goods > Outdoor Recreation > Fishing > Fly Tying Materials > Fishing Beads'),
(4866, 4866, 0, 'Sporting Goods > Outdoor Recreation > Fishing > Fly Tying Materials > Fishing Yarn'),
(4867, 4867, 0, 'Sporting Goods > Outdoor Recreation > Fishing > Live Bait'),
(4868, 4868, 0, 'Sporting Goods > Outdoor Recreation > Fishing > Tackle Bags & Boxes'),
(4869, 4869, 0, 'Sporting Goods > Outdoor Recreation > Golf'),
(4870, 4870, 0, 'Sporting Goods > Outdoor Recreation > Golf > Divot Tools'),
(4871, 4871, 0, 'Sporting Goods > Outdoor Recreation > Golf > Golf Accessory Sets'),
(4872, 4872, 0, 'Sporting Goods > Outdoor Recreation > Golf > Golf Bag Accessories'),
(4873, 4873, 0, 'Sporting Goods > Outdoor Recreation > Golf > Golf Bag Accessories > Golf Bag Carts'),
(4874, 4874, 0, 'Sporting Goods > Outdoor Recreation > Golf > Golf Bag Accessories > Golf Bag Covers & Cases'),
(4875, 4875, 0, 'Sporting Goods > Outdoor Recreation > Golf > Golf Bags'),
(4876, 4876, 0, 'Sporting Goods > Outdoor Recreation > Golf > Golf Ball Markers'),
(4877, 4877, 0, 'Sporting Goods > Outdoor Recreation > Golf > Golf Balls'),
(4878, 4878, 0, 'Sporting Goods > Outdoor Recreation > Golf > Golf Club Parts & Accessories'),
(4879, 4879, 0, 'Sporting Goods > Outdoor Recreation > Golf > Golf Club Parts & Accessories > Golf Club Grips'),
(4880, 4880, 0, 'Sporting Goods > Outdoor Recreation > Golf > Golf Club Parts & Accessories > Golf Club Headcovers'),
(4881, 4881, 0, 'Sporting Goods > Outdoor Recreation > Golf > Golf Club Parts & Accessories > Golf Club Shafts'),
(4882, 4882, 0, 'Sporting Goods > Outdoor Recreation > Golf > Golf Clubs'),
(4883, 4883, 0, 'Sporting Goods > Outdoor Recreation > Golf > Golf Flags'),
(4884, 4884, 0, 'Sporting Goods > Outdoor Recreation > Golf > Golf Gloves'),
(4885, 4885, 0, 'Sporting Goods > Outdoor Recreation > Golf > Golf Tees'),
(4886, 4886, 0, 'Sporting Goods > Outdoor Recreation > Golf > Golf Towels'),
(4887, 4887, 0, 'Sporting Goods > Outdoor Recreation > Golf > Golf Training Aids'),
(4888, 4888, 0, 'Sporting Goods > Outdoor Recreation > Hang Gliding & Skydiving'),
(4889, 4889, 0, 'Sporting Goods > Outdoor Recreation > Hang Gliding & Skydiving > Air Suits'),
(4890, 4890, 0, 'Sporting Goods > Outdoor Recreation > Hang Gliding & Skydiving > Hang Gliders'),
(4891, 4891, 0, 'Sporting Goods > Outdoor Recreation > Hang Gliding & Skydiving > Parachutes'),
(4892, 4892, 0, 'Sporting Goods > Outdoor Recreation > Hunting & Shooting'),
(4893, 4893, 0, 'Sporting Goods > Outdoor Recreation > Hunting & Shooting > Archery'),
(4894, 4894, 0, 'Sporting Goods > Outdoor Recreation > Hunting & Shooting > Archery > Archery Armguards'),
(4895, 4895, 0, 'Sporting Goods > Outdoor Recreation > Hunting & Shooting > Archery > Archery Gloves & Releases'),
(4896, 4896, 0, 'Sporting Goods > Outdoor Recreation > Hunting & Shooting > Archery > Archery Targets'),
(4897, 4897, 0, 'Sporting Goods > Outdoor Recreation > Hunting & Shooting > Archery > Arrow Parts & Accessories'),
(4898, 4898, 0, 'Sporting Goods > Outdoor Recreation > Hunting & Shooting > Archery > Arrow Parts & Accessories > Arrow Fletchings'),
(4899, 4899, 0, 'Sporting Goods > Outdoor Recreation > Hunting & Shooting > Archery > Arrow Parts & Accessories > Arrow Nocks'),
(4900, 4900, 0, 'Sporting Goods > Outdoor Recreation > Hunting & Shooting > Archery > Arrow Parts & Accessories > Broadheads & Field Points'),
(4901, 4901, 0, 'Sporting Goods > Outdoor Recreation > Hunting & Shooting > Archery > Arrows & Bolts'),
(4902, 4902, 0, 'Sporting Goods > Outdoor Recreation > Hunting & Shooting > Archery > Bow & Crossbow Accessories'),
(4903, 4903, 0, 'Sporting Goods > Outdoor Recreation > Hunting & Shooting > Archery > Bows & Crossbows'),
(4904, 4904, 0, 'Sporting Goods > Outdoor Recreation > Hunting & Shooting > Archery > Bows & Crossbows > Compound Bows'),
(4905, 4905, 0, 'Sporting Goods > Outdoor Recreation > Hunting & Shooting > Archery > Bows & Crossbows > Crossbows'),
(4906, 4906, 0, 'Sporting Goods > Outdoor Recreation > Hunting & Shooting > Archery > Bows & Crossbows > Recurve & Longbows'),
(4907, 4907, 0, 'Sporting Goods > Outdoor Recreation > Hunting & Shooting > Archery > Quivers'),
(4908, 4908, 0, 'Sporting Goods > Outdoor Recreation > Hunting & Shooting > Clay Pigeon Shooting'),
(4909, 4909, 0, 'Sporting Goods > Outdoor Recreation > Hunting & Shooting > Clay Pigeon Shooting > Clay Pigeon Throwers'),
(4910, 4910, 0, 'Sporting Goods > Outdoor Recreation > Hunting & Shooting > Clay Pigeon Shooting > Clay Pigeons'),
(4911, 4911, 0, 'Sporting Goods > Outdoor Recreation > Hunting & Shooting > Hunting'),
(4912, 4912, 0, 'Sporting Goods > Outdoor Recreation > Hunting & Shooting > Hunting & Shooting Protective Gear'),
(4913, 4913, 0, 'Sporting Goods > Outdoor Recreation > Hunting & Shooting > Hunting & Shooting Protective Gear > Hunting & Shooting Gloves'),
(4914, 4914, 0, 'Sporting Goods > Outdoor Recreation > Hunting & Shooting > Hunting & Shooting Protective Gear > Hunting & Shooting Jackets'),
(4915, 4915, 0, 'Sporting Goods > Outdoor Recreation > Hunting & Shooting > Hunting > Animal Traps'),
(4916, 4916, 0, 'Sporting Goods > Outdoor Recreation > Hunting & Shooting > Hunting > Hearing Enhancers'),
(4917, 4917, 0, 'Sporting Goods > Outdoor Recreation > Hunting & Shooting > Hunting > Hunting Blinds & Screens'),
(4918, 4918, 0, 'Sporting Goods > Outdoor Recreation > Hunting & Shooting > Hunting > Hunting Dog Equipment'),
(4919, 4919, 0, 'Sporting Goods > Outdoor Recreation > Hunting & Shooting > Hunting > Tree Stands'),
(4920, 4920, 0, 'Sporting Goods > Outdoor Recreation > Hunting & Shooting > Hunting > Wild Game Feeders'),
(4921, 4921, 0, 'Sporting Goods > Outdoor Recreation > Hunting & Shooting > Hunting > Wildlife Attractants'),
(4922, 4922, 0, 'Sporting Goods > Outdoor Recreation > Hunting & Shooting > Hunting > Wildlife Attractants > Cover Scents & Scent Attractants'),
(4923, 4923, 0, 'Sporting Goods > Outdoor Recreation > Hunting & Shooting > Hunting > Wildlife Attractants > Hunting & Wildlife Calls'),
(4924, 4924, 0, 'Sporting Goods > Outdoor Recreation > Hunting & Shooting > Hunting > Wildlife Attractants > Hunting & Wildlife Decoys'),
(4925, 4925, 0, 'Sporting Goods > Outdoor Recreation > Hunting & Shooting > Hunting > Wildlife Attractants > Wildlife Bait, Feed & Minerals'),
(4926, 4926, 0, 'Sporting Goods > Outdoor Recreation > Hunting & Shooting > Paintball & Airsoft'),
(4927, 4927, 0, 'Sporting Goods > Outdoor Recreation > Hunting & Shooting > Paintball & Airsoft > Airsoft'),
(4928, 4928, 0, 'Sporting Goods > Outdoor Recreation > Hunting & Shooting > Paintball & Airsoft > Airsoft > Airsoft Gun Parts & Accessories'),
(4929, 4929, 0, 'Sporting Goods > Outdoor Recreation > Hunting & Shooting > Paintball & Airsoft > Airsoft > Airsoft Gun Parts & Accessories > Airsoft Gun Batteries'),
(4930, 4930, 0, 'Sporting Goods > Outdoor Recreation > Hunting & Shooting > Paintball & Airsoft > Airsoft > Airsoft Guns'),
(4931, 4931, 0, 'Sporting Goods > Outdoor Recreation > Hunting & Shooting > Paintball & Airsoft > Airsoft > Airsoft Pellets'),
(4932, 4932, 0, 'Sporting Goods > Outdoor Recreation > Hunting & Shooting > Paintball & Airsoft > Paintball'),
(4933, 4933, 0, 'Sporting Goods > Outdoor Recreation > Hunting & Shooting > Paintball & Airsoft > Paintball & Airsoft Protective Gear'),
(4934, 4934, 0, 'Sporting Goods > Outdoor Recreation > Hunting & Shooting > Paintball & Airsoft > Paintball & Airsoft Protective Gear > Paintball & Airsoft Gloves'),
(4935, 4935, 0, 'Sporting Goods > Outdoor Recreation > Hunting & Shooting > Paintball & Airsoft > Paintball & Airsoft Protective Gear > Paintball & Airsoft Goggles & Masks'),
(4936, 4936, 0, 'Sporting Goods > Outdoor Recreation > Hunting & Shooting > Paintball & Airsoft > Paintball & Airsoft Protective Gear > Paintball & Airsoft Pads'),
(4937, 4937, 0, 'Sporting Goods > Outdoor Recreation > Hunting & Shooting > Paintball & Airsoft > Paintball & Airsoft Protective Gear > Paintball & Airsoft Vests'),
(4938, 4938, 0, 'Sporting Goods > Outdoor Recreation > Hunting & Shooting > Paintball & Airsoft > Paintball > Paintball Grenade Launchers'),
(4939, 4939, 0, 'Sporting Goods > Outdoor Recreation > Hunting & Shooting > Paintball & Airsoft > Paintball > Paintball Grenades'),
(4940, 4940, 0, 'Sporting Goods > Outdoor Recreation > Hunting & Shooting > Paintball & Airsoft > Paintball > Paintball Gun Parts & Accessories'),
(4941, 4941, 0, 'Sporting Goods > Outdoor Recreation > Hunting & Shooting > Paintball & Airsoft > Paintball > Paintball Gun Parts & Accessories > Paintball Air Tanks'),
(4942, 4942, 0, 'Sporting Goods > Outdoor Recreation > Hunting & Shooting > Paintball & Airsoft > Paintball > Paintball Gun Parts & Accessories > Paintball Gun Barrels'),
(4943, 4943, 0, 'Sporting Goods > Outdoor Recreation > Hunting & Shooting > Paintball & Airsoft > Paintball > Paintball Gun Parts & Accessories > Paintball Gun Drop Forwards'),
(4944, 4944, 0, 'Sporting Goods > Outdoor Recreation > Hunting & Shooting > Paintball & Airsoft > Paintball > Paintball Gun Parts & Accessories > Paintball Hoppers'),
(4945, 4945, 0, 'Sporting Goods > Outdoor Recreation > Hunting & Shooting > Paintball & Airsoft > Paintball > Paintball Guns'),
(4946, 4946, 0, 'Sporting Goods > Outdoor Recreation > Hunting & Shooting > Paintball & Airsoft > Paintball > Paintball Harnesses & Packs'),
(4947, 4947, 0, 'Sporting Goods > Outdoor Recreation > Hunting & Shooting > Paintball & Airsoft > Paintball > Paintballs'),
(4948, 4948, 0, 'Sporting Goods > Outdoor Recreation > Hunting & Shooting > Shooting & Range Accessories'),
(4949, 4949, 0, 'Sporting Goods > Outdoor Recreation > Hunting & Shooting > Shooting & Range Accessories > Shooting Rests'),
(4950, 4950, 0, 'Sporting Goods > Outdoor Recreation > Hunting & Shooting > Shooting & Range Accessories > Shooting Sticks & Bipods'),
(4951, 4951, 0, 'Sporting Goods > Outdoor Recreation > Hunting & Shooting > Shooting & Range Accessories > Shooting Targets'),
(4952, 4952, 0, 'Sporting Goods > Outdoor Recreation > Hydration System Accessories'),
(4953, 4953, 0, 'Sporting Goods > Outdoor Recreation > Hydration Systems'),
(4954, 4954, 0, 'Sporting Goods > Outdoor Recreation > Inline & Roller Skating'),
(4955, 4955, 0, 'Sporting Goods > Outdoor Recreation > Inline & Roller Skating > Inline & Roller Skating Protective Gear'),
(4956, 4956, 0, 'Sporting Goods > Outdoor Recreation > Inline & Roller Skating > Inline & Roller Skating Protective Gear > Roller Skating Pads'),
(4957, 4957, 0, 'Sporting Goods > Outdoor Recreation > Inline & Roller Skating > Inline Skate Parts'),
(4958, 4958, 0, 'Sporting Goods > Outdoor Recreation > Inline & Roller Skating > Inline Skates'),
(4959, 4959, 0, 'Sporting Goods > Outdoor Recreation > Inline & Roller Skating > Roller Skate Parts'),
(4960, 4960, 0, 'Sporting Goods > Outdoor Recreation > Inline & Roller Skating > Roller Skates'),
(4961, 4961, 0, 'Sporting Goods > Outdoor Recreation > Inline & Roller Skating > Roller Skis'),
(4962, 4962, 0, 'Sporting Goods > Outdoor Recreation > Kite Buggying'),
(4963, 4963, 0, 'Sporting Goods > Outdoor Recreation > Kite Buggying > Kite Buggies'),
(4964, 4964, 0, 'Sporting Goods > Outdoor Recreation > Kite Buggying > Kite Buggy Accessories'),
(4965, 4965, 0, 'Sporting Goods > Outdoor Recreation > Outdoor Games'),
(4966, 4966, 0, 'Sporting Goods > Outdoor Recreation > Outdoor Games > Badminton'),
(4967, 4967, 0, 'Sporting Goods > Outdoor Recreation > Outdoor Games > Badminton > Badminton Nets'),
(4968, 4968, 0, 'Sporting Goods > Outdoor Recreation > Outdoor Games > Badminton > Badminton Racquets & Sets'),
(4969, 4969, 0, 'Sporting Goods > Outdoor Recreation > Outdoor Games > Badminton > Shuttlecocks'),
(4970, 4970, 0, 'Sporting Goods > Outdoor Recreation > Outdoor Games > Deck Shuffleboard'),
(4971, 4971, 0, 'Sporting Goods > Outdoor Recreation > Outdoor Games > Deck Shuffleboard > Deck Shuffleboard Cues'),
(4972, 4972, 0, 'Sporting Goods > Outdoor Recreation > Outdoor Games > Deck Shuffleboard > Deck Shuffleboard Pucks'),
(4973, 4973, 0, 'Sporting Goods > Outdoor Recreation > Outdoor Games > Disc Golf'),
(4974, 4974, 0, 'Sporting Goods > Outdoor Recreation > Outdoor Games > Disc Golf > Disc Golf Bags'),
(4975, 4975, 0, 'Sporting Goods > Outdoor Recreation > Outdoor Games > Disc Golf > Disc Golf Baskets'),
(4976, 4976, 0, 'Sporting Goods > Outdoor Recreation > Outdoor Games > Lawn Games'),
(4977, 4977, 0, 'Sporting Goods > Outdoor Recreation > Outdoor Games > Paddle Ball Sets'),
(4978, 4978, 0, 'Sporting Goods > Outdoor Recreation > Outdoor Games > Pickleball'),
(4979, 4979, 0, 'Sporting Goods > Outdoor Recreation > Outdoor Games > Pickleball > Pickleball Paddles'),
(4980, 4980, 0, 'Sporting Goods > Outdoor Recreation > Outdoor Games > Pickleball > Pickleballs'),
(4981, 4981, 0, 'Sporting Goods > Outdoor Recreation > Outdoor Games > Platform & Paddle Tennis'),
(4982, 4982, 0, 'Sporting Goods > Outdoor Recreation > Outdoor Games > Platform & Paddle Tennis > Platform & Paddle Tennis Paddles'),
(4983, 4983, 0, 'Sporting Goods > Outdoor Recreation > Outdoor Games > Platform & Paddle Tennis > Platform Tennis Balls'),
(4984, 4984, 0, 'Sporting Goods > Outdoor Recreation > Outdoor Games > Tetherball'),
(4985, 4985, 0, 'Sporting Goods > Outdoor Recreation > Outdoor Games > Tetherball > Tetherball Poles'),
(4986, 4986, 0, 'Sporting Goods > Outdoor Recreation > Outdoor Games > Tetherball > Tetherball Sets'),
(4987, 4987, 0, 'Sporting Goods > Outdoor Recreation > Outdoor Games > Tetherball > Tetherballs'),
(4988, 4988, 0, 'Sporting Goods > Outdoor Recreation > Riding Scooters'),
(4989, 4989, 0, 'Sporting Goods > Outdoor Recreation > Skateboarding'),
(4990, 4990, 0, 'Sporting Goods > Outdoor Recreation > Skateboarding > Skate Rails'),
(4991, 4991, 0, 'Sporting Goods > Outdoor Recreation > Skateboarding > Skate Ramps'),
(4992, 4992, 0, 'Sporting Goods > Outdoor Recreation > Skateboarding > Skateboard Parts'),
(4993, 4993, 0, 'Sporting Goods > Outdoor Recreation > Skateboarding > Skateboard Parts > Skateboard Decks'),
(4994, 4994, 0, 'Sporting Goods > Outdoor Recreation > Skateboarding > Skateboard Parts > Skateboard Small Parts'),
(4995, 4995, 0, 'Sporting Goods > Outdoor Recreation > Skateboarding > Skateboard Parts > Skateboard Trucks'),
(4996, 4996, 0, 'Sporting Goods > Outdoor Recreation > Skateboarding > Skateboard Parts > Skateboard Wheels'),
(4997, 4997, 0, 'Sporting Goods > Outdoor Recreation > Skateboarding > Skateboarding Protective Gear'),
(4998, 4998, 0, 'Sporting Goods > Outdoor Recreation > Skateboarding > Skateboarding Protective Gear > Skate Helmets'),
(4999, 4999, 0, 'Sporting Goods > Outdoor Recreation > Skateboarding > Skateboarding Protective Gear > Skateboarding Gloves'),
(5000, 5000, 0, 'Sporting Goods > Outdoor Recreation > Skateboarding > Skateboarding Protective Gear > Skateboarding Pads'),
(5001, 5001, 0, 'Sporting Goods > Outdoor Recreation > Skateboarding > Skateboards'),
(5002, 5002, 0, 'Sporting Goods > Outdoor Recreation > Winter Sports & Activities'),
(5003, 5003, 0, 'Sporting Goods > Outdoor Recreation > Winter Sports & Activities > Avalanche Safety'),
(5004, 5004, 0, 'Sporting Goods > Outdoor Recreation > Winter Sports & Activities > Avalanche Safety > Avalanche Probes'),
(5005, 5005, 0, 'Sporting Goods > Outdoor Recreation > Winter Sports & Activities > Avalanche Safety > Avalanche Safety Airbags'),
(5006, 5006, 0, 'Sporting Goods > Outdoor Recreation > Winter Sports & Activities > Skiing & Snowboarding'),
(5007, 5007, 0, 'Sporting Goods > Outdoor Recreation > Winter Sports & Activities > Skiing & Snowboarding > Ski & Snowboard Bags'),
(5008, 5008, 0, 'Sporting Goods > Outdoor Recreation > Winter Sports & Activities > Skiing & Snowboarding > Ski & Snowboard Goggle Accessories'),
(5009, 5009, 0, 'Sporting Goods > Outdoor Recreation > Winter Sports & Activities > Skiing & Snowboarding > Ski & Snowboard Goggle Accessories > Ski & Snowboard Goggle Lenses'),
(5010, 5010, 0, 'Sporting Goods > Outdoor Recreation > Winter Sports & Activities > Skiing & Snowboarding > Ski & Snowboard Goggles'),
(5011, 5011, 0, 'Sporting Goods > Outdoor Recreation > Winter Sports & Activities > Skiing & Snowboarding > Ski & Snowboard Helmets'),
(5012, 5012, 0, 'Sporting Goods > Outdoor Recreation > Winter Sports & Activities > Skiing & Snowboarding > Ski & Snowboard Leashes'),
(5013, 5013, 0, 'Sporting Goods > Outdoor Recreation > Winter Sports & Activities > Skiing & Snowboarding > Ski & Snowboard Storage Racks'),
(5014, 5014, 0, 'Sporting Goods > Outdoor Recreation > Winter Sports & Activities > Skiing & Snowboarding > Ski & Snowboard Tuning Tools'),
(5015, 5015, 0, 'Sporting Goods > Outdoor Recreation > Winter Sports & Activities > Skiing & Snowboarding > Ski & Snowboard Wax'),
(5016, 5016, 0, 'Sporting Goods > Outdoor Recreation > Winter Sports & Activities > Skiing & Snowboarding > Ski Binding Parts'),
(5017, 5017, 0, 'Sporting Goods > Outdoor Recreation > Winter Sports & Activities > Skiing & Snowboarding > Ski Bindings'),
(5018, 5018, 0, 'Sporting Goods > Outdoor Recreation > Winter Sports & Activities > Skiing & Snowboarding > Ski Boots'),
(5019, 5019, 0, 'Sporting Goods > Outdoor Recreation > Winter Sports & Activities > Skiing & Snowboarding > Ski Poles'),
(5020, 5020, 0, 'Sporting Goods > Outdoor Recreation > Winter Sports & Activities > Skiing & Snowboarding > Skis'),
(5021, 5021, 0, 'Sporting Goods > Outdoor Recreation > Winter Sports & Activities > Skiing & Snowboarding > Skis > Cross-Country Skis'),
(5022, 5022, 0, 'Sporting Goods > Outdoor Recreation > Winter Sports & Activities > Skiing & Snowboarding > Skis > Downhill Skis'),
(5023, 5023, 0, 'Sporting Goods > Outdoor Recreation > Winter Sports & Activities > Skiing & Snowboarding > Snowboard Binding Parts'),
(5024, 5024, 0, 'Sporting Goods > Outdoor Recreation > Winter Sports & Activities > Skiing & Snowboarding > Snowboard Bindings'),
(5025, 5025, 0, 'Sporting Goods > Outdoor Recreation > Winter Sports & Activities > Skiing & Snowboarding > Snowboard Boots'),
(5026, 5026, 0, 'Sporting Goods > Outdoor Recreation > Winter Sports & Activities > Skiing & Snowboarding > Snowboards'),
(5027, 5027, 0, 'Sporting Goods > Outdoor Recreation > Winter Sports & Activities > Sleds'),
(5028, 5028, 0, 'Sporting Goods > Outdoor Recreation > Winter Sports & Activities > Snowshoeing'),
(5029, 5029, 0, 'Sporting Goods > Outdoor Recreation > Winter Sports & Activities > Snowshoeing > Snowshoe Bindings'),
(5030, 5030, 0, 'Sporting Goods > Outdoor Recreation > Winter Sports & Activities > Snowshoeing > Snowshoes'),
(5031, 5031, 0, 'Toys & Games'),
(5032, 5032, 0, 'Toys & Games > Game Timers'),
(5033, 5033, 0, 'Toys & Games > Games'),
(5034, 5034, 0, 'Toys & Games > Games > Battle Top Accessories'),
(5035, 5035, 0, 'Toys & Games > Games > Battle Tops'),
(5036, 5036, 0, 'Toys & Games > Games > Bingo Sets'),
(5037, 5037, 0, 'Toys & Games > Games > Blackjack & Craps Sets'),
(5038, 5038, 0, 'Toys & Games > Games > Board Games'),
(5039, 5039, 0, 'Toys & Games > Games > Card Game Accessories'),
(5040, 5040, 0, 'Toys & Games > Games > Card Games'),
(5041, 5041, 0, 'Toys & Games > Games > Dexterity Games'),
(5042, 5042, 0, 'Toys & Games > Games > Dice Sets & Games'),
(5043, 5043, 0, 'Toys & Games > Games > Poker Chip Accessories'),
(5044, 5044, 0, 'Toys & Games > Games > Poker Chip Accessories > Poker Chip Carriers & Trays'),
(5045, 5045, 0, 'Toys & Games > Games > Poker Chips & Sets'),
(5046, 5046, 0, 'Toys & Games > Games > Portable Electronic Games'),
(5047, 5047, 0, 'Toys & Games > Games > Roulette Wheels & Sets'),
(5048, 5048, 0, 'Toys & Games > Games > Slot Machines'),
(5049, 5049, 0, 'Toys & Games > Games > Tile Games'),
(5050, 5050, 0, 'Toys & Games > Outdoor Play Equipment'),
(5051, 5051, 0, 'Toys & Games > Outdoor Play Equipment > Inflatable Bouncer Accessories'),
(5052, 5052, 0, 'Toys & Games > Outdoor Play Equipment > Inflatable Bouncers'),
(5053, 5053, 0, 'Toys & Games > Outdoor Play Equipment > Play Swings'),
(5054, 5054, 0, 'Toys & Games > Outdoor Play Equipment > Play Tents & Tunnels'),
(5055, 5055, 0, 'Toys & Games > Outdoor Play Equipment > Playhouses'),
(5056, 5056, 0, 'Toys & Games > Outdoor Play Equipment > Pogo Sticks'),
(5057, 5057, 0, 'Toys & Games > Outdoor Play Equipment > Sandboxes'),
(5058, 5058, 0, 'Toys & Games > Outdoor Play Equipment > See Saws'),
(5059, 5059, 0, 'Toys & Games > Outdoor Play Equipment > Slides'),
(5060, 5060, 0, 'Toys & Games > Outdoor Play Equipment > Stilts'),
(5061, 5061, 0, 'Toys & Games > Outdoor Play Equipment > Swing Set & Playset Accessories'),
(5062, 5062, 0, 'Toys & Games > Outdoor Play Equipment > Swing Sets & Playsets'),
(5063, 5063, 0, 'Toys & Games > Outdoor Play Equipment > Trampoline Accessories'),
(5064, 5064, 0, 'Toys & Games > Outdoor Play Equipment > Trampolines'),
(5065, 5065, 0, 'Toys & Games > Outdoor Play Equipment > Water Play Equipment'),
(5066, 5066, 0, 'Toys & Games > Outdoor Play Equipment > Water Play Equipment > Play Sprinkers'),
(5067, 5067, 0, 'Toys & Games > Outdoor Play Equipment > Water Play Equipment > Water Parks & Slides'),
(5068, 5068, 0, 'Toys & Games > Outdoor Play Equipment > Water Play Equipment > Water Tables'),
(5069, 5069, 0, 'Toys & Games > Puzzles'),
(5070, 5070, 0, 'Toys & Games > Puzzles > Jigsaw Puzzle Accessories'),
(5071, 5071, 0, 'Toys & Games > Puzzles > Jigsaw Puzzles'),
(5072, 5072, 0, 'Toys & Games > Puzzles > Mechanical Puzzles'),
(5073, 5073, 0, 'Toys & Games > Puzzles > Wooden & Pegged Puzzles'),
(5074, 5074, 0, 'Toys & Games > Toys'),
(5075, 5075, 0, 'Toys & Games > Toys > Activity Toys'),
(5076, 5076, 0, 'Toys & Games > Toys > Activity Toys > Ball & Cup Games'),
(5077, 5077, 0, 'Toys & Games > Toys > Activity Toys > Bouncy Balls'),
(5078, 5078, 0, 'Toys & Games > Toys > Activity Toys > Bubble Blowing Solution'),
(5079, 5079, 0, 'Toys & Games > Toys > Activity Toys > Bubble Blowing Toys'),
(5080, 5080, 0, 'Toys & Games > Toys > Activity Toys > Coiled Spring Toys'),
(5081, 5081, 0, 'Toys & Games > Toys > Activity Toys > Marbles'),
(5082, 5082, 0, 'Toys & Games > Toys > Activity Toys > Paddle Ball Toys'),
(5083, 5083, 0, 'Toys & Games > Toys > Activity Toys > Ribbon & Streamer Toys'),
(5084, 5084, 0, 'Toys & Games > Toys > Activity Toys > Spinning Tops'),
(5085, 5085, 0, 'Toys & Games > Toys > Activity Toys > Toy Jacks'),
(5086, 5086, 0, 'Toys & Games > Toys > Activity Toys > Yo-Yo Parts & Accessories'),
(5087, 5087, 0, 'Toys & Games > Toys > Activity Toys > Yo-Yos'),
(5088, 5088, 0, 'Toys & Games > Toys > Art & Drawing Toys'),
(5089, 5089, 0, 'Toys & Games > Toys > Art & Drawing Toys > Play Dough & Putty'),
(5090, 5090, 0, 'Toys & Games > Toys > Art & Drawing Toys > Toy Drawing Tablets'),
(5091, 5091, 0, 'Toys & Games > Toys > Ball Pit Accessories'),
(5092, 5092, 0, 'Toys & Games > Toys > Ball Pit Accessories > Ball Pit Balls'),
(5093, 5093, 0, 'Toys & Games > Toys > Ball Pits'),
(5094, 5094, 0, 'Toys & Games > Toys > Bath Toys'),
(5095, 5095, 0, 'Toys & Games > Toys > Beach & Sand Toys'),
(5096, 5096, 0, 'Toys & Games > Toys > Building Toys'),
(5097, 5097, 0, 'Toys & Games > Toys > Building Toys > Construction Set Toys'),
(5098, 5098, 0, 'Toys & Games > Toys > Building Toys > Foam Blocks'),
(5099, 5099, 0, 'Toys & Games > Toys > Building Toys > Interlocking Blocks'),
(5100, 5100, 0, 'Toys & Games > Toys > Building Toys > Marble Track Sets'),
(5101, 5101, 0, 'Toys & Games > Toys > Building Toys > Wooden Blocks'),
(5102, 5102, 0, 'Toys & Games > Toys > Dolls, Playsets & Toy Figures'),
(5103, 5103, 0, 'Toys & Games > Toys > Dolls, Playsets & Toy Figures > Action & Toy Figures'),
(5104, 5104, 0, 'Toys & Games > Toys > Dolls, Playsets & Toy Figures > Bobblehead Figures'),
(5105, 5105, 0, 'Toys & Games > Toys > Dolls, Playsets & Toy Figures > Doll & Action Figure Accessories'),
(5106, 5106, 0, 'Toys & Games > Toys > Dolls, Playsets & Toy Figures > Dollhouse Accessories'),
(5107, 5107, 0, 'Toys & Games > Toys > Dolls, Playsets & Toy Figures > Dollhouses'),
(5108, 5108, 0, 'Toys & Games > Toys > Dolls, Playsets & Toy Figures > Dolls'),
(5109, 5109, 0, 'Toys & Games > Toys > Dolls, Playsets & Toy Figures > Paper & Magnetic Dolls'),
(5110, 5110, 0, 'Toys & Games > Toys > Dolls, Playsets & Toy Figures > Puppet & Puppet Theater Accessories'),
(5111, 5111, 0, 'Toys & Games > Toys > Dolls, Playsets & Toy Figures > Puppet Theaters'),
(5112, 5112, 0, 'Toys & Games > Toys > Dolls, Playsets & Toy Figures > Puppets & Marionettes'),
(5113, 5113, 0, 'Toys & Games > Toys > Dolls, Playsets & Toy Figures > Stuffed Animals'),
(5114, 5114, 0, 'Toys & Games > Toys > Dolls, Playsets & Toy Figures > Toy Playsets'),
(5115, 5115, 0, 'Toys & Games > Toys > Educational Toys'),
(5116, 5116, 0, 'Toys & Games > Toys > Educational Toys > Ant Farms'),
(5117, 5117, 0, 'Toys & Games > Toys > Educational Toys > Astronomy Toys & Models'),
(5118, 5118, 0, 'Toys & Games > Toys > Educational Toys > Bug Collecting Kits'),
(5119, 5119, 0, 'Toys & Games > Toys > Educational Toys > Educational Flash Cards'),
(5120, 5120, 0, 'Toys & Games > Toys > Educational Toys > Reading Toys'),
(5121, 5121, 0, 'Toys & Games > Toys > Educational Toys > Science & Exploration Sets'),
(5122, 5122, 0, 'Toys & Games > Toys > Educational Toys > Toy Abacuses'),
(5123, 5123, 0, 'Toys & Games > Toys > Executive Toys'),
(5124, 5124, 0, 'Toys & Games > Toys > Executive Toys > Magnet Toys'),
(5125, 5125, 0, 'Toys & Games > Toys > Flying Toy Accessories'),
(5126, 5126, 0, 'Toys & Games > Toys > Flying Toy Accessories > Kite Accessories'),
(5127, 5127, 0, 'Toys & Games > Toys > Flying Toy Accessories > Kite Accessories > Kite Line Reels & Winders'),
(5128, 5128, 0, 'Toys & Games > Toys > Flying Toys'),
(5129, 5129, 0, 'Toys & Games > Toys > Flying Toys > Air & Water Rockets'),
(5130, 5130, 0, 'Toys & Games > Toys > Flying Toys > Kites'),
(5131, 5131, 0, 'Toys & Games > Toys > Flying Toys > Toy Gliders'),
(5132, 5132, 0, 'Toys & Games > Toys > Flying Toys > Toy Parachutes'),
(5133, 5133, 0, 'Toys & Games > Toys > Musical Toys'),
(5134, 5134, 0, 'Toys & Games > Toys > Musical Toys > Toy Instruments'),
(5135, 5135, 0, 'Toys & Games > Toys > Play Vehicle Accessories'),
(5136, 5136, 0, 'Toys & Games > Toys > Play Vehicle Accessories > Toy Race Car & Track Accessories'),
(5137, 5137, 0, 'Toys & Games > Toys > Play Vehicle Accessories > Toy Train Accessories'),
(5138, 5138, 0, 'Toys & Games > Toys > Play Vehicles'),
(5139, 5139, 0, 'Toys & Games > Toys > Play Vehicles > Toy Airplanes'),
(5140, 5140, 0, 'Toys & Games > Toys > Play Vehicles > Toy Boats'),
(5141, 5141, 0, 'Toys & Games > Toys > Play Vehicles > Toy Cars'),
(5142, 5142, 0, 'Toys & Games > Toys > Play Vehicles > Toy Helicopters'),
(5143, 5143, 0, 'Toys & Games > Toys > Play Vehicles > Toy Motorcycles'),
(5144, 5144, 0, 'Toys & Games > Toys > Play Vehicles > Toy Race Car & Track Sets'),
(5145, 5145, 0, 'Toys & Games > Toys > Play Vehicles > Toy Spaceships'),
(5146, 5146, 0, 'Toys & Games > Toys > Play Vehicles > Toy Trains & Train Sets'),
(5147, 5147, 0, 'Toys & Games > Toys > Play Vehicles > Toy Trucks & Construction Vehicles'),
(5148, 5148, 0, 'Toys & Games > Toys > Pretend Play'),
(5149, 5149, 0, 'Toys & Games > Toys > Pretend Play > Play Money & Banking'),
(5150, 5150, 0, 'Toys & Games > Toys > Pretend Play > Pretend Electronics'),
(5151, 5151, 0, 'Toys & Games > Toys > Pretend Play > Pretend Housekeeping'),
(5152, 5152, 0, 'Toys & Games > Toys > Pretend Play > Pretend Lawn & Garden'),
(5153, 5153, 0, 'Toys & Games > Toys > Pretend Play > Pretend Professions & Role Playing'),
(5154, 5154, 0, 'Toys & Games > Toys > Pretend Play > Pretend Shopping & Grocery'),
(5155, 5155, 0, 'Toys & Games > Toys > Pretend Play > Toy Kitchens & Play Food'),
(5156, 5156, 0, 'Toys & Games > Toys > Pretend Play > Toy Tools'),
(5157, 5157, 0, 'Toys & Games > Toys > Remote Control Toy Accessories'),
(5158, 5158, 0, 'Toys & Games > Toys > Remote Control Toys'),
(5159, 5159, 0, 'Toys & Games > Toys > Remote Control Toys > Remote Control Airships & Blimps'),
(5160, 5160, 0, 'Toys & Games > Toys > Remote Control Toys > Remote Control Boats & Watercraft'),
(5161, 5161, 0, 'Toys & Games > Toys > Remote Control Toys > Remote Control Cars & Trucks'),
(5162, 5162, 0, 'Toys & Games > Toys > Remote Control Toys > Remote Control Helicopters'),
(5163, 5163, 0, 'Toys & Games > Toys > Remote Control Toys > Remote Control Motorcycles'),
(5164, 5164, 0, 'Toys & Games > Toys > Remote Control Toys > Remote Control Planes'),
(5165, 5165, 0, 'Toys & Games > Toys > Remote Control Toys > Remote Control Robots'),
(5166, 5166, 0, 'Toys & Games > Toys > Remote Control Toys > Remote Control Tanks'),
(5167, 5167, 0, 'Toys & Games > Toys > Riding Toy Accessories'),
(5168, 5168, 0, 'Toys & Games > Toys > Riding Toys'),
(5169, 5169, 0, 'Toys & Games > Toys > Riding Toys > Electric Riding Vehicles'),
(5170, 5170, 0, 'Toys & Games > Toys > Riding Toys > Hobby Horses'),
(5171, 5171, 0, 'Toys & Games > Toys > Riding Toys > Push & Pedal Riding Vehicles'),
(5172, 5172, 0, 'Toys & Games > Toys > Riding Toys > Rocking & Spring Riding Toys'),
(5173, 5173, 0, 'Toys & Games > Toys > Riding Toys > Wagons'),
(5174, 5174, 0, 'Toys & Games > Toys > Robotic Toys'),
(5175, 5175, 0, 'Toys & Games > Toys > Sports Toy Accessories'),
(5176, 5176, 0, 'Toys & Games > Toys > Sports Toy Accessories > Fitness Toy Accessories'),
(5177, 5177, 0, 'Toys & Games > Toys > Sports Toy Accessories > Fitness Toy Accessories > Hula Hoop Accessories'),
(5178, 5178, 0, 'Toys & Games > Toys > Sports Toys'),
(5179, 5179, 0, 'Toys & Games > Toys > Sports Toys > Baseball Toys'),
(5180, 5180, 0, 'Toys & Games > Toys > Sports Toys > Basketball Toys'),
(5181, 5181, 0, 'Toys & Games > Toys > Sports Toys > Boomerangs'),
(5182, 5182, 0, 'Toys & Games > Toys > Sports Toys > Bowling Toys'),
(5183, 5183, 0, 'Toys & Games > Toys > Sports Toys > Fingerboards & Fingerboard Sets'),
(5184, 5184, 0, 'Toys & Games > Toys > Sports Toys > Fishing Toys'),
(5185, 5185, 0, 'Toys & Games > Toys > Sports Toys > Fitness Toys'),
(5186, 5186, 0, 'Toys & Games > Toys > Sports Toys > Fitness Toys > Hula Hoops'),
(5187, 5187, 0, 'Toys & Games > Toys > Sports Toys > Flying Discs'),
(5188, 5188, 0, 'Toys & Games > Toys > Sports Toys > Footbags'),
(5189, 5189, 0, 'Toys & Games > Toys > Sports Toys > Golf Toys'),
(5190, 5190, 0, 'Toys & Games > Toys > Sports Toys > Hockey Toys'),
(5191, 5191, 0, 'Toys & Games > Toys > Sports Toys > Playground Balls'),
(5192, 5192, 0, 'Toys & Games > Toys > Sports Toys > Racquet Sport Toys'),
(5193, 5193, 0, 'Toys & Games > Toys > Sports Toys > Toy Footballs'),
(5194, 5194, 0, 'Toys & Games > Toys > Toy Gift Baskets'),
(5195, 5195, 0, 'Toys & Games > Toys > Toy Weapon & Gadget Accessories'),
(5196, 5196, 0, 'Toys & Games > Toys > Toy Weapons & Gadgets'),
(5197, 5197, 0, 'Toys & Games > Toys > Visual Toys'),
(5198, 5198, 0, 'Toys & Games > Toys > Visual Toys > Kaleidoscopes'),
(5199, 5199, 0, 'Toys & Games > Toys > Visual Toys > Prisms'),
(5200, 5200, 0, 'Toys & Games > Toys > Wind-Up Toys'),
(5201, 5201, 0, 'Vehicles & Parts'),
(5202, 5202, 0, 'Vehicles & Parts > Vehicle Parts & Accessories'),
(5203, 5203, 0, 'Vehicles & Parts > Vehicle Parts & Accessories > Aircraft Parts & Accessories'),
(5204, 5204, 0, 'Vehicles & Parts > Vehicle Parts & Accessories > Motor Vehicle Electronics'),
(5205, 5205, 0, 'Vehicles & Parts > Vehicle Parts & Accessories > Motor Vehicle Electronics > Motor Vehicle A/V Players & In-Dash Systems'),
(5206, 5206, 0, 'Vehicles & Parts > Vehicle Parts & Accessories > Motor Vehicle Electronics > Motor Vehicle Amplifiers'),
(5207, 5207, 0, 'Vehicles & Parts > Vehicle Parts & Accessories > Motor Vehicle Electronics > Motor Vehicle Cassette Adapters'),
(5208, 5208, 0, 'Vehicles & Parts > Vehicle Parts & Accessories > Motor Vehicle Electronics > Motor Vehicle Cassette Players'),
(5209, 5209, 0, 'Vehicles & Parts > Vehicle Parts & Accessories > Motor Vehicle Electronics > Motor Vehicle Equalizers & Crossovers'),
(5210, 5210, 0, 'Vehicles & Parts > Vehicle Parts & Accessories > Motor Vehicle Electronics > Motor Vehicle Parking Cameras'),
(5211, 5211, 0, 'Vehicles & Parts > Vehicle Parts & Accessories > Motor Vehicle Electronics > Motor Vehicle Speakerphones'),
(5212, 5212, 0, 'Vehicles & Parts > Vehicle Parts & Accessories > Motor Vehicle Electronics > Motor Vehicle Speakers'),
(5213, 5213, 0, 'Vehicles & Parts > Vehicle Parts & Accessories > Motor Vehicle Electronics > Motor Vehicle Subwoofers'),
(5214, 5214, 0, 'Vehicles & Parts > Vehicle Parts & Accessories > Motor Vehicle Electronics > Motor Vehicle Video Monitor Mounts'),
(5215, 5215, 0, 'Vehicles & Parts > Vehicle Parts & Accessories > Motor Vehicle Parts'),
(5216, 5216, 0, 'Vehicles & Parts > Vehicle Parts & Accessories > Motor Vehicle Parts > Motor Vehicle Braking'),
(5217, 5217, 0, 'Vehicles & Parts > Vehicle Parts & Accessories > Motor Vehicle Parts > Motor Vehicle Carpet & Upholstery'),
(5218, 5218, 0, 'Vehicles & Parts > Vehicle Parts & Accessories > Motor Vehicle Parts > Motor Vehicle Climate Control'),
(5219, 5219, 0, 'Vehicles & Parts > Vehicle Parts & Accessories > Motor Vehicle Parts > Motor Vehicle Controls'),
(5220, 5220, 0, 'Vehicles & Parts > Vehicle Parts & Accessories > Motor Vehicle Parts > Motor Vehicle Engine Oil Circulation'),
(5221, 5221, 0, 'Vehicles & Parts > Vehicle Parts & Accessories > Motor Vehicle Parts > Motor Vehicle Engine Parts'),
(5222, 5222, 0, 'Vehicles & Parts > Vehicle Parts & Accessories > Motor Vehicle Parts > Motor Vehicle Engines'),
(5223, 5223, 0, 'Vehicles & Parts > Vehicle Parts & Accessories > Motor Vehicle Parts > Motor Vehicle Exhaust'),
(5224, 5224, 0, 'Vehicles & Parts > Vehicle Parts & Accessories > Motor Vehicle Parts > Motor Vehicle Frame & Body Parts'),
(5225, 5225, 0, 'Vehicles & Parts > Vehicle Parts & Accessories > Motor Vehicle Parts > Motor Vehicle Fuel Systems'),
(5226, 5226, 0, 'Vehicles & Parts > Vehicle Parts & Accessories > Motor Vehicle Parts > Motor Vehicle Interior Fittings'),
(5227, 5227, 0, 'Vehicles & Parts > Vehicle Parts & Accessories > Motor Vehicle Parts > Motor Vehicle Lighting'),
(5228, 5228, 0, 'Vehicles & Parts > Vehicle Parts & Accessories > Motor Vehicle Parts > Motor Vehicle Mirrors'),
(5229, 5229, 0, 'Vehicles & Parts > Vehicle Parts & Accessories > Motor Vehicle Parts > Motor Vehicle Power & Electrical Systems'),
(5230, 5230, 0, 'Vehicles & Parts > Vehicle Parts & Accessories > Motor Vehicle Parts > Motor Vehicle Seating'),
(5231, 5231, 0, 'Vehicles & Parts > Vehicle Parts & Accessories > Motor Vehicle Parts > Motor Vehicle Sensors & Gauges'),
(5232, 5232, 0, 'Vehicles & Parts > Vehicle Parts & Accessories > Motor Vehicle Parts > Motor Vehicle Suspension Parts'),
(5233, 5233, 0, 'Vehicles & Parts > Vehicle Parts & Accessories > Motor Vehicle Parts > Motor Vehicle Towing'),
(5234, 5234, 0, 'Vehicles & Parts > Vehicle Parts & Accessories > Motor Vehicle Parts > Motor Vehicle Transmission & Drivetrain Parts'),
(5235, 5235, 0, 'Vehicles & Parts > Vehicle Parts & Accessories > Motor Vehicle Parts > Motor Vehicle Wheel Systems'),
(5236, 5236, 0, 'Vehicles & Parts > Vehicle Parts & Accessories > Motor Vehicle Parts > Motor Vehicle Wheel Systems > Motor Vehicle Rims & Wheels'),
(5237, 5237, 0, 'Vehicles & Parts > Vehicle Parts & Accessories > Motor Vehicle Parts > Motor Vehicle Wheel Systems > Motor Vehicle Rims & Wheels > Automotive Rims & Wheels'),
(5238, 5238, 0, 'Vehicles & Parts > Vehicle Parts & Accessories > Motor Vehicle Parts > Motor Vehicle Wheel Systems > Motor Vehicle Rims & Wheels > Motorcycle Rims & Wheels'),
(5239, 5239, 0, 'Vehicles & Parts > Vehicle Parts & Accessories > Motor Vehicle Parts > Motor Vehicle Wheel Systems > Motor Vehicle Rims & Wheels > Off-Road and All-Terrain Vehicle Rims & Wheels'),
(5240, 5240, 0, 'Vehicles & Parts > Vehicle Parts & Accessories > Motor Vehicle Parts > Motor Vehicle Wheel Systems > Motor Vehicle Tire Accessories'),
(5241, 5241, 0, 'Vehicles & Parts > Vehicle Parts & Accessories > Motor Vehicle Parts > Motor Vehicle Wheel Systems > Motor Vehicle Tires'),
(5242, 5242, 0, 'Vehicles & Parts > Vehicle Parts & Accessories > Motor Vehicle Parts > Motor Vehicle Wheel Systems > Motor Vehicle Tires > Automotive Tires'),
(5243, 5243, 0, 'Vehicles & Parts > Vehicle Parts & Accessories > Motor Vehicle Parts > Motor Vehicle Wheel Systems > Motor Vehicle Tires > Motorcycle Tires'),
(5244, 5244, 0, 'Vehicles & Parts > Vehicle Parts & Accessories > Motor Vehicle Parts > Motor Vehicle Wheel Systems > Motor Vehicle Tires > Off-Road and All-Terrain Vehicle Tires'),
(5245, 5245, 0, 'Vehicles & Parts > Vehicle Parts & Accessories > Motor Vehicle Parts > Motor Vehicle Wheel Systems > Motor Vehicle Wheel Parts'),
(5246, 5246, 0, 'Vehicles & Parts > Vehicle Parts & Accessories > Motor Vehicle Parts > Motor Vehicle Window Parts & Accessories'),
(5247, 5247, 0, 'Vehicles & Parts > Vehicle Parts & Accessories > Vehicle Maintenance, Care & Decor'),
(5248, 5248, 0, 'Vehicles & Parts > Vehicle Parts & Accessories > Vehicle Maintenance, Care & Decor > Portable Fuel Cans'),
(5249, 5249, 0, 'Vehicles & Parts > Vehicle Parts & Accessories > Vehicle Maintenance, Care & Decor > Vehicle Cleaning'),
(5250, 5250, 0, 'Vehicles & Parts > Vehicle Parts & Accessories > Vehicle Maintenance, Care & Decor > Vehicle Cleaning > Car Wash Brushes'),
(5251, 5251, 0, 'Vehicles & Parts > Vehicle Parts & Accessories > Vehicle Maintenance, Care & Decor > Vehicle Cleaning > Car Wash Solutions');
INSERT INTO `eav_attribute_option_value` (`value_id`, `option_id`, `store_id`, `value`) VALUES
(5252, 5252, 0, 'Vehicles & Parts > Vehicle Parts & Accessories > Vehicle Maintenance, Care & Decor > Vehicle Cleaning > Vehicle Carpet & Upholstery Cleaners'),
(5253, 5253, 0, 'Vehicles & Parts > Vehicle Parts & Accessories > Vehicle Maintenance, Care & Decor > Vehicle Cleaning > Vehicle Fuel Injection Cleaning Kits'),
(5254, 5254, 0, 'Vehicles & Parts > Vehicle Parts & Accessories > Vehicle Maintenance, Care & Decor > Vehicle Cleaning > Vehicle Glass Cleaners'),
(5255, 5255, 0, 'Vehicles & Parts > Vehicle Parts & Accessories > Vehicle Maintenance, Care & Decor > Vehicle Cleaning > Vehicle Waxes, Polishes & Protectants'),
(5256, 5256, 0, 'Vehicles & Parts > Vehicle Parts & Accessories > Vehicle Maintenance, Care & Decor > Vehicle Covers'),
(5257, 5257, 0, 'Vehicles & Parts > Vehicle Parts & Accessories > Vehicle Maintenance, Care & Decor > Vehicle Covers > Golf Cart Enclosures'),
(5258, 5258, 0, 'Vehicles & Parts > Vehicle Parts & Accessories > Vehicle Maintenance, Care & Decor > Vehicle Covers > Motor Vehicle Windshield Covers'),
(5259, 5259, 0, 'Vehicles & Parts > Vehicle Parts & Accessories > Vehicle Maintenance, Care & Decor > Vehicle Covers > Tonneau Covers'),
(5260, 5260, 0, 'Vehicles & Parts > Vehicle Parts & Accessories > Vehicle Maintenance, Care & Decor > Vehicle Covers > Vehicle Hardtops'),
(5261, 5261, 0, 'Vehicles & Parts > Vehicle Parts & Accessories > Vehicle Maintenance, Care & Decor > Vehicle Covers > Vehicle Soft Tops'),
(5262, 5262, 0, 'Vehicles & Parts > Vehicle Parts & Accessories > Vehicle Maintenance, Care & Decor > Vehicle Covers > Vehicle Storage Covers'),
(5263, 5263, 0, 'Vehicles & Parts > Vehicle Parts & Accessories > Vehicle Maintenance, Care & Decor > Vehicle Covers > Vehicle Storage Covers > Automotive Storage Covers'),
(5264, 5264, 0, 'Vehicles & Parts > Vehicle Parts & Accessories > Vehicle Maintenance, Care & Decor > Vehicle Covers > Vehicle Storage Covers > Golf Cart Storage Covers'),
(5265, 5265, 0, 'Vehicles & Parts > Vehicle Parts & Accessories > Vehicle Maintenance, Care & Decor > Vehicle Covers > Vehicle Storage Covers > Motorcycle Storage Covers'),
(5266, 5266, 0, 'Vehicles & Parts > Vehicle Parts & Accessories > Vehicle Maintenance, Care & Decor > Vehicle Covers > Vehicle Storage Covers > Recreational Vehicle Storage Covers'),
(5267, 5267, 0, 'Vehicles & Parts > Vehicle Parts & Accessories > Vehicle Maintenance, Care & Decor > Vehicle Covers > Vehicle Storage Covers > Watercraft Storage Covers'),
(5268, 5268, 0, 'Vehicles & Parts > Vehicle Parts & Accessories > Vehicle Maintenance, Care & Decor > Vehicle Decor'),
(5269, 5269, 0, 'Vehicles & Parts > Vehicle Parts & Accessories > Vehicle Maintenance, Care & Decor > Vehicle Decor > Bumper Stickers'),
(5270, 5270, 0, 'Vehicles & Parts > Vehicle Parts & Accessories > Vehicle Maintenance, Care & Decor > Vehicle Decor > Vehicle Air Fresheners'),
(5271, 5271, 0, 'Vehicles & Parts > Vehicle Parts & Accessories > Vehicle Maintenance, Care & Decor > Vehicle Decor > Vehicle Antenna Balls'),
(5272, 5272, 0, 'Vehicles & Parts > Vehicle Parts & Accessories > Vehicle Maintenance, Care & Decor > Vehicle Decor > Vehicle Dashboard Accessories'),
(5273, 5273, 0, 'Vehicles & Parts > Vehicle Parts & Accessories > Vehicle Maintenance, Care & Decor > Vehicle Decor > Vehicle Decals'),
(5274, 5274, 0, 'Vehicles & Parts > Vehicle Parts & Accessories > Vehicle Maintenance, Care & Decor > Vehicle Decor > Vehicle Decor Accessory Sets'),
(5275, 5275, 0, 'Vehicles & Parts > Vehicle Parts & Accessories > Vehicle Maintenance, Care & Decor > Vehicle Decor > Vehicle Display Flags'),
(5276, 5276, 0, 'Vehicles & Parts > Vehicle Parts & Accessories > Vehicle Maintenance, Care & Decor > Vehicle Decor > Vehicle Emblems & Hood Ornaments'),
(5277, 5277, 0, 'Vehicles & Parts > Vehicle Parts & Accessories > Vehicle Maintenance, Care & Decor > Vehicle Decor > Vehicle Hitch Covers'),
(5278, 5278, 0, 'Vehicles & Parts > Vehicle Parts & Accessories > Vehicle Maintenance, Care & Decor > Vehicle Decor > Vehicle License Plate Covers'),
(5279, 5279, 0, 'Vehicles & Parts > Vehicle Parts & Accessories > Vehicle Maintenance, Care & Decor > Vehicle Decor > Vehicle License Plate Frames'),
(5280, 5280, 0, 'Vehicles & Parts > Vehicle Parts & Accessories > Vehicle Maintenance, Care & Decor > Vehicle Decor > Vehicle License Plate Mounts & Holders'),
(5281, 5281, 0, 'Vehicles & Parts > Vehicle Parts & Accessories > Vehicle Maintenance, Care & Decor > Vehicle Decor > Vehicle License Plates'),
(5282, 5282, 0, 'Vehicles & Parts > Vehicle Parts & Accessories > Vehicle Maintenance, Care & Decor > Vehicle Decor > Vehicle Magnets'),
(5283, 5283, 0, 'Vehicles & Parts > Vehicle Parts & Accessories > Vehicle Maintenance, Care & Decor > Vehicle Decor > Vehicle Rear View Mirror Ornaments'),
(5284, 5284, 0, 'Vehicles & Parts > Vehicle Parts & Accessories > Vehicle Maintenance, Care & Decor > Vehicle Decor > Vehicle Shift Boots'),
(5285, 5285, 0, 'Vehicles & Parts > Vehicle Parts & Accessories > Vehicle Maintenance, Care & Decor > Vehicle Decor > Vehicle Shift Knobs'),
(5286, 5286, 0, 'Vehicles & Parts > Vehicle Parts & Accessories > Vehicle Maintenance, Care & Decor > Vehicle Decor > Vehicle Steering Wheel Covers'),
(5287, 5287, 0, 'Vehicles & Parts > Vehicle Parts & Accessories > Vehicle Maintenance, Care & Decor > Vehicle Decor > Vehicle Wraps'),
(5288, 5288, 0, 'Vehicles & Parts > Vehicle Parts & Accessories > Vehicle Maintenance, Care & Decor > Vehicle Fluids'),
(5289, 5289, 0, 'Vehicles & Parts > Vehicle Parts & Accessories > Vehicle Maintenance, Care & Decor > Vehicle Fluids > Vehicle Antifreeze'),
(5290, 5290, 0, 'Vehicles & Parts > Vehicle Parts & Accessories > Vehicle Maintenance, Care & Decor > Vehicle Fluids > Vehicle Brake Fluid'),
(5291, 5291, 0, 'Vehicles & Parts > Vehicle Parts & Accessories > Vehicle Maintenance, Care & Decor > Vehicle Fluids > Vehicle Cooling System Additives'),
(5292, 5292, 0, 'Vehicles & Parts > Vehicle Parts & Accessories > Vehicle Maintenance, Care & Decor > Vehicle Fluids > Vehicle Engine Degreasers'),
(5293, 5293, 0, 'Vehicles & Parts > Vehicle Parts & Accessories > Vehicle Maintenance, Care & Decor > Vehicle Fluids > Vehicle Fuel System Cleaners'),
(5294, 5294, 0, 'Vehicles & Parts > Vehicle Parts & Accessories > Vehicle Maintenance, Care & Decor > Vehicle Fluids > Vehicle Greases'),
(5295, 5295, 0, 'Vehicles & Parts > Vehicle Parts & Accessories > Vehicle Maintenance, Care & Decor > Vehicle Fluids > Vehicle Hydraulic Clutch Fluid'),
(5296, 5296, 0, 'Vehicles & Parts > Vehicle Parts & Accessories > Vehicle Maintenance, Care & Decor > Vehicle Fluids > Vehicle Motor Oil'),
(5297, 5297, 0, 'Vehicles & Parts > Vehicle Parts & Accessories > Vehicle Maintenance, Care & Decor > Vehicle Fluids > Vehicle Performance Additives'),
(5298, 5298, 0, 'Vehicles & Parts > Vehicle Parts & Accessories > Vehicle Maintenance, Care & Decor > Vehicle Fluids > Vehicle Power Steering Fluid'),
(5299, 5299, 0, 'Vehicles & Parts > Vehicle Parts & Accessories > Vehicle Maintenance, Care & Decor > Vehicle Fluids > Vehicle Transmission Fluid'),
(5300, 5300, 0, 'Vehicles & Parts > Vehicle Parts & Accessories > Vehicle Maintenance, Care & Decor > Vehicle Fluids > Vehicle Windshield Fluid'),
(5301, 5301, 0, 'Vehicles & Parts > Vehicle Parts & Accessories > Vehicle Maintenance, Care & Decor > Vehicle Paint'),
(5302, 5302, 0, 'Vehicles & Parts > Vehicle Parts & Accessories > Vehicle Maintenance, Care & Decor > Vehicle Paint > Motor Vehicle Body Paint'),
(5303, 5303, 0, 'Vehicles & Parts > Vehicle Parts & Accessories > Vehicle Maintenance, Care & Decor > Vehicle Paint > Motor Vehicle Brake Caliper Paint'),
(5304, 5304, 0, 'Vehicles & Parts > Vehicle Parts & Accessories > Vehicle Maintenance, Care & Decor > Vehicle Repair & Specialty Tools'),
(5305, 5305, 0, 'Vehicles & Parts > Vehicle Parts & Accessories > Vehicle Maintenance, Care & Decor > Vehicle Repair & Specialty Tools > Motor Vehicle Brake Service Kits'),
(5306, 5306, 0, 'Vehicles & Parts > Vehicle Parts & Accessories > Vehicle Maintenance, Care & Decor > Vehicle Repair & Specialty Tools > Motor Vehicle Clutch Alignment & Removal Tools'),
(5307, 5307, 0, 'Vehicles & Parts > Vehicle Parts & Accessories > Vehicle Maintenance, Care & Decor > Vehicle Repair & Specialty Tools > Vehicle Battery Chargers'),
(5308, 5308, 0, 'Vehicles & Parts > Vehicle Parts & Accessories > Vehicle Maintenance, Care & Decor > Vehicle Repair & Specialty Tools > Vehicle Battery Testers'),
(5309, 5309, 0, 'Vehicles & Parts > Vehicle Parts & Accessories > Vehicle Maintenance, Care & Decor > Vehicle Repair & Specialty Tools > Vehicle Body Filler'),
(5310, 5310, 0, 'Vehicles & Parts > Vehicle Parts & Accessories > Vehicle Maintenance, Care & Decor > Vehicle Repair & Specialty Tools > Vehicle Diagnostic Scanners'),
(5311, 5311, 0, 'Vehicles & Parts > Vehicle Parts & Accessories > Vehicle Maintenance, Care & Decor > Vehicle Repair & Specialty Tools > Vehicle Jump Starters'),
(5312, 5312, 0, 'Vehicles & Parts > Vehicle Parts & Accessories > Vehicle Maintenance, Care & Decor > Vehicle Repair & Specialty Tools > Vehicle Jumper Cables'),
(5313, 5313, 0, 'Vehicles & Parts > Vehicle Parts & Accessories > Vehicle Maintenance, Care & Decor > Vehicle Repair & Specialty Tools > Vehicle Tire Repair & Tire Changing Tools'),
(5314, 5314, 0, 'Vehicles & Parts > Vehicle Parts & Accessories > Vehicle Maintenance, Care & Decor > Vehicle Repair & Specialty Tools > Windshield Repair Kits'),
(5315, 5315, 0, 'Vehicles & Parts > Vehicle Parts & Accessories > Vehicle Safety & Security'),
(5316, 5316, 0, 'Vehicles & Parts > Vehicle Parts & Accessories > Vehicle Safety & Security > Motorcycle Protective Gear'),
(5317, 5317, 0, 'Vehicles & Parts > Vehicle Parts & Accessories > Vehicle Safety & Security > Motorcycle Protective Gear > Motorcycle Chest & Back Protectors'),
(5318, 5318, 0, 'Vehicles & Parts > Vehicle Parts & Accessories > Vehicle Safety & Security > Motorcycle Protective Gear > Motorcycle Elbow & Wrist Guards'),
(5319, 5319, 0, 'Vehicles & Parts > Vehicle Parts & Accessories > Vehicle Safety & Security > Motorcycle Protective Gear > Motorcycle Gloves'),
(5320, 5320, 0, 'Vehicles & Parts > Vehicle Parts & Accessories > Vehicle Safety & Security > Motorcycle Protective Gear > Motorcycle Goggles'),
(5321, 5321, 0, 'Vehicles & Parts > Vehicle Parts & Accessories > Vehicle Safety & Security > Motorcycle Protective Gear > Motorcycle Hand Guards'),
(5322, 5322, 0, 'Vehicles & Parts > Vehicle Parts & Accessories > Vehicle Safety & Security > Motorcycle Protective Gear > Motorcycle Helmet Parts & Accessories'),
(5323, 5323, 0, 'Vehicles & Parts > Vehicle Parts & Accessories > Vehicle Safety & Security > Motorcycle Protective Gear > Motorcycle Helmets'),
(5324, 5324, 0, 'Vehicles & Parts > Vehicle Parts & Accessories > Vehicle Safety & Security > Motorcycle Protective Gear > Motorcycle Kidney Belts'),
(5325, 5325, 0, 'Vehicles & Parts > Vehicle Parts & Accessories > Vehicle Safety & Security > Motorcycle Protective Gear > Motorcycle Knee & Shin Guards'),
(5326, 5326, 0, 'Vehicles & Parts > Vehicle Parts & Accessories > Vehicle Safety & Security > Motorcycle Protective Gear > Motorcycle Neck Braces'),
(5327, 5327, 0, 'Vehicles & Parts > Vehicle Parts & Accessories > Vehicle Safety & Security > Off-Road & All-Terrain Vehicle Protective Gear'),
(5328, 5328, 0, 'Vehicles & Parts > Vehicle Parts & Accessories > Vehicle Safety & Security > Off-Road & All-Terrain Vehicle Protective Gear > ATV & UTV Bar Pads'),
(5329, 5329, 0, 'Vehicles & Parts > Vehicle Parts & Accessories > Vehicle Safety & Security > Vehicle Alarms & Locks'),
(5330, 5330, 0, 'Vehicles & Parts > Vehicle Parts & Accessories > Vehicle Safety & Security > Vehicle Alarms & Locks > Automotive Alarm Accessories'),
(5331, 5331, 0, 'Vehicles & Parts > Vehicle Parts & Accessories > Vehicle Safety & Security > Vehicle Alarms & Locks > Automotive Alarm Systems'),
(5332, 5332, 0, 'Vehicles & Parts > Vehicle Parts & Accessories > Vehicle Safety & Security > Vehicle Alarms & Locks > Motorcycle Alarms & Locks'),
(5333, 5333, 0, 'Vehicles & Parts > Vehicle Parts & Accessories > Vehicle Safety & Security > Vehicle Alarms & Locks > Vehicle Door Locks & Parts'),
(5334, 5334, 0, 'Vehicles & Parts > Vehicle Parts & Accessories > Vehicle Safety & Security > Vehicle Alarms & Locks > Vehicle Door Locks & Parts > Vehicle Door Lock Actuators'),
(5335, 5335, 0, 'Vehicles & Parts > Vehicle Parts & Accessories > Vehicle Safety & Security > Vehicle Alarms & Locks > Vehicle Door Locks & Parts > Vehicle Door Lock Knobs'),
(5336, 5336, 0, 'Vehicles & Parts > Vehicle Parts & Accessories > Vehicle Safety & Security > Vehicle Alarms & Locks > Vehicle Door Locks & Parts > Vehicle Door Locks & Locking Systems'),
(5337, 5337, 0, 'Vehicles & Parts > Vehicle Parts & Accessories > Vehicle Safety & Security > Vehicle Alarms & Locks > Vehicle Hitch Locks'),
(5338, 5338, 0, 'Vehicles & Parts > Vehicle Parts & Accessories > Vehicle Safety & Security > Vehicle Alarms & Locks > Vehicle Immobilizers'),
(5339, 5339, 0, 'Vehicles & Parts > Vehicle Parts & Accessories > Vehicle Safety & Security > Vehicle Alarms & Locks > Vehicle Remote Keyless Systems'),
(5340, 5340, 0, 'Vehicles & Parts > Vehicle Parts & Accessories > Vehicle Safety & Security > Vehicle Alarms & Locks > Vehicle Steering Wheel Locks'),
(5341, 5341, 0, 'Vehicles & Parts > Vehicle Parts & Accessories > Vehicle Safety & Security > Vehicle Alarms & Locks > Vehicle Wheel Clamps'),
(5342, 5342, 0, 'Vehicles & Parts > Vehicle Parts & Accessories > Vehicle Safety & Security > Vehicle Safety Equipment'),
(5343, 5343, 0, 'Vehicles & Parts > Vehicle Parts & Accessories > Vehicle Safety & Security > Vehicle Safety Equipment > Car Window Nets'),
(5344, 5344, 0, 'Vehicles & Parts > Vehicle Parts & Accessories > Vehicle Safety & Security > Vehicle Safety Equipment > Emergency Road Flares'),
(5345, 5345, 0, 'Vehicles & Parts > Vehicle Parts & Accessories > Vehicle Safety & Security > Vehicle Safety Equipment > Motor Vehicle Airbag Parts'),
(5346, 5346, 0, 'Vehicles & Parts > Vehicle Parts & Accessories > Vehicle Safety & Security > Vehicle Safety Equipment > Motor Vehicle Roll Cages & Bars'),
(5347, 5347, 0, 'Vehicles & Parts > Vehicle Parts & Accessories > Vehicle Safety & Security > Vehicle Safety Equipment > Vehicle Seat Belt Buckles'),
(5348, 5348, 0, 'Vehicles & Parts > Vehicle Parts & Accessories > Vehicle Safety & Security > Vehicle Safety Equipment > Vehicle Seat Belt Covers'),
(5349, 5349, 0, 'Vehicles & Parts > Vehicle Parts & Accessories > Vehicle Safety & Security > Vehicle Safety Equipment > Vehicle Seat Belt Straps'),
(5350, 5350, 0, 'Vehicles & Parts > Vehicle Parts & Accessories > Vehicle Safety & Security > Vehicle Safety Equipment > Vehicle Seat Belts'),
(5351, 5351, 0, 'Vehicles & Parts > Vehicle Parts & Accessories > Vehicle Safety & Security > Vehicle Safety Equipment > Vehicle Warning Whips'),
(5352, 5352, 0, 'Vehicles & Parts > Vehicle Parts & Accessories > Vehicle Safety & Security > Vehicle Safety Equipment > Vehicle Wheel Chocks'),
(5353, 5353, 0, 'Vehicles & Parts > Vehicle Parts & Accessories > Vehicle Storage & Cargo'),
(5354, 5354, 0, 'Vehicles & Parts > Vehicle Parts & Accessories > Vehicle Storage & Cargo > Motor Vehicle Cargo Nets'),
(5355, 5355, 0, 'Vehicles & Parts > Vehicle Parts & Accessories > Vehicle Storage & Cargo > Motor Vehicle Carrying Rack Accessories'),
(5356, 5356, 0, 'Vehicles & Parts > Vehicle Parts & Accessories > Vehicle Storage & Cargo > Motor Vehicle Carrying Rack Accessories > Vehicle Bicycle Rack Accessories'),
(5357, 5357, 0, 'Vehicles & Parts > Vehicle Parts & Accessories > Vehicle Storage & Cargo > Motor Vehicle Carrying Rack Accessories > Vehicle Ski & Snowboard Rack Accessories'),
(5358, 5358, 0, 'Vehicles & Parts > Vehicle Parts & Accessories > Vehicle Storage & Cargo > Motor Vehicle Carrying Racks'),
(5359, 5359, 0, 'Vehicles & Parts > Vehicle Parts & Accessories > Vehicle Storage & Cargo > Motor Vehicle Carrying Racks > Vehicle Base Rack Systems'),
(5360, 5360, 0, 'Vehicles & Parts > Vehicle Parts & Accessories > Vehicle Storage & Cargo > Motor Vehicle Carrying Racks > Vehicle Bicycle Racks'),
(5361, 5361, 0, 'Vehicles & Parts > Vehicle Parts & Accessories > Vehicle Storage & Cargo > Motor Vehicle Carrying Racks > Vehicle Boat Racks'),
(5362, 5362, 0, 'Vehicles & Parts > Vehicle Parts & Accessories > Vehicle Storage & Cargo > Motor Vehicle Carrying Racks > Vehicle Cargo Racks'),
(5363, 5363, 0, 'Vehicles & Parts > Vehicle Parts & Accessories > Vehicle Storage & Cargo > Motor Vehicle Carrying Racks > Vehicle Fishing Rod Racks'),
(5364, 5364, 0, 'Vehicles & Parts > Vehicle Parts & Accessories > Vehicle Storage & Cargo > Motor Vehicle Carrying Racks > Vehicle Gun Racks'),
(5365, 5365, 0, 'Vehicles & Parts > Vehicle Parts & Accessories > Vehicle Storage & Cargo > Motor Vehicle Carrying Racks > Vehicle Motorcycle & Scooter Racks'),
(5366, 5366, 0, 'Vehicles & Parts > Vehicle Parts & Accessories > Vehicle Storage & Cargo > Motor Vehicle Carrying Racks > Vehicle Ski & Snowboard Racks'),
(5367, 5367, 0, 'Vehicles & Parts > Vehicle Parts & Accessories > Vehicle Storage & Cargo > Motor Vehicle Carrying Racks > Vehicle Water Sport Board Racks'),
(5368, 5368, 0, 'Vehicles & Parts > Vehicle Parts & Accessories > Vehicle Storage & Cargo > Motor Vehicle Loading Ramps'),
(5369, 5369, 0, 'Vehicles & Parts > Vehicle Parts & Accessories > Vehicle Storage & Cargo > Motor Vehicle Trailers'),
(5370, 5370, 0, 'Vehicles & Parts > Vehicle Parts & Accessories > Vehicle Storage & Cargo > Motor Vehicle Trailers > Boat Trailers'),
(5371, 5371, 0, 'Vehicles & Parts > Vehicle Parts & Accessories > Vehicle Storage & Cargo > Motor Vehicle Trailers > Horse & Livestock Trailers'),
(5372, 5372, 0, 'Vehicles & Parts > Vehicle Parts & Accessories > Vehicle Storage & Cargo > Motor Vehicle Trailers > Travel Trailers'),
(5373, 5373, 0, 'Vehicles & Parts > Vehicle Parts & Accessories > Vehicle Storage & Cargo > Motor Vehicle Trailers > Utility & Cargo Trailers'),
(5374, 5374, 0, 'Vehicles & Parts > Vehicle Parts & Accessories > Vehicle Storage & Cargo > Motorcycle Bags & Panniers'),
(5375, 5375, 0, 'Vehicles & Parts > Vehicle Parts & Accessories > Vehicle Storage & Cargo > Truck Bed Storage Boxes & Organizers'),
(5376, 5376, 0, 'Vehicles & Parts > Vehicle Parts & Accessories > Vehicle Storage & Cargo > Vehicle Headrest Hangers & Hooks'),
(5377, 5377, 0, 'Vehicles & Parts > Vehicle Parts & Accessories > Vehicle Storage & Cargo > Vehicle Organizers'),
(5378, 5378, 0, 'Vehicles & Parts > Vehicle Parts & Accessories > Watercraft Parts & Accessories'),
(5379, 5379, 0, 'Vehicles & Parts > Vehicle Parts & Accessories > Watercraft Parts & Accessories > Docking & Anchoring'),
(5380, 5380, 0, 'Vehicles & Parts > Vehicle Parts & Accessories > Watercraft Parts & Accessories > Docking & Anchoring > Anchor Chains'),
(5381, 5381, 0, 'Vehicles & Parts > Vehicle Parts & Accessories > Watercraft Parts & Accessories > Docking & Anchoring > Anchor Lines & Ropes'),
(5382, 5382, 0, 'Vehicles & Parts > Vehicle Parts & Accessories > Watercraft Parts & Accessories > Docking & Anchoring > Anchor Windlasses'),
(5383, 5383, 0, 'Vehicles & Parts > Vehicle Parts & Accessories > Watercraft Parts & Accessories > Docking & Anchoring > Anchors'),
(5384, 5384, 0, 'Vehicles & Parts > Vehicle Parts & Accessories > Watercraft Parts & Accessories > Docking & Anchoring > Boat Hooks'),
(5385, 5385, 0, 'Vehicles & Parts > Vehicle Parts & Accessories > Watercraft Parts & Accessories > Docking & Anchoring > Boat Ladders'),
(5386, 5386, 0, 'Vehicles & Parts > Vehicle Parts & Accessories > Watercraft Parts & Accessories > Docking & Anchoring > Dock Cleats'),
(5387, 5387, 0, 'Vehicles & Parts > Vehicle Parts & Accessories > Watercraft Parts & Accessories > Docking & Anchoring > Dock Steps'),
(5388, 5388, 0, 'Vehicles & Parts > Vehicle Parts & Accessories > Watercraft Parts & Accessories > Sailboat Parts'),
(5389, 5389, 0, 'Vehicles & Parts > Vehicle Parts & Accessories > Watercraft Parts & Accessories > Watercraft Care'),
(5390, 5390, 0, 'Vehicles & Parts > Vehicle Parts & Accessories > Watercraft Parts & Accessories > Watercraft Care > Watercraft Cleaners'),
(5391, 5391, 0, 'Vehicles & Parts > Vehicle Parts & Accessories > Watercraft Parts & Accessories > Watercraft Care > Watercraft Polishes'),
(5392, 5392, 0, 'Vehicles & Parts > Vehicle Parts & Accessories > Watercraft Parts & Accessories > Watercraft Engine Parts'),
(5393, 5393, 0, 'Vehicles & Parts > Vehicle Parts & Accessories > Watercraft Parts & Accessories > Watercraft Engine Parts > Watercraft Alternators'),
(5394, 5394, 0, 'Vehicles & Parts > Vehicle Parts & Accessories > Watercraft Parts & Accessories > Watercraft Engine Parts > Watercraft Carburetors & Parts'),
(5395, 5395, 0, 'Vehicles & Parts > Vehicle Parts & Accessories > Watercraft Parts & Accessories > Watercraft Engine Parts > Watercraft Engine Controls'),
(5396, 5396, 0, 'Vehicles & Parts > Vehicle Parts & Accessories > Watercraft Parts & Accessories > Watercraft Engine Parts > Watercraft Ignition Parts'),
(5397, 5397, 0, 'Vehicles & Parts > Vehicle Parts & Accessories > Watercraft Parts & Accessories > Watercraft Engine Parts > Watercraft Impellers'),
(5398, 5398, 0, 'Vehicles & Parts > Vehicle Parts & Accessories > Watercraft Parts & Accessories > Watercraft Engine Parts > Watercraft Motor Locks'),
(5399, 5399, 0, 'Vehicles & Parts > Vehicle Parts & Accessories > Watercraft Parts & Accessories > Watercraft Engine Parts > Watercraft Motor Mounts'),
(5400, 5400, 0, 'Vehicles & Parts > Vehicle Parts & Accessories > Watercraft Parts & Accessories > Watercraft Engine Parts > Watercraft Pistons & Parts'),
(5401, 5401, 0, 'Vehicles & Parts > Vehicle Parts & Accessories > Watercraft Parts & Accessories > Watercraft Engine Parts > Watercraft Propellers'),
(5402, 5402, 0, 'Vehicles & Parts > Vehicle Parts & Accessories > Watercraft Parts & Accessories > Watercraft Engines & Motors'),
(5403, 5403, 0, 'Vehicles & Parts > Vehicle Parts & Accessories > Watercraft Parts & Accessories > Watercraft Exhaust Parts'),
(5404, 5404, 0, 'Vehicles & Parts > Vehicle Parts & Accessories > Watercraft Parts & Accessories > Watercraft Exhaust Parts > Watercraft Manifolds'),
(5405, 5405, 0, 'Vehicles & Parts > Vehicle Parts & Accessories > Watercraft Parts & Accessories > Watercraft Exhaust Parts > Watercraft Mufflers & Parts'),
(5406, 5406, 0, 'Vehicles & Parts > Vehicle Parts & Accessories > Watercraft Parts & Accessories > Watercraft Fuel Systems'),
(5407, 5407, 0, 'Vehicles & Parts > Vehicle Parts & Accessories > Watercraft Parts & Accessories > Watercraft Fuel Systems > Watercraft Fuel Lines & Parts'),
(5408, 5408, 0, 'Vehicles & Parts > Vehicle Parts & Accessories > Watercraft Parts & Accessories > Watercraft Fuel Systems > Watercraft Fuel Meters'),
(5409, 5409, 0, 'Vehicles & Parts > Vehicle Parts & Accessories > Watercraft Parts & Accessories > Watercraft Fuel Systems > Watercraft Fuel Pumps & Parts'),
(5410, 5410, 0, 'Vehicles & Parts > Vehicle Parts & Accessories > Watercraft Parts & Accessories > Watercraft Fuel Systems > Watercraft Fuel Tanks & Parts'),
(5411, 5411, 0, 'Vehicles & Parts > Vehicle Parts & Accessories > Watercraft Parts & Accessories > Watercraft Lighting'),
(5412, 5412, 0, 'Vehicles & Parts > Vehicle Parts & Accessories > Watercraft Parts & Accessories > Watercraft Steering Parts'),
(5413, 5413, 0, 'Vehicles & Parts > Vehicle Parts & Accessories > Watercraft Parts & Accessories > Watercraft Steering Parts > Watercraft Steering Cables'),
(5414, 5414, 0, 'Vehicles & Parts > Vehicle Parts & Accessories > Watercraft Parts & Accessories > Watercraft Steering Parts > Watercraft Steering Wheels'),
(5415, 5415, 0, 'Vehicles & Parts > Vehicles'),
(5416, 5416, 0, 'Vehicles & Parts > Vehicles > Aircraft'),
(5417, 5417, 0, 'Vehicles & Parts > Vehicles > Motor Vehicles'),
(5418, 5418, 0, 'Vehicles & Parts > Vehicles > Motor Vehicles > Cars, Trucks & Vans'),
(5419, 5419, 0, 'Vehicles & Parts > Vehicles > Motor Vehicles > Golf Carts'),
(5420, 5420, 0, 'Vehicles & Parts > Vehicles > Motor Vehicles > Motorcycles & Scooters'),
(5421, 5421, 0, 'Vehicles & Parts > Vehicles > Motor Vehicles > Off-Road and All-Terrain Vehicles'),
(5422, 5422, 0, 'Vehicles & Parts > Vehicles > Motor Vehicles > Off-Road and All-Terrain Vehicles > ATVs & UTVs'),
(5423, 5423, 0, 'Vehicles & Parts > Vehicles > Motor Vehicles > Off-Road and All-Terrain Vehicles > Go Karts & Dune Buggies'),
(5424, 5424, 0, 'Vehicles & Parts > Vehicles > Motor Vehicles > Recreational Vehicles'),
(5425, 5425, 0, 'Vehicles & Parts > Vehicles > Motor Vehicles > Snowmobiles'),
(5426, 5426, 0, 'Vehicles & Parts > Vehicles > Watercraft'),
(5427, 5427, 0, 'Vehicles & Parts > Vehicles > Watercraft > Motor Boats'),
(5428, 5428, 0, 'Vehicles & Parts > Vehicles > Watercraft > Personal Watercraft'),
(5429, 5429, 0, 'Vehicles & Parts > Vehicles > Watercraft > Sailboats'),
(5430, 5430, 0, 'Vehicles & Parts > Vehicles > Watercraft > Yachts'),
(5532, 5473, 1, 'Foamstop'),
(5533, 5473, 0, 'Foamstop'),
(5534, 5474, 1, 'Intermediate cleaning and care / Spray Cleaner'),
(5535, 5474, 0, 'Intermediate cleaning and care / Spray Cleaner'),
(5536, 5475, 1, 'Glass cleaning'),
(5537, 5475, 0, 'Glass cleaning'),
(5538, 5476, 1, 'Universal cleaner'),
(5539, 5476, 0, 'Universal cleaner'),
(5540, 5477, 1, 'Plastic surfaces'),
(5541, 5477, 0, 'Plastic surfaces'),
(5542, 5478, 1, 'Stone surfaces'),
(5543, 5478, 0, 'Stone surfaces'),
(5544, 5479, 1, 'Vehicle cleaning and care'),
(5545, 5479, 0, 'Vehicle cleaning and care'),
(5546, 5480, 1, 'Stain removal'),
(5547, 5480, 0, 'Stain removal'),
(5548, 5481, 1, 'Accessory'),
(5549, 5481, 0, 'Accessory'),
(5550, 5436, 1, 'mm'),
(5551, 5436, 0, 'mm'),
(5552, 5434, 1, 'mm'),
(5553, 5434, 0, 'mm'),
(5554, 5435, 0, 'mm'),
(5555, 5438, 1, 'mm'),
(5556, 5438, 0, 'mm'),
(5557, 5442, 1, 'mm'),
(5558, 5442, 0, 'mm'),
(5559, 5440, 1, 'mm'),
(5560, 5440, 0, 'mm'),
(5561, 5457, 1, 'st'),
(5562, 5457, 0, 'st'),
(5563, 5441, 1, 'mm'),
(5564, 5441, 0, 'mm'),
(5565, 5450, 1, 'kg'),
(5566, 5450, 0, 'kg'),
(5567, 5453, 1, 'kg'),
(5568, 5453, 0, 'kg'),
(5569, 5449, 1, 'kg'),
(5570, 5449, 0, 'kg'),
(5571, 5452, 1, 'kg'),
(5572, 5452, 0, 'kgg'),
(5573, 5451, 1, 'kg'),
(5574, 5451, 0, 'kg'),
(5631, 5432, 1, 'Home & Garden'),
(5632, 5432, 0, 'Home & Garden'),
(5633, 5433, 1, 'Professional'),
(5634, 5433, 0, 'Professional');

-- --------------------------------------------------------

--
-- Table structure for table `eav_attribute_set`
--

CREATE TABLE `eav_attribute_set` (
  `attribute_set_id` smallint(5) UNSIGNED NOT NULL COMMENT 'Attribute Set ID',
  `entity_type_id` smallint(5) UNSIGNED NOT NULL DEFAULT 0 COMMENT 'Entity Type ID',
  `attribute_set_name` varchar(255) DEFAULT NULL COMMENT 'Attribute Set Name',
  `sort_order` smallint(6) NOT NULL DEFAULT 0 COMMENT 'Sort Order'
) ENGINE=InnoDB DEFAULT CHARSET=utf8 COMMENT='Eav Attribute Set';

--
-- Dumping data for table `eav_attribute_set`
--

INSERT INTO `eav_attribute_set` (`attribute_set_id`, `entity_type_id`, `attribute_set_name`, `sort_order`) VALUES
(1, 1, 'Default', 2),
(2, 2, 'Default', 2),
(3, 3, 'Default', 1),
(4, 4, 'Default', 1),
(5, 5, 'Default', 1),
(6, 6, 'Default', 1),
(7, 7, 'Default', 1),
(8, 8, 'Default', 1),
(9, 4, 'mob', 0),
(10, 4, 'Technical data', 0);

-- --------------------------------------------------------

--
-- Table structure for table `eav_entity`
--

CREATE TABLE `eav_entity` (
  `entity_id` int(10) UNSIGNED NOT NULL COMMENT 'Entity ID',
  `entity_type_id` smallint(5) UNSIGNED NOT NULL DEFAULT 0 COMMENT 'Entity Type ID',
  `attribute_set_id` smallint(5) UNSIGNED NOT NULL DEFAULT 0 COMMENT 'Attribute Set ID',
  `increment_id` varchar(50) DEFAULT NULL COMMENT 'Increment ID',
  `parent_id` int(10) UNSIGNED NOT NULL DEFAULT 0 COMMENT 'Parent ID',
  `store_id` smallint(5) UNSIGNED NOT NULL DEFAULT 0 COMMENT 'Store ID',
  `created_at` timestamp NOT NULL DEFAULT current_timestamp() COMMENT 'Created At',
  `updated_at` timestamp NOT NULL DEFAULT current_timestamp() ON UPDATE current_timestamp() COMMENT 'Updated At',
  `is_active` smallint(5) UNSIGNED NOT NULL DEFAULT 1 COMMENT 'Defines Is Entity Active'
) ENGINE=InnoDB DEFAULT CHARSET=utf8 COMMENT='Eav Entity';

-- --------------------------------------------------------

--
-- Table structure for table `eav_entity_attribute`
--

CREATE TABLE `eav_entity_attribute` (
  `entity_attribute_id` int(10) UNSIGNED NOT NULL COMMENT 'Entity Attribute ID',
  `entity_type_id` smallint(5) UNSIGNED NOT NULL DEFAULT 0 COMMENT 'Entity Type ID',
  `attribute_set_id` smallint(5) UNSIGNED NOT NULL DEFAULT 0 COMMENT 'Attribute Set ID',
  `attribute_group_id` smallint(5) UNSIGNED NOT NULL DEFAULT 0 COMMENT 'Attribute Group ID',
  `attribute_id` smallint(5) UNSIGNED NOT NULL DEFAULT 0 COMMENT 'Attribute ID',
  `sort_order` smallint(6) NOT NULL DEFAULT 0 COMMENT 'Sort Order'
) ENGINE=InnoDB DEFAULT CHARSET=utf8 COMMENT='Eav Entity Attributes';

--
-- Dumping data for table `eav_entity_attribute`
--

INSERT INTO `eav_entity_attribute` (`entity_attribute_id`, `entity_type_id`, `attribute_set_id`, `attribute_group_id`, `attribute_id`, `sort_order`) VALUES
(1, 1, 1, 1, 1, 10),
(2, 1, 1, 1, 2, 20),
(3, 1, 1, 1, 3, 20),
(4, 1, 1, 1, 4, 30),
(5, 1, 1, 1, 5, 40),
(6, 1, 1, 1, 6, 50),
(7, 1, 1, 1, 7, 60),
(8, 1, 1, 1, 8, 70),
(9, 1, 1, 1, 9, 80),
(10, 1, 1, 1, 10, 25),
(11, 1, 1, 1, 11, 90),
(12, 1, 1, 1, 12, 81),
(13, 1, 1, 1, 13, 115),
(14, 1, 1, 1, 14, 120),
(15, 1, 1, 1, 15, 82),
(16, 1, 1, 1, 16, 83),
(17, 1, 1, 1, 17, 100),
(18, 1, 1, 1, 18, 0),
(19, 1, 1, 1, 19, 0),
(20, 1, 1, 1, 20, 110),
(21, 1, 1, 1, 21, 28),
(22, 2, 2, 2, 22, 10),
(23, 2, 2, 2, 23, 20),
(24, 2, 2, 2, 24, 30),
(25, 2, 2, 2, 25, 40),
(26, 2, 2, 2, 26, 50),
(27, 2, 2, 2, 27, 60),
(28, 2, 2, 2, 28, 70),
(29, 2, 2, 2, 29, 80),
(30, 2, 2, 2, 30, 90),
(31, 2, 2, 2, 31, 100),
(32, 2, 2, 2, 32, 100),
(33, 2, 2, 2, 33, 110),
(34, 2, 2, 2, 34, 120),
(35, 2, 2, 2, 35, 130),
(36, 2, 2, 2, 36, 140),
(37, 2, 2, 2, 37, 132),
(38, 2, 2, 2, 38, 133),
(39, 2, 2, 2, 39, 134),
(40, 2, 2, 2, 40, 135),
(41, 1, 1, 1, 41, 87),
(42, 1, 1, 1, 42, 100),
(43, 1, 1, 1, 43, 110),
(44, 1, 1, 1, 44, 120),
(45, 3, 3, 4, 45, 1),
(46, 3, 3, 4, 46, 2),
(47, 3, 3, 4, 47, 4),
(48, 3, 3, 4, 48, 5),
(49, 3, 3, 4, 49, 6),
(50, 3, 3, 4, 50, 7),
(51, 3, 3, 4, 51, 8),
(52, 3, 3, 5, 52, 10),
(53, 3, 3, 5, 53, 20),
(54, 3, 3, 5, 54, 30),
(55, 3, 3, 4, 55, 12),
(56, 3, 3, 4, 56, 13),
(57, 3, 3, 4, 57, 14),
(58, 3, 3, 4, 58, 15),
(59, 3, 3, 4, 59, 16),
(60, 3, 3, 6, 60, 10),
(61, 3, 3, 6, 61, 30),
(62, 3, 3, 6, 62, 40),
(63, 3, 3, 6, 63, 50),
(64, 3, 3, 6, 64, 60),
(65, 3, 3, 4, 65, 24),
(66, 3, 3, 4, 66, 25),
(67, 3, 3, 5, 67, 40),
(68, 3, 3, 5, 68, 50),
(69, 3, 3, 4, 69, 10),
(70, 3, 3, 6, 70, 5),
(71, 3, 3, 6, 71, 6),
(72, 3, 3, 5, 72, 51),
(90, 4, 4, 7, 91, 6),
(96, 4, 4, 8, 98, 8),
(101, 4, 4, 11, 103, 10),
(105, 4, 4, 7, 107, 14),
(106, 4, 4, 7, 108, 15),
(107, 4, 4, 7, 109, 16),
(108, 4, 4, 7, 110, 17),
(109, 4, 4, 7, 111, 18),
(110, 4, 4, 7, 112, 19),
(111, 4, 4, 7, 113, 20),
(116, 3, 3, 6, 118, 51),
(119, 3, 3, 4, 121, 3),
(120, 3, 3, 4, 122, 17),
(122, 4, 4, 7, 124, 11),
(123, 4, 4, 7, 125, 111),
(124, 4, 4, 7, 126, 112),
(125, 4, 4, 7, 127, 113),
(126, 4, 4, 7, 128, 114),
(128, 4, 4, 7, 130, 115),
(298, 4, 9, 26, 103, 10),
(306, 4, 9, 27, 98, 8),
(326, 4, 9, 32, 91, 6),
(331, 4, 9, 32, 124, 11),
(336, 4, 9, 32, 107, 14),
(337, 4, 9, 32, 108, 15),
(340, 4, 9, 32, 109, 16),
(341, 4, 9, 32, 110, 17),
(344, 4, 9, 32, 111, 18),
(346, 4, 9, 32, 112, 19),
(347, 4, 9, 32, 113, 20),
(392, 4, 9, 32, 125, 111),
(393, 4, 9, 32, 126, 112),
(394, 4, 9, 32, 127, 113),
(395, 4, 9, 32, 128, 114),
(396, 4, 9, 32, 130, 115),
(397, 4, 9, 32, 73, 2),
(398, 4, 9, 32, 74, 4),
(399, 4, 9, 32, 77, 6),
(400, 4, 9, 32, 82, 52),
(401, 4, 9, 32, 94, 58),
(402, 4, 9, 32, 95, 60),
(403, 4, 9, 32, 97, 1),
(404, 4, 9, 32, 99, 56),
(405, 4, 9, 32, 105, 57),
(406, 4, 9, 32, 114, 62),
(407, 4, 9, 32, 115, 48),
(408, 4, 9, 32, 131, 46),
(409, 4, 9, 32, 132, 5),
(410, 4, 9, 32, 133, 55),
(411, 4, 9, 32, 137, 47),
(412, 4, 9, 32, 138, 49),
(413, 4, 9, 32, 139, 50),
(414, 4, 9, 32, 140, 51),
(415, 4, 9, 32, 141, 53),
(416, 4, 9, 32, 142, 54),
(417, 4, 9, 32, 143, 59),
(418, 4, 9, 32, 144, 61),
(419, 4, 9, 32, 145, 3),
(425, 4, 9, 32, 181, 12),
(426, 4, 9, 32, 182, 13),
(427, 4, 9, 32, 183, 14),
(428, 4, 9, 32, 184, 15),
(429, 4, 9, 32, 185, 16),
(430, 4, 9, 32, 186, 17),
(431, 4, 9, 32, 187, 18),
(432, 4, 9, 32, 188, 19),
(433, 4, 9, 32, 189, 20),
(434, 4, 9, 32, 190, 21),
(435, 4, 9, 32, 191, 22),
(436, 4, 9, 32, 192, 23),
(437, 4, 9, 32, 193, 24),
(438, 4, 9, 32, 194, 25),
(439, 4, 9, 32, 195, 26),
(440, 4, 9, 32, 196, 27),
(441, 4, 9, 32, 197, 28),
(442, 4, 9, 32, 198, 33),
(443, 4, 9, 32, 199, 34),
(445, 4, 9, 32, 201, 36),
(446, 4, 9, 32, 202, 37),
(447, 4, 9, 32, 203, 38),
(448, 4, 9, 32, 204, 39),
(449, 4, 9, 32, 205, 40),
(450, 4, 9, 32, 206, 41),
(451, 4, 9, 32, 207, 42),
(452, 4, 9, 32, 208, 43),
(459, 4, 9, 31, 75, 1),
(460, 4, 9, 31, 76, 2),
(461, 4, 9, 30, 135, 1),
(462, 4, 9, 29, 87, 1),
(463, 4, 9, 29, 88, 2),
(464, 4, 9, 29, 89, 3),
(465, 4, 9, 29, 90, 5),
(466, 4, 9, 29, 96, 6),
(467, 4, 9, 29, 136, 4),
(468, 4, 9, 28, 84, 2),
(469, 4, 9, 28, 85, 3),
(470, 4, 9, 28, 86, 4),
(471, 4, 9, 28, 123, 1),
(472, 4, 9, 27, 78, 1),
(473, 4, 9, 27, 79, 2),
(474, 4, 9, 27, 80, 3),
(475, 4, 9, 27, 81, 4),
(476, 4, 9, 27, 92, 5),
(477, 4, 9, 27, 119, 6),
(478, 4, 9, 27, 120, 7),
(479, 4, 9, 27, 134, 8),
(480, 4, 9, 26, 104, 1),
(481, 4, 9, 26, 106, 2),
(482, 4, 9, 26, 117, 3),
(483, 4, 9, 25, 100, 3),
(484, 4, 9, 25, 101, 1),
(485, 4, 9, 25, 102, 2),
(486, 4, 9, 25, 116, 4),
(487, 4, 9, 23, 129, 1),
(488, 4, 9, 22, 309, 1),
(519, 4, 10, 37, 103, 10),
(527, 4, 10, 38, 98, 8),
(547, 4, 10, 43, 91, 6),
(552, 4, 10, 43, 124, 11),
(557, 4, 10, 43, 107, 14),
(558, 4, 10, 43, 108, 15),
(561, 4, 10, 43, 109, 16),
(562, 4, 10, 43, 110, 17),
(565, 4, 10, 43, 111, 18),
(567, 4, 10, 43, 112, 19),
(568, 4, 10, 43, 113, 20),
(613, 4, 10, 43, 125, 111),
(614, 4, 10, 43, 126, 112),
(615, 4, 10, 43, 127, 113),
(616, 4, 10, 43, 128, 114),
(617, 4, 10, 43, 130, 115),
(822, 4, 10, 43, 73, 2),
(823, 4, 10, 43, 74, 4),
(824, 4, 10, 43, 77, 6),
(825, 4, 10, 43, 82, 52),
(826, 4, 10, 43, 94, 58),
(827, 4, 10, 43, 95, 60),
(828, 4, 10, 43, 97, 1),
(829, 4, 10, 43, 99, 56),
(830, 4, 10, 43, 105, 57),
(831, 4, 10, 43, 114, 62),
(832, 4, 10, 43, 115, 48),
(833, 4, 10, 43, 131, 46),
(834, 4, 10, 43, 132, 5),
(835, 4, 10, 43, 133, 55),
(836, 4, 10, 43, 137, 47),
(837, 4, 10, 43, 138, 49),
(838, 4, 10, 43, 139, 50),
(839, 4, 10, 43, 140, 51),
(840, 4, 10, 43, 141, 53),
(841, 4, 10, 43, 142, 54),
(842, 4, 10, 43, 143, 59),
(843, 4, 10, 43, 144, 61),
(844, 4, 10, 43, 145, 3),
(850, 4, 10, 43, 181, 12),
(851, 4, 10, 43, 182, 13),
(852, 4, 10, 43, 183, 14),
(853, 4, 10, 43, 184, 15),
(854, 4, 10, 43, 185, 16),
(855, 4, 10, 43, 186, 17),
(856, 4, 10, 43, 187, 18),
(857, 4, 10, 43, 188, 19),
(858, 4, 10, 43, 189, 20),
(859, 4, 10, 43, 190, 21),
(860, 4, 10, 43, 191, 22),
(861, 4, 10, 43, 192, 23),
(862, 4, 10, 43, 193, 24),
(863, 4, 10, 43, 194, 25),
(864, 4, 10, 43, 195, 26),
(865, 4, 10, 43, 196, 27),
(866, 4, 10, 43, 197, 28),
(867, 4, 10, 43, 198, 33),
(868, 4, 10, 43, 199, 34),
(870, 4, 10, 43, 201, 36),
(871, 4, 10, 43, 202, 37),
(872, 4, 10, 43, 203, 38),
(873, 4, 10, 43, 204, 39),
(874, 4, 10, 43, 205, 40),
(875, 4, 10, 43, 206, 41),
(876, 4, 10, 43, 207, 42),
(877, 4, 10, 43, 208, 43),
(884, 4, 10, 42, 75, 1),
(885, 4, 10, 42, 76, 2),
(886, 4, 10, 41, 135, 1),
(887, 4, 10, 40, 87, 1),
(888, 4, 10, 40, 88, 2),
(889, 4, 10, 40, 89, 3),
(890, 4, 10, 40, 90, 5),
(891, 4, 10, 40, 96, 6),
(892, 4, 10, 40, 136, 4),
(893, 4, 10, 39, 84, 2),
(894, 4, 10, 39, 85, 3),
(895, 4, 10, 39, 86, 4),
(896, 4, 10, 39, 123, 1),
(897, 4, 10, 38, 78, 1),
(898, 4, 10, 38, 79, 2),
(899, 4, 10, 38, 80, 3),
(900, 4, 10, 38, 81, 4),
(901, 4, 10, 38, 92, 5),
(902, 4, 10, 38, 119, 6),
(903, 4, 10, 38, 120, 7),
(904, 4, 10, 38, 134, 8),
(905, 4, 10, 37, 104, 1),
(906, 4, 10, 37, 106, 2),
(907, 4, 10, 37, 117, 3),
(908, 4, 10, 36, 100, 3),
(909, 4, 10, 36, 101, 1),
(910, 4, 10, 36, 102, 2),
(911, 4, 10, 36, 116, 4),
(912, 4, 10, 34, 129, 1),
(5422, 4, 4, 7, 73, 2),
(5423, 4, 4, 7, 74, 4),
(5424, 4, 4, 7, 77, 6),
(5425, 4, 4, 7, 82, 69),
(5426, 4, 4, 7, 94, 75),
(5427, 4, 4, 7, 95, 77),
(5428, 4, 4, 7, 97, 1),
(5429, 4, 4, 7, 99, 73),
(5430, 4, 4, 7, 105, 74),
(5431, 4, 4, 7, 114, 78),
(5432, 4, 4, 7, 115, 65),
(5433, 4, 4, 7, 131, 63),
(5434, 4, 4, 7, 132, 5),
(5435, 4, 4, 7, 133, 72),
(5436, 4, 4, 7, 137, 64),
(5437, 4, 4, 7, 138, 66),
(5438, 4, 4, 7, 139, 67),
(5439, 4, 4, 7, 140, 68),
(5440, 4, 4, 7, 141, 70),
(5441, 4, 4, 7, 142, 71),
(5442, 4, 4, 7, 143, 76),
(5443, 4, 4, 7, 144, 79),
(5444, 4, 4, 7, 145, 3),
(5450, 4, 4, 7, 181, 29),
(5451, 4, 4, 7, 182, 30),
(5452, 4, 4, 7, 183, 31),
(5453, 4, 4, 7, 184, 32),
(5454, 4, 4, 7, 185, 33),
(5455, 4, 4, 7, 186, 34),
(5456, 4, 4, 7, 187, 35),
(5457, 4, 4, 7, 188, 36),
(5458, 4, 4, 7, 189, 37),
(5459, 4, 4, 7, 190, 38),
(5460, 4, 4, 7, 191, 39),
(5461, 4, 4, 7, 192, 40),
(5462, 4, 4, 7, 193, 41),
(5463, 4, 4, 7, 194, 42),
(5464, 4, 4, 7, 195, 43),
(5465, 4, 4, 7, 196, 44),
(5466, 4, 4, 7, 197, 45),
(5467, 4, 4, 7, 198, 46),
(5468, 4, 4, 7, 199, 47),
(5469, 4, 4, 7, 201, 49),
(5470, 4, 4, 7, 202, 50),
(5471, 4, 4, 7, 203, 51),
(5472, 4, 4, 7, 204, 52),
(5473, 4, 4, 7, 205, 53),
(5474, 4, 4, 7, 206, 54),
(5475, 4, 4, 7, 207, 55),
(5476, 4, 4, 7, 208, 56),
(5493, 4, 4, 7, 336, 80),
(5496, 4, 4, 7, 339, 11),
(5497, 4, 4, 7, 340, 12),
(5498, 4, 4, 7, 343, 48),
(5499, 4, 4, 7, 344, 81),
(5500, 4, 4, 7, 345, 7),
(5501, 4, 4, 7, 346, 82),
(5502, 4, 4, 7, 350, 8),
(5503, 4, 4, 7, 351, 9),
(5504, 4, 4, 13, 75, 1),
(5505, 4, 4, 13, 76, 2),
(5506, 4, 4, 20, 135, 1),
(5507, 4, 4, 50, 347, 1),
(5508, 4, 4, 50, 348, 2),
(5509, 4, 4, 50, 349, 3),
(5510, 4, 4, 51, 357, 1),
(5511, 4, 4, 51, 358, 2),
(5512, 4, 4, 51, 360, 3),
(5513, 4, 4, 52, 359, 1),
(5514, 4, 4, 52, 361, 2),
(5515, 4, 4, 52, 362, 3),
(5516, 4, 4, 53, 363, 1),
(5517, 4, 4, 10, 87, 1),
(5518, 4, 4, 10, 88, 2),
(5519, 4, 4, 10, 89, 3),
(5520, 4, 4, 10, 90, 5),
(5521, 4, 4, 10, 96, 6),
(5522, 4, 4, 10, 136, 4),
(5523, 4, 4, 9, 84, 2),
(5524, 4, 4, 9, 85, 3),
(5525, 4, 4, 9, 86, 4),
(5526, 4, 4, 9, 123, 1),
(5527, 4, 4, 8, 78, 1),
(5528, 4, 4, 8, 79, 2),
(5529, 4, 4, 8, 80, 3),
(5530, 4, 4, 8, 81, 4),
(5531, 4, 4, 8, 92, 5),
(5532, 4, 4, 8, 119, 6),
(5533, 4, 4, 8, 120, 7),
(5534, 4, 4, 8, 134, 8),
(5535, 4, 4, 11, 104, 2),
(5536, 4, 4, 11, 106, 1),
(5537, 4, 4, 11, 117, 3),
(5538, 4, 4, 14, 100, 3),
(5539, 4, 4, 14, 101, 1),
(5540, 4, 4, 14, 102, 2),
(5541, 4, 4, 14, 116, 4),
(5542, 4, 4, 19, 129, 1);

-- --------------------------------------------------------

--
-- Table structure for table `eav_entity_datetime`
--

CREATE TABLE `eav_entity_datetime` (
  `value_id` int(11) NOT NULL COMMENT 'Value ID',
  `entity_type_id` smallint(5) UNSIGNED NOT NULL DEFAULT 0 COMMENT 'Entity Type ID',
  `attribute_id` smallint(5) UNSIGNED NOT NULL DEFAULT 0 COMMENT 'Attribute ID',
  `store_id` smallint(5) UNSIGNED NOT NULL DEFAULT 0 COMMENT 'Store ID',
  `entity_id` int(10) UNSIGNED NOT NULL DEFAULT 0 COMMENT 'Entity ID',
  `value` datetime DEFAULT NULL COMMENT 'Attribute Value'
) ENGINE=InnoDB DEFAULT CHARSET=utf8 COMMENT='Eav Entity Value Prefix';

-- --------------------------------------------------------

--
-- Table structure for table `eav_entity_decimal`
--

CREATE TABLE `eav_entity_decimal` (
  `value_id` int(11) NOT NULL COMMENT 'Value ID',
  `entity_type_id` smallint(5) UNSIGNED NOT NULL DEFAULT 0 COMMENT 'Entity Type ID',
  `attribute_id` smallint(5) UNSIGNED NOT NULL DEFAULT 0 COMMENT 'Attribute ID',
  `store_id` smallint(5) UNSIGNED NOT NULL DEFAULT 0 COMMENT 'Store ID',
  `entity_id` int(10) UNSIGNED NOT NULL DEFAULT 0 COMMENT 'Entity ID',
  `value` decimal(12,4) NOT NULL DEFAULT 0.0000 COMMENT 'Attribute Value'
) ENGINE=InnoDB DEFAULT CHARSET=utf8 COMMENT='Eav Entity Value Prefix';

-- --------------------------------------------------------

--
-- Table structure for table `eav_entity_int`
--

CREATE TABLE `eav_entity_int` (
  `value_id` int(11) NOT NULL COMMENT 'Value ID',
  `entity_type_id` smallint(5) UNSIGNED NOT NULL DEFAULT 0 COMMENT 'Entity Type ID',
  `attribute_id` smallint(5) UNSIGNED NOT NULL DEFAULT 0 COMMENT 'Attribute ID',
  `store_id` smallint(5) UNSIGNED NOT NULL DEFAULT 0 COMMENT 'Store ID',
  `entity_id` int(10) UNSIGNED NOT NULL DEFAULT 0 COMMENT 'Entity ID',
  `value` int(11) NOT NULL DEFAULT 0 COMMENT 'Attribute Value'
) ENGINE=InnoDB DEFAULT CHARSET=utf8 COMMENT='Eav Entity Value Prefix';

-- --------------------------------------------------------

--
-- Table structure for table `eav_entity_store`
--

CREATE TABLE `eav_entity_store` (
  `entity_store_id` int(10) UNSIGNED NOT NULL COMMENT 'Entity Store ID',
  `entity_type_id` smallint(5) UNSIGNED NOT NULL DEFAULT 0 COMMENT 'Entity Type ID',
  `store_id` smallint(5) UNSIGNED NOT NULL DEFAULT 0 COMMENT 'Store ID',
  `increment_prefix` varchar(20) DEFAULT NULL COMMENT 'Increment Prefix',
  `increment_last_id` varchar(50) DEFAULT NULL COMMENT 'Last Incremented ID'
) ENGINE=InnoDB DEFAULT CHARSET=utf8 COMMENT='Eav Entity Store';

-- --------------------------------------------------------

--
-- Table structure for table `eav_entity_text`
--

CREATE TABLE `eav_entity_text` (
  `value_id` int(11) NOT NULL COMMENT 'Value ID',
  `entity_type_id` smallint(5) UNSIGNED NOT NULL DEFAULT 0 COMMENT 'Entity Type ID',
  `attribute_id` smallint(5) UNSIGNED NOT NULL DEFAULT 0 COMMENT 'Attribute ID',
  `store_id` smallint(5) UNSIGNED NOT NULL DEFAULT 0 COMMENT 'Store ID',
  `entity_id` int(10) UNSIGNED NOT NULL DEFAULT 0 COMMENT 'Entity ID',
  `value` text NOT NULL COMMENT 'Attribute Value'
) ENGINE=InnoDB DEFAULT CHARSET=utf8 COMMENT='Eav Entity Value Prefix';

-- --------------------------------------------------------

--
-- Table structure for table `eav_entity_type`
--

CREATE TABLE `eav_entity_type` (
  `entity_type_id` smallint(5) UNSIGNED NOT NULL COMMENT 'Entity Type ID',
  `entity_type_code` varchar(50) NOT NULL COMMENT 'Entity Type Code',
  `entity_model` varchar(255) NOT NULL COMMENT 'Entity Model',
  `attribute_model` varchar(255) DEFAULT NULL COMMENT 'Attribute Model',
  `entity_table` varchar(255) DEFAULT NULL COMMENT 'Entity Table',
  `value_table_prefix` varchar(255) DEFAULT NULL COMMENT 'Value Table Prefix',
  `entity_id_field` varchar(255) DEFAULT NULL COMMENT 'Entity ID Field',
  `is_data_sharing` smallint(5) UNSIGNED NOT NULL DEFAULT 1 COMMENT 'Defines Is Data Sharing',
  `data_sharing_key` varchar(100) DEFAULT 'default' COMMENT 'Data Sharing Key',
  `default_attribute_set_id` smallint(5) UNSIGNED NOT NULL DEFAULT 0 COMMENT 'Default Attribute Set ID',
  `increment_model` varchar(255) DEFAULT NULL COMMENT 'Increment Model',
  `increment_per_store` smallint(5) UNSIGNED NOT NULL DEFAULT 0 COMMENT 'Increment Per Store',
  `increment_pad_length` smallint(5) UNSIGNED NOT NULL DEFAULT 8 COMMENT 'Increment Pad Length',
  `increment_pad_char` varchar(1) NOT NULL DEFAULT '0' COMMENT 'Increment Pad Char',
  `additional_attribute_table` varchar(255) DEFAULT NULL COMMENT 'Additional Attribute Table',
  `entity_attribute_collection` varchar(255) DEFAULT NULL COMMENT 'Entity Attribute Collection'
) ENGINE=InnoDB DEFAULT CHARSET=utf8 COMMENT='Eav Entity Type';

--
-- Dumping data for table `eav_entity_type`
--

INSERT INTO `eav_entity_type` (`entity_type_id`, `entity_type_code`, `entity_model`, `attribute_model`, `entity_table`, `value_table_prefix`, `entity_id_field`, `is_data_sharing`, `data_sharing_key`, `default_attribute_set_id`, `increment_model`, `increment_per_store`, `increment_pad_length`, `increment_pad_char`, `additional_attribute_table`, `entity_attribute_collection`) VALUES
(1, 'customer', 'Magento\\Customer\\Model\\ResourceModel\\Customer', 'Magento\\Customer\\Model\\Attribute', 'customer_entity', NULL, NULL, 1, 'default', 1, 'Magento\\Eav\\Model\\Entity\\Increment\\NumericValue', 0, 8, '0', 'customer_eav_attribute', 'Magento\\Customer\\Model\\ResourceModel\\Attribute\\Collection'),
(2, 'customer_address', 'Magento\\Customer\\Model\\ResourceModel\\Address', 'Magento\\Customer\\Model\\Attribute', 'customer_address_entity', NULL, NULL, 1, 'default', 2, NULL, 0, 8, '0', 'customer_eav_attribute', 'Magento\\Customer\\Model\\ResourceModel\\Address\\Attribute\\Collection'),
(3, 'catalog_category', 'Magento\\Catalog\\Model\\ResourceModel\\Category', 'Magento\\Catalog\\Model\\ResourceModel\\Eav\\Attribute', 'catalog_category_entity', NULL, NULL, 1, 'default', 3, NULL, 0, 8, '0', 'catalog_eav_attribute', 'Magento\\Catalog\\Model\\ResourceModel\\Category\\Attribute\\Collection'),
(4, 'catalog_product', 'Magento\\Catalog\\Model\\ResourceModel\\Product', 'Magento\\Catalog\\Model\\ResourceModel\\Eav\\Attribute', 'catalog_product_entity', NULL, NULL, 1, 'default', 4, NULL, 0, 8, '0', 'catalog_eav_attribute', 'Magento\\Catalog\\Model\\ResourceModel\\Product\\Attribute\\Collection'),
(5, 'order', 'Magento\\Sales\\Model\\ResourceModel\\Order', NULL, 'sales_order', NULL, NULL, 1, 'default', 5, 'Magento\\Eav\\Model\\Entity\\Increment\\NumericValue', 1, 8, '0', NULL, NULL),
(6, 'invoice', 'Magento\\Sales\\Model\\ResourceModel\\Order\\Invoice', NULL, 'sales_invoice', NULL, NULL, 1, 'default', 6, 'Magento\\Eav\\Model\\Entity\\Increment\\NumericValue', 1, 8, '0', NULL, NULL),
(7, 'creditmemo', 'Magento\\Sales\\Model\\ResourceModel\\Order\\Creditmemo', NULL, 'sales_creditmemo', NULL, NULL, 1, 'default', 7, 'Magento\\Eav\\Model\\Entity\\Increment\\NumericValue', 1, 8, '0', NULL, NULL),
(8, 'shipment', 'Magento\\Sales\\Model\\ResourceModel\\Order\\Shipment', NULL, 'sales_shipment', NULL, NULL, 1, 'default', 8, 'Magento\\Eav\\Model\\Entity\\Increment\\NumericValue', 1, 8, '0', NULL, NULL);

-- --------------------------------------------------------

--
-- Table structure for table `eav_entity_varchar`
--

CREATE TABLE `eav_entity_varchar` (
  `value_id` int(11) NOT NULL COMMENT 'Value ID',
  `entity_type_id` smallint(5) UNSIGNED NOT NULL DEFAULT 0 COMMENT 'Entity Type ID',
  `attribute_id` smallint(5) UNSIGNED NOT NULL DEFAULT 0 COMMENT 'Attribute ID',
  `store_id` smallint(5) UNSIGNED NOT NULL DEFAULT 0 COMMENT 'Store ID',
  `entity_id` int(10) UNSIGNED NOT NULL DEFAULT 0 COMMENT 'Entity ID',
  `value` varchar(255) DEFAULT NULL COMMENT 'Attribute Value'
) ENGINE=InnoDB DEFAULT CHARSET=utf8 COMMENT='Eav Entity Value Prefix';

-- --------------------------------------------------------

--
-- Table structure for table `eav_form_element`
--

CREATE TABLE `eav_form_element` (
  `element_id` int(10) UNSIGNED NOT NULL COMMENT 'Element ID',
  `type_id` smallint(5) UNSIGNED NOT NULL COMMENT 'Type ID',
  `fieldset_id` smallint(5) UNSIGNED DEFAULT NULL COMMENT 'Fieldset ID',
  `attribute_id` smallint(5) UNSIGNED NOT NULL COMMENT 'Attribute ID',
  `sort_order` int(11) NOT NULL DEFAULT 0 COMMENT 'Sort Order'
) ENGINE=InnoDB DEFAULT CHARSET=utf8 COMMENT='Eav Form Element';

--
-- Dumping data for table `eav_form_element`
--

INSERT INTO `eav_form_element` (`element_id`, `type_id`, `fieldset_id`, `attribute_id`, `sort_order`) VALUES
(1, 1, NULL, 23, 0),
(2, 1, NULL, 25, 1),
(3, 1, NULL, 27, 2),
(4, 1, NULL, 9, 3),
(5, 1, NULL, 28, 4),
(6, 1, NULL, 29, 5),
(7, 1, NULL, 31, 6),
(8, 1, NULL, 33, 7),
(9, 1, NULL, 30, 8),
(10, 1, NULL, 34, 9),
(11, 1, NULL, 35, 10),
(12, 2, NULL, 23, 0),
(13, 2, NULL, 25, 1),
(14, 2, NULL, 27, 2),
(15, 2, NULL, 9, 3),
(16, 2, NULL, 28, 4),
(17, 2, NULL, 29, 5),
(18, 2, NULL, 31, 6),
(19, 2, NULL, 33, 7),
(20, 2, NULL, 30, 8),
(21, 2, NULL, 34, 9),
(22, 2, NULL, 35, 10),
(23, 3, NULL, 23, 0),
(24, 3, NULL, 25, 1),
(25, 3, NULL, 27, 2),
(26, 3, NULL, 28, 3),
(27, 3, NULL, 29, 4),
(28, 3, NULL, 31, 5),
(29, 3, NULL, 33, 6),
(30, 3, NULL, 30, 7),
(31, 3, NULL, 34, 8),
(32, 3, NULL, 35, 9),
(33, 4, NULL, 23, 0),
(34, 4, NULL, 25, 1),
(35, 4, NULL, 27, 2),
(36, 4, NULL, 28, 3),
(37, 4, NULL, 29, 4),
(38, 4, NULL, 31, 5),
(39, 4, NULL, 33, 6),
(40, 4, NULL, 30, 7),
(41, 4, NULL, 34, 8),
(42, 4, NULL, 35, 9);

-- --------------------------------------------------------

--
-- Table structure for table `eav_form_fieldset`
--

CREATE TABLE `eav_form_fieldset` (
  `fieldset_id` smallint(5) UNSIGNED NOT NULL COMMENT 'Fieldset ID',
  `type_id` smallint(5) UNSIGNED NOT NULL COMMENT 'Type ID',
  `code` varchar(64) NOT NULL COMMENT 'Code',
  `sort_order` int(11) NOT NULL DEFAULT 0 COMMENT 'Sort Order'
) ENGINE=InnoDB DEFAULT CHARSET=utf8 COMMENT='Eav Form Fieldset';

-- --------------------------------------------------------

--
-- Table structure for table `eav_form_fieldset_label`
--

CREATE TABLE `eav_form_fieldset_label` (
  `fieldset_id` smallint(5) UNSIGNED NOT NULL COMMENT 'Fieldset ID',
  `store_id` smallint(5) UNSIGNED NOT NULL COMMENT 'Store ID',
  `label` varchar(255) NOT NULL COMMENT 'Label'
) ENGINE=InnoDB DEFAULT CHARSET=utf8 COMMENT='Eav Form Fieldset Label';

-- --------------------------------------------------------

--
-- Table structure for table `eav_form_type`
--

CREATE TABLE `eav_form_type` (
  `type_id` smallint(5) UNSIGNED NOT NULL COMMENT 'Type ID',
  `code` varchar(64) NOT NULL COMMENT 'Code',
  `label` varchar(255) NOT NULL COMMENT 'Label',
  `is_system` smallint(5) UNSIGNED NOT NULL DEFAULT 0 COMMENT 'Is System',
  `theme` varchar(64) DEFAULT NULL COMMENT 'Theme',
  `store_id` smallint(5) UNSIGNED NOT NULL COMMENT 'Store ID'
) ENGINE=InnoDB DEFAULT CHARSET=utf8 COMMENT='Eav Form Type';

--
-- Dumping data for table `eav_form_type`
--

INSERT INTO `eav_form_type` (`type_id`, `code`, `label`, `is_system`, `theme`, `store_id`) VALUES
(1, 'checkout_onepage_register', 'checkout_onepage_register', 1, '', 0),
(2, 'checkout_onepage_register_guest', 'checkout_onepage_register_guest', 1, '', 0),
(3, 'checkout_onepage_billing_address', 'checkout_onepage_billing_address', 1, '', 0),
(4, 'checkout_onepage_shipping_address', 'checkout_onepage_shipping_address', 1, '', 0);

-- --------------------------------------------------------

--
-- Table structure for table `eav_form_type_entity`
--

CREATE TABLE `eav_form_type_entity` (
  `type_id` smallint(5) UNSIGNED NOT NULL COMMENT 'Type ID',
  `entity_type_id` smallint(5) UNSIGNED NOT NULL COMMENT 'Entity Type ID'
) ENGINE=InnoDB DEFAULT CHARSET=utf8 COMMENT='Eav Form Type Entity';

--
-- Dumping data for table `eav_form_type_entity`
--

INSERT INTO `eav_form_type_entity` (`type_id`, `entity_type_id`) VALUES
(1, 1),
(1, 2),
(2, 1),
(2, 2),
(3, 2),
(4, 2);

-- --------------------------------------------------------

--
-- Table structure for table `email_abandoned_cart`
--

CREATE TABLE `email_abandoned_cart` (
  `id` int(10) UNSIGNED NOT NULL COMMENT 'Primary Key',
  `quote_id` int(10) UNSIGNED DEFAULT NULL COMMENT 'Quote Id',
  `store_id` smallint(5) UNSIGNED DEFAULT NULL COMMENT 'Store Id',
  `customer_id` int(10) UNSIGNED DEFAULT NULL COMMENT 'Customer ID',
  `email` varchar(255) NOT NULL DEFAULT '' COMMENT 'Email',
  `status` varchar(255) NOT NULL DEFAULT '' COMMENT 'Contact Status',
  `is_active` smallint(5) UNSIGNED NOT NULL DEFAULT 1 COMMENT 'Quote Active',
  `quote_updated_at` timestamp NULL DEFAULT NULL COMMENT 'Quote updated at',
  `abandoned_cart_number` smallint(5) UNSIGNED NOT NULL DEFAULT 0 COMMENT 'Abandoned Cart number',
  `items_count` smallint(5) UNSIGNED DEFAULT 0 COMMENT 'Quote items count',
  `items_ids` varchar(255) DEFAULT NULL COMMENT 'Quote item ids',
  `created_at` timestamp NULL DEFAULT NULL COMMENT 'Created At',
  `updated_at` timestamp NULL DEFAULT NULL COMMENT 'Updated at'
) ENGINE=InnoDB DEFAULT CHARSET=utf8 COMMENT='Abandoned Carts Table';

-- --------------------------------------------------------

--
-- Table structure for table `email_automation`
--

CREATE TABLE `email_automation` (
  `id` int(10) UNSIGNED NOT NULL COMMENT 'Primary Key',
  `automation_type` varchar(255) DEFAULT NULL COMMENT 'Automation Type',
  `store_name` varchar(255) DEFAULT NULL COMMENT 'Automation Type',
  `enrolment_status` varchar(255) NOT NULL COMMENT 'Enrolment Status',
  `email` varchar(255) DEFAULT NULL COMMENT 'Email',
  `type_id` varchar(255) DEFAULT NULL COMMENT 'Type ID',
  `program_id` varchar(255) DEFAULT NULL COMMENT 'Program ID',
  `website_id` smallint(5) UNSIGNED NOT NULL COMMENT 'Website Id',
  `message` varchar(255) NOT NULL COMMENT 'Message',
  `created_at` timestamp NULL DEFAULT NULL COMMENT 'Creation Time',
  `updated_at` timestamp NULL DEFAULT NULL COMMENT 'Update Time'
) ENGINE=InnoDB DEFAULT CHARSET=utf8 COMMENT='Automation Status';

-- --------------------------------------------------------

--
-- Table structure for table `email_campaign`
--

CREATE TABLE `email_campaign` (
  `id` int(10) UNSIGNED NOT NULL COMMENT 'Primary Key',
  `campaign_id` int(10) UNSIGNED NOT NULL COMMENT 'Campaign ID',
  `email` varchar(255) NOT NULL DEFAULT '' COMMENT 'Contact Email',
  `customer_id` int(10) UNSIGNED NOT NULL COMMENT 'Customer ID',
  `sent_at` timestamp NULL DEFAULT NULL COMMENT 'Send Date',
  `order_increment_id` varchar(50) NOT NULL COMMENT 'Order Increment ID',
  `quote_id` int(10) UNSIGNED NOT NULL COMMENT 'Sales Quote ID',
  `message` varchar(255) NOT NULL DEFAULT '' COMMENT 'Error Message',
  `checkout_method` varchar(255) NOT NULL DEFAULT '' COMMENT 'Checkout Method Used',
  `store_id` smallint(5) UNSIGNED NOT NULL DEFAULT 0 COMMENT 'Store ID',
  `event_name` varchar(255) NOT NULL DEFAULT '' COMMENT 'Event Name',
  `send_id` varchar(255) NOT NULL DEFAULT '' COMMENT 'Send Id',
  `send_status` smallint(6) NOT NULL DEFAULT 0 COMMENT 'Campaign send status',
  `created_at` timestamp NULL DEFAULT NULL COMMENT 'Creation Time',
  `updated_at` timestamp NULL DEFAULT NULL COMMENT 'Update Time'
) ENGINE=InnoDB DEFAULT CHARSET=utf8 COMMENT='Connector Campaigns';

-- --------------------------------------------------------

--
-- Table structure for table `email_catalog`
--

CREATE TABLE `email_catalog` (
  `id` int(10) UNSIGNED NOT NULL COMMENT 'Primary Key',
  `product_id` int(10) UNSIGNED NOT NULL COMMENT 'Product Id',
  `imported` smallint(5) UNSIGNED DEFAULT NULL COMMENT 'Product imported [deprecated]',
  `modified` smallint(5) UNSIGNED DEFAULT NULL COMMENT 'Product modified [deprecated]',
  `processed` smallint(5) UNSIGNED NOT NULL COMMENT 'Product processed',
  `created_at` timestamp NULL DEFAULT NULL COMMENT 'Creation Time',
  `updated_at` timestamp NULL DEFAULT NULL COMMENT 'Update Time',
  `last_imported_at` timestamp NULL DEFAULT NULL COMMENT 'Last imported date'
) ENGINE=InnoDB DEFAULT CHARSET=utf8 COMMENT='Connector Catalog';

--
-- Dumping data for table `email_catalog`
--

INSERT INTO `email_catalog` (`id`, `product_id`, `imported`, `modified`, `processed`, `created_at`, `updated_at`, `last_imported_at`) VALUES
(2949, 3634, NULL, NULL, 0, '2020-08-28 14:40:42', NULL, NULL),
(2953, 3638, NULL, NULL, 0, '2020-08-28 14:40:42', NULL, NULL),
(2961, 3646, NULL, NULL, 0, '2020-08-28 14:40:42', NULL, NULL),
(2962, 3647, NULL, NULL, 0, '2020-08-28 14:40:42', NULL, NULL),
(2963, 3648, NULL, NULL, 0, '2020-08-28 14:40:42', NULL, NULL),
(2964, 3649, NULL, NULL, 0, '2020-08-28 14:40:42', NULL, NULL),
(2973, 3658, NULL, NULL, 0, '2020-08-28 14:40:42', NULL, NULL),
(2975, 3660, NULL, NULL, 0, '2020-08-28 14:40:42', NULL, NULL),
(2977, 3662, NULL, NULL, 0, '2020-08-28 14:40:42', NULL, NULL),
(2993, 3678, NULL, NULL, 0, '2020-08-28 14:40:42', NULL, NULL),
(2994, 3679, NULL, NULL, 0, '2020-08-28 14:40:42', NULL, NULL),
(2996, 3681, NULL, NULL, 0, '2020-08-28 14:40:42', NULL, NULL),
(3006, 3691, NULL, NULL, 0, '2020-08-28 14:40:42', NULL, NULL),
(3011, 3696, NULL, NULL, 0, '2020-08-28 14:40:42', '2020-09-01 05:20:32', NULL),
(3012, 3697, NULL, NULL, 0, '2020-08-28 14:40:42', '2020-09-01 05:20:32', NULL),
(3015, 3700, NULL, NULL, 0, '2020-08-28 14:40:42', NULL, NULL),
(3016, 3701, NULL, NULL, 0, '2020-08-28 14:40:42', NULL, NULL),
(3019, 3704, NULL, NULL, 0, '2020-08-28 14:40:42', NULL, NULL),
(3020, 3705, NULL, NULL, 0, '2020-08-28 14:40:42', NULL, NULL),
(3024, 3709, NULL, NULL, 0, '2020-08-28 14:40:42', NULL, NULL),
(3030, 3715, NULL, NULL, 0, '2020-08-28 14:40:42', NULL, NULL),
(3035, 3720, NULL, NULL, 0, '2020-08-28 14:40:42', NULL, NULL),
(3037, 3722, NULL, NULL, 0, '2020-08-28 14:40:42', NULL, NULL),
(3039, 3724, NULL, NULL, 0, '2020-08-28 14:40:42', NULL, NULL),
(3040, 3725, NULL, NULL, 0, '2020-08-28 14:40:42', NULL, NULL),
(3041, 3726, NULL, NULL, 0, '2020-08-28 14:40:42', NULL, NULL),
(3042, 3727, NULL, NULL, 0, '2020-08-28 14:40:42', NULL, NULL),
(3043, 3728, NULL, NULL, 0, '2020-08-28 14:40:42', NULL, NULL),
(3044, 3729, NULL, NULL, 0, '2020-08-28 14:40:42', NULL, NULL),
(3046, 3731, NULL, NULL, 0, '2020-08-28 14:40:42', NULL, NULL),
(3049, 3734, NULL, NULL, 0, '2020-08-28 14:40:46', NULL, NULL),
(3050, 3735, NULL, NULL, 0, '2020-08-28 14:40:46', NULL, NULL),
(3051, 3736, NULL, NULL, 0, '2020-08-28 14:40:46', NULL, NULL),
(3053, 3738, NULL, NULL, 0, '2020-08-28 14:40:46', NULL, NULL),
(3054, 3739, NULL, NULL, 0, '2020-08-28 14:40:46', NULL, NULL),
(3055, 3740, NULL, NULL, 0, '2020-08-28 14:40:46', NULL, NULL),
(3056, 3741, NULL, NULL, 0, '2020-08-28 14:40:46', NULL, NULL),
(3057, 3742, NULL, NULL, 0, '2020-08-28 14:40:46', NULL, NULL),
(3058, 3743, NULL, NULL, 0, '2020-08-28 14:40:46', NULL, NULL),
(3065, 3750, NULL, NULL, 0, '2020-08-28 14:40:46', NULL, NULL),
(3068, 3753, NULL, NULL, 0, '2020-08-28 14:40:46', NULL, NULL),
(3070, 3755, NULL, NULL, 0, '2020-08-28 14:40:46', NULL, NULL),
(3071, 3756, NULL, NULL, 0, '2020-08-28 14:40:46', NULL, NULL),
(3072, 3757, NULL, NULL, 0, '2020-08-28 14:40:46', NULL, NULL),
(3073, 3758, NULL, NULL, 0, '2020-08-28 14:40:46', NULL, NULL),
(3074, 3759, NULL, NULL, 0, '2020-08-28 14:40:46', NULL, NULL),
(3075, 3760, NULL, NULL, 0, '2020-08-28 14:40:46', NULL, NULL),
(3076, 3761, NULL, NULL, 0, '2020-08-28 14:40:46', NULL, NULL),
(3077, 3762, NULL, NULL, 0, '2020-08-28 14:40:46', NULL, NULL),
(3082, 3767, NULL, NULL, 0, '2020-08-28 14:40:46', NULL, NULL),
(3084, 3769, NULL, NULL, 0, '2020-08-28 14:40:46', NULL, NULL),
(3089, 3774, NULL, NULL, 0, '2020-08-28 14:40:46', NULL, NULL),
(3107, 3792, NULL, NULL, 0, '2020-08-28 14:40:46', NULL, NULL),
(3112, 3797, NULL, NULL, 0, '2020-08-28 14:40:46', NULL, NULL),
(3115, 3800, NULL, NULL, 0, '2020-08-28 14:40:46', NULL, NULL),
(3116, 3801, NULL, NULL, 0, '2020-08-28 14:40:46', NULL, NULL),
(3117, 3802, NULL, NULL, 0, '2020-08-28 14:40:46', NULL, NULL),
(3119, 3804, NULL, NULL, 0, '2020-08-28 14:40:46', NULL, NULL),
(3120, 3805, NULL, NULL, 0, '2020-08-28 14:40:46', NULL, NULL),
(3122, 3807, NULL, NULL, 0, '2020-08-28 14:40:46', NULL, NULL),
(3123, 3808, NULL, NULL, 0, '2020-08-28 14:40:46', NULL, NULL),
(3126, 3811, NULL, NULL, 0, '2020-08-28 14:40:46', NULL, NULL),
(3130, 3815, NULL, NULL, 0, '2020-08-28 14:40:46', NULL, NULL),
(3132, 3817, NULL, NULL, 0, '2020-08-28 14:40:46', NULL, NULL),
(3137, 3822, NULL, NULL, 0, '2020-08-28 14:40:46', NULL, NULL),
(3138, 3823, NULL, NULL, 0, '2020-08-28 14:40:46', NULL, NULL),
(3140, 3825, NULL, NULL, 0, '2020-08-28 14:40:46', NULL, NULL),
(3141, 3826, NULL, NULL, 0, '2020-08-28 14:40:46', NULL, NULL),
(3144, 3829, NULL, NULL, 0, '2020-08-28 14:40:46', NULL, NULL),
(3145, 3830, NULL, NULL, 0, '2020-08-28 14:40:46', NULL, NULL),
(3148, 3833, NULL, NULL, 0, '2020-08-28 14:40:46', NULL, NULL),
(3149, 3834, NULL, NULL, 0, '2020-08-28 14:40:48', NULL, NULL),
(3151, 3836, NULL, NULL, 0, '2020-08-28 14:40:48', NULL, NULL),
(3152, 3837, NULL, NULL, 0, '2020-08-28 14:40:48', NULL, NULL),
(3153, 3838, NULL, NULL, 0, '2020-08-28 14:40:48', NULL, NULL),
(3154, 3839, NULL, NULL, 0, '2020-08-28 14:40:48', NULL, NULL),
(3156, 3841, NULL, NULL, 0, '2020-08-28 14:40:48', NULL, NULL),
(3157, 3842, NULL, NULL, 0, '2020-08-28 14:40:48', NULL, NULL),
(3158, 3843, NULL, NULL, 0, '2020-08-28 14:40:48', NULL, NULL),
(3159, 3844, NULL, NULL, 0, '2020-08-28 14:40:48', NULL, NULL),
(3160, 3845, NULL, NULL, 0, '2020-08-28 14:40:48', NULL, NULL),
(3162, 3847, NULL, NULL, 0, '2020-08-28 14:40:48', NULL, NULL),
(3163, 3848, NULL, NULL, 0, '2020-08-28 14:40:48', NULL, NULL),
(3166, 3851, NULL, NULL, 0, '2020-08-28 14:40:48', NULL, NULL),
(3168, 3853, NULL, NULL, 0, '2020-08-28 14:40:48', NULL, NULL),
(3174, 3859, NULL, NULL, 0, '2020-08-28 14:40:48', NULL, NULL),
(3176, 3861, NULL, NULL, 0, '2020-08-28 14:40:48', NULL, NULL),
(3178, 3863, NULL, NULL, 0, '2020-08-28 14:40:48', NULL, NULL),
(3179, 3864, NULL, NULL, 0, '2020-08-28 14:40:48', NULL, NULL),
(3180, 3865, NULL, NULL, 0, '2020-08-28 14:40:48', NULL, NULL),
(3181, 3866, NULL, NULL, 0, '2020-08-28 14:40:48', NULL, NULL),
(3182, 3867, NULL, NULL, 0, '2020-08-28 14:40:48', NULL, NULL),
(3183, 3868, NULL, NULL, 0, '2020-08-28 14:40:48', NULL, NULL),
(3184, 3869, NULL, NULL, 0, '2020-08-28 14:40:48', NULL, NULL),
(3187, 3872, NULL, NULL, 0, '2020-08-28 14:40:48', NULL, NULL),
(3188, 3873, NULL, NULL, 0, '2020-08-28 14:40:48', NULL, NULL),
(3189, 3874, NULL, NULL, 0, '2020-08-28 14:40:48', NULL, NULL),
(3190, 3875, NULL, NULL, 0, '2020-08-28 14:40:48', NULL, NULL),
(3192, 3877, NULL, NULL, 0, '2020-08-28 14:40:48', NULL, NULL),
(3199, 3884, NULL, NULL, 0, '2020-08-28 14:40:48', NULL, NULL),
(3201, 3886, NULL, NULL, 0, '2020-08-28 14:40:48', NULL, NULL),
(3202, 3887, NULL, NULL, 0, '2020-08-28 14:40:48', NULL, NULL),
(3203, 3888, NULL, NULL, 0, '2020-08-28 14:40:48', NULL, NULL),
(3204, 3889, NULL, NULL, 0, '2020-08-28 14:40:48', NULL, NULL),
(3205, 3890, NULL, NULL, 0, '2020-08-28 14:40:48', NULL, NULL),
(3207, 3892, NULL, NULL, 0, '2020-08-28 14:40:48', NULL, NULL),
(3208, 3893, NULL, NULL, 0, '2020-08-28 14:40:48', NULL, NULL),
(3209, 3894, NULL, NULL, 0, '2020-09-01 05:20:27', NULL, NULL),
(3210, 3895, NULL, NULL, 0, '2020-09-01 05:20:27', NULL, NULL),
(3211, 3896, NULL, NULL, 0, '2020-09-01 05:20:27', NULL, NULL),
(3212, 3897, NULL, NULL, 0, '2020-09-01 05:20:27', NULL, NULL),
(3214, 3899, NULL, NULL, 0, '2020-09-01 05:20:27', NULL, NULL),
(3216, 3901, NULL, NULL, 0, '2020-09-01 05:20:27', NULL, NULL),
(3219, 3904, NULL, NULL, 0, '2020-09-01 05:20:27', NULL, NULL),
(3221, 3906, NULL, NULL, 0, '2020-09-01 05:20:27', NULL, NULL),
(3225, 3910, NULL, NULL, 0, '2020-09-01 05:20:27', NULL, NULL),
(3227, 3912, NULL, NULL, 0, '2020-09-01 05:20:27', NULL, NULL),
(3230, 3915, NULL, NULL, 0, '2020-09-01 05:20:27', NULL, NULL),
(3231, 3916, NULL, NULL, 0, '2020-09-01 05:20:27', NULL, NULL),
(3232, 3917, NULL, NULL, 0, '2020-09-01 05:20:27', NULL, NULL),
(3233, 3918, NULL, NULL, 0, '2020-09-01 05:20:27', NULL, NULL),
(3239, 3924, NULL, NULL, 0, '2020-09-01 05:20:27', NULL, NULL),
(3241, 3926, NULL, NULL, 0, '2020-09-01 05:20:27', NULL, NULL),
(3245, 3930, NULL, NULL, 0, '2020-09-01 05:20:27', NULL, NULL),
(3246, 3931, NULL, NULL, 0, '2020-09-01 05:20:27', NULL, NULL),
(3247, 3932, NULL, NULL, 0, '2020-09-01 05:20:27', NULL, NULL),
(3253, 3938, NULL, NULL, 0, '2020-09-01 05:20:27', NULL, NULL),
(3254, 3939, NULL, NULL, 0, '2020-09-01 05:20:27', NULL, NULL),
(3257, 3942, NULL, NULL, 0, '2020-09-01 05:20:27', NULL, NULL),
(3258, 3943, NULL, NULL, 0, '2020-09-01 05:20:27', NULL, NULL),
(3259, 3944, NULL, NULL, 0, '2020-09-01 05:20:27', NULL, NULL),
(3260, 3945, NULL, NULL, 0, '2020-09-01 05:20:27', NULL, NULL),
(3262, 3947, NULL, NULL, 0, '2020-09-01 05:20:27', NULL, NULL),
(3267, 3952, NULL, NULL, 0, '2020-09-01 05:20:27', NULL, NULL),
(3268, 3953, NULL, NULL, 0, '2020-09-01 05:20:27', NULL, NULL),
(3269, 3954, NULL, NULL, 0, '2020-09-01 05:20:27', NULL, NULL),
(3270, 3955, NULL, NULL, 0, '2020-09-01 05:20:27', NULL, NULL),
(3271, 3956, NULL, NULL, 0, '2020-09-01 05:20:27', NULL, NULL),
(3272, 3957, NULL, NULL, 0, '2020-09-01 05:20:27', NULL, NULL),
(3273, 3958, NULL, NULL, 0, '2020-09-01 05:20:27', NULL, NULL),
(3274, 3959, NULL, NULL, 0, '2020-09-01 05:20:27', NULL, NULL),
(3277, 3962, NULL, NULL, 0, '2020-09-01 05:20:27', NULL, NULL),
(3278, 3963, NULL, NULL, 0, '2020-09-01 05:20:27', NULL, NULL),
(3279, 3964, NULL, NULL, 0, '2020-09-01 05:20:27', NULL, NULL),
(3280, 3965, NULL, NULL, 0, '2020-09-01 05:20:27', NULL, NULL),
(3290, 3975, NULL, NULL, 0, '2020-09-01 05:20:27', NULL, NULL),
(3295, 3980, NULL, NULL, 0, '2020-09-01 05:20:27', NULL, NULL),
(3298, 3983, NULL, NULL, 0, '2020-09-01 05:20:27', NULL, NULL),
(3306, 3991, NULL, NULL, 0, '2020-09-01 05:20:27', NULL, NULL),
(3312, 3997, NULL, NULL, 0, '2020-09-01 05:20:32', NULL, NULL),
(3313, 3998, NULL, NULL, 0, '2020-09-01 05:20:32', NULL, NULL),
(3314, 3999, NULL, NULL, 0, '2020-09-01 05:20:32', NULL, NULL),
(3316, 4001, NULL, NULL, 0, '2020-09-01 05:20:32', NULL, NULL),
(3318, 4003, NULL, NULL, 0, '2020-09-01 05:20:32', NULL, NULL),
(3320, 4005, NULL, NULL, 0, '2020-09-01 05:20:32', NULL, NULL),
(3321, 4006, NULL, NULL, 0, '2020-09-01 05:20:32', NULL, NULL),
(3323, 4008, NULL, NULL, 0, '2020-09-01 05:20:32', NULL, NULL),
(3326, 4011, NULL, NULL, 0, '2020-09-01 05:20:32', NULL, NULL),
(3331, 4016, NULL, NULL, 0, '2020-09-01 05:20:32', NULL, NULL),
(3333, 4018, NULL, NULL, 0, '2020-09-01 05:20:32', NULL, NULL),
(3335, 4020, NULL, NULL, 0, '2020-09-01 05:20:32', NULL, NULL),
(3336, 4021, NULL, NULL, 0, '2020-09-01 05:20:32', NULL, NULL),
(3337, 4022, NULL, NULL, 0, '2020-09-01 05:20:32', NULL, NULL),
(3340, 4025, NULL, NULL, 0, '2020-09-01 05:20:32', NULL, NULL),
(3341, 4026, NULL, NULL, 0, '2020-09-01 05:20:32', NULL, NULL),
(3342, 4027, NULL, NULL, 0, '2020-09-01 05:20:32', NULL, NULL),
(3343, 4028, NULL, NULL, 0, '2020-09-01 05:20:32', NULL, NULL),
(3344, 4029, NULL, NULL, 0, '2020-09-01 05:20:32', NULL, NULL),
(3345, 4030, NULL, NULL, 0, '2020-09-01 05:20:32', NULL, NULL),
(3348, 4033, NULL, NULL, 0, '2020-09-01 05:20:32', NULL, NULL),
(3349, 4034, NULL, NULL, 0, '2020-09-01 05:20:32', NULL, NULL),
(3350, 4035, NULL, NULL, 0, '2020-09-01 05:20:32', NULL, NULL),
(3351, 4036, NULL, NULL, 0, '2020-09-01 05:20:32', NULL, NULL),
(3352, 4037, NULL, NULL, 0, '2020-09-01 05:20:32', NULL, NULL),
(3355, 4040, NULL, NULL, 0, '2020-09-01 05:20:32', NULL, NULL),
(3357, 4042, NULL, NULL, 0, '2020-09-01 05:20:32', NULL, NULL),
(3358, 4043, NULL, NULL, 0, '2020-09-01 05:20:32', NULL, NULL),
(3359, 4044, NULL, NULL, 0, '2020-09-01 05:20:32', NULL, NULL),
(3360, 4045, NULL, NULL, 0, '2020-09-01 05:20:32', NULL, NULL),
(3362, 4047, NULL, NULL, 0, '2020-09-01 05:20:32', NULL, NULL),
(3367, 4052, NULL, NULL, 0, '2020-09-01 05:20:32', NULL, NULL),
(3368, 4053, NULL, NULL, 0, '2020-09-01 05:20:32', NULL, NULL),
(3369, 4054, NULL, NULL, 0, '2020-09-01 05:20:32', NULL, NULL),
(3370, 4055, NULL, NULL, 0, '2020-09-01 05:20:32', NULL, NULL),
(3371, 4056, NULL, NULL, 0, '2020-09-01 05:20:32', NULL, NULL),
(3380, 4065, NULL, NULL, 0, '2020-09-01 05:20:32', NULL, NULL),
(3381, 4066, NULL, NULL, 0, '2020-09-01 05:20:32', NULL, NULL),
(3382, 4067, NULL, NULL, 0, '2020-09-01 05:20:32', NULL, NULL),
(3383, 4068, NULL, NULL, 0, '2020-09-01 05:20:32', NULL, NULL),
(3385, 4070, NULL, NULL, 0, '2020-09-01 05:20:32', NULL, NULL),
(3387, 4072, NULL, NULL, 0, '2020-09-01 05:20:32', NULL, NULL),
(3388, 4073, NULL, NULL, 0, '2020-09-01 05:20:32', NULL, NULL),
(3389, 4074, NULL, NULL, 0, '2020-09-01 05:20:32', NULL, NULL),
(3393, 4078, NULL, NULL, 0, '2020-09-01 05:20:32', NULL, NULL),
(3394, 4079, NULL, NULL, 0, '2020-09-01 05:20:32', NULL, NULL),
(3398, 4092, NULL, NULL, 0, '2020-09-10 08:06:41', NULL, NULL),
(3400, 4109, NULL, NULL, 0, '2020-09-10 08:06:41', NULL, NULL),
(3401, 4103, NULL, NULL, 0, '2020-09-10 08:06:41', NULL, NULL),
(3402, 4106, NULL, NULL, 0, '2020-09-10 08:06:41', NULL, NULL),
(3403, 4086, NULL, NULL, 0, '2020-09-10 08:06:41', NULL, NULL),
(3404, 4100, NULL, NULL, 0, '2020-09-10 08:06:41', NULL, NULL),
(3405, 4111, NULL, NULL, 0, '2020-09-10 08:06:41', NULL, NULL),
(3406, 4108, NULL, NULL, 0, '2020-09-10 08:06:41', NULL, NULL),
(3407, 4085, NULL, NULL, 0, '2020-09-10 08:06:41', NULL, NULL),
(3408, 4110, NULL, NULL, 0, '2020-09-10 08:06:41', NULL, NULL),
(3409, 4101, NULL, NULL, 0, '2020-09-10 08:06:41', NULL, NULL),
(3410, 4099, NULL, NULL, 0, '2020-09-10 08:06:41', NULL, NULL),
(3411, 4083, NULL, NULL, 0, '2020-09-10 08:06:41', NULL, NULL),
(3412, 4105, NULL, NULL, 0, '2020-09-10 08:06:41', NULL, NULL),
(3413, 4107, NULL, NULL, 0, '2020-09-10 08:06:41', NULL, NULL),
(3414, 4087, NULL, NULL, 0, '2020-09-10 08:06:41', NULL, NULL),
(3415, 4084, NULL, NULL, 0, '2020-09-10 08:06:41', NULL, NULL),
(3416, 4094, NULL, NULL, 0, '2020-09-10 08:06:41', NULL, NULL),
(3417, 4095, NULL, NULL, 0, '2020-09-10 08:06:41', NULL, NULL),
(3418, 4096, NULL, NULL, 0, '2020-09-10 08:06:41', NULL, NULL),
(3421, 4098, NULL, NULL, 0, '2020-09-10 08:06:41', NULL, NULL),
(3423, 4097, NULL, NULL, 0, '2020-09-10 08:06:41', NULL, NULL),
(3424, 4102, NULL, NULL, 0, '2020-09-10 08:06:41', NULL, NULL),
(3425, 4093, NULL, NULL, 0, '2020-09-10 08:06:41', NULL, NULL),
(3426, 4104, NULL, NULL, 0, '2020-09-10 08:06:41', NULL, NULL),
(3427, 4112, NULL, NULL, 0, '2020-09-20 09:59:07', '2020-09-20 09:59:07', NULL),
(3428, 4113, NULL, NULL, 0, '2020-09-21 09:12:32', '2020-09-21 09:12:32', NULL),
(3429, 4114, NULL, NULL, 0, '2020-09-21 11:43:09', '2020-09-21 11:43:09', NULL),
(3430, 4115, NULL, NULL, 0, '2020-09-21 11:46:57', '2020-09-21 11:46:57', NULL),
(3431, 4116, NULL, NULL, 0, '2020-09-21 11:49:01', '2020-09-21 11:49:01', NULL),
(3432, 4117, NULL, NULL, 0, '2020-10-11 05:40:06', '2020-10-11 05:40:06', NULL),
(3433, 4118, NULL, NULL, 0, '2020-10-11 10:34:15', '2020-10-11 10:34:15', NULL),
(3434, 4119, NULL, NULL, 0, '2020-10-12 05:10:33', '2020-10-12 05:10:33', NULL),
(3435, 4121, NULL, NULL, 0, '2020-10-12 06:05:10', '2020-10-12 06:05:10', NULL),
(3436, 4122, NULL, NULL, 0, '2020-10-12 06:52:03', '2020-10-12 06:52:03', NULL),
(3437, 4123, NULL, NULL, 0, '2020-10-12 07:10:55', '2020-10-12 07:10:55', NULL),
(3438, 4124, NULL, NULL, 0, '2020-10-12 11:20:28', '2020-10-12 11:20:28', NULL),
(3439, 4125, NULL, NULL, 0, '2020-10-12 11:29:23', '2020-10-12 11:29:23', NULL),
(3440, 4126, NULL, NULL, 0, '2020-10-12 11:41:11', '2020-10-12 11:41:11', NULL),
(3441, 4127, NULL, NULL, 0, '2020-10-12 12:14:50', '2020-10-12 12:14:50', NULL),
(3442, 4128, NULL, NULL, 0, '2020-10-12 12:38:00', '2020-10-12 12:38:00', NULL),
(3443, 4129, NULL, NULL, 0, '2020-10-12 12:41:44', '2020-10-12 12:41:44', NULL),
(3444, 4130, NULL, NULL, 0, '2020-10-12 12:49:46', '2020-10-12 12:49:46', NULL),
(3445, 4131, NULL, NULL, 0, '2020-10-12 12:55:21', '2020-10-12 12:55:21', NULL),
(3446, 4132, NULL, NULL, 0, '2020-10-12 13:02:17', '2020-10-12 13:02:17', NULL),
(3447, 4133, NULL, NULL, 0, '2020-10-13 06:04:11', '2020-10-13 06:04:11', NULL),
(3448, 4134, NULL, NULL, 0, '2020-10-13 06:27:21', '2020-10-13 06:27:21', NULL),
(3449, 4135, NULL, NULL, 0, '2020-10-13 07:29:11', '2020-10-13 07:29:11', NULL),
(3450, 4136, NULL, NULL, 0, '2020-10-13 07:37:13', '2020-10-13 07:37:13', NULL),
(3451, 4137, NULL, NULL, 0, '2020-10-13 07:47:02', '2020-10-13 07:47:02', NULL),
(3452, 4138, NULL, NULL, 0, '2020-10-13 07:59:34', '2020-10-13 07:59:34', NULL),
(3453, 4139, NULL, NULL, 0, '2020-10-13 09:11:54', '2020-10-13 09:11:54', NULL),
(3454, 4140, NULL, NULL, 0, '2020-10-13 09:35:58', '2020-10-13 09:35:58', NULL),
(3455, 4141, NULL, NULL, 0, '2020-10-13 09:40:04', '2020-10-13 09:40:04', NULL),
(3456, 4142, NULL, NULL, 0, '2020-10-13 09:46:31', '2020-10-13 09:46:31', NULL),
(3457, 4143, NULL, NULL, 0, '2020-10-13 10:22:27', '2020-10-13 10:22:27', NULL),
(3458, 4144, NULL, NULL, 0, '2020-10-13 10:24:17', '2020-10-13 10:24:17', NULL),
(3459, 4145, NULL, NULL, 0, '2020-10-13 10:25:50', '2020-10-13 10:25:50', NULL),
(3460, 4146, NULL, NULL, 0, '2020-10-13 10:28:46', '2020-10-13 10:28:46', NULL),
(3461, 4147, NULL, NULL, 0, '2020-10-13 10:31:51', '2020-10-13 10:31:51', NULL),
(3462, 4148, NULL, NULL, 0, '2020-10-13 10:34:06', '2020-10-13 10:34:06', NULL),
(3463, 4149, NULL, NULL, 0, '2020-10-13 10:36:22', '2020-10-13 10:36:22', NULL),
(3464, 4150, NULL, NULL, 0, '2020-10-13 10:41:14', '2020-10-13 10:41:14', NULL),
(3465, 4151, NULL, NULL, 0, '2020-10-13 10:55:42', '2020-10-13 10:55:42', NULL),
(3466, 4153, NULL, NULL, 0, '2020-10-13 11:47:48', '2020-10-13 11:47:48', NULL),
(3467, 4154, NULL, NULL, 0, '2020-10-13 11:52:49', '2020-10-13 11:52:49', NULL),
(3468, 4155, NULL, NULL, 0, '2020-10-13 11:57:00', '2020-10-13 11:57:00', NULL),
(3469, 4156, NULL, NULL, 0, '2020-10-13 11:59:27', '2020-10-13 11:59:27', NULL),
(3470, 4157, NULL, NULL, 0, '2020-10-13 12:01:57', '2020-10-13 12:01:57', NULL),
(3471, 4158, NULL, NULL, 0, '2020-10-13 12:08:52', '2020-10-13 12:08:52', NULL),
(3472, 4159, NULL, NULL, 0, '2020-10-13 12:11:02', '2020-10-13 12:11:02', NULL),
(3473, 4160, NULL, NULL, 0, '2020-10-13 12:13:39', '2020-10-13 12:13:39', NULL),
(3475, 4162, NULL, NULL, 0, '2020-10-13 12:38:09', '2020-10-13 12:38:09', NULL),
(3476, 4163, NULL, NULL, 0, '2020-10-15 08:06:19', '2020-10-15 08:06:19', NULL),
(3477, 4166, NULL, NULL, 0, '2020-10-15 08:10:54', '2020-10-15 08:10:54', NULL),
(3478, 4167, NULL, NULL, 0, '2020-10-15 08:22:20', '2020-10-15 08:22:20', NULL),
(3479, 4168, NULL, NULL, 0, '2020-10-15 08:27:34', '2020-10-15 08:27:34', NULL),
(3480, 4169, NULL, NULL, 0, '2020-10-15 08:29:40', '2020-10-15 08:29:40', NULL),
(3482, 4171, NULL, NULL, 0, '2020-10-15 08:36:09', '2020-10-15 08:36:09', NULL),
(3483, 4173, NULL, NULL, 0, '2020-11-03 12:15:11', '2020-11-03 12:15:11', NULL),
(3484, 4174, NULL, NULL, 0, '2020-11-04 11:31:21', '2020-11-04 11:31:21', NULL),
(3485, 4175, NULL, NULL, 0, '2020-11-04 11:58:24', '2020-11-04 11:58:24', NULL),
(3486, 4176, NULL, NULL, 0, '2020-11-04 12:09:58', '2020-11-04 12:09:58', NULL),
(3487, 4177, NULL, NULL, 0, '2020-11-04 12:17:32', '2020-11-04 12:17:32', NULL),
(3488, 4178, NULL, NULL, 0, '2020-11-05 09:03:37', '2020-11-05 09:03:37', NULL);

-- --------------------------------------------------------

--
-- Table structure for table `email_contact`
--

CREATE TABLE `email_contact` (
  `email_contact_id` int(10) UNSIGNED NOT NULL COMMENT 'Primary Key',
  `is_guest` smallint(5) UNSIGNED DEFAULT NULL COMMENT 'Is Guest',
  `contact_id` varchar(15) DEFAULT NULL COMMENT 'Connector Contact ID',
  `customer_id` int(10) UNSIGNED NOT NULL COMMENT 'Customer ID',
  `website_id` smallint(5) UNSIGNED NOT NULL DEFAULT 0 COMMENT 'Website ID',
  `store_id` smallint(5) UNSIGNED NOT NULL DEFAULT 0 COMMENT 'Store ID',
  `email` varchar(255) NOT NULL DEFAULT '' COMMENT 'Customer Email',
  `is_subscriber` smallint(5) UNSIGNED DEFAULT NULL COMMENT 'Is Subscriber',
  `subscriber_status` smallint(5) UNSIGNED DEFAULT NULL COMMENT 'Subscriber status',
  `email_imported` smallint(5) UNSIGNED DEFAULT NULL COMMENT 'Is Imported',
  `subscriber_imported` smallint(5) UNSIGNED DEFAULT NULL COMMENT 'Subscriber Imported',
  `suppressed` smallint(5) UNSIGNED DEFAULT NULL COMMENT 'Is Suppressed',
  `last_subscribed_at` timestamp NULL DEFAULT NULL COMMENT 'Last time user subscribed'
) ENGINE=InnoDB DEFAULT CHARSET=utf8 COMMENT='Connector Contacts';

-- --------------------------------------------------------

--
-- Table structure for table `email_contact_consent`
--

CREATE TABLE `email_contact_consent` (
  `id` int(10) UNSIGNED NOT NULL COMMENT 'Primary Key',
  `email_contact_id` int(10) UNSIGNED DEFAULT NULL COMMENT 'Email Contact Id',
  `consent_url` varchar(255) DEFAULT NULL COMMENT 'Contact consent url',
  `consent_datetime` datetime DEFAULT NULL COMMENT 'Contact consent datetime',
  `consent_ip` varchar(255) DEFAULT NULL COMMENT 'Contact consent ip',
  `consent_user_agent` varchar(255) DEFAULT NULL COMMENT 'Contact consent user agent'
) ENGINE=InnoDB DEFAULT CHARSET=utf8 COMMENT='Email contact consent table.';

-- --------------------------------------------------------

--
-- Table structure for table `email_failed_auth`
--

CREATE TABLE `email_failed_auth` (
  `id` int(10) UNSIGNED NOT NULL COMMENT 'Primary Key',
  `failures_num` int(10) UNSIGNED DEFAULT NULL COMMENT 'Number of fails',
  `first_attempt_date` datetime DEFAULT NULL COMMENT 'First attempt date',
  `last_attempt_date` datetime DEFAULT NULL COMMENT 'Last attempt date',
  `url` varchar(255) DEFAULT NULL COMMENT 'URL',
  `store_id` int(10) UNSIGNED DEFAULT NULL COMMENT 'Store Id'
) ENGINE=InnoDB DEFAULT CHARSET=utf8 COMMENT='Email Failed Auth Table.';

-- --------------------------------------------------------

--
-- Table structure for table `email_importer`
--

CREATE TABLE `email_importer` (
  `id` int(10) UNSIGNED NOT NULL COMMENT 'Primary Key',
  `import_type` varchar(255) NOT NULL DEFAULT '' COMMENT 'Import Type',
  `website_id` smallint(6) NOT NULL DEFAULT 0 COMMENT 'Website Id',
  `import_status` smallint(6) NOT NULL DEFAULT 0 COMMENT 'Import Status',
  `import_id` varchar(255) NOT NULL DEFAULT '' COMMENT 'Import Id',
  `import_data` mediumblob NOT NULL DEFAULT '' COMMENT 'Import Data',
  `import_mode` varchar(255) NOT NULL DEFAULT '' COMMENT 'Import Mode',
  `import_file` text NOT NULL DEFAULT '' COMMENT 'Import File',
  `message` varchar(255) NOT NULL DEFAULT '' COMMENT 'Error Message',
  `created_at` timestamp NULL DEFAULT NULL COMMENT 'Creation Time',
  `updated_at` timestamp NULL DEFAULT NULL COMMENT 'Update Time',
  `import_started` timestamp NULL DEFAULT NULL COMMENT 'Import Started',
  `import_finished` timestamp NULL DEFAULT NULL COMMENT 'Import Finished'
) ENGINE=InnoDB DEFAULT CHARSET=utf8 COMMENT='Email Importer';

-- --------------------------------------------------------

--
-- Table structure for table `email_order`
--

CREATE TABLE `email_order` (
  `email_order_id` int(10) UNSIGNED NOT NULL COMMENT 'Primary Key',
  `order_id` int(10) UNSIGNED NOT NULL COMMENT 'Order ID',
  `order_status` varchar(255) NOT NULL COMMENT 'Order Status',
  `quote_id` int(10) UNSIGNED NOT NULL COMMENT 'Sales Quote ID',
  `store_id` smallint(5) UNSIGNED NOT NULL DEFAULT 0 COMMENT 'Store ID',
  `email_imported` smallint(5) UNSIGNED DEFAULT NULL COMMENT 'Is Order Imported',
  `modified` smallint(5) UNSIGNED DEFAULT NULL COMMENT 'Is Order Modified',
  `created_at` timestamp NULL DEFAULT NULL COMMENT 'Creation Time',
  `updated_at` timestamp NULL DEFAULT NULL COMMENT 'Update Time'
) ENGINE=InnoDB DEFAULT CHARSET=utf8 COMMENT='Transactional Order Data';

-- --------------------------------------------------------

--
-- Table structure for table `email_review`
--

CREATE TABLE `email_review` (
  `id` int(10) UNSIGNED NOT NULL COMMENT 'Primary Key',
  `review_id` int(10) UNSIGNED NOT NULL COMMENT 'Review Id',
  `customer_id` int(10) UNSIGNED NOT NULL COMMENT 'Customer ID',
  `store_id` smallint(5) UNSIGNED NOT NULL COMMENT 'Store Id',
  `review_imported` smallint(5) UNSIGNED DEFAULT NULL COMMENT 'Review Imported',
  `created_at` timestamp NULL DEFAULT NULL COMMENT 'Creation Time',
  `updated_at` timestamp NULL DEFAULT NULL COMMENT 'Update Time'
) ENGINE=InnoDB DEFAULT CHARSET=utf8 COMMENT='Connector Reviews';

-- --------------------------------------------------------

--
-- Table structure for table `email_rules`
--

CREATE TABLE `email_rules` (
  `id` int(10) UNSIGNED NOT NULL COMMENT 'Primary Key',
  `name` varchar(255) NOT NULL DEFAULT '' COMMENT 'Rule Name',
  `website_ids` varchar(255) NOT NULL DEFAULT '0' COMMENT 'Website Id',
  `type` smallint(6) NOT NULL DEFAULT 0 COMMENT 'Rule Type',
  `status` smallint(6) NOT NULL DEFAULT 0 COMMENT 'Status',
  `combination` smallint(6) NOT NULL DEFAULT 1 COMMENT 'Rule Condition',
  `conditions` blob NOT NULL COMMENT 'Rule Conditions',
  `created_at` timestamp NULL DEFAULT NULL COMMENT 'Creation Time',
  `updated_at` timestamp NULL DEFAULT NULL COMMENT 'Update Time'
) ENGINE=InnoDB DEFAULT CHARSET=utf8 COMMENT='Connector Rules';

-- --------------------------------------------------------

--
-- Table structure for table `email_template`
--

CREATE TABLE `email_template` (
  `template_id` int(10) UNSIGNED NOT NULL COMMENT 'Template ID',
  `template_code` varchar(150) NOT NULL COMMENT 'Template Name',
  `template_text` text NOT NULL COMMENT 'Template Content',
  `template_styles` text DEFAULT NULL COMMENT 'Templste Styles',
  `template_type` int(10) UNSIGNED DEFAULT NULL COMMENT 'Template Type',
  `template_subject` varchar(200) NOT NULL COMMENT 'Template Subject',
  `template_sender_name` varchar(200) DEFAULT NULL COMMENT 'Template Sender Name',
  `template_sender_email` varchar(200) DEFAULT NULL COMMENT 'Template Sender Email',
  `added_at` timestamp NOT NULL DEFAULT current_timestamp() COMMENT 'Date of Template Creation',
  `modified_at` timestamp NOT NULL DEFAULT current_timestamp() ON UPDATE current_timestamp() COMMENT 'Date of Template Modification',
  `orig_template_code` varchar(200) DEFAULT NULL COMMENT 'Original Template Code',
  `orig_template_variables` text DEFAULT NULL COMMENT 'Original Template Variables',
  `is_legacy` tinyint(1) NOT NULL DEFAULT 0 COMMENT 'Should the template render in legacy mode'
) ENGINE=InnoDB DEFAULT CHARSET=utf8 COMMENT='Email Templates';

--
-- Dumping data for table `email_template`
--

INSERT INTO `email_template` (`template_id`, `template_code`, `template_text`, `template_styles`, `template_type`, `template_subject`, `template_sender_name`, `template_sender_email`, `added_at`, `modified_at`, `orig_template_code`, `orig_template_variables`, `is_legacy`) VALUES
(1, 'New Pickup Order', '<!--@subject {{trans \"Your %store_name order confirmation\" store_name=$store.getFrontendName()}} @-->\n<!--@vars {\n\"var order.getCustomerName()\":\"Customer Name\",\n\"var store.getFrontendName()\":\"Customer Name\",\n\"var is_pickup_order\":\"Check if order is a pickup order\",\n\"var $this.getUrl($store,\'customer/account/\',[_nosid:1]) |raw\":\"Gets the link to the Customer Account\",\n\"var store_email |raw\":\"Defined Email Address for this type of mails\",\n\"var store_phone |raw\":\"Defined Phone Number in the Store Information\",\n\"var store_hours |raw\":\"Defined Opening Hours Phone Number in the Store Information\",\n\"var order.increment_id |raw\":\"Order Id\",\n\"var order.getCreatedAtFormatted(2) |raw\":\"Get the date of order creation\",\n\"var order.getEmailCustomerNote()\":\"Email Order Note\",\n\"var formattedBillingAddress|raw\":\"Billing Address\",\n\"var order.getIsNotVirtual()\":\"Check if shipment exists\",\n\"var pickupAddress|raw\":\"Pickup Location Address\",\n\"var formattedShippingAddress|raw\":\"Customer Shipping Address\",\n\"var payment_html|raw\":\"Payment Details\",\n\"var order.getShippingDescription()\":\"Shipping Description\",\n\"var shipping_msg\":\"Shipping message\",\n\"layout handle=\\\"sales_email_order_items\\\" order=$order area=\\\"frontend\\\"\":\"Order Items Grid\"\n} @-->\n\n{{template config_path=\"design/email/header_template\"}}\n\n<table>\n    <tr class=\"email-intro\">\n        <td>\n            <p class=\"greeting\">{{trans \"%customer_name,\" customer_name=$order.getCustomerName()}}</p>\n            <p>\n                {{trans \"Thank you for your order from %store_name.\" store_name=$store.getFrontendName()}}\n                {{if is_pickup_order}}\n                    {{trans \"We will send you a notification once your items are ready for pickup.\"}}\n                {{else}}\n                    {{trans \"Once your package ships we will send you a tracking number.\"}}\n                {{/if}}\n                {{trans \'You can check the status of your order by <a href=\"%account_url\">logging into your account</a>.\' account_url=$this.getUrl($store,\'customer/account/\',[_nosid:1]) |raw}}\n            </p>\n            <p>\n                {{trans \'If you have questions about your order, you can email us at <a href=\"mailto:%store_email\">%store_email</a>\' store_email=$store_email |raw}}{{depend store_phone}} {{trans \' or call us at <a href=\"tel:%store_phone\">%store_phone</a>\' store_phone=$store_phone |raw}}{{/depend}}.\n                {{depend store_hours}}\n                {{trans \'Our hours are <span class=\"no-link\">%store_hours</span>.\' store_hours=$store_hours |raw}}\n                {{/depend}}\n            </p>\n        </td>\n    </tr>\n    <tr class=\"email-summary\">\n        <td>\n            <h1>{{trans \'Your Order <span class=\"no-link\">#%increment_id</span>\' increment_id=$order.increment_id |raw}}</h1>\n            <p>{{trans \'Placed on <span class=\"no-link\">%created_at</span>\' created_at=$order.getCreatedAtFormatted(2) |raw}}</p>\n        </td>\n    </tr>\n    <tr class=\"email-information\">\n        <td>\n            {{depend order.getEmailCustomerNote()}}\n            <table class=\"message-info\">\n                <tr>\n                    <td>\n                        {{var order.getEmailCustomerNote()|escape|nl2br}}\n                    </td>\n                </tr>\n            </table>\n            {{/depend}}\n            <table class=\"order-details\">\n                <tr>\n                    <td class=\"address-details\">\n                        <h3>{{trans \"Billing Info\"}}</h3>\n                        <p>{{var formattedBillingAddress|raw}}</p>\n                    </td>\n                    {{depend order.getIsNotVirtual()}}\n                    <td class=\"address-details\">\n                        <h3>{{trans \"Shipping Info\"}}</h3>\n                        {{if is_pickup_order}}\n                            <h4>{{trans \"Pickup Location\"}}</h4>\n                            <p>{{var pickupAddress|raw}}</p>\n                            <h4>{{trans \"Recipient Address\"}}</h4>\n                        {{/if}}\n                        <p>{{var formattedShippingAddress|raw}}</p>\n                    </td>\n                    {{/depend}}\n                </tr>\n                <tr>\n                    <td class=\"method-info\">\n                        <h3>{{trans \"Payment Method\"}}</h3>\n                        {{var payment_html|raw}}\n                    </td>\n                    {{depend order.getIsNotVirtual()}}\n                    <td class=\"method-info\">\n                        <h3>{{trans \"Shipping Method\"}}</h3>\n                        <p>{{var order.getShippingDescription()}}</p>\n                        {{if shipping_msg}}\n                        <p>{{var shipping_msg}}</p>\n                        {{/if}}\n                    </td>\n                    {{/depend}}\n                </tr>\n            </table>\n            {{layout handle=\"sales_email_order_items\" order=$order area=\"frontend\"}}\n        </td>\n    </tr>\n</table>\n\n{{template config_path=\"design/email/footer_template\"}}\n', NULL, 2, '{{trans \"Your %store_name order confirmation\" store_name=$store.getFrontendName()}}', NULL, NULL, '2020-07-01 07:02:32', '2020-07-01 07:02:32', 'sales_email_order_template', '{\"var formattedBillingAddress|raw\":\"Billing Address\",\"var order.getEmailCustomerNote()\":\"Email Order Note\",\"var order.increment_id\":\"Order Id\",\"layout handle=\\\"sales_email_order_items\\\" order=$order area=\\\"frontend\\\"\":\"Order Items Grid\",\"var payment_html|raw\":\"Payment Details\",\"var formattedShippingAddress|raw\":\"Shipping Address\",\"var order.getShippingDescription()\":\"Shipping Description\",\"var shipping_msg\":\"Shipping message\"}', 0),
(2, 'New Pickup Order For Guest', '<!--@subject {{trans \"Your %store_name order confirmation\" store_name=$store.getFrontendName()}} @-->\n<!--@vars {\n\"var order.getBillingAddress().getName()\":\"Guest Customer Name\",\n\"var store.getFrontendName()\":\"Customer Name\",\n\"var is_pickup_order\":\"Check if order is a pickup order\",\n\"var store_email |raw\":\"Defined Email Address for this type of mails\",\n\"var store_phone |raw\":\"Defined Phone Number in the Store Information\",\n\"var store_hours |raw\":\"Defined Opening Hours Phone Number in the Store Information\",\n\"var order.increment_id |raw\":\"Order Id\",\n\"var order.getCreatedAtFormatted(2) |raw\":\"Get the date of order creation\",\n\"var order.getEmailCustomerNote()\":\"Email Order Note\",\n\"var formattedBillingAddress|raw\":\"Billing Address\",\n\"var order.getIsNotVirtual()\":\"Check if shipment exists\",\n\"var pickupAddress|raw\":\"Pickup Location Address\",\n\"var formattedShippingAddress|raw\":\"Customer Shipping Address\",\n\"var payment_html|raw\":\"Payment Details\",\n\"var order.getShippingDescription()\":\"Shipping Description\",\n\"var shipping_msg\":\"Shipping message\",\n\"layout handle=\\\"sales_email_order_items\\\" order=$order area=\\\"frontend\\\"\":\"Order Items Grid\"\n} @-->\n\n{{template config_path=\"design/email/header_template\"}}\n\n<table>\n    <tr class=\"email-intro\">\n        <td>\n            <p class=\"greeting\">{{trans \"%name,\" name=$order.getBillingAddress().getName()}}</p>\n            <p>\n                {{trans \"Thank you for your order from %store_name.\" store_name=$store.getFrontendName()}}\n                {{if is_pickup_order}}\n                    {{trans \"We will send you a notification once your items are ready for pickup.\"}}\n                {{else}}\n                    {{trans \"Once your package ships we will send an email with a link to track your order.\"}}\n                {{/if}}\n                {{trans \'If you have questions about your order, you can email us at <a href=\"mailto:%store_email\">%store_email</a>\' store_email=$store_email |raw}}{{depend store_phone}} {{trans \' or call us at <a href=\"tel:%store_phone\">%store_phone</a>\' store_phone=$store_phone |raw}}{{/depend}}.\n                {{depend store_hours}}\n                    {{trans \'Our hours are <span class=\"no-link\">%store_hours</span>.\' store_hours=$store_hours |raw}}\n                {{/depend}}\n            </p>\n        </td>\n    </tr>\n    <tr class=\"email-summary\">\n        <td>\n            <h1>{{trans \'Your Order <span class=\"no-link\">#%increment_id</span>\' increment_id=$order.increment_id |raw}}</h1>\n            <p>{{trans \'Placed on <span class=\"no-link\">%created_at</span>\' created_at=$order.getCreatedAtFormatted(2) |raw}}</p>\n        </td>\n    </tr>\n    <tr class=\"email-information\">\n        <td>\n            {{depend order.getEmailCustomerNote()}}\n            <table class=\"message-info\">\n                <tr>\n                    <td>\n                        {{var order.getEmailCustomerNote()|escape|nl2br}}\n                    </td>\n                </tr>\n            </table>\n            {{/depend}}\n            <table class=\"order-details\">\n                <tr>\n                    <td class=\"address-details\">\n                        <h3>{{trans \"Billing Info\"}}</h3>\n                        <p>{{var formattedBillingAddress|raw}}</p>\n                    </td>\n                    {{depend order.getIsNotVirtual()}}\n                    <td class=\"address-details\">\n                        <h3>{{trans \"Shipping Info\"}}</h3>\n                        {{if is_pickup_order}}\n                            <h4>{{trans \"Pickup Location\"}}</h4>\n                            <p>{{var pickupAddress|raw}}</p>\n                            <h4>{{trans \"Recipient Address\"}}</h4>\n                        {{/if}}\n                        <p>{{var formattedShippingAddress|raw}}</p>\n                    </td>\n                    {{/depend}}\n                </tr>\n                <tr>\n                    <td class=\"method-info\">\n                        <h3>{{trans \"Payment Method\"}}</h3>\n                        {{var payment_html|raw}}\n                    </td>\n                    {{depend order.getIsNotVirtual()}}\n                    <td class=\"method-info\">\n                        <h3>{{trans \"Shipping Method\"}}</h3>\n                        <p>{{var order.getShippingDescription()}}</p>\n                        {{if shipping_msg}}\n                        <p>{{var shipping_msg}}</p>\n                        {{/if}}\n                    </td>\n                    {{/depend}}\n                </tr>\n            </table>\n            {{layout handle=\"sales_email_order_items\" order=$order}}\n        </td>\n    </tr>\n</table>\n\n{{template config_path=\"design/email/footer_template\"}}\n', NULL, 2, '{{trans \"Your %store_name order confirmation\" store_name=$store.getFrontendName()}}', NULL, NULL, '2020-07-01 07:02:32', '2020-07-01 07:02:32', 'sales_email_order_guest_template', '{\"var formattedBillingAddress|raw\":\"Billing Address\",\"var order.getEmailCustomerNote()\":\"Email Order Note\",\"var order.getBillingAddress().getName()\":\"Guest Customer Name\",\"var order.getCreatedAtFormatted(2)\":\"Order Created At (datetime)\",\"var order.increment_id\":\"Order Id\",\"layout handle=\\\"sales_email_order_items\\\" order=$order\":\"Order Items Grid\",\"var payment_html|raw\":\"Payment Details\",\"var formattedShippingAddress|raw\":\"Shipping Address\",\"var order.getShippingDescription()\":\"Shipping Description\",\"var shipping_msg\":\"Shipping message\"}', 0),
(3, 'DM Fail Transaction', '{{template config_path=\"design/email/header_template\"}}\n                    <table>\n                        <tr class=\"email-intro\">\n                            <td>\n                                <p class=\"greeting\">{{trans \"%name,\" name=$order.getCustomerName()}}</p>\n                                <p>\n                                    {{trans\n                                        \"Your order #%increment_id has been cancelled by our fraud detection system.\n                                        <strong>%order_status</strong>.\"\n                                        increment_id=$order.increment_id\n                                        order_status=$order.getStatusLabel() |raw}}\n                                </p>\n\n                                <p>\n                                    {{trans \"We apologize for any inconvenience and urge you to contact us by email: \n                                    <a href=\\\"mailto:%store_email\\\">%store_email</a>\" store_email=$store_email |raw}}\n                                    {{depend store_phone}}\n                                    {{trans \"or call us at \n                                    <a href=\\\"tel:%store_phone\">%store_phone</a>\\\" store_phone=$store_phone |raw}}\n                                    {{/depend}} if you believe this was cancelled in error.\n                                    {{depend store_hours}}\n                                    {{trans \"Our hours are\n                                    <span class=\\\"no-link\\\">%store_hours</span>.\" store_hours=$store_hours |raw}}\n                                    {{/depend}}\n                                </p>\n                            </td>\n                        </tr>\n                        <tr class=\"email-information\">\n                            <td>\n                                {{depend comment}}\n                                <table class=\"message-info\">\n                                    <tr>\n                                        <td>\n                                            {{var comment|escape|nl2br}}\n                                        </td>\n                                    </tr>\n                                </table>\n                                {{/depend}}\n                            </td>\n                        </tr>\n                    </table>\n                    {{template config_path=\"design/email/footer_template\"}}', '', 2, '{{trans \"your %store_name order has been cancelled\" store_name=$store.getFrontendName()}}', '', '', '2020-09-29 06:42:37', '2020-09-29 06:42:37', NULL, NULL, 0);

-- --------------------------------------------------------

--
-- Table structure for table `email_wishlist`
--

CREATE TABLE `email_wishlist` (
  `id` int(10) UNSIGNED NOT NULL COMMENT 'Primary Key',
  `wishlist_id` int(10) UNSIGNED NOT NULL COMMENT 'Wishlist Id',
  `item_count` int(10) UNSIGNED NOT NULL COMMENT 'Item Count',
  `customer_id` int(10) UNSIGNED DEFAULT NULL COMMENT 'Customer ID',
  `store_id` smallint(5) UNSIGNED NOT NULL COMMENT 'Store Id',
  `wishlist_imported` smallint(5) UNSIGNED DEFAULT NULL COMMENT 'Wishlist Imported',
  `wishlist_modified` smallint(5) UNSIGNED DEFAULT NULL COMMENT 'Wishlist Modified',
  `created_at` timestamp NULL DEFAULT NULL COMMENT 'Creation Time',
  `updated_at` timestamp NULL DEFAULT NULL COMMENT 'Update Time'
) ENGINE=InnoDB DEFAULT CHARSET=utf8 COMMENT='Connector Wishlist';

-- --------------------------------------------------------

--
-- Table structure for table `flag`
--

CREATE TABLE `flag` (
  `flag_id` int(10) UNSIGNED NOT NULL COMMENT 'Flag Id',
  `flag_code` varchar(255) NOT NULL COMMENT 'Flag Code',
  `state` smallint(5) UNSIGNED NOT NULL DEFAULT 0 COMMENT 'Flag State',
  `flag_data` mediumtext DEFAULT NULL COMMENT 'Flag Data',
  `last_update` timestamp NOT NULL DEFAULT current_timestamp() ON UPDATE current_timestamp() COMMENT 'Date of Last Flag Update'
) ENGINE=InnoDB DEFAULT CHARSET=utf8 COMMENT='Flag';

--
-- Dumping data for table `flag`
--

INSERT INTO `flag` (`flag_id`, `flag_code`, `state`, `flag_data`, `last_update`) VALUES
(2, 'report_bestsellers_aggregated', 0, NULL, '2020-09-24 00:00:02'),
(3, 'report_order_aggregated', 0, NULL, '2020-09-24 00:00:02'),
(4, 'report_tax_aggregated', 0, NULL, '2020-09-24 00:00:02'),
(5, 'report_shipping_aggregated', 0, NULL, '2020-09-24 00:00:02'),
(6, 'report_invoiced_aggregated', 0, NULL, '2020-09-24 00:00:02'),
(7, 'report_refunded_aggregated', 0, NULL, '2020-09-24 00:00:02'),
(8, 'report_coupons_aggregated', 0, NULL, '2020-09-24 00:00:02'),
(9, 'report_product_viewed_aggregated', 0, NULL, '2020-07-20 10:39:54'),
(11, 'analytics_link_attempts_reverse_counter', 0, '24', '2020-10-11 05:31:35'),
(12, 'catalog_rules_dirty', 1, NULL, '2020-11-05 06:45:54');

-- --------------------------------------------------------

--
-- Table structure for table `fme_contactus`
--

CREATE TABLE `fme_contactus` (
  `contact_id` int(11) NOT NULL COMMENT 'ID',
  `name` varchar(255) DEFAULT NULL COMMENT 'Name',
  `email` varchar(255) DEFAULT NULL COMMENT 'email',
  `phone` varchar(255) DEFAULT NULL COMMENT 'Phone',
  `subject` varchar(255) DEFAULT NULL COMMENT 'Subject',
  `message` mediumtext DEFAULT NULL COMMENT 'Message',
  `reply` mediumtext DEFAULT NULL COMMENT 'Reply',
  `country` varchar(255) DEFAULT NULL COMMENT 'Country',
  `ip` varchar(255) DEFAULT NULL COMMENT 'Ip',
  `status` int(10) UNSIGNED NOT NULL DEFAULT 1 COMMENT 'Status',
  `created_time` timestamp NULL DEFAULT current_timestamp() COMMENT 'Created Time',
  `reply_time` text DEFAULT NULL COMMENT 'Reply Time'
) ENGINE=InnoDB DEFAULT CHARSET=utf8 COMMENT='fme_contactus';

-- --------------------------------------------------------

--
-- Table structure for table `gift_message`
--

CREATE TABLE `gift_message` (
  `gift_message_id` int(10) UNSIGNED NOT NULL COMMENT 'GiftMessage ID',
  `customer_id` int(10) UNSIGNED NOT NULL DEFAULT 0 COMMENT 'Customer ID',
  `sender` varchar(255) DEFAULT NULL COMMENT 'Sender',
  `recipient` varchar(255) DEFAULT NULL COMMENT 'Registrant',
  `message` text DEFAULT NULL COMMENT 'Message'
) ENGINE=InnoDB DEFAULT CHARSET=utf8 COMMENT='Gift Message';

-- --------------------------------------------------------

--
-- Table structure for table `googleoptimizer_code`
--

CREATE TABLE `googleoptimizer_code` (
  `code_id` int(10) UNSIGNED NOT NULL COMMENT 'Google experiment code ID',
  `entity_id` int(10) UNSIGNED NOT NULL COMMENT 'Optimized entity ID product ID or catalog ID',
  `entity_type` varchar(50) DEFAULT NULL COMMENT 'Optimized entity type',
  `store_id` smallint(5) UNSIGNED NOT NULL COMMENT 'Store ID',
  `experiment_script` text DEFAULT NULL COMMENT 'Google experiment script'
) ENGINE=InnoDB DEFAULT CHARSET=utf8 COMMENT='Google Experiment code';

-- --------------------------------------------------------

--
-- Table structure for table `importexport_importdata`
--

CREATE TABLE `importexport_importdata` (
  `id` int(10) UNSIGNED NOT NULL COMMENT 'ID',
  `entity` varchar(50) NOT NULL COMMENT 'Entity',
  `behavior` varchar(10) NOT NULL DEFAULT 'append' COMMENT 'Behavior',
  `data` longtext DEFAULT NULL COMMENT 'Data'
) ENGINE=InnoDB DEFAULT CHARSET=utf8 COMMENT='Import Data Table';

-- --------------------------------------------------------

--
-- Table structure for table `import_history`
--

CREATE TABLE `import_history` (
  `history_id` int(10) UNSIGNED NOT NULL COMMENT 'History record ID',
  `started_at` timestamp NOT NULL DEFAULT current_timestamp() COMMENT 'Started at',
  `user_id` int(10) UNSIGNED NOT NULL DEFAULT 0 COMMENT 'User ID',
  `imported_file` varchar(255) DEFAULT NULL COMMENT 'Imported file',
  `execution_time` varchar(255) DEFAULT NULL COMMENT 'Execution time',
  `summary` varchar(255) DEFAULT NULL COMMENT 'Summary',
  `error_file` varchar(255) NOT NULL COMMENT 'Imported file with errors'
) ENGINE=InnoDB DEFAULT CHARSET=utf8 COMMENT='Import history table';

--
-- Dumping data for table `import_history`
--

INSERT INTO `import_history` (`history_id`, `started_at`, `user_id`, `imported_file`, `execution_time`, `summary`, `error_file`) VALUES
(1, '2020-07-06 11:25:22', 1, '1594034722_detergents.csv', 'Validation', NULL, ''),
(2, '2020-07-07 05:42:31', 1, '1594100551_detergents.csv', 'Validation', NULL, ''),
(3, '2020-07-07 05:44:06', 1, '1594100646_detergents.csv', 'Validation', NULL, ''),
(4, '2020-07-07 06:37:05', 1, '1594103825_machines.csv', 'Validation', NULL, ''),
(5, '2020-07-07 06:39:45', 1, '1594103985_detergents.csv', 'Validation', NULL, ''),
(6, '2020-07-07 07:19:03', 1, '1594106343_detergents.csv', 'Validation', NULL, ''),
(7, '2020-07-07 07:25:13', 1, '1594106713_detergents.csv', 'Validation', NULL, ''),
(8, '2020-07-07 07:28:37', 1, '1594106917_detergents.csv', 'Validation', NULL, ''),
(9, '2020-07-07 07:32:52', 1, '1594107172_detergents.csv', 'Validation', NULL, ''),
(10, '2020-07-07 11:08:35', 1, '1594120115_machines.csv', 'Validation', NULL, ''),
(11, '2020-07-07 12:51:55', 1, '1594126315_machines.csv', 'Validation', NULL, ''),
(12, '2020-07-07 13:57:38', 1, '1594130258_machines.csv', 'Validation', NULL, ''),
(13, '2020-07-07 15:30:30', 1, '1594135830_machines.csv', 'Validation', NULL, ''),
(14, '2020-07-07 16:38:11', 1, '1594139891_machines.csv', 'Validation', NULL, ''),
(15, '2020-07-07 16:38:45', 1, '1594139925_machines.csv', 'Validation', NULL, ''),
(16, '2020-07-08 06:02:32', 1, '1594188152_machines.csv', 'Validation', NULL, ''),
(17, '2020-07-08 06:55:07', 1, '1594191307_machines.csv', 'Validation', NULL, ''),
(18, '2020-07-08 08:15:20', 1, '1594196120_machines.csv', 'Validation', NULL, ''),
(19, '2020-07-08 09:34:12', 1, '1594200852_machines.csv', 'Validation', NULL, ''),
(20, '2020-07-08 10:02:02', 1, '1594202522_machines.csv', 'Validation', NULL, ''),
(21, '2020-07-08 10:02:19', 1, '1594202539_machines.csv', 'Validation', NULL, ''),
(22, '2020-07-08 10:03:18', 1, '1594202598_machines.csv', 'Validation', NULL, ''),
(23, '2020-07-08 10:07:45', 1, '1594202865_machines.csv', 'Validation', NULL, ''),
(24, '2020-07-08 11:13:34', 1, '1594206814_machines.csv', 'Validation', NULL, ''),
(25, '2020-07-08 15:02:16', 1, '1594220536_export_catalog_product_20200708_132702.csv', 'Validation', NULL, ''),
(26, '2020-07-08 15:09:35', 1, '1594220975_export_catalog_product_20200708_132702.csv', 'Validation', NULL, ''),
(27, '2020-07-08 15:33:40', 1, '1594222420_export_catalog_product_20200708_132702.csv', 'Validation', NULL, ''),
(28, '2020-07-08 15:34:59', 1, '1594222499_export_catalog_product_20200708_132702.csv', 'Validation', NULL, ''),
(29, '2020-07-08 15:37:16', 1, '1594222636_export_catalog_product_20200708_132702.csv', 'Validation', NULL, ''),
(30, '2020-07-08 15:38:44', 1, '1594222724_export_catalog_product_20200708_132702.csv', 'Validation', NULL, ''),
(31, '2020-07-08 15:39:56', 1, '1594222796_export_catalog_product_20200708_132702.csv', 'Validation', NULL, ''),
(32, '2020-07-08 15:41:11', 1, '1594222871_export_catalog_product_20200708_132702.csv', 'Validation', NULL, ''),
(33, '2020-07-08 15:42:21', 1, '1594222941_export_catalog_product_20200708_132702.csv', 'Validation', NULL, ''),
(34, '2020-07-08 15:44:14', 1, '1594223054_export_catalog_product_20200708_132702.csv', 'Validation', NULL, '1594223054_export_catalog_product_20200708_132702_error_report.csv'),
(35, '2020-07-08 16:15:12', 1, '1594224912_export_catalog_product_20200708_132702.csv', 'Validation', NULL, '1594224912_export_catalog_product_20200708_132702_error_report.csv'),
(36, '2020-07-08 16:16:28', 1, '1594224988_export_catalog_product_20200708_132702.csv', '00:00:52', 'Created: 1, Updated: 0, Deleted: 0', ''),
(37, '2020-07-10 06:47:32', 1, '1594363652_detergents.csv', 'Validation', NULL, ''),
(38, '2020-07-10 06:50:19', 1, '1594363819_detergents.csv', 'Validation', NULL, ''),
(39, '2020-07-10 07:14:08', 1, '1594365248_detergents.csv', 'Validation', NULL, ''),
(40, '2020-07-10 07:31:00', 1, '1594366260_detergents_new.csv', 'Validation', NULL, ''),
(41, '2020-07-10 07:38:53', 1, '1594366733_detergents_new.csv', 'Validation', NULL, ''),
(42, '2020-07-10 07:40:25', 1, '1594366825_detergents_new.csv', 'Validation', NULL, ''),
(43, '2020-07-10 07:41:25', 1, '1594366885_detergents_new.csv', 'Validation', NULL, ''),
(44, '2020-07-10 07:43:55', 1, '1594367035_detergents_new.csv', 'Validation', NULL, ''),
(45, '2020-07-10 07:46:31', 1, '1594367191_detergents_new.csv', 'Validation', NULL, ''),
(46, '2020-07-10 07:56:45', 1, '1594367805_detergents_new.csv', 'Validation', NULL, ''),
(47, '2020-07-10 07:57:48', 1, '1594367868_detergents_new.csv', 'Validation', NULL, ''),
(48, '2020-07-10 08:03:02', 1, '1594368182_detergents_new.csv', 'Validation', NULL, ''),
(49, '2020-07-10 08:03:09', 1, '1594368189_detergents_new.csv', 'Validation', NULL, ''),
(50, '2020-07-10 08:09:03', 1, '1594368543_detergents_new.csv', 'Validation', NULL, ''),
(51, '2020-07-10 08:13:38', 1, '1594368818_detergents_new.csv', 'Validation', NULL, ''),
(52, '2020-07-10 08:19:51', 1, '1594369191_detergents_new.csv', 'Validation', NULL, ''),
(53, '2020-07-10 08:20:35', 1, '1594369235_detergents_new.csv', 'Validation', NULL, ''),
(54, '2020-07-10 08:21:32', 1, '1594369292_detergents_new.csv', 'Validation', NULL, ''),
(55, '2020-07-10 08:27:15', 1, '1594369635_detergents_new.csv', 'Validation', NULL, ''),
(56, '2020-07-10 08:30:01', 1, '1594369801_detergents_new.csv', 'Validation', NULL, ''),
(57, '2020-07-10 10:13:25', 1, '1594376005_detergents_new.csv', 'Validation', NULL, ''),
(58, '2020-07-10 10:22:20', 1, '1594376540_detergents_new.csv', 'Validation', NULL, ''),
(59, '2020-07-10 10:24:29', 1, '1594376669_detergents_new.csv', 'Validation', NULL, ''),
(60, '2020-07-10 11:09:22', 1, '1594379362_detergents_new.csv', 'Validation', NULL, ''),
(61, '2020-07-10 13:30:51', 1, '1594387851_detergents_new.csv', 'Validation', NULL, ''),
(62, '2020-07-10 13:31:35', 1, '1594387895_detergents_new.csv', 'Validation', NULL, ''),
(63, '2020-07-10 13:32:23', 1, '1594387943_detergents_new.csv', 'Validation', NULL, '1594387943_detergents_new_error_report.csv'),
(64, '2020-07-10 13:35:52', 1, '1594388152_detergents_new.csv', 'Validation', NULL, ''),
(65, '2020-07-10 13:36:39', 1, '1594388199_detergents_new.csv', 'Validation', NULL, '1594388199_detergents_new_error_report.csv'),
(66, '2020-07-10 13:36:56', 1, '1594388216_detergents_new.csv', 'Validation', NULL, '1594388216_detergents_new_error_report.csv'),
(67, '2020-07-10 13:37:46', 1, '1594388266_detergents_new.csv', 'Validation', NULL, '1594388266_detergents_new_error_report.csv'),
(68, '2020-07-10 13:38:31', 1, '1594388311_detergents_new.csv', 'Validation', NULL, '1594388311_detergents_new_error_report.csv'),
(69, '2020-07-10 13:39:17', 1, '1594388357_detergents_new.csv', '00:00:20', 'Created: 0, Updated: 1, Deleted: 0', '1594388357_detergents_new_error_report.csv'),
(70, '2020-07-10 13:49:33', 1, '1594388973_detergents_new.csv', 'Validation', NULL, '1594388973_detergents_new_error_report.csv'),
(71, '2020-07-10 13:53:37', 1, '1594389217_detergents_new.csv', 'Validation', NULL, '1594389217_detergents_new_error_report.csv'),
(72, '2020-07-10 13:55:24', 1, '1594389324_detergents_new.csv', 'Validation', NULL, '1594389324_detergents_new_error_report.csv'),
(73, '2020-07-10 13:55:46', 1, '1594389346_detergents_new.csv', 'Validation', NULL, '1594389346_detergents_new_error_report.csv'),
(74, '2020-07-10 13:57:22', 1, '1594389442_detergents_new.csv', 'Validation', NULL, '1594389442_detergents_new_error_report.csv'),
(75, '2020-07-10 13:57:44', 1, '1594389464_detergents_new.csv', 'Validation', NULL, '1594389464_detergents_new_error_report.csv'),
(76, '2020-07-10 14:02:25', 1, '1594389745_detergents_new.csv', 'Validation', NULL, '1594389745_detergents_new_error_report.csv'),
(77, '2020-07-10 14:03:56', 1, '1594389836_detergents_new.csv', 'Validation', NULL, '1594389836_detergents_new_error_report.csv'),
(78, '2020-07-10 14:04:47', 1, '1594389887_detergents_new.csv', '00:00:05', 'Created: 0, Updated: 1, Deleted: 0', '1594389887_detergents_new_error_report.csv'),
(79, '2020-07-10 14:05:41', 1, '1594389941_detergents_new.csv', 'Validation', NULL, '1594389941_detergents_new_error_report.csv'),
(80, '2020-07-10 14:12:02', 1, '1594390322_detergents_new.csv', 'Validation', NULL, '1594390322_detergents_new_error_report.csv'),
(81, '2020-07-10 14:14:11', 1, '1594390451_detergents_new.csv', 'Validation', NULL, '1594390451_detergents_new_error_report.csv'),
(82, '2020-07-10 14:15:04', 1, '1594390504_detergents_new.csv', 'Validation', NULL, '1594390504_detergents_new_error_report.csv'),
(83, '2020-07-10 14:15:44', 1, '1594390544_detergents_new.csv', 'Validation', NULL, '1594390544_detergents_new_error_report.csv'),
(84, '2020-07-10 14:18:16', 1, '1594390696_detergents_new.csv', 'Validation', NULL, '1594390696_detergents_new_error_report.csv'),
(85, '2020-07-10 14:19:39', 1, '1594390779_detergents_new.csv', 'Validation', NULL, ''),
(86, '2020-07-10 14:29:52', 1, '1594391392_detergents.csv', 'Validation', NULL, '1594391392_detergents_error_report.csv'),
(87, '2020-07-10 14:30:36', 1, '1594391436_detergents.csv', 'Validation', NULL, '1594391436_detergents_error_report.csv'),
(88, '2020-07-10 14:31:31', 1, '1594391491_detergents.csv', '00:00:03', 'Created: 28, Updated: 1, Deleted: 0', ''),
(89, '2020-07-10 14:51:44', 1, '1594392704_accessories.csv', 'Validation', NULL, ''),
(90, '2020-07-10 14:52:52', 1, '1594392772_accessories.csv', 'Validation', NULL, ''),
(91, '2020-07-10 14:54:21', 1, '1594392861_accessories.csv', 'Validation', NULL, '1594392861_accessories_error_report.csv'),
(92, '2020-07-10 15:14:53', 1, '1594394093_machines.csv', 'Validation', NULL, '1594394093_machines_error_report.csv'),
(93, '2020-07-10 15:23:03', 1, '1594394583_machines.csv', 'Validation', NULL, '1594394583_machines_error_report.csv'),
(94, '2020-07-10 15:24:58', 1, '1594394698_machines.csv', 'Validation', NULL, '1594394698_machines_error_report.csv'),
(95, '2020-07-10 15:28:26', 1, '1594394906_machines.csv', 'Validation', NULL, '1594394906_machines_error_report.csv'),
(96, '2020-07-10 15:32:38', 1, '1594395158_machines.csv', 'Validation', NULL, '1594395158_machines_error_report.csv'),
(97, '2020-07-10 15:35:47', 1, '1594395347_machines.csv', 'Validation', NULL, '1594395347_machines_error_report.csv'),
(98, '2020-07-10 15:37:59', 1, '1594395479_machines.csv', '00:00:40', 'Created: 429, Updated: 25, Deleted: 0', '1594395479_machines_error_report.csv'),
(99, '2020-07-10 15:42:24', 1, '1594395744_accessories.csv', 'Validation', NULL, '1594395744_accessories_error_report.csv'),
(100, '2020-07-13 05:03:31', 1, '1594616611_accessories.csv', 'Validation', NULL, '1594616611_accessories_error_report.csv'),
(101, '2020-07-13 06:06:21', 1, '1594620381_accessories.csv', 'Validation', NULL, '1594620381_accessories_error_report.csv'),
(102, '2020-07-13 06:07:17', 1, '1594620437_accessories.csv', 'Validation', NULL, '1594620437_accessories_error_report.csv'),
(103, '2020-07-13 06:21:14', 1, '1594621274_accessories.csv', 'Validation', NULL, '1594621274_accessories_error_report.csv'),
(104, '2020-07-13 06:43:34', 1, '1594622614_detergents.csv', '00:00:05', 'Created: 0, Updated: 28, Deleted: 0', ''),
(105, '2020-07-13 06:46:02', 1, '1594622762_detergents.csv', '00:00:02', 'Created: 0, Updated: 28, Deleted: 0', ''),
(106, '2020-07-13 06:48:07', 1, '1594622887_detergents.csv', '00:00:02', 'Created: 0, Updated: 28, Deleted: 0', ''),
(107, '2020-07-13 06:49:37', 1, '1594622977_detergents.csv', '00:00:02', 'Created: 0, Updated: 28, Deleted: 0', ''),
(108, '2020-07-13 06:52:22', 1, '1594623142_detergents.csv', '00:00:02', 'Created: 0, Updated: 28, Deleted: 0', ''),
(109, '2020-07-13 06:56:17', 1, '1594623377_detergents.csv', '00:00:03', 'Created: 0, Updated: 28, Deleted: 0', ''),
(110, '2020-07-13 07:01:12', 1, '1594623672_detergents.csv', '00:00:03', 'Created: 0, Updated: 28, Deleted: 0', ''),
(111, '2020-07-13 07:05:29', 1, '1594623929_detergents.csv', '00:00:03', 'Created: 0, Updated: 28, Deleted: 0', ''),
(112, '2020-07-13 07:16:26', 1, '1594624586_detergents.csv', '00:00:05', 'Created: 0, Updated: 28, Deleted: 0', ''),
(113, '2020-07-13 07:31:54', 1, '1594625514_machines.csv', 'Validation', NULL, '1594625514_machines_error_report.csv'),
(114, '2020-07-13 07:32:58', 1, '1594625578_machines.csv', 'Validation', NULL, '1594625578_machines_error_report.csv'),
(115, '2020-07-13 07:33:53', 1, '1594625633_machines.csv', 'Validation', NULL, '1594625633_machines_error_report.csv'),
(116, '2020-07-13 07:36:25', 1, '1594625785_machines.csv', 'Validation', NULL, '1594625785_machines_error_report.csv'),
(117, '2020-07-13 07:38:38', 1, '1594625918_machines.csv', 'Validation', NULL, '1594625918_machines_error_report.csv'),
(118, '2020-07-13 07:38:55', 1, '1594625935_machines.csv', 'Validation', NULL, '1594625935_machines_error_report.csv'),
(119, '2020-07-13 07:39:34', 1, '1594625974_machines.csv', 'Validation', NULL, '1594625974_machines_error_report.csv'),
(120, '2020-07-13 07:41:08', 1, '1594626068_machines.csv', 'Validation', NULL, '1594626068_machines_error_report.csv'),
(121, '2020-07-13 07:41:51', 1, '1594626111_machines.csv', 'Validation', NULL, '1594626111_machines_error_report.csv'),
(122, '2020-07-13 07:42:40', 1, '1594626160_machines.csv', 'Validation', NULL, '1594626160_machines_error_report.csv'),
(123, '2020-07-13 07:43:03', 1, '1594626183_machines.csv', 'Validation', NULL, '1594626183_machines_error_report.csv'),
(124, '2020-07-13 07:43:16', 1, '1594626196_machines.csv', 'Validation', NULL, '1594626196_machines_error_report.csv'),
(125, '2020-07-13 07:44:36', 1, '1594626276_machines.csv', 'Validation', NULL, '1594626276_machines_error_report.csv'),
(126, '2020-07-13 07:46:18', 1, '1594626378_machines.csv', 'Validation', NULL, '1594626378_machines_error_report.csv'),
(127, '2020-07-13 07:47:06', 1, '1594626426_machines.csv', 'Validation', NULL, '1594626426_machines_error_report.csv'),
(128, '2020-07-13 08:09:25', 1, '1594627765_machines.csv', 'Validation', NULL, ''),
(129, '2020-07-13 08:10:11', 1, '1594627811_machines.csv', 'Validation', NULL, '1594627811_machines_error_report.csv'),
(130, '2020-07-13 08:11:29', 1, '1594627889_machines.csv', 'Validation', NULL, '1594627889_machines_error_report.csv'),
(131, '2020-07-13 08:12:16', 1, '1594627936_machines.csv', 'Validation', NULL, '1594627936_machines_error_report.csv'),
(132, '2020-07-13 08:16:07', 1, '1594628167_machines.csv', 'Validation', NULL, '1594628167_machines_error_report.csv'),
(133, '2020-07-13 08:17:40', 1, '1594628260_machines.csv', 'Validation', NULL, '1594628260_machines_error_report.csv'),
(134, '2020-07-13 08:18:30', 1, '1594628310_machines.csv', 'Validation', NULL, '1594628310_machines_error_report.csv'),
(135, '2020-07-13 08:18:47', 1, '1594628327_machines.csv', 'Validation', NULL, '1594628327_machines_error_report.csv'),
(136, '2020-07-13 08:19:33', 1, '1594628373_machines.csv', 'Validation', NULL, '1594628373_machines_error_report.csv'),
(137, '2020-07-13 08:20:42', 1, '1594628442_machines.csv', 'Validation', NULL, '1594628442_machines_error_report.csv'),
(138, '2020-07-13 08:21:16', 1, '1594628476_machines.csv', 'Validation', NULL, '1594628476_machines_error_report.csv'),
(139, '2020-07-13 08:21:53', 1, '1594628513_machines.csv', 'Validation', NULL, '1594628513_machines_error_report.csv'),
(140, '2020-07-13 08:22:37', 1, '1594628557_machines.csv', 'Validation', NULL, '1594628557_machines_error_report.csv'),
(141, '2020-07-13 08:23:37', 1, '1594628617_machines.csv', 'Validation', NULL, '1594628617_machines_error_report.csv'),
(142, '2020-07-13 08:25:24', 1, '1594628724_machines.csv', 'Validation', NULL, '1594628724_machines_error_report.csv'),
(143, '2020-07-13 08:25:52', 1, '1594628752_machines.csv', 'Validation', NULL, '1594628752_machines_error_report.csv'),
(144, '2020-07-13 08:26:20', 1, '1594628780_machines.csv', 'Validation', NULL, '1594628780_machines_error_report.csv'),
(145, '2020-07-13 08:27:05', 1, '1594628825_machines.csv', 'Validation', NULL, '1594628825_machines_error_report.csv'),
(146, '2020-07-13 08:29:13', 1, '1594628953_machines.csv', '00:00:18', 'Created: 426, Updated: 18, Deleted: 0', ''),
(147, '2020-07-13 09:44:55', 1, '1594633495_accessories.csv', 'Validation', NULL, '1594633495_accessories_error_report.csv'),
(148, '2020-07-13 10:40:50', 1, '1594636850_accessories.csv', 'Validation', NULL, '1594636850_accessories_error_report.csv'),
(149, '2020-07-13 10:41:45', 1, '1594636905_1594633495_accessories_error_report.csv', 'Validation', NULL, ''),
(150, '2020-07-13 10:49:19', 1, '1594637359_1594633495_accessories_error_report.csv', '00:01:00', 'Created: 1535, Updated: 138, Deleted: 0', ''),
(151, '2020-07-14 05:52:41', 1, '1594705961_machines.csv', 'Validation', NULL, '1594705961_machines_error_report.csv'),
(152, '2020-07-14 05:53:39', 1, '1594706019_machines.csv', 'Validation', NULL, '1594706019_machines_error_report.csv'),
(153, '2020-07-14 05:54:06', 1, '1594706046_machines.csv', 'Validation', NULL, '1594706046_machines_error_report.csv'),
(154, '2020-07-14 05:54:28', 1, '1594706068_machines.csv', 'Validation', NULL, '1594706068_machines_error_report.csv'),
(155, '2020-07-14 05:56:28', 1, '1594706188_machines.csv', 'Validation', NULL, '1594706188_machines_error_report.csv'),
(156, '2020-07-14 05:57:20', 1, '1594706240_machines.csv', 'Validation', NULL, '1594706240_machines_error_report.csv'),
(157, '2020-07-14 05:57:47', 1, '1594706267_1594633495_accessories_error_report.csv', 'In Progress', NULL, '1594706267_1594633495_accessories_error_report_error_report.csv'),
(158, '2020-07-14 06:05:29', 1, '1594706729_detergents.csv', 'Validation', NULL, '1594706729_detergents_error_report.csv'),
(159, '2020-07-14 06:06:04', 1, '1594706764_detergents.csv', 'Validation', NULL, '1594706764_detergents_error_report.csv'),
(160, '2020-07-14 06:06:28', 1, '1594706788_detergents.csv', 'In Progress', NULL, '1594706788_detergents_error_report.csv'),
(161, '2020-07-14 06:09:57', 1, '1594706997_detergents.csv', 'In Progress', NULL, '1594706997_detergents_error_report.csv'),
(162, '2020-07-14 06:11:48', 1, '1594707108_detergents.csv', 'In Progress', NULL, '1594707108_detergents_error_report.csv'),
(163, '2020-07-14 06:14:34', 1, '1594707274_detergents.csv', 'In Progress', NULL, '1594707274_detergents_error_report.csv'),
(164, '2020-07-14 06:18:52', 1, '1594707532_detergents.csv', '00:00:03', 'Created: 0, Updated: 28, Deleted: 0', ''),
(165, '2020-07-14 06:21:57', 1, '1594707717_machines.csv', 'In Progress', NULL, '1594707717_machines_error_report.csv'),
(166, '2020-07-14 06:27:19', 1, '1594708039_machines.csv', 'In Progress', NULL, '1594708039_machines_error_report.csv'),
(167, '2020-07-14 06:28:32', 1, '1594708112_detergents.csv', 'In Progress', NULL, '1594708112_detergents_error_report.csv'),
(168, '2020-07-14 06:29:43', 1, '1594708183_detergents.csv', '00:00:02', 'Created: 0, Updated: 28, Deleted: 0', ''),
(169, '2020-07-14 06:39:00', 1, '1594708740_machines.csv', 'In Progress', NULL, '1594708740_machines_error_report.csv'),
(170, '2020-07-14 06:40:04', 1, '1594708804_machines.csv', 'Validation', NULL, '1594708804_machines_error_report.csv'),
(171, '2020-07-14 06:43:04', 1, '1594708984_det.csv', 'In Progress', NULL, '1594708984_det_error_report.csv'),
(172, '2020-07-14 06:44:30', 1, '1594709070_det.csv', 'In Progress', NULL, '1594709070_det_error_report.csv'),
(173, '2020-07-14 06:48:33', 1, '1594709313_1594633495_accessories_error_report.csv', 'In Progress', NULL, '1594709313_1594633495_accessories_error_report_error_report.csv'),
(174, '2020-07-14 07:02:38', 1, '1594710158_detergents.csv', '00:00:04', 'Created: 28, Updated: 0, Deleted: 0', ''),
(175, '2020-07-14 07:04:39', 1, '1594710279_machines.csv', 'Validation', NULL, '1594710279_machines_error_report.csv'),
(176, '2020-07-14 07:05:28', 1, '1594710328_det.csv', '00:00:33', 'Created: 419, Updated: 16, Deleted: 0', '1594710328_det_error_report.csv'),
(177, '2020-07-14 08:01:47', 1, '1594713707_det.csv', '00:00:02', 'Created: 0, Updated: 1, Deleted: 0', '1594713707_det_error_report.csv'),
(178, '2020-07-14 08:03:18', 1, '1594713798_det.csv', '00:00:03', 'Created: 0, Updated: 1, Deleted: 0', '1594713798_det_error_report.csv'),
(179, '2020-07-14 08:04:03', 1, '1594713843_det.csv', '00:00:03', 'Created: 0, Updated: 1, Deleted: 0', '1594713843_det_error_report.csv'),
(180, '2020-07-14 08:05:21', 1, '1594713921_det.csv', '00:00:02', 'Created: 0, Updated: 1, Deleted: 0', '1594713921_det_error_report.csv'),
(181, '2020-07-14 08:05:59', 1, '1594713959_det.csv', '00:00:02', 'Created: 0, Updated: 1, Deleted: 0', '1594713959_det_error_report.csv'),
(182, '2020-07-14 08:07:28', 1, '1594714048_det.csv', '00:00:03', 'Created: 0, Updated: 1, Deleted: 0', '1594714048_det_error_report.csv'),
(183, '2020-07-14 08:08:09', 1, '1594714089_det.csv', '00:00:03', 'Created: 0, Updated: 1, Deleted: 0', '1594714089_det_error_report.csv'),
(184, '2020-07-14 08:10:36', 1, '1594714236_det.csv', '00:00:02', 'Created: 0, Updated: 1, Deleted: 0', '1594714236_det_error_report.csv'),
(185, '2020-07-14 08:12:06', 1, '1594714326_det.csv', '00:00:02', 'Created: 0, Updated: 1, Deleted: 0', ''),
(186, '2020-07-14 08:22:01', 1, '1594714921_det.csv', '00:00:02', 'Created: 0, Updated: 1, Deleted: 0', ''),
(187, '2020-07-14 10:45:46', 1, '1594723546_machines.csv', 'Validation', NULL, '1594723546_machines_error_report.csv'),
(188, '2020-07-14 10:47:42', 1, '1594723662_machines.csv', 'Validation', NULL, '1594723662_machines_error_report.csv'),
(189, '2020-07-14 10:49:06', 1, '1594723746_machines.csv', 'Validation', NULL, '1594723746_machines_error_report.csv'),
(190, '2020-07-14 10:49:53', 1, '1594723793_machines.csv', 'Validation', NULL, '1594723793_machines_error_report.csv'),
(191, '2020-07-14 10:52:21', 1, '1594723941_machines.csv', 'Validation', NULL, '1594723941_machines_error_report.csv'),
(192, '2020-07-14 10:52:53', 1, '1594723973_machines.csv', 'Validation', NULL, '1594723973_machines_error_report.csv'),
(193, '2020-07-14 10:53:09', 1, '1594723989_machines.csv', 'Validation', NULL, '1594723989_machines_error_report.csv'),
(194, '2020-07-14 10:53:28', 1, '1594724008_machines.csv', 'Validation', NULL, '1594724008_machines_error_report.csv'),
(195, '2020-07-14 10:53:58', 1, '1594724038_machines.csv', 'Validation', NULL, '1594724038_machines_error_report.csv'),
(196, '2020-07-14 10:54:53', 1, '1594724093_machines.csv', 'Validation', NULL, '1594724093_machines_error_report.csv'),
(197, '2020-07-14 10:55:19', 1, '1594724119_machines.csv', 'Validation', NULL, '1594724119_machines_error_report.csv'),
(198, '2020-07-14 10:55:49', 1, '1594724149_machines.csv', 'Validation', NULL, '1594724149_machines_error_report.csv'),
(199, '2020-07-14 10:56:24', 1, '1594724184_machines.csv', 'Validation', NULL, '1594724184_machines_error_report.csv'),
(200, '2020-07-14 10:56:45', 1, '1594724205_machines.csv', 'Validation', NULL, '1594724205_machines_error_report.csv'),
(201, '2020-07-14 10:57:23', 1, '1594724243_machines.csv', 'Validation', NULL, '1594724243_machines_error_report.csv'),
(202, '2020-07-14 10:57:52', 1, '1594724272_machines.csv', '00:00:30', 'Created: 0, Updated: 423, Deleted: 0', ''),
(203, '2020-07-14 11:06:51', 1, '1594724811_machines.csv', '00:00:37', 'Created: 0, Updated: 423, Deleted: 0', ''),
(204, '2020-07-14 11:18:19', 1, '1594725499_detergents.csv', '00:00:03', 'Created: 0, Updated: 12, Deleted: 0', '1594725499_detergents_error_report.csv'),
(205, '2020-07-14 11:20:02', 1, '1594725602_detergents.csv', 'Validation', NULL, ''),
(206, '2020-07-14 11:23:31', 1, '1594725811_detergents.csv', 'Validation', NULL, ''),
(207, '2020-07-21 10:32:42', 1, '1595327562_Copy of export_catalog_product_20july.csv', 'Validation', NULL, '1595327562_Copy of export_catalog_product_20july_error_report.csv'),
(208, '2020-07-21 10:36:01', 1, '1595327761_Copy of export_catalog_product_20july.csv', 'Validation', NULL, '1595327761_Copy of export_catalog_product_20july_error_report.csv'),
(209, '2020-07-21 10:36:22', 1, '1595327782_Copy of export_catalog_product_20july.csv', 'Validation', NULL, '1595327782_Copy of export_catalog_product_20july_error_report.csv'),
(210, '2020-07-21 10:39:41', 1, '1595327981_export_catalog_product_20july.csv', 'In Progress', NULL, '1595327981_export_catalog_product_20july_error_report.csv'),
(211, '2020-07-21 10:44:14', 1, '1595328254_export_catalog_product_20july.csv', 'In Progress', NULL, '1595328254_export_catalog_product_20july_error_report.csv'),
(212, '2020-07-21 12:27:37', 1, '1595334457_new_export_catalog_product_20july.csv', 'Validation', NULL, ''),
(213, '2020-07-21 12:28:59', 1, '1595334539_new_export.csv', '00:00:04', 'Created: 0, Updated: 99, Deleted: 0', ''),
(214, '2020-07-21 12:31:04', 1, '1595334664_new_export.csv', 'In Progress', NULL, '1595334664_new_export_error_report.csv'),
(215, '2020-07-21 12:33:43', 1, '1595334823_next_export.csv', 'In Progress', NULL, '1595334823_next_export_error_report.csv'),
(216, '2020-07-21 12:36:01', 1, '1595334961_next_export.csv', 'In Progress', NULL, '1595334961_next_export_error_report.csv'),
(217, '2020-07-22 05:12:41', 1, '1595394761_first_export.csv', 'In Progress', NULL, '1595394761_first_export_error_report.csv'),
(218, '2020-07-22 05:15:07', 1, '1595394907_first_export.csv', 'In Progress', NULL, '1595394907_first_export_error_report.csv'),
(219, '2020-07-22 05:17:34', 1, '1595395054_new_export_catalog_product_20july.csv', '00:00:07', 'Created: 0, Updated: 249, Deleted: 0', ''),
(220, '2020-07-22 05:19:01', 1, '1595395141_new_export_catalog_product_20july.csv', 'In Progress', NULL, '1595395141_new_export_catalog_product_20july_error_report.csv'),
(221, '2020-07-22 05:19:47', 1, '1595395187_new_export_catalog_product_20july.csv', '00:00:03', 'Created: 0, Updated: 24, Deleted: 0', ''),
(222, '2020-07-22 05:23:46', 1, '1595395426_new_export_catalog_product_20july.csv', 'In Progress', NULL, '1595395426_new_export_catalog_product_20july_error_report.csv'),
(223, '2020-07-22 05:24:50', 1, '1595395490_new_export_catalog_product_20july.csv', '00:00:04', 'Created: 0, Updated: 9, Deleted: 0', ''),
(224, '2020-07-22 05:26:05', 1, '1595395565_new_export_catalog_product_20july.csv', '00:00:02', 'Created: 0, Updated: 10, Deleted: 0', ''),
(225, '2020-07-22 05:26:37', 1, '1595395597_new_export_catalog_product_20july.csv', 'In Progress', NULL, '1595395597_new_export_catalog_product_20july_error_report.csv'),
(226, '2020-07-22 05:27:09', 1, '1595395629_new_export_catalog_product_20july.csv', '00:00:02', 'Created: 0, Updated: 3, Deleted: 0', ''),
(227, '2020-07-22 05:30:08', 1, '1595395808_new_export_catalog_product_20july.csv', 'In Progress', NULL, '1595395808_new_export_catalog_product_20july_error_report.csv'),
(228, '2020-07-22 05:30:42', 1, '1595395842_new_export_catalog_product_20july.csv', 'In Progress', NULL, '1595395842_new_export_catalog_product_20july_error_report.csv'),
(229, '2020-07-22 05:31:23', 1, '1595395883_new_export_catalog_product_20july.csv', '00:00:03', 'Created: 0, Updated: 10, Deleted: 0', ''),
(230, '2020-07-22 05:32:13', 1, '1595395933_new_export_catalog_product_20july.csv', '00:00:01', 'Created: 0, Updated: 10, Deleted: 0', ''),
(231, '2020-07-22 05:33:17', 1, '1595395997_new_export_catalog_product_20july.csv', 'In Progress', NULL, '1595395997_new_export_catalog_product_20july_error_report.csv'),
(232, '2020-07-22 05:33:47', 1, '1595396027_new_export_catalog_product_20july.csv', 'In Progress', NULL, '1595396027_new_export_catalog_product_20july_error_report.csv'),
(233, '2020-07-22 05:34:24', 1, '1595396064_new_export_catalog_product_20july.csv', 'In Progress', NULL, '1595396064_new_export_catalog_product_20july_error_report.csv'),
(234, '2020-07-22 05:34:58', 1, '1595396098_new_export_catalog_product_20july.csv', 'In Progress', NULL, '1595396098_new_export_catalog_product_20july_error_report.csv'),
(235, '2020-07-22 05:35:28', 1, '1595396128_new_export_catalog_product_20july.csv', '00:00:02', 'Created: 0, Updated: 1, Deleted: 0', ''),
(236, '2020-07-22 05:35:57', 1, '1595396157_new_export_catalog_product_20july.csv', '00:00:02', 'Created: 0, Updated: 1, Deleted: 0', ''),
(237, '2020-07-22 05:36:30', 1, '1595396190_new_export_catalog_product_20july.csv', 'In Progress', NULL, '1595396190_new_export_catalog_product_20july_error_report.csv'),
(238, '2020-07-22 05:36:58', 1, '1595396218_new_export_catalog_product_20july.csv', 'In Progress', NULL, '1595396218_new_export_catalog_product_20july_error_report.csv'),
(239, '2020-07-22 05:37:37', 1, '1595396257_new_export_catalog_product_20july.csv', 'In Progress', NULL, '1595396257_new_export_catalog_product_20july_error_report.csv'),
(240, '2020-07-22 07:36:59', 1, '1595403419_new_export_catalog_product_20july.csv', 'In Progress', NULL, '1595403419_new_export_catalog_product_20july_error_report.csv'),
(241, '2020-07-22 07:38:34', 1, '1595403514_new_export_catalog_product_20july.csv', 'Validation', NULL, ''),
(242, '2020-07-22 07:39:03', 1, '1595403543_new_export_catalog_product_20july.csv', 'In Progress', NULL, '1595403543_new_export_catalog_product_20july_error_report.csv'),
(243, '2020-07-22 07:39:51', 1, '1595403591_new_export_catalog_product_20july.csv', 'In Progress', NULL, '1595403591_new_export_catalog_product_20july_error_report.csv'),
(244, '2020-07-22 07:40:41', 1, '1595403641_new_export_catalog_product_20july.csv', 'In Progress', NULL, '1595403641_new_export_catalog_product_20july_error_report.csv'),
(245, '2020-07-22 07:41:23', 1, '1595403683_new_export_catalog_product_20july.csv', 'In Progress', NULL, '1595403683_new_export_catalog_product_20july_error_report.csv'),
(246, '2020-07-22 07:42:16', 1, '1595403736_new_export_catalog_product_20july.csv', '00:00:02', 'Created: 0, Updated: 25, Deleted: 0', ''),
(247, '2020-07-22 07:43:12', 1, '1595403792_new_export_catalog_product_20july.csv', '00:00:02', 'Created: 0, Updated: 26, Deleted: 0', ''),
(248, '2020-07-22 07:44:18', 1, '1595403858_new_export_catalog_product_20july.csv', '00:00:02', 'Created: 0, Updated: 4, Deleted: 0', ''),
(249, '2020-07-23 07:20:09', 1, '1595488809_customers.csv', 'Validation', NULL, ''),
(250, '2020-07-23 10:58:48', 1, '1595501928_customer_composite.csv', 'Validation', NULL, '1595501928_customer_composite_error_report.csv'),
(251, '2020-07-23 11:06:32', 1, '1595502392_customer_composite.csv', 'Validation', NULL, '1595502392_customer_composite_error_report.csv'),
(252, '2020-07-23 11:10:27', 1, '1595502627_customer_composite.csv', 'Validation', NULL, '1595502627_customer_composite_error_report.csv'),
(253, '2020-07-23 11:12:04', 1, '1595502724_customer_composite.csv', 'Validation', NULL, '1595502724_customer_composite_error_report.csv'),
(254, '2020-07-23 11:56:58', 1, '1595505418_customer_composite.csv', '00:00:14', 'Created: 1, Updated: 0, Deleted: 0', ''),
(255, '2020-07-23 11:59:46', 1, '1595505586_customer_composite.csv', '00:00:12', 'Created: 0, Updated: 1, Deleted: 0', ''),
(256, '2020-07-23 12:04:07', 1, '1595505847_customer_composite.csv', '00:00:02', 'Created: 0, Updated: 1, Deleted: 0', ''),
(257, '2020-07-28 08:10:02', 1, '1595923802_sample_image.csv', '00:00:04', 'Created: 0, Updated: 1, Deleted: 0', ''),
(258, '2020-07-28 08:26:52', 1, '1595924812_sample_image.csv', 'Validation', NULL, ''),
(259, '2020-07-28 08:27:37', 1, '1595924857_sample_image.csv', 'Validation', NULL, '1595924857_sample_image_error_report.csv'),
(260, '2020-07-28 09:47:35', 1, '1595929655_new_image.csv', 'Validation', NULL, '1595929655_new_image_error_report.csv'),
(261, '2020-07-28 09:50:44', 1, '1595929844_new_image.csv', 'Validation', NULL, '1595929844_new_image_error_report.csv'),
(262, '2020-07-28 09:51:26', 1, '1595929886_new_image.csv', 'Validation', NULL, '1595929886_new_image_error_report.csv'),
(263, '2020-07-28 09:52:26', 1, '1595929946_new_image.csv', 'Validation', NULL, '1595929946_new_image_error_report.csv'),
(264, '2020-07-28 09:54:08', 1, '1595930048_new_image.csv', 'Validation', NULL, '1595930048_new_image_error_report.csv'),
(265, '2020-07-28 09:54:50', 1, '1595930090_new_image.csv', 'Validation', NULL, '1595930090_new_image_error_report.csv'),
(266, '2020-07-28 09:55:56', 1, '1595930156_new_image.csv', 'Validation', NULL, '1595930156_new_image_error_report.csv'),
(267, '2020-07-28 09:56:36', 1, '1595930196_new_image.csv', 'Validation', NULL, '1595930196_new_image_error_report.csv'),
(268, '2020-07-28 09:57:20', 1, '1595930240_new_image.csv', 'Validation', NULL, '1595930240_new_image_error_report.csv'),
(269, '2020-07-28 09:58:26', 1, '1595930305_new_image.csv', '00:00:05', 'Created: 0, Updated: 45, Deleted: 0', ''),
(270, '2020-07-28 10:10:17', 1, '1595931017_new_image.csv', 'Validation', NULL, '1595931017_new_image_error_report.csv'),
(271, '2020-07-28 10:15:26', 1, '1595931326_new_image.csv', 'Validation', NULL, '1595931326_new_image_error_report.csv'),
(272, '2020-07-28 10:16:26', 1, '1595931386_new_image.csv', '00:00:06', 'Created: 0, Updated: 37, Deleted: 0', ''),
(273, '2020-07-28 10:20:36', 1, '1595931636_new_image.csv', 'Validation', NULL, '1595931636_new_image_error_report.csv'),
(274, '2020-07-28 10:21:45', 1, '1595931705_new_image.csv', 'Validation', NULL, ''),
(275, '2020-07-28 10:22:10', 1, '1595931730_new_image.csv', '00:00:05', 'Created: 0, Updated: 45, Deleted: 0', ''),
(276, '2020-07-28 10:26:37', 1, '1595931997_new_image.csv', 'Validation', NULL, '1595931997_new_image_error_report.csv'),
(277, '2020-07-28 10:27:57', 1, '1595932077_new_image.csv', '00:00:05', 'Created: 0, Updated: 41, Deleted: 0', ''),
(278, '2020-07-28 10:53:31', 1, '1595933611_new_image.csv', 'Validation', NULL, '1595933611_new_image_error_report.csv'),
(279, '2020-07-28 10:54:16', 1, '1595933656_new_image.csv', '00:00:04', 'Created: 0, Updated: 45, Deleted: 0', ''),
(280, '2020-07-28 10:55:36', 1, '1595933736_new_image.csv', 'Validation', NULL, '1595933736_new_image_error_report.csv'),
(281, '2020-07-28 10:56:30', 1, '1595933790_new_image.csv', '00:00:06', 'Created: 0, Updated: 47, Deleted: 0', ''),
(282, '2020-07-28 10:58:10', 1, '1595933890_new_image.csv', 'Validation', NULL, '1595933890_new_image_error_report.csv'),
(283, '2020-07-28 10:59:12', 1, '1595933952_new_image.csv', '00:00:05', 'Created: 0, Updated: 47, Deleted: 0', ''),
(284, '2020-07-28 11:02:02', 1, '1595934122_new_image.csv', 'Validation', NULL, '1595934122_new_image_error_report.csv'),
(285, '2020-07-28 11:03:08', 1, '1595934188_new_image.csv', '00:00:05', 'Created: 0, Updated: 41, Deleted: 0', ''),
(286, '2020-07-28 11:04:16', 1, '1595934256_new_image.csv', 'Validation', NULL, '1595934256_new_image_error_report.csv'),
(287, '2020-07-28 11:07:08', 1, '1595934428_new_image.csv', '00:00:07', 'Created: 0, Updated: 86, Deleted: 0', ''),
(288, '2020-07-28 11:12:09', 1, '1595934729_new_image.csv', 'Validation', NULL, '1595934729_new_image_error_report.csv'),
(289, '2020-07-28 11:14:37', 1, '1595934877_new_image.csv', 'Validation', NULL, '1595934877_new_image_error_report.csv'),
(290, '2020-07-28 11:16:26', 1, '1595934986_new_image.csv', 'Validation', NULL, ''),
(291, '2020-07-28 12:02:22', 1, '1595937742_new_image.csv', 'Validation', NULL, '1595937742_new_image_error_report.csv'),
(292, '2020-07-28 12:03:32', 1, '1595937812_new_image.csv', 'Validation', NULL, ''),
(293, '2020-08-26 08:29:09', 1, '1598430549_new_accessories.csv', '00:00:03', 'Created: 0, Updated: 1, Deleted: 0', ''),
(294, '2020-08-26 08:32:59', 1, '1598430779_new_accessories.csv', '00:00:03', 'Created: 1, Updated: 0, Deleted: 0', ''),
(295, '2020-08-27 06:49:15', 1, '1598510955_new_accessories.csv', '00:00:07', 'Created: 1, Updated: 0, Deleted: 0', ''),
(296, '2020-08-28 06:36:52', 1, '1598596612_new_accessories.csv', 'In Progress', NULL, '1598596612_new_accessories_error_report.csv'),
(297, '2020-08-28 06:40:40', 1, '1598596840_new_accessories.csv', 'In Progress', NULL, '1598596840_new_accessories_error_report.csv'),
(298, '2020-08-28 06:44:15', 1, '1598597055_new_accessories.csv', 'In Progress', NULL, '1598597055_new_accessories_error_report.csv'),
(299, '2020-08-28 06:52:19', 1, '1598597539_new_accessories.csv', 'In Progress', NULL, '1598597539_new_accessories_error_report.csv'),
(300, '2020-08-28 07:00:00', 1, '1598598000_new_accessories.csv', 'In Progress', NULL, '1598598000_new_accessories_error_report.csv'),
(301, '2020-08-28 07:01:32', 1, '1598598092_new_accessories.csv', 'Validation', NULL, ''),
(302, '2020-08-28 07:02:33', 1, '1598598153_new_accessories.csv', 'Validation', NULL, ''),
(303, '2020-08-28 07:07:51', 1, '1598598471_new_accessories.csv', 'Validation', NULL, '1598598471_new_accessories_error_report.csv'),
(304, '2020-08-28 07:20:38', 1, '1598599238_new_accessories.csv', '00:00:04', 'Created: 1, Updated: 0, Deleted: 0', ''),
(305, '2020-08-28 07:42:16', 1, '1598600536_particular.csv', '00:00:05', 'Created: 0, Updated: 1, Deleted: 0', ''),
(306, '2020-08-28 07:46:21', 1, '1598600781_new_accessories.csv', 'Validation', NULL, '1598600781_new_accessories_error_report.csv'),
(307, '2020-08-28 07:51:28', 1, '1598601088_new.csv', 'Validation', NULL, '1598601088_new_error_report.csv'),
(308, '2020-08-28 07:54:39', 1, '1598601279_test.csv', '00:00:06', 'Created: 1, Updated: 0, Deleted: 0', '1598601279_test_error_report.csv'),
(309, '2020-08-28 07:59:22', 1, '1598601562_test.csv', '00:00:04', 'Created: 1, Updated: 0, Deleted: 0', ''),
(310, '2020-08-28 08:06:22', 1, '1598601982_test.csv', '00:00:03', 'Created: 1, Updated: 0, Deleted: 0', ''),
(311, '2020-08-28 08:16:47', 1, '1598602607_test.csv', '00:00:05', 'Created: 2, Updated: 0, Deleted: 0', ''),
(312, '2020-08-28 08:26:20', 1, '1598603180_test.csv', 'In Progress', NULL, '1598603180_test_error_report.csv'),
(313, '2020-08-28 08:30:30', 1, '1598603430_test.csv', 'In Progress', NULL, '1598603430_test_error_report.csv'),
(314, '2020-08-28 08:32:52', 1, '1598603572_test.csv', '00:00:03', 'Created: 1, Updated: 0, Deleted: 0', ''),
(315, '2020-08-28 08:34:12', 1, '1598603652_test.csv', '00:00:04', 'Created: 1, Updated: 0, Deleted: 0', ''),
(316, '2020-08-28 08:36:22', 1, '1598603782_test.csv', '00:00:03', 'Created: 1, Updated: 0, Deleted: 0', ''),
(317, '2020-08-28 08:39:53', 1, '1598603993_test.csv', '00:00:04', 'Created: 1, Updated: 0, Deleted: 0', ''),
(318, '2020-08-28 08:44:00', 1, '1598604240_test.csv', '00:00:04', 'Created: 1, Updated: 0, Deleted: 0', ''),
(319, '2020-08-28 08:47:27', 1, '1598604447_test.csv', '00:00:04', 'Created: 1, Updated: 0, Deleted: 0', ''),
(320, '2020-08-28 08:49:48', 1, '1598604588_test.csv', '00:00:04', 'Created: 1, Updated: 0, Deleted: 0', ''),
(321, '2020-08-28 08:52:02', 1, '1598604722_test.csv', '00:00:05', 'Created: 1, Updated: 0, Deleted: 0', ''),
(322, '2020-08-28 08:55:37', 1, '1598604937_test.csv', '00:00:05', 'Created: 0, Updated: 1, Deleted: 0', ''),
(323, '2020-08-28 08:57:15', 1, '1598605035_test.csv', '00:00:04', 'Created: 1, Updated: 0, Deleted: 0', ''),
(324, '2020-08-28 09:14:31', 1, '1598606071_test.csv', '00:00:04', 'Created: 1, Updated: 0, Deleted: 0', ''),
(325, '2020-08-28 09:37:13', 1, '1598607433_test.csv', '00:00:02', 'Created: 1, Updated: 0, Deleted: 0', '1598607433_test_error_report.csv'),
(326, '2020-08-28 09:39:06', 1, '1598607546_test.csv', '00:00:02', 'Created: 0, Updated: 1, Deleted: 0', ''),
(327, '2020-08-28 09:42:07', 1, '1598607727_test.csv', '00:00:02', 'Created: 1, Updated: 0, Deleted: 0', ''),
(328, '2020-08-28 09:43:17', 1, '1598607797_test.csv', '00:00:02', 'Created: 1, Updated: 0, Deleted: 0', ''),
(329, '2020-08-28 09:45:30', 1, '1598607930_particular.csv', '00:00:02', 'Created: 0, Updated: 1, Deleted: 0', ''),
(330, '2020-08-28 09:47:44', 1, '1598608064_test.csv', '00:00:02', 'Created: 1, Updated: 0, Deleted: 0', ''),
(331, '2020-08-28 13:13:28', 1, '1598620408_test.csv', 'Validation', NULL, ''),
(332, '2020-08-28 13:14:43', 1, '1598620483_test.csv', 'Validation', NULL, '1598620483_test_error_report.csv'),
(333, '2020-08-28 13:16:26', 1, '1598620586_test.csv', 'Validation', NULL, '1598620586_test_error_report.csv'),
(334, '2020-08-28 13:17:16', 1, '1598620636_test.csv', 'Validation', NULL, '1598620636_test_error_report.csv'),
(335, '2020-08-28 13:28:09', 1, '1598621289_test.csv', 'Validation', NULL, '1598621289_test_error_report.csv'),
(336, '2020-08-28 13:33:54', 1, '1598621634_test.csv', 'Validation', NULL, '1598621634_test_error_report.csv'),
(337, '2020-08-28 13:37:28', 1, '1598621848_test.csv', 'Validation', NULL, '1598621848_test_error_report.csv'),
(338, '2020-08-28 13:38:46', 1, '1598621926_test.csv', 'Validation', NULL, ''),
(339, '2020-08-28 13:39:59', 1, '1598621999_test.csv', 'Validation', NULL, ''),
(340, '2020-08-28 13:41:44', 1, '1598622104_test.csv', 'Validation', NULL, ''),
(341, '2020-08-28 13:50:19', 1, '1598622619_test.csv', 'Validation', NULL, '1598622619_test_error_report.csv'),
(342, '2020-08-28 13:52:54', 1, '1598622774_new.csv', 'Validation', NULL, '1598622774_new_error_report.csv'),
(343, '2020-08-28 13:58:55', 1, '1598623135_test.csv', 'Validation', NULL, '1598623135_test_error_report.csv'),
(344, '2020-08-28 14:02:11', 1, '1598623331_catalog_product (4).csv', 'Validation', NULL, '1598623331_catalog_product (4)_error_report.csv'),
(345, '2020-08-28 14:03:21', 1, '1598623401_catalog_product (4).csv', 'Validation', NULL, '1598623401_catalog_product (4)_error_report.csv'),
(346, '2020-08-28 14:07:59', 1, '1598623679_test.csv', 'Validation', NULL, ''),
(347, '2020-08-28 14:10:05', 1, '1598623805_test.csv', 'Validation', NULL, '1598623805_test_error_report.csv'),
(348, '2020-08-28 14:15:49', 1, '1598624149_test_new.csv', '00:00:13', 'Created: 1, Updated: 0, Deleted: 0', ''),
(349, '2020-08-28 14:19:33', 1, '1598624373_test.csv', 'Validation', NULL, '1598624373_test_error_report.csv'),
(350, '2020-08-28 14:23:49', 1, '1598624629_test.csv', 'Validation', NULL, '1598624629_test_error_report.csv'),
(351, '2020-08-28 14:29:34', 1, '1598624974_test.csv', 'Validation', NULL, '1598624974_test_error_report.csv'),
(352, '2020-08-28 14:34:13', 1, '1598625253_test.csv', 'Validation', NULL, '1598625253_test_error_report.csv'),
(353, '2020-08-28 14:35:48', 1, '1598625348_test.csv', 'Validation', NULL, '1598625348_test_error_report.csv'),
(354, '2020-08-28 14:36:51', 1, '1598625411_test.csv', 'Validation', NULL, '1598625411_test_error_report.csv'),
(355, '2020-08-28 14:37:57', 1, '1598625477_test.csv', 'Validation', NULL, '1598625477_test_error_report.csv'),
(356, '2020-08-28 14:38:47', 1, '1598625527_test.csv', 'Validation', NULL, '1598625527_test_error_report.csv'),
(357, '2020-08-28 14:39:31', 1, '1598625571_test.csv', 'Validation', NULL, '1598625571_test_error_report.csv'),
(358, '2020-08-28 14:40:26', 1, '1598625626_test.csv', '00:00:25', 'Created: 260, Updated: 0, Deleted: 0', '1598625626_test_error_report.csv'),
(359, '2020-08-28 14:48:34', 1, '1598626114_test.csv', 'Validation', NULL, '1598626114_test_error_report.csv'),
(360, '2020-08-28 16:31:26', 1, '1598632286_test.csv', 'Validation', NULL, '1598632286_test_error_report.csv'),
(361, '2020-08-31 09:37:04', 1, '1598866624_test.csv', 'Validation', NULL, '1598866624_test_error_report.csv'),
(362, '2020-08-31 09:40:08', 1, '1598866808_test.csv', 'Validation', NULL, '1598866808_test_error_report.csv'),
(363, '2020-08-31 09:43:56', 1, '1598867036_test.csv', 'Validation', NULL, '1598867036_test_error_report.csv'),
(364, '2020-08-31 09:44:46', 1, '1598867086_test.csv', 'Validation', NULL, '1598867086_test_error_report.csv'),
(365, '2020-08-31 09:46:36', 1, '1598867196_test.csv', 'Validation', NULL, '1598867196_test_error_report.csv'),
(366, '2020-08-31 09:47:03', 1, '1598867222_test.csv', 'Validation', NULL, '1598867222_test_error_report.csv'),
(367, '2020-08-31 09:47:49', 1, '1598867269_test.csv', 'Validation', NULL, '1598867269_test_error_report.csv'),
(368, '2020-08-31 09:53:55', 1, '1598867635_test.csv', 'Validation', NULL, '1598867635_test_error_report.csv'),
(369, '2020-08-31 09:55:08', 1, '1598867708_test.csv', 'Validation', NULL, '1598867708_test_error_report.csv'),
(370, '2020-08-31 09:56:06', 1, '1598867766_test.csv', 'Validation', NULL, '1598867766_test_error_report.csv'),
(371, '2020-08-31 09:58:42', 1, '1598867922_test.csv', 'Validation', NULL, '1598867922_test_error_report.csv'),
(372, '2020-08-31 10:08:40', 1, '1598868520_test.csv', 'Validation', NULL, '1598868520_test_error_report.csv'),
(373, '2020-08-31 10:09:47', 1, '1598868587_test.csv', 'Validation', NULL, '1598868587_test_error_report.csv'),
(374, '2020-08-31 10:12:58', 1, '1598868778_test.csv', 'Validation', NULL, '1598868778_test_error_report.csv'),
(375, '2020-08-31 10:23:23', 1, '1598869403_test.csv', 'Validation', NULL, '1598869403_test_error_report.csv'),
(376, '2020-08-31 10:25:12', 1, '1598869512_test.csv', 'Validation', NULL, '1598869512_test_error_report.csv'),
(377, '2020-08-31 10:26:40', 1, '1598869600_test.csv', 'Validation', NULL, '1598869600_test_error_report.csv'),
(378, '2020-08-31 10:27:40', 1, '1598869660_test.csv', 'Validation', NULL, '1598869660_test_error_report.csv'),
(379, '2020-08-31 10:29:23', 1, '1598869763_test.csv', 'Validation', NULL, '1598869763_test_error_report.csv'),
(380, '2020-08-31 10:30:16', 1, '1598869816_test.csv', 'Validation', NULL, '1598869816_test_error_report.csv'),
(381, '2020-08-31 10:30:56', 1, '1598869856_test.csv', 'Validation', NULL, '1598869856_test_error_report.csv'),
(382, '2020-08-31 10:34:39', 1, '1598870079_test.csv', 'Validation', NULL, '1598870079_test_error_report.csv'),
(383, '2020-08-31 10:35:38', 1, '1598870138_test.csv', 'Validation', NULL, ''),
(384, '2020-09-01 05:20:17', 1, '1598937617_test.csv', '00:00:18', 'Created: 189, Updated: 5, Deleted: 0', ''),
(385, '2020-09-10 08:05:24', 1, '1599725124_test.csv', 'Validation', NULL, '1599725124_test_error_report.csv'),
(386, '2020-09-10 08:06:05', 1, '1599725165_test.csv', 'Validation', NULL, '1599725165_test_error_report.csv'),
(387, '2020-09-10 08:06:37', 1, '1599725197_test.csv', '00:00:05', 'Created: 29, Updated: 0, Deleted: 0', '1599725197_test_error_report.csv'),
(388, '2020-09-21 06:11:34', 1, '1600668694_customer_composite (2).csv', 'Validation', NULL, '1600668694_customer_composite (2)_error_report.csv'),
(389, '2020-09-21 06:15:53', 1, '1600668953_customer_composite (2).csv', 'Validation', NULL, '1600668953_customer_composite (2)_error_report.csv'),
(390, '2020-09-21 06:18:32', 1, '1600669112_customer_composite (2).csv', 'Validation', NULL, '1600669112_customer_composite (2)_error_report.csv'),
(391, '2020-09-21 06:25:27', 1, '1600669527_customer_composite (2).csv', 'Validation', NULL, '1600669527_customer_composite (2)_error_report.csv'),
(392, '2020-09-21 06:26:39', 1, '1600669599_customer_composite (2).csv', 'Validation', NULL, '1600669599_customer_composite (2)_error_report.csv'),
(393, '2020-09-21 06:34:30', 1, '1600670070_customer_composite (2).csv', 'Validation', NULL, '1600670070_customer_composite (2)_error_report.csv'),
(394, '2020-09-21 06:35:07', 1, '1600670107_customer_composite (2).csv', '00:00:04', 'Created: 1, Updated: 0, Deleted: 0', ''),
(395, '2020-09-30 07:37:01', 1, '1601451420_customer_new.csv', 'Validation', NULL, ''),
(396, '2020-09-30 07:43:16', 1, '1601451796_customer_new.csv', 'Validation', NULL, ''),
(397, '2020-09-30 07:53:06', 1, '1601452386_customer_new.csv', 'Validation', NULL, '1601452386_customer_new_error_report.csv'),
(398, '2020-09-30 07:54:50', 1, '1601452490_test.csv', 'Validation', NULL, '1601452490_test_error_report.csv'),
(399, '2020-09-30 07:55:48', 1, '1601452548_test.csv', 'Validation', NULL, '1601452548_test_error_report.csv'),
(400, '2020-09-30 07:57:09', 1, '1601452629_customer_composite (2).csv', 'Validation', NULL, '1601452629_customer_composite (2)_error_report.csv'),
(401, '2020-09-30 07:57:42', 1, '1601452662_customer_composite (1).csv', 'Validation', NULL, '1601452662_customer_composite (1)_error_report.csv'),
(402, '2020-09-30 07:59:26', 1, '1601452766_customer_composite (1).csv', 'Validation', NULL, ''),
(403, '2020-09-30 08:04:14', 1, '1601453054_customer_composite (1).csv', 'Validation', NULL, '1601453054_customer_composite (1)_error_report.csv'),
(404, '2020-09-30 08:05:18', 1, '1601453118_customer_composite (1).csv', 'Validation', NULL, '1601453118_customer_composite (1)_error_report.csv');

-- --------------------------------------------------------

--
-- Table structure for table `indexer_state`
--

CREATE TABLE `indexer_state` (
  `state_id` int(10) UNSIGNED NOT NULL COMMENT 'Indexer State ID',
  `indexer_id` varchar(255) DEFAULT NULL COMMENT 'Indexer ID',
  `status` varchar(16) DEFAULT 'invalid' COMMENT 'Indexer Status',
  `updated` datetime DEFAULT NULL COMMENT 'Indexer Status',
  `hash_config` varchar(32) NOT NULL COMMENT 'Hash of indexer config'
) ENGINE=InnoDB DEFAULT CHARSET=utf8 COMMENT='Indexer State';

--
-- Dumping data for table `indexer_state`
--

INSERT INTO `indexer_state` (`state_id`, `indexer_id`, `status`, `updated`, `hash_config`) VALUES
(1, 'design_config_grid', 'valid', '2020-10-07 10:23:49', '98a21098901c0d4a0a7fa1f1651ec6de'),
(2, 'customer_grid', 'valid', '2020-10-07 10:23:49', 'f0084d57db815dac9243a80aac9b9dcd'),
(3, 'catalog_category_product', 'invalid', '2020-11-05 09:09:18', 'd3c8c7b384f6faabdc4015a7a7f2ecdb'),
(4, 'catalog_product_category', 'valid', '2020-09-21 06:36:10', '92c11bdbea47378571791287edf455fb'),
(5, 'catalogrule_rule', 'invalid', '2020-11-05 09:09:18', 'c7f44957fbdc898626e8e1ad6d406f96'),
(6, 'catalog_product_attribute', 'valid', '2020-10-07 10:23:50', '935541c1a1794eb5adb01d135003a0f4'),
(7, 'cataloginventory_stock', 'valid', '2020-10-07 10:23:50', 'ca0f699010a82fb59a649ce5613415f8'),
(8, 'inventory', 'invalid', '2020-11-05 09:09:18', '9f8485f631e558a0710320a2145724f5'),
(9, 'catalogrule_product', 'valid', '2020-08-28 13:21:12', 'f9877afb3898bd201a7b93077f5c68a8'),
(10, 'catalog_product_price', 'invalid', '2020-11-05 09:09:18', 'ed316556f71deb3ef499b087d45cbff2'),
(11, 'scconnector_google_remove', 'valid', '2020-10-07 10:23:51', '18896fa502d69059354cb1f75b4c088f'),
(12, 'scconnector_google_feed', 'valid', '2020-10-07 10:23:51', '8aa9c18022f4f6cbc9549a4d578b1efd'),
(13, 'catalogsearch_fulltext', 'invalid', '2020-11-05 09:09:18', '4a414a25852cc00d1e83df243961aeb7');

-- --------------------------------------------------------

--
-- Table structure for table `integration`
--

CREATE TABLE `integration` (
  `integration_id` int(10) UNSIGNED NOT NULL COMMENT 'Integration ID',
  `name` varchar(255) NOT NULL COMMENT 'Integration name is displayed in the admin interface',
  `email` varchar(255) NOT NULL COMMENT 'Email address of the contact person',
  `endpoint` varchar(255) DEFAULT NULL COMMENT 'Endpoint for posting consumer credentials',
  `status` smallint(5) UNSIGNED NOT NULL COMMENT 'Integration status',
  `consumer_id` int(10) UNSIGNED DEFAULT NULL COMMENT 'Oauth consumer',
  `created_at` timestamp NOT NULL DEFAULT current_timestamp() COMMENT 'Creation Time',
  `updated_at` timestamp NOT NULL DEFAULT current_timestamp() ON UPDATE current_timestamp() COMMENT 'Update Time',
  `setup_type` smallint(5) UNSIGNED NOT NULL DEFAULT 0 COMMENT 'Integration type - manual or config file',
  `identity_link_url` varchar(255) DEFAULT NULL COMMENT 'Identity linking Url'
) ENGINE=InnoDB DEFAULT CHARSET=utf8 COMMENT='integration';

--
-- Dumping data for table `integration`
--

INSERT INTO `integration` (`integration_id`, `name`, `email`, `endpoint`, `status`, `consumer_id`, `created_at`, `updated_at`, `setup_type`, `identity_link_url`) VALUES
(1, 'Magento Analytics user', '', NULL, 1, 1, '2020-07-20 10:00:03', '2020-07-20 10:00:04', 0, NULL);

-- --------------------------------------------------------

--
-- Table structure for table `inventory_geoname`
--

CREATE TABLE `inventory_geoname` (
  `country_code` varchar(64) NOT NULL,
  `postcode` varchar(64) NOT NULL,
  `city` varchar(180) NOT NULL,
  `region` varchar(100) NOT NULL,
  `province` varchar(64) NOT NULL,
  `latitude` double NOT NULL,
  `longitude` double NOT NULL
) ENGINE=InnoDB DEFAULT CHARSET=utf8;

-- --------------------------------------------------------

--
-- Table structure for table `inventory_low_stock_notification_configuration`
--

CREATE TABLE `inventory_low_stock_notification_configuration` (
  `source_code` varchar(255) NOT NULL,
  `sku` varchar(64) NOT NULL,
  `notify_stock_qty` decimal(12,4) DEFAULT NULL
) ENGINE=InnoDB DEFAULT CHARSET=utf8;

--
-- Dumping data for table `inventory_low_stock_notification_configuration`
--

INSERT INTO `inventory_low_stock_notification_configuration` (`source_code`, `sku`, `notify_stock_qty`) VALUES
('default', '.5271700', NULL),
('default', '1.004-045.0-1', NULL),
('default', '1.146-601.0', NULL),
('default', '1.291-141.0', NULL),
('default', '1.324-632.0', NULL),
('default', '1.324-635.0', NULL),
('default', '1.348-270.0', NULL),
('default', '1.394-211.0', NULL),
('default', '1.512-002.0', NULL),
('default', '1.512-040.0', NULL),
('default', '1.512-322.0', NULL),
('default', '1.512-407.0', NULL),
('default', '1.512-408.0', NULL),
('default', '1.512-472.0', NULL),
('default', '1.512-532.0', NULL),
('default', '1.512-553.0', NULL),
('default', '1.513-002.0', NULL),
('default', '1.513-050.0', NULL),
('default', '1.516-232.0', NULL),
('default', '1.630-754.0', NULL),
('default', '1.673-407.0', NULL),
('default', '1.676-027.0', NULL),
('default', '1.680-005.0', NULL),
('default', '10020410', NULL),
('default', '10040450', NULL),
('default', '10040520', NULL),
('default', '10066710', NULL),
('default', '10067060', NULL),
('default', '10080560', NULL),
('default', '10080570', NULL),
('default', '10080620', NULL),
('default', '10110280', NULL),
('default', '10125850', NULL),
('default', '10231160', NULL),
('default', '10244040', NULL),
('default', '10244050', NULL),
('default', '10248000', NULL),
('default', '10248010', NULL),
('default', '10248100', NULL),
('default', '10248100-2', NULL),
('default', '10302100', NULL),
('default', '10302600', NULL),
('default', '10309040', NULL),
('default', '10333310', NULL),
('default', '10333350', NULL),
('default', '10422080', NULL),
('default', '10422090', NULL),
('default', '10472060', NULL),
('default', '10473010', NULL),
('default', '10473020', NULL),
('default', '10492050', NULL),
('default', '10492070', NULL),
('default', '10553000', NULL),
('default', '10555020', NULL),
('default', '10555300', NULL),
('default', '10568200', NULL),
('default', '10573090', NULL),
('default', '10573210', NULL),
('default', '10640300', NULL),
('default', '10640310', NULL),
('default', '10640380', NULL),
('default', '10640430', NULL),
('default', '10640440', NULL),
('default', '10711000', NULL),
('default', '10714250', NULL),
('default', '10719000', NULL),
('default', '10719120', NULL),
('default', '10719140', NULL),
('default', '10719270', NULL),
('default', '10719320', NULL),
('default', '10778100', NULL),
('default', '10811350', NULL),
('default', '10812000', NULL),
('default', '10812200', NULL),
('default', '10920000', NULL),
('default', '10920100', NULL),
('default', '10921030', NULL),
('default', '10921040', NULL),
('default', '10983000', NULL),
('default', '11001250', NULL),
('default', '11001270', NULL),
('default', '11001300', NULL),
('default', '11001380', NULL),
('default', '11002250', NULL),
('default', '11011120', NULL),
('default', '11011200', NULL),
('default', '11011220', NULL),
('default', '11012070', NULL),
('default', '11073900', NULL),
('default', '11172200', NULL),
('default', '11270010', NULL),
('default', '11270020', NULL),
('default', '11270060', NULL),
('default', '11336220', NULL),
('default', '11458330', NULL),
('default', '11462090', NULL),
('default', '11466010', NULL),
('default', '11468200', NULL),
('default', '11501600', NULL),
('default', '11509070', NULL),
('default', '11509140', NULL),
('default', '11509300', NULL),
('default', '11516000', NULL),
('default', '11519060', NULL),
('default', '11610700', NULL),
('default', '11610710', NULL),
('default', '11613070', NULL),
('default', '11613090', NULL),
('default', '11685040', NULL),
('default', '11699000', NULL),
('default', '11709000', NULL),
('default', '11739000', NULL),
('default', '11743090', NULL),
('default', '11749010', NULL),
('default', '11801510', NULL),
('default', '11845030', NULL),
('default', '11845050', NULL),
('default', '11848500', NULL),
('default', '11861200', NULL),
('default', '11861220', NULL),
('default', '11861270', NULL),
('default', '11861340', NULL),
('default', '11861390', NULL),
('default', '11870030', NULL),
('default', '11879010', NULL),
('default', '11879020', NULL),
('default', '11879030', NULL),
('default', '11879060', NULL),
('default', '11879070', NULL),
('default', '11931000', NULL),
('default', '11931200', NULL),
('default', '11947010', NULL),
('default', '11952130', NULL),
('default', '11952200', NULL),
('default', '11956050', NULL),
('default', '11981010', NULL),
('default', '11981120', NULL),
('default', '11981280', NULL),
('default', '11981320', NULL),
('default', '11981330', NULL),
('default', '11982030', NULL),
('default', '11983010', NULL),
('default', '11985010', NULL),
('default', '12101000', NULL),
('default', '12101040', NULL),
('default', '12141280', NULL),
('default', '12171510', NULL),
('default', '12580000', NULL),
('default', '12585150', NULL),
('default', '12585230', NULL),
('default', '1259010205', NULL),
('default', '12801050', NULL),
('default', '12801120', NULL),
('default', '12801150', NULL),
('default', '12841000', NULL),
('default', '12841000-1', NULL),
('default', '12869020', NULL),
('default', '12869160', NULL),
('default', '12869220', NULL),
('default', '12869270', NULL),
('default', '12869320', NULL),
('default', '12869360', NULL),
('default', '12911410', NULL),
('default', '12912200', NULL),
('default', '12912230', NULL),
('default', '12912250', NULL),
('default', '12912430', NULL),
('default', '13101090', NULL),
('default', '13101210', NULL),
('default', '13171300', NULL),
('default', '13171360', NULL),
('default', '13241000', NULL),
('default', '13241050', NULL),
('default', '13246320', NULL),
('default', '13246350', NULL),
('default', '13251510', NULL),
('default', '13280000', NULL),
('default', '13280100', NULL),
('default', '13281000', NULL),
('default', '13481540', NULL),
('default', '13482340', NULL),
('default', '13482350', NULL),
('default', '13482700', NULL),
('default', '13491020', NULL),
('default', '13491520', NULL),
('default', '13493500', NULL),
('default', '13511090', NULL),
('default', '13511100', NULL),
('default', '13511140', NULL),
('default', '13511150', NULL),
('default', '13539040', NULL),
('default', '13539050', NULL),
('default', '13539070', NULL),
('default', '13551260', NULL),
('default', '13551310', NULL),
('default', '13551340', NULL),
('default', '13551350', NULL),
('default', '13552000', NULL),
('default', '13552380', NULL),
('default', '13671540', NULL),
('default', '13673060', NULL),
('default', '13673070', NULL),
('default', '13673080', NULL),
('default', '13673140', NULL),
('default', '13673150', NULL),
('default', '13675050', NULL),
('default', '13675060', NULL),
('default', '13942110', NULL),
('default', '13942130', NULL),
('default', '13942150', NULL),
('default', '13942310', NULL),
('default', '14281000', NULL),
('default', '14281060', NULL),
('default', '14285000', NULL),
('default', '14285140', NULL),
('default', '14285200', NULL),
('default', '14285300', NULL),
('default', '14285600', NULL),
('default', '14286200', NULL),
('default', '14351150', NULL),
('default', '14394120', NULL),
('default', '14394200', NULL),
('default', '14421100', NULL),
('default', '1442204201', NULL),
('default', '14440010', NULL),
('default', '14440100', NULL),
('default', '14440500', NULL),
('default', '14441000', NULL),
('default', '14442000', NULL),
('default', '14442410', NULL),
('default', '14442510', NULL),
('default', '14443110', NULL),
('default', '14451100', NULL),
('default', '14452450', NULL),
('default', '14470510', NULL),
('default', '15101250', NULL),
('default', '15101280', NULL),
('default', '15111060', NULL),
('default', '15111080', NULL),
('default', '15111100', NULL),
('default', '15112080', NULL),
('default', '15112100', NULL),
('default', '15120020', NULL),
('default', '15120400', NULL),
('default', '15120520', NULL),
('default', '15120520-1', NULL),
('default', '15120520-2', NULL),
('default', '15123220', NULL),
('default', '15124070', NULL),
('default', '15124080', NULL),
('default', '15124230', NULL),
('default', '15124520', NULL),
('default', '15124620', NULL),
('default', '15124720', NULL),
('default', '15125220', NULL),
('default', '15125320', NULL),
('default', '15125500', NULL),
('default', '15125530', NULL),
('default', '15130020', NULL),
('default', '15130500', NULL),
('default', '15131120', NULL),
('default', '15132430', NULL),
('default', '15133010', NULL),
('default', '15141430', NULL),
('default', '15153540', NULL),
('default', '15154000', NULL),
('default', '15154010', NULL),
('default', '15154030', NULL),
('default', '15162320', NULL),
('default', '15163340', NULL),
('default', '15171060', NULL),
('default', '15171070', NULL),
('default', '15172130', NULL),
('default', '15200910', NULL),
('default', '15201160', NULL),
('default', '15209000', NULL),
('default', '15209020', NULL),
('default', '15209200', NULL),
('default', '15209300', NULL),
('default', '15209400', NULL),
('default', '15209500', NULL),
('default', '15209600', NULL),
('default', '15209650', NULL),
('default', '15209810', NULL),
('default', '15209820', NULL),
('default', '15242200', NULL),
('default', '15243200', NULL),
('default', '15249240', NULL),
('default', '15249300', NULL),
('default', '15249310', NULL),
('default', '15271500', NULL),
('default', '15271700', NULL),
('default', '15271810', NULL),
('default', '15274110', NULL),
('default', '15274130', NULL),
('default', '15331710', NULL),
('default', '15340032', NULL),
('default', '15340530', NULL),
('default', '15451260', NULL),
('default', '15451270', NULL),
('default', '16011100', NULL),
('default', '16018150', NULL),
('default', '16019910', NULL),
('default', '16267220', NULL),
('default', '16296740', NULL),
('default', '16297630', NULL),
('default', '16298060', NULL),
('default', '16298460', NULL),
('default', '16299510', NULL),
('default', '16307510', NULL),
('default', '16307540', NULL),
('default', '16331700', NULL),
('default', '16332010', NULL),
('default', '16332030', NULL),
('default', '16332130', NULL),
('default', '16334470', NULL),
('default', '16335600', NULL),
('default', '16339200', NULL),
('default', '16375010', NULL),
('default', '16375040', NULL),
('default', '16440000', NULL),
('default', '16453510', NULL),
('default', '16453520', NULL),
('default', '16453530', NULL),
('default', '16453580', NULL),
('default', '16454210', NULL),
('default', '16455010', NULL),
('default', '16455040', NULL),
('default', '16455050', NULL),
('default', '16455060', NULL),
('default', '16455120', NULL),
('default', '16455130', NULL),
('default', '16670210', NULL),
('default', '16670300', NULL),
('default', '16671510', NULL),
('default', '16672240', NULL),
('default', '16672690', NULL),
('default', '16672700', NULL),
('default', '16672710', NULL),
('default', '16672720', NULL),
('default', '16672740', NULL),
('default', '16672750', NULL),
('default', '16672780', NULL),
('default', '16672880', NULL),
('default', '16672910', NULL),
('default', '16672920', NULL),
('default', '16672970', NULL),
('default', '16677010', NULL),
('default', '16730010', NULL),
('default', '16731220', NULL),
('default', '16731220-1', NULL),
('default', '16731290', NULL),
('default', '16731510', NULL),
('default', '16732210', NULL),
('default', '16734020', NULL),
('default', '16734070', NULL),
('default', '16734090', NULL),
('default', '16735010', NULL),
('default', '16735100', NULL),
('default', '16760270', NULL),
('default', '16800050', NULL),
('default', '16800160', NULL),
('default', '16800170', NULL),
('default', '16800180', NULL),
('default', '17239610', NULL),
('default', '17351200', NULL),
('default', '17371050', NULL),
('default', '17662000', NULL),
('default', '17663000', NULL),
('default', '17663600', NULL),
('default', '17664200', NULL),
('default', '17664600', NULL),
('default', '17669100', NULL),
('default', '17832120', NULL),
('default', '17832130', NULL),
('default', '17832200', NULL),
('default', '17832200-1', NULL),
('default', '17833110', NULL),
('default', '17833300', NULL),
('default', '17834300', NULL),
('default', '17834300-1', NULL),
('default', '17834500', NULL),
('default', '18109710', NULL),
('default', '18109720', NULL),
('default', '18119370', NULL),
('default', '18119380', NULL),
('default', '19131020', NULL),
('default', '19131030', NULL),
('default', '2.633-002.0', NULL),
('default', '2.633-006.0', NULL),
('default', '2.642-724.0', NULL),
('default', '2.6450230', NULL),
('default', '20550060', NULL),
('default', '20550070', NULL),
('default', '20550190', NULL),
('default', '20550210', NULL),
('default', '24450300', NULL),
('default', '24450310', NULL),
('default', '24450340', NULL),
('default', '24450350', NULL),
('default', '24450360', NULL),
('default', '25332000', NULL),
('default', '26330050', NULL),
('default', '26331000', NULL),
('default', '26331110', NULL),
('default', '26331140', NULL),
('default', '26331230', NULL),
('default', '26331290', NULL),
('default', '26331310', NULL),
('default', '26377290', NULL),
('default', '26377670', NULL),
('default', '26387920', NULL),
('default', '26388170', NULL),
('default', '26397220', NULL),
('default', '26405890', NULL),
('default', '26405900', NULL),
('default', '26406420', NULL),
('default', '26407320', NULL),
('default', '26407330', NULL),
('default', '26409070', NULL),
('default', '26409160', NULL),
('default', '26416300', NULL),
('default', '26417080', NULL),
('default', '26417090', NULL),
('default', '26417100', NULL),
('default', '26417210', NULL),
('default', '26418280', NULL),
('default', '26418480', NULL),
('default', '26419590', NULL),
('default', '26421720', NULL),
('default', '26421940', NULL),
('default', '26422400', NULL),
('default', '26423470', NULL),
('default', '26427060', NULL),
('default', '26427250', NULL),
('default', '26427260', NULL),
('default', '26427270', NULL),
('default', '26427280', NULL),
('default', '26427290', NULL),
('default', '26428890', NULL),
('default', '26429530', NULL),
('default', '26430370', NULL),
('default', '26431000', NULL),
('default', '26431430', NULL),
('default', '26431440', NULL),
('default', '26431450', NULL),
('default', '26431470', NULL),
('default', '26432140', NULL),
('default', '26432330', NULL),
('default', '26432340', NULL),
('default', '26432350', NULL),
('default', '26432360', NULL),
('default', '26432370', NULL),
('default', '26432380', NULL),
('default', '26432390', NULL),
('default', '26432400', NULL),
('default', '26432410', NULL),
('default', '2643242.0', NULL),
('default', '26432430', NULL),
('default', '26432440', NULL),
('default', '26432450', NULL),
('default', '26432530', NULL),
('default', '26432540', NULL),
('default', '26433350', NULL),
('default', '26433380', NULL),
('default', '26435510', NULL),
('default', '26435530', NULL),
('default', '26435850', NULL),
('default', '26436340', NULL),
('default', '26438230', NULL),
('default', '26438570', NULL),
('default', '26438580', NULL),
('default', '26438590', NULL),
('default', '26438740', NULL),
('default', '26438750', NULL),
('default', '26439500', NULL),
('default', '26439920', NULL),
('default', '26440180', NULL),
('default', '26440310', NULL),
('default', '26440560', NULL),
('default', '26440570', NULL),
('default', '26440600', NULL),
('default', '26440620', NULL),
('default', '26440630', NULL),
('default', '26440640', NULL),
('default', '26440740', NULL),
('default', '26440840', NULL),
('default', '26441210', NULL),
('default', '26441230', NULL),
('default', '26441240', NULL),
('default', '26441250', NULL),
('default', '26441290', NULL),
('default', '26441350', NULL),
('default', '26441730', NULL),
('default', '26450010', NULL),
('default', '26450020', NULL),
('default', '26450030', NULL),
('default', '26450040', NULL),
('default', '26450050', NULL),
('default', '26450060', NULL),
('default', '26450070', NULL),
('default', '26450080', NULL),
('default', '26450090', NULL),
('default', '26450100', NULL),
('default', '26450120', NULL),
('default', '26450130', NULL),
('default', '26450140', NULL),
('default', '26450150', NULL),
('default', '26450160', NULL),
('default', '26450170', NULL),
('default', '26450180', NULL),
('default', '26450190', NULL),
('default', '26450200', NULL),
('default', '26450230', NULL),
('default', '26450240', NULL),
('default', '26450260', NULL),
('default', '26450340', NULL),
('default', '26450360', NULL),
('default', '26450440', NULL),
('default', '26450450', NULL),
('default', '26450460', NULL),
('default', '26450470', NULL),
('default', '26450480', NULL),
('default', '26450490', NULL),
('default', '26450510', NULL),
('default', '26450530', NULL),
('default', '26450540', NULL),
('default', '26450690', NULL),
('default', '26450700', NULL),
('default', '26450710', NULL),
('default', '26450740', NULL),
('default', '26450950', NULL),
('default', '26450980', NULL),
('default', '26450990', NULL),
('default', '26451000', NULL),
('default', '26451010', NULL),
('default', '26451020', NULL),
('default', '26451030', NULL),
('default', '26451040', NULL),
('default', '26451050', NULL),
('default', '26451060', NULL),
('default', '26451080', NULL),
('default', '26451090', NULL),
('default', '26451100', NULL),
('default', '26451110', NULL),
('default', '26451120', NULL),
('default', '26451130', NULL),
('default', '26451140', NULL),
('default', '26451150', NULL),
('default', '26451220', NULL),
('default', '26451230', NULL),
('default', '26451330', NULL),
('default', '26451340', NULL),
('default', '26451350', NULL),
('default', '26451370', NULL),
('default', '26451380', NULL),
('default', '26451390', NULL),
('default', '26451400', NULL),
('default', '26451410', NULL),
('default', '26451420', NULL),
('default', '26451430', NULL),
('default', '26451440', NULL),
('default', '26451450', NULL),
('default', '26451460', NULL),
('default', '26451470', NULL),
('default', '26451480', NULL),
('default', '26451490', NULL),
('default', '26451500', NULL),
('default', '26451510', NULL),
('default', '26451530', NULL),
('default', '26451550', NULL),
('default', '26451560', NULL),
('default', '26451570', NULL),
('default', '26451580', NULL),
('default', '26451610', NULL),
('default', '26451620', NULL),
('default', '26451630', NULL),
('default', '26451640', NULL),
('default', '26451650', NULL),
('default', '26451660', NULL),
('default', '26451670', NULL),
('default', '26451680', NULL),
('default', '26451690', NULL),
('default', '26451700', NULL),
('default', '26451740', NULL),
('default', '26451810', NULL),
('default', '26451910', NULL),
('default', '26451920', NULL),
('default', '26451930', NULL),
('default', '26451940', NULL),
('default', '26451950', NULL),
('default', '26451960', NULL),
('default', '26452090', NULL),
('default', '26452130', NULL),
('default', '26452140', NULL),
('default', '26452250', NULL),
('default', '26452260', NULL),
('default', '26452270', NULL),
('default', '26452290', NULL),
('default', '26452310', NULL),
('default', '26452320', NULL),
('default', '26452330', NULL),
('default', '26452340', NULL),
('default', '26452350', NULL),
('default', '26452360', NULL),
('default', '26452370', NULL),
('default', '26452380', NULL),
('default', '26452380-1', NULL),
('default', '26452390', NULL),
('default', '26452400', NULL),
('default', '26452410', NULL),
('default', '26452470', NULL),
('default', '26452580', NULL),
('default', '26452650', NULL),
('default', '26452700', NULL),
('default', '26452710', NULL),
('default', '26453180', NULL),
('default', '26453220', NULL),
('default', '26453240', NULL),
('default', '28602730', NULL),
('default', '28621280', NULL),
('default', '28630000', NULL),
('default', '28630010', NULL),
('default', '28630020', NULL),
('default', '28630040', NULL),
('default', '28630050', NULL),
('default', '28630060', NULL),
('default', '28630140', NULL),
('default', '28630180', NULL),
('default', '28630180-1', NULL),
('default', '28630290', NULL),
('default', '28630300', NULL),
('default', '28630330', NULL),
('default', '28630610', NULL),
('default', '28631120', NULL),
('default', '28631390', NULL),
('default', '28631450', NULL),
('default', '28631460', NULL),
('default', '28631470', NULL),
('default', '28631480', NULL),
('default', '28631590', NULL),
('default', '28631610', NULL),
('default', '28631710', NULL),
('default', '28631720', NULL),
('default', '28631730', NULL),
('default', '28631930', NULL),
('default', '28631960', NULL),
('default', '28631970', NULL),
('default', '28631980', NULL),
('default', '28632200', NULL),
('default', '28632210', NULL),
('default', '28632230', NULL),
('default', '28632330', NULL),
('default', '28632340', NULL),
('default', '28632370', NULL),
('default', '28632390', NULL),
('default', '28632400', NULL),
('default', '28632420', NULL),
('default', '28632550', NULL),
('default', '28632590', NULL),
('default', '28632630', NULL),
('default', '28632640', NULL),
('default', '28632670', NULL),
('default', '28632680', NULL),
('default', '28632690', NULL),
('default', '28632700', NULL),
('default', '28632800', NULL),
('default', '28632960', NULL),
('default', '28632990', NULL),
('default', '28633000', NULL),
('default', '28633050', NULL),
('default', '28633060', NULL),
('default', '28633070', NULL),
('default', '28849330', NULL),
('default', '28849690', NULL),
('default', '28850180', NULL),
('default', '28851420', NULL),
('default', '28854110', NULL),
('default', '29030010', NULL),
('default', '3000010', NULL),
('default', '3000030', NULL),
('default', '3000050', NULL),
('default', '3000280', NULL),
('default', '3000300', NULL),
('default', '3000310', NULL),
('default', '3000320', NULL),
('default', '3002950', NULL),
('default', '41270240', NULL),
('default', '41301770', NULL),
('default', '47300590', NULL),
('default', '6.295-763.0', NULL),
('default', '6.414-963.0', NULL),
('default', '62901750', NULL),
('default', '62908520', NULL),
('default', '62913880', NULL),
('default', '62951200', NULL),
('default', '62953020', NULL),
('default', '62953570', NULL),
('default', '62953580', NULL),
('default', '62953590', NULL),
('default', '62953600', NULL),
('default', '62954740', NULL),
('default', '62954900', NULL),
('default', '62955450', NULL),
('default', '62957430', NULL),
('default', '62957500', NULL),
('default', '62957530', NULL),
('default', '62957610', NULL),
('default', '62957620', NULL),
('default', '62957630', NULL),
('default', '62957650', NULL),
('default', '62957690', NULL),
('default', '62957710', NULL),
('default', '62957750', NULL),
('default', '62957760', NULL),
('default', '62957770', NULL),
('default', '62957780', NULL),
('default', '62958500', NULL),
('default', '62958510', NULL),
('default', '62958730', NULL),
('default', '62959130', NULL),
('default', '62959440', NULL),
('default', '62959870', NULL),
('default', '62960480', NULL),
('default', '63943740', NULL),
('default', '64145520', NULL),
('default', '64146310', NULL),
('default', '64148050', NULL),
('default', '69041280', NULL),
('default', '69041430', NULL),
('default', '69043220', NULL),
('default', '69044170', NULL),
('default', '69067550', NULL),
('default', '69591300', NULL),
('default', '69600190', NULL),
('default', 'EAN4039784156562', NULL),
('default', 'EAN4039784157637', NULL),
('default', 'EAN4039784195769', NULL),
('default', 'EAN4039784239531', NULL),
('default', 'EAN4039784239548', NULL),
('default', 'EAN4039784371286', NULL),
('default', 'EAN4039784455627', NULL),
('default', 'EAN4039784467439', NULL),
('default', 'EAN4039784515086', NULL),
('default', 'EAN4039784522718', NULL),
('default', 'EAN4039784523487', NULL),
('default', 'EAN4039784526679', NULL),
('default', 'EAN4039784541405', NULL),
('default', 'EAN4039784541498', NULL),
('default', 'EAN4039784557932', NULL),
('default', 'EAN4039784557956', NULL),
('default', 'EAN4039784561915', NULL),
('default', 'EAN4039784590106', NULL),
('default', 'EAN4039784617278', NULL),
('default', 'EAN4039784697720', NULL),
('default', 'EAN4039784697737', NULL),
('default', 'EAN4039784717862', NULL),
('default', 'EAN4039784720060', NULL),
('default', 'EAN4039784720206', NULL),
('default', 'EAN4039784727427', NULL),
('default', 'EAN4039784727748', NULL),
('default', 'EAN4039784728752', NULL),
('default', 'EAN4039784729469', NULL),
('default', 'EAN4039784730472', NULL),
('default', 'EAN4039784730489', NULL),
('default', 'EAN4039784730564', NULL),
('default', 'EAN4039784730571', NULL),
('default', 'EAN4039784818248', NULL),
('default', 'EAN4039784829343', NULL),
('default', 'EAN4039784829916', NULL),
('default', 'EAN4039784832503', NULL),
('default', 'EAN4039784839731', NULL),
('default', 'EAN4039784839946', NULL),
('default', 'EAN4039784871816', NULL),
('default', 'EAN4039784873308', NULL),
('default', 'EAN4039784916579', NULL),
('default', 'EAN4039784919754', NULL),
('default', 'EAN4039784919761', NULL),
('default', 'EAN4039784944541', NULL),
('default', 'EAN4039784945760', NULL),
('default', 'EAN4039784959545', NULL),
('default', 'EAN4039784971981', NULL),
('default', 'EAN4039784973688', NULL),
('default', 'EAN4039784990432', NULL),
('default', 'EAN4039784990449', NULL),
('default', 'EAN4039784997240', NULL),
('default', 'EAN4039784997561', NULL),
('default', 'EAN4039784998971', NULL),
('default', 'EAN4054278021126', NULL),
('default', 'EAN4054278027265', NULL),
('default', 'EAN4054278028996', NULL),
('default', 'EAN4054278040530', NULL),
('default', 'EAN4054278040714', NULL),
('default', 'EAN4054278041032', NULL),
('default', 'EAN4054278041094', NULL),
('default', 'EAN4054278041247', NULL),
('default', 'EAN4054278041537', NULL),
('default', 'EAN4054278059402', NULL),
('default', 'EAN4054278060439', NULL),
('default', 'EAN4054278060453', NULL),
('default', 'EAN4054278066004', NULL),
('default', 'EAN4054278088716', NULL),
('default', 'EAN4054278091556', NULL),
('default', 'EAN4054278113906', NULL),
('default', 'EAN4054278130835', NULL),
('default', 'EAN4054278136776', NULL),
('default', 'EAN4054278138466', NULL),
('default', 'EAN4054278169903', NULL),
('default', 'EAN4054278170114', NULL),
('default', 'EAN4054278172767', NULL),
('default', 'EAN4054278173771', NULL),
('default', 'EAN4054278208312', NULL),
('default', 'EAN4054278233796', NULL),
('default', 'EAN4054278237220', NULL),
('default', 'EAN4054278246222', NULL),
('default', 'EAN4054278250458', NULL),
('default', 'EAN4054278268552', NULL),
('default', 'EAN4054278270517', NULL),
('default', 'EAN4054278281407', NULL),
('default', 'EAN4054278287218', NULL),
('default', 'EAN4054278299211', NULL),
('default', 'EAN4054278299228', NULL),
('default', 'EAN4054278305165', NULL),
('default', 'EAN4054278309507', NULL),
('default', 'EAN4054278311852', NULL),
('default', 'EAN4054278312446', NULL),
('default', 'EAN4054278312514', NULL),
('default', 'EAN4054278331553', NULL),
('default', 'EAN4054278365770', NULL),
('default', 'EAN4054278365787', NULL),
('default', 'EAN4054278418964', NULL),
('default', 'EAN4054278425757', NULL),
('default', 'EAN4054278459844', NULL),
('default', 'EAN4054278470023', NULL),
('default', 'EAN4054278497198', NULL),
('default', 'EAN4054278497655', NULL),
('default', 'EAN4054278498089', NULL),
('default', 'EAN4054278504001', NULL),
('default', 'EAN4054278505510', NULL),
('default', 'EAN4054278536163', NULL),
('default', 'EAN4054278547985', NULL),
('default', 'EAN4054278548944', NULL),
('default', 'EAN4054278550244', NULL),
('default', 'EAN4054278550435', NULL),
('default', 'EAN4054278550466', NULL),
('default', 'EAN4054278693644', NULL),
('default', 'test1', NULL),
('default', 'test2', NULL);

-- --------------------------------------------------------

--
